{"id":211346,"date":"2023-03-29T17:40:37","date_gmt":"2023-03-29T20:40:37","guid":{"rendered":"https:\/\/www.manaus.am.gov.br\/semcom\/?post_type=pautas&#038;p=211346"},"modified":"2023-03-29T17:40:38","modified_gmt":"2023-03-29T20:40:38","slug":"prefeitura-de-manaus-realiza-entrega-da-298a-unidade-de-ensino","status":"publish","type":"pautas","link":"https:\/\/www.manaus.am.gov.br\/semcom\/pautas\/prefeitura-de-manaus-realiza-entrega-da-298a-unidade-de-ensino\/","title":{"rendered":"<strong>Prefeitura de Manaus realiza entrega da 298\u00aa unidade de ensino<\/strong>"},"content":{"rendered":"\n<p>A Prefeitura de Manaus reinaugura a escola municipal Nazira Chamma Daou, nesta quinta-feira, 30\/3, \u00e0s 9h30. A unidade de ensino fica localizada na rua In\u00e1cio Guimar\u00e3es, s\/n\u00ba, no bairro Educandos, zona Sul de Manaus. Essa \u00e9 a 298\u00aa escola entregue pela administra\u00e7\u00e3o municipal nos \u00faltimos 2 anos e 3 meses e custou mais de R$ 800 mil aos cofres p\u00fablicos.<\/p>\n\n\n\n<p>A unidade de ensino atender\u00e1 ao ensino fundamental anos iniciais e Educa\u00e7\u00e3o de Jovens e Adultos (EJA). A nova estrutura da escola ter\u00e1 uma capacidade de 400 estudantes por turno nas 11 salas de aulas e na sala de recurso. Al\u00e9m disso, a escola ganhou banheiros novos no andar de baixo, com acessibilidade e um dep\u00f3sito de freezer.<\/p>\n\n\n\n<p><strong>SERVI\u00c7O:<\/strong><\/p>\n\n\n\n<p><strong>O qu\u00ea &#8211;&nbsp;<\/strong>Reinaugura\u00e7\u00e3o da escola municipal Nazira Chamma Daou<\/p>\n\n\n\n<p><strong>Quando \u2013<\/strong>&nbsp;Quinta-feira, 30\/3<\/p>\n\n\n\n<p><strong>Hor\u00e1rio &#8211;<\/strong>&nbsp;9h30<\/p>\n\n\n\n<p><strong>Local &#8211;&nbsp;<\/strong>Rua In\u00e1cio Guimar\u00e3es, s\/n\u00ba, no bairro Educandos, zona Sul<\/p>\n","protected":false},"featured_media":208729,"template":"","categories":[788],"acf":[],"yoast_head":"<!-- This site is optimized with the Yoast SEO plugin v23.0 - https:\/\/yoast.com\/wordpress\/plugins\/seo\/ -->\n<title>Prefeitura de Manaus realiza entrega da 298\u00aa unidade de ensino<\/title>\n<meta name=\"description\" content=\"A Prefeitura de Manaus reinaugura a escola municipal Nazira Chamma Daou, nesta quinta-feira, 30\/3, \u00e0s 9h30.\" \/>\n<meta name=\"robots\" content=\"index, follow, max-snippet:-1, max-image-preview:large, max-video-preview:-1\" \/>\n<link rel=\"canonical\" href=\"https:\/\/www.manaus.am.gov.br\/semcom\/pautas\/prefeitura-de-manaus-realiza-entrega-da-298a-unidade-de-ensino\/\" \/>\n<meta property=\"og:locale\" content=\"pt_BR\" \/>\n<meta property=\"og:type\" content=\"article\" \/>\n<meta property=\"og:title\" content=\"Prefeitura de Manaus realiza entrega da 298\u00aa unidade de ensino\" \/>\n<meta property=\"og:description\" content=\"A Prefeitura de Manaus reinaugura a escola municipal Nazira Chamma Daou, nesta quinta-feira, 30\/3, \u00e0s 9h30.\" \/>\n<meta property=\"og:url\" content=\"https:\/\/www.manaus.am.gov.br\/semcom\/pautas\/prefeitura-de-manaus-realiza-entrega-da-298a-unidade-de-ensino\/\" \/>\n<meta property=\"og:site_name\" content=\"SEMCOM\" \/>\n<meta property=\"article:modified_time\" content=\"2023-03-29T20:40:38+00:00\" \/>\n<meta property=\"og:image\" content=\"https:\/\/www.manaus.am.gov.br\/semcom\/wp-content\/uploads\/sites\/5\/2023\/02\/sugestaodepauta.png\" \/>\n\t<meta property=\"og:image:width\" content=\"1020\" \/>\n\t<meta property=\"og:image:height\" content=\"540\" \/>\n\t<meta property=\"og:image:type\" content=\"image\/png\" \/>\n<meta name=\"twitter:card\" content=\"summary_large_image\" \/>\n<meta name=\"twitter:label1\" content=\"Est. reading time\" \/>\n\t<meta name=\"twitter:data1\" content=\"1 minuto\" \/>\n<script type=\"application\/ld+json\" class=\"yoast-schema-graph\">{\"@context\":\"https:\/\/schema.org\",\"@graph\":[{\"@type\":\"WebPage\",\"@id\":\"https:\/\/www.manaus.am.gov.br\/semcom\/pautas\/prefeitura-de-manaus-realiza-entrega-da-298a-unidade-de-ensino\/\",\"url\":\"https:\/\/www.manaus.am.gov.br\/semcom\/pautas\/prefeitura-de-manaus-realiza-entrega-da-298a-unidade-de-ensino\/\",\"name\":\"Prefeitura de Manaus realiza entrega da 298\u00aa unidade de ensino\",\"isPartOf\":{\"@id\":\"https:\/\/www.manaus.am.gov.br\/semcom\/#website\"},\"primaryImageOfPage\":{\"@id\":\"https:\/\/www.manaus.am.gov.br\/semcom\/pautas\/prefeitura-de-manaus-realiza-entrega-da-298a-unidade-de-ensino\/#primaryimage\"},\"image\":{\"@id\":\"https:\/\/www.manaus.am.gov.br\/semcom\/pautas\/prefeitura-de-manaus-realiza-entrega-da-298a-unidade-de-ensino\/#primaryimage\"},\"thumbnailUrl\":\"https:\/\/www.manaus.am.gov.br\/semcom\/wp-content\/uploads\/sites\/5\/2023\/02\/sugestaodepauta.png\",\"datePublished\":\"2023-03-29T20:40:37+00:00\",\"dateModified\":\"2023-03-29T20:40:38+00:00\",\"description\":\"A Prefeitura de Manaus reinaugura a escola municipal Nazira Chamma Daou, nesta quinta-feira, 30\/3, \u00e0s 9h30.\",\"inLanguage\":\"pt-BR\",\"potentialAction\":[{\"@type\":\"ReadAction\",\"target\":[\"https:\/\/www.manaus.am.gov.br\/semcom\/pautas\/prefeitura-de-manaus-realiza-entrega-da-298a-unidade-de-ensino\/\"]}]},{\"@type\":\"ImageObject\",\"inLanguage\":\"pt-BR\",\"@id\":\"https:\/\/www.manaus.am.gov.br\/semcom\/pautas\/prefeitura-de-manaus-realiza-entrega-da-298a-unidade-de-ensino\/#primaryimage\",\"url\":\"https:\/\/www.manaus.am.gov.br\/semcom\/wp-content\/uploads\/sites\/5\/2023\/02\/sugestaodepauta.png\",\"contentUrl\":\"https:\/\/www.manaus.am.gov.br\/semcom\/wp-content\/uploads\/sites\/5\/2023\/02\/sugestaodepauta.png\",\"width\":1020,\"height\":540},{\"@type\":\"WebSite\",\"@id\":\"https:\/\/www.manaus.am.gov.br\/semcom\/#website\",\"url\":\"https:\/\/www.manaus.am.gov.br\/semcom\/\",\"name\":\"SEMCOM\",\"description\":\"Secretaria Municipal de Comunica\u00e7\u00e3o\",\"potentialAction\":[{\"@type\":\"SearchAction\",\"target\":{\"@type\":\"EntryPoint\",\"urlTemplate\":\"https:\/\/www.manaus.am.gov.br\/semcom\/?s={search_term_string}\"},\"query-input\":\"required name=search_term_string\"}],\"inLanguage\":\"pt-BR\"}]}<\/script>\n<!-- \/ Yoast SEO plugin. -->","yoast_head_json":{"title":"Prefeitura de Manaus realiza entrega da 298\u00aa unidade de ensino","description":"A Prefeitura de Manaus reinaugura a escola municipal Nazira Chamma Daou, nesta quinta-feira, 30\/3, \u00e0s 9h30.","robots":{"index":"index","follow":"follow","max-snippet":"max-snippet:-1","max-image-preview":"max-image-preview:large","max-video-preview":"max-video-preview:-1"},"canonical":"https:\/\/www.manaus.am.gov.br\/semcom\/pautas\/prefeitura-de-manaus-realiza-entrega-da-298a-unidade-de-ensino\/","og_locale":"pt_BR","og_type":"article","og_title":"Prefeitura de Manaus realiza entrega da 298\u00aa unidade de ensino","og_description":"A Prefeitura de Manaus reinaugura a escola municipal Nazira Chamma Daou, nesta quinta-feira, 30\/3, \u00e0s 9h30.","og_url":"https:\/\/www.manaus.am.gov.br\/semcom\/pautas\/prefeitura-de-manaus-realiza-entrega-da-298a-unidade-de-ensino\/","og_site_name":"SEMCOM","article_modified_time":"2023-03-29T20:40:38+00:00","og_image":[{"width":1020,"height":540,"url":"https:\/\/www.manaus.am.gov.br\/semcom\/wp-content\/uploads\/sites\/5\/2023\/02\/sugestaodepauta.png","type":"image\/png"}],"twitter_card":"summary_large_image","twitter_misc":{"Est. reading time":"1 minuto"},"schema":{"@context":"https:\/\/schema.org","@graph":[{"@type":"WebPage","@id":"https:\/\/www.manaus.am.gov.br\/semcom\/pautas\/prefeitura-de-manaus-realiza-entrega-da-298a-unidade-de-ensino\/","url":"https:\/\/www.manaus.am.gov.br\/semcom\/pautas\/prefeitura-de-manaus-realiza-entrega-da-298a-unidade-de-ensino\/","name":"Prefeitura de Manaus realiza entrega da 298\u00aa unidade de ensino","isPartOf":{"@id":"https:\/\/www.manaus.am.gov.br\/semcom\/#website"},"primaryImageOfPage":{"@id":"https:\/\/www.manaus.am.gov.br\/semcom\/pautas\/prefeitura-de-manaus-realiza-entrega-da-298a-unidade-de-ensino\/#primaryimage"},"image":{"@id":"https:\/\/www.manaus.am.gov.br\/semcom\/pautas\/prefeitura-de-manaus-realiza-entrega-da-298a-unidade-de-ensino\/#primaryimage"},"thumbnailUrl":"https:\/\/www.manaus.am.gov.br\/semcom\/wp-content\/uploads\/sites\/5\/2023\/02\/sugestaodepauta.png","datePublished":"2023-03-29T20:40:37+00:00","dateModified":"2023-03-29T20:40:38+00:00","description":"A Prefeitura de Manaus reinaugura a escola municipal Nazira Chamma Daou, nesta quinta-feira, 30\/3, \u00e0s 9h30.","inLanguage":"pt-BR","potentialAction":[{"@type":"ReadAction","target":["https:\/\/www.manaus.am.gov.br\/semcom\/pautas\/prefeitura-de-manaus-realiza-entrega-da-298a-unidade-de-ensino\/"]}]},{"@type":"ImageObject","inLanguage":"pt-BR","@id":"https:\/\/www.manaus.am.gov.br\/semcom\/pautas\/prefeitura-de-manaus-realiza-entrega-da-298a-unidade-de-ensino\/#primaryimage","url":"https:\/\/www.manaus.am.gov.br\/semcom\/wp-content\/uploads\/sites\/5\/2023\/02\/sugestaodepauta.png","contentUrl":"https:\/\/www.manaus.am.gov.br\/semcom\/wp-content\/uploads\/sites\/5\/2023\/02\/sugestaodepauta.png","width":1020,"height":540},{"@type":"WebSite","@id":"https:\/\/www.manaus.am.gov.br\/semcom\/#website","url":"https:\/\/www.manaus.am.gov.br\/semcom\/","name":"SEMCOM","description":"Secretaria Municipal de Comunica\u00e7\u00e3o","potentialAction":[{"@type":"SearchAction","target":{"@type":"EntryPoint","urlTemplate":"https:\/\/www.manaus.am.gov.br\/semcom\/?s={search_term_string}"},"query-input":"required name=search_term_string"}],"inLanguage":"pt-BR"}]}},"_links":{"self":[{"href":"https:\/\/www.manaus.am.gov.br\/semcom\/wp-json\/wp\/v2\/pautas\/211346"}],"collection":[{"href":"https:\/\/www.manaus.am.gov.br\/semcom\/wp-json\/wp\/v2\/pautas"}],"about":[{"href":"https:\/\/www.manaus.am.gov.br\/semcom\/wp-json\/wp\/v2\/types\/pautas"}],"wp:featuredmedia":[{"embeddable":true,"href":"https:\/\/www.manaus.am.gov.br\/semcom\/wp-json\/wp\/v2\/media\/208729"}],"wp:attachment":[{"href":"https:\/\/www.manaus.am.gov.br\/semcom\/wp-json\/wp\/v2\/media?parent=211346"}],"wp:term":[{"taxonomy":"category","embeddable":true,"href":"https:\/\/www.manaus.am.gov.br\/semcom\/wp-json\/wp\/v2\/categories?post=211346"}],"curies":[{"name":"wp","href":"https:\/\/api.w.org\/{rel}","templated":true}]}}

<strong>Prefeitura de Manaus realiza entrega da 298ª unidade de ensino</strong>

<p>A Prefeitura de Manaus reinaugura a escola municipal Nazira Chamma Daou, nesta quinta-feira, 30/3, às 9h30. A unidade de ensino fica localizada na rua Inácio Guimarães, s/nº, no bairro Educandos, zona Sul de Manaus. Essa é a 298ª escola entregue pela administração municipal nos últimos 2 anos e 3 meses e custou mais de R$ 800 mil aos cofres públicos.</p>



<p>A unidade de ensino atenderá ao ensino fundamental anos iniciais e Educação de Jovens e Adultos (EJA). A nova estrutura da escola terá uma capacidade de 400 estudantes por turno nas 11 salas de aulas e na sala de recurso. Além disso, a escola ganhou banheiros novos no andar de baixo, com acessibilidade e um depósito de freezer.</p>



<p><strong>SERVIÇO:</strong></p>



<p><strong>O quê &#8211;&nbsp;</strong>Reinauguração da escola municipal Nazira Chamma Daou</p>



<p><strong>Quando –</strong>&nbsp;Quinta-feira, 30/3</p>



<p><strong>Horário &#8211;</strong>&nbsp;9h30</p>



<p><strong>Local &#8211;&nbsp;</strong>Rua Inácio Guimarães, s/nº, no bairro Educandos, zona Sul</p>

<!-- This site is optimized with the Yoast SEO plugin v23.0 - https://yoast.com/wordpress/plugins/seo/ -->
<title>Prefeitura de Manaus realiza entrega da 298ª unidade de ensino</title>
<meta name="description" content="A Prefeitura de Manaus reinaugura a escola municipal Nazira Chamma Daou, nesta quinta-feira, 30/3, às 9h30." />
<meta name="robots" content="index, follow, max-snippet:-1, max-image-preview:large, max-video-preview:-1" />
<link rel="canonical" href="https://www.manaus.am.gov.br/semcom/pautas/prefeitura-de-manaus-realiza-entrega-da-298a-unidade-de-ensino/" />
<meta property="og:locale" content="pt_BR" />
<meta property="og:type" content="article" />
<meta property="og:title" content="Prefeitura de Manaus realiza entrega da 298ª unidade de ensino" />
<meta property="og:description" content="A Prefeitura de Manaus reinaugura a escola municipal Nazira Chamma Daou, nesta quinta-feira, 30/3, às 9h30." />
<meta property="og:url" content="https://www.manaus.am.gov.br/semcom/pautas/prefeitura-de-manaus-realiza-entrega-da-298a-unidade-de-ensino/" />
<meta property="og:site_name" content="SEMCOM" />
<meta property="article:modified_time" content="2023-03-29T20:40:38+00:00" />
<meta property="og:image" content="https://www.manaus.am.gov.br/semcom/wp-content/uploads/sites/5/2023/02/sugestaodepauta.png" />
	<meta property="og:image:width" content="1020" />
	<meta property="og:image:height" content="540" />
	<meta property="og:image:type" content="image/png" />
<meta name="twitter:card" content="summary_large_image" />
<meta name="twitter:label1" content="Est. reading time" />
	<meta name="twitter:data1" content="1 minuto" />
<script type="application/ld+json" class="yoast-schema-graph">{"@context":"https://schema.org","@graph":[{"@type":"WebPage","@id":"https://www.manaus.am.gov.br/semcom/pautas/prefeitura-de-manaus-realiza-entrega-da-298a-unidade-de-ensino/","url":"https://www.manaus.am.gov.br/semcom/pautas/prefeitura-de-manaus-realiza-entrega-da-298a-unidade-de-ensino/","name":"Prefeitura de Manaus realiza entrega da 298ª unidade de ensino","isPartOf":{"@id":"https://www.manaus.am.gov.br/semcom/#website"},"primaryImageOfPage":{"@id":"https://www.manaus.am.gov.br/semcom/pautas/prefeitura-de-manaus-realiza-entrega-da-298a-unidade-de-ensino/#primaryimage"},"image":{"@id":"https://www.manaus.am.gov.br/semcom/pautas/prefeitura-de-manaus-realiza-entrega-da-298a-unidade-de-ensino/#primaryimage"},"thumbnailUrl":"https://www.manaus.am.gov.br/semcom/wp-content/uploads/sites/5/2023/02/sugestaodepauta.png","datePublished":"2023-03-29T20:40:37+00:00","dateModified":"2023-03-29T20:40:38+00:00","description":"A Prefeitura de Manaus reinaugura a escola municipal Nazira Chamma Daou, nesta quinta-feira, 30/3, às 9h30.","inLanguage":"pt-BR","potentialAction":[{"@type":"ReadAction","target":["https://www.manaus.am.gov.br/semcom/pautas/prefeitura-de-manaus-realiza-entrega-da-298a-unidade-de-ensino/"]}]},{"@type":"ImageObject","inLanguage":"pt-BR","@id":"https://www.manaus.am.gov.br/semcom/pautas/prefeitura-de-manaus-realiza-entrega-da-298a-unidade-de-ensino/#primaryimage","url":"https://www.manaus.am.gov.br/semcom/wp-content/uploads/sites/5/2023/02/sugestaodepauta.png","contentUrl":"https://www.manaus.am.gov.br/semcom/wp-content/uploads/sites/5/2023/02/sugestaodepauta.png","width":1020,"height":540},{"@type":"WebSite","@id":"https://www.manaus.am.gov.br/semcom/#website","url":"https://www.manaus.am.gov.br/semcom/","name":"SEMCOM","description":"Secretaria Municipal de Comunicação","potentialAction":[{"@type":"SearchAction","target":{"@type":"EntryPoint","urlTemplate":"https://www.manaus.am.gov.br/semcom/?s={search_term_string}"},"query-input":"required name=search_term_string"}],"inLanguage":"pt-BR"}]}</script>
<!-- / Yoast SEO plugin. -->

Prefeitura de Manaus realiza entrega da 298ª unidade de ensino

A Prefeitura de Manaus reinaugura a escola municipal Nazira Chamma Daou, nesta quinta-feira, 30/3, às 9h30.

Secretaria Municipal de Comunicação
