{"id":211312,"date":"2023-03-29T12:55:10","date_gmt":"2023-03-29T15:55:10","guid":{"rendered":"https:\/\/www.manaus.am.gov.br\/semcom\/?post_type=pautas&#038;p=211312"},"modified":"2023-03-30T11:09:26","modified_gmt":"2023-03-30T14:09:26","slug":"prefeitura-de-manaus-entrega-a-nova-feira-municipal-do-japiim","status":"publish","type":"pautas","link":"https:\/\/www.manaus.am.gov.br\/semcom\/pautas\/prefeitura-de-manaus-entrega-a-nova-feira-municipal-do-japiim\/","title":{"rendered":"Prefeitura de Manaus entrega a nova feira municipal do Japiim"},"content":{"rendered":"\n<p>Ap\u00f3s passar por uma grande reforma, mais\u00a0uma feira est\u00e1\u00a0sendo entregue nesta sexta-feira, 31\/3, \u00e0s 9h30, totalmente modernizada pela Prefeitura de Manaus. Dessa vez na zona Sul, a feira do bairro Japiim, localizada no bairro Japiim.\u00a0<\/p>\n\n\n\n<p>Sem reforma h\u00e1 mais de 30 anos, o espa\u00e7o vive uma nova realidade e est\u00e1 apto a receber clientes de forma segura.&nbsp;A reforma da feira do Japiim recebeu novo telhado, forro, banheiros com acessibilidades, ilumina\u00e7\u00e3o nova, revitaliza\u00e7\u00e3o dos boxes, piso e identidade visual moderna.&nbsp;&nbsp;<\/p>\n\n\n\n<p>O espa\u00e7o foi todo revitalizado,&nbsp;al\u00e9m&nbsp;do embelezamento da parte externa, com a instala\u00e7\u00e3o de um jardim e a reforma do complexo da feira do Japiim, onde aproximadamente seis boxes, al\u00e9m de uma parada de \u00f4nibus, foram totalmente reestruturados.<\/p>\n\n\n\n<p>O complexo fica do lado oposto \u00e0 feira e, h\u00e1 mais de 30 anos, n\u00e3o recebia reforma e nem manuten\u00e7\u00e3o. A parada de \u00f4nibus, uma das principais da via, tamb\u00e9m recebe melhorias na infraestrutura de ferro, reforma do telhado, bancos, piso e nova pintura.<\/p>\n\n\n\n<p><strong>SERVI\u00c7O:<\/strong><\/p>\n\n\n\n<p><strong>O qu\u00ea &#8211;&nbsp;<\/strong>Reinaugura\u00e7\u00e3o da feira do Japiim<\/p>\n\n\n\n<p><strong>Quando \u2013&nbsp;<\/strong>Sexta-feira, 31\/3<\/p>\n\n\n\n<p><strong>Hor\u00e1rio &#8211;<\/strong>\u00a09h30<\/p>\n\n\n\n<p><strong>Local &#8211;&nbsp;<\/strong>Avenida Rodrigo Ot\u00e1vio, s\/n\u00ba, bairro Japiim, zona Sul&nbsp;<\/p>\n","protected":false},"featured_media":208729,"template":"","categories":[803],"acf":[],"yoast_head":"<!-- This site is optimized with the Yoast SEO plugin v23.0 - https:\/\/yoast.com\/wordpress\/plugins\/seo\/ -->\n<title>Prefeitura de Manaus entrega a nova feira municipal do Japiim<\/title>\n<meta name=\"description\" content=\"Ap\u00f3s passar por uma grande reforma, mais\u00a0uma feira est\u00e1\u00a0sendo entregue nesta sexta-feira, 31\/3, \u00e0s 9h, totalmente modernizada pela Prefeitura de Manaus. Dessa vez na zona Sul, a feira do bairro Japiim, localizada no bairro Japiim.\u00a0\" \/>\n<meta name=\"robots\" content=\"index, follow, max-snippet:-1, max-image-preview:large, max-video-preview:-1\" \/>\n<link rel=\"canonical\" href=\"https:\/\/www.manaus.am.gov.br\/semcom\/pautas\/prefeitura-de-manaus-entrega-a-nova-feira-municipal-do-japiim\/\" \/>\n<meta property=\"og:locale\" content=\"pt_BR\" \/>\n<meta property=\"og:type\" content=\"article\" \/>\n<meta property=\"og:title\" content=\"Prefeitura de Manaus entrega a nova feira municipal do Japiim\" \/>\n<meta property=\"og:description\" content=\"Ap\u00f3s passar por uma grande reforma, mais\u00a0uma feira est\u00e1\u00a0sendo entregue nesta sexta-feira, 31\/3, \u00e0s 9h, totalmente modernizada pela Prefeitura de Manaus. Dessa vez na zona Sul, a feira do bairro Japiim, localizada no bairro Japiim.\u00a0\" \/>\n<meta property=\"og:url\" content=\"https:\/\/www.manaus.am.gov.br\/semcom\/pautas\/prefeitura-de-manaus-entrega-a-nova-feira-municipal-do-japiim\/\" \/>\n<meta property=\"og:site_name\" content=\"SEMCOM\" \/>\n<meta property=\"article:modified_time\" content=\"2023-03-30T14:09:26+00:00\" \/>\n<meta property=\"og:image\" content=\"https:\/\/www.manaus.am.gov.br\/semcom\/wp-content\/uploads\/sites\/5\/2023\/02\/sugestaodepauta.png\" \/>\n\t<meta property=\"og:image:width\" content=\"1020\" \/>\n\t<meta property=\"og:image:height\" content=\"540\" \/>\n\t<meta property=\"og:image:type\" content=\"image\/png\" \/>\n<meta name=\"twitter:card\" content=\"summary_large_image\" \/>\n<meta name=\"twitter:label1\" content=\"Est. reading time\" \/>\n\t<meta name=\"twitter:data1\" content=\"2 minutos\" \/>\n<script type=\"application\/ld+json\" class=\"yoast-schema-graph\">{\"@context\":\"https:\/\/schema.org\",\"@graph\":[{\"@type\":\"WebPage\",\"@id\":\"https:\/\/www.manaus.am.gov.br\/semcom\/pautas\/prefeitura-de-manaus-entrega-a-nova-feira-municipal-do-japiim\/\",\"url\":\"https:\/\/www.manaus.am.gov.br\/semcom\/pautas\/prefeitura-de-manaus-entrega-a-nova-feira-municipal-do-japiim\/\",\"name\":\"Prefeitura de Manaus entrega a nova feira municipal do Japiim\",\"isPartOf\":{\"@id\":\"https:\/\/www.manaus.am.gov.br\/semcom\/#website\"},\"primaryImageOfPage\":{\"@id\":\"https:\/\/www.manaus.am.gov.br\/semcom\/pautas\/prefeitura-de-manaus-entrega-a-nova-feira-municipal-do-japiim\/#primaryimage\"},\"image\":{\"@id\":\"https:\/\/www.manaus.am.gov.br\/semcom\/pautas\/prefeitura-de-manaus-entrega-a-nova-feira-municipal-do-japiim\/#primaryimage\"},\"thumbnailUrl\":\"https:\/\/www.manaus.am.gov.br\/semcom\/wp-content\/uploads\/sites\/5\/2023\/02\/sugestaodepauta.png\",\"datePublished\":\"2023-03-29T15:55:10+00:00\",\"dateModified\":\"2023-03-30T14:09:26+00:00\",\"description\":\"Ap\u00f3s passar por uma grande reforma, mais\u00a0uma feira est\u00e1\u00a0sendo entregue nesta sexta-feira, 31\/3, \u00e0s 9h, totalmente modernizada pela Prefeitura de Manaus. Dessa vez na zona Sul, a feira do bairro Japiim, localizada no bairro Japiim.\u00a0\",\"inLanguage\":\"pt-BR\",\"potentialAction\":[{\"@type\":\"ReadAction\",\"target\":[\"https:\/\/www.manaus.am.gov.br\/semcom\/pautas\/prefeitura-de-manaus-entrega-a-nova-feira-municipal-do-japiim\/\"]}]},{\"@type\":\"ImageObject\",\"inLanguage\":\"pt-BR\",\"@id\":\"https:\/\/www.manaus.am.gov.br\/semcom\/pautas\/prefeitura-de-manaus-entrega-a-nova-feira-municipal-do-japiim\/#primaryimage\",\"url\":\"https:\/\/www.manaus.am.gov.br\/semcom\/wp-content\/uploads\/sites\/5\/2023\/02\/sugestaodepauta.png\",\"contentUrl\":\"https:\/\/www.manaus.am.gov.br\/semcom\/wp-content\/uploads\/sites\/5\/2023\/02\/sugestaodepauta.png\",\"width\":1020,\"height\":540},{\"@type\":\"WebSite\",\"@id\":\"https:\/\/www.manaus.am.gov.br\/semcom\/#website\",\"url\":\"https:\/\/www.manaus.am.gov.br\/semcom\/\",\"name\":\"SEMCOM\",\"description\":\"Secretaria Municipal de Comunica\u00e7\u00e3o\",\"potentialAction\":[{\"@type\":\"SearchAction\",\"target\":{\"@type\":\"EntryPoint\",\"urlTemplate\":\"https:\/\/www.manaus.am.gov.br\/semcom\/?s={search_term_string}\"},\"query-input\":\"required name=search_term_string\"}],\"inLanguage\":\"pt-BR\"}]}<\/script>\n<!-- \/ Yoast SEO plugin. -->","yoast_head_json":{"title":"Prefeitura de Manaus entrega a nova feira municipal do Japiim","description":"Ap\u00f3s passar por uma grande reforma, mais\u00a0uma feira est\u00e1\u00a0sendo entregue nesta sexta-feira, 31\/3, \u00e0s 9h, totalmente modernizada pela Prefeitura de Manaus. Dessa vez na zona Sul, a feira do bairro Japiim, localizada no bairro Japiim.\u00a0","robots":{"index":"index","follow":"follow","max-snippet":"max-snippet:-1","max-image-preview":"max-image-preview:large","max-video-preview":"max-video-preview:-1"},"canonical":"https:\/\/www.manaus.am.gov.br\/semcom\/pautas\/prefeitura-de-manaus-entrega-a-nova-feira-municipal-do-japiim\/","og_locale":"pt_BR","og_type":"article","og_title":"Prefeitura de Manaus entrega a nova feira municipal do Japiim","og_description":"Ap\u00f3s passar por uma grande reforma, mais\u00a0uma feira est\u00e1\u00a0sendo entregue nesta sexta-feira, 31\/3, \u00e0s 9h, totalmente modernizada pela Prefeitura de Manaus. Dessa vez na zona Sul, a feira do bairro Japiim, localizada no bairro Japiim.\u00a0","og_url":"https:\/\/www.manaus.am.gov.br\/semcom\/pautas\/prefeitura-de-manaus-entrega-a-nova-feira-municipal-do-japiim\/","og_site_name":"SEMCOM","article_modified_time":"2023-03-30T14:09:26+00:00","og_image":[{"width":1020,"height":540,"url":"https:\/\/www.manaus.am.gov.br\/semcom\/wp-content\/uploads\/sites\/5\/2023\/02\/sugestaodepauta.png","type":"image\/png"}],"twitter_card":"summary_large_image","twitter_misc":{"Est. reading time":"2 minutos"},"schema":{"@context":"https:\/\/schema.org","@graph":[{"@type":"WebPage","@id":"https:\/\/www.manaus.am.gov.br\/semcom\/pautas\/prefeitura-de-manaus-entrega-a-nova-feira-municipal-do-japiim\/","url":"https:\/\/www.manaus.am.gov.br\/semcom\/pautas\/prefeitura-de-manaus-entrega-a-nova-feira-municipal-do-japiim\/","name":"Prefeitura de Manaus entrega a nova feira municipal do Japiim","isPartOf":{"@id":"https:\/\/www.manaus.am.gov.br\/semcom\/#website"},"primaryImageOfPage":{"@id":"https:\/\/www.manaus.am.gov.br\/semcom\/pautas\/prefeitura-de-manaus-entrega-a-nova-feira-municipal-do-japiim\/#primaryimage"},"image":{"@id":"https:\/\/www.manaus.am.gov.br\/semcom\/pautas\/prefeitura-de-manaus-entrega-a-nova-feira-municipal-do-japiim\/#primaryimage"},"thumbnailUrl":"https:\/\/www.manaus.am.gov.br\/semcom\/wp-content\/uploads\/sites\/5\/2023\/02\/sugestaodepauta.png","datePublished":"2023-03-29T15:55:10+00:00","dateModified":"2023-03-30T14:09:26+00:00","description":"Ap\u00f3s passar por uma grande reforma, mais\u00a0uma feira est\u00e1\u00a0sendo entregue nesta sexta-feira, 31\/3, \u00e0s 9h, totalmente modernizada pela Prefeitura de Manaus. Dessa vez na zona Sul, a feira do bairro Japiim, localizada no bairro Japiim.\u00a0","inLanguage":"pt-BR","potentialAction":[{"@type":"ReadAction","target":["https:\/\/www.manaus.am.gov.br\/semcom\/pautas\/prefeitura-de-manaus-entrega-a-nova-feira-municipal-do-japiim\/"]}]},{"@type":"ImageObject","inLanguage":"pt-BR","@id":"https:\/\/www.manaus.am.gov.br\/semcom\/pautas\/prefeitura-de-manaus-entrega-a-nova-feira-municipal-do-japiim\/#primaryimage","url":"https:\/\/www.manaus.am.gov.br\/semcom\/wp-content\/uploads\/sites\/5\/2023\/02\/sugestaodepauta.png","contentUrl":"https:\/\/www.manaus.am.gov.br\/semcom\/wp-content\/uploads\/sites\/5\/2023\/02\/sugestaodepauta.png","width":1020,"height":540},{"@type":"WebSite","@id":"https:\/\/www.manaus.am.gov.br\/semcom\/#website","url":"https:\/\/www.manaus.am.gov.br\/semcom\/","name":"SEMCOM","description":"Secretaria Municipal de Comunica\u00e7\u00e3o","potentialAction":[{"@type":"SearchAction","target":{"@type":"EntryPoint","urlTemplate":"https:\/\/www.manaus.am.gov.br\/semcom\/?s={search_term_string}"},"query-input":"required name=search_term_string"}],"inLanguage":"pt-BR"}]}},"_links":{"self":[{"href":"https:\/\/www.manaus.am.gov.br\/semcom\/wp-json\/wp\/v2\/pautas\/211312"}],"collection":[{"href":"https:\/\/www.manaus.am.gov.br\/semcom\/wp-json\/wp\/v2\/pautas"}],"about":[{"href":"https:\/\/www.manaus.am.gov.br\/semcom\/wp-json\/wp\/v2\/types\/pautas"}],"wp:featuredmedia":[{"embeddable":true,"href":"https:\/\/www.manaus.am.gov.br\/semcom\/wp-json\/wp\/v2\/media\/208729"}],"wp:attachment":[{"href":"https:\/\/www.manaus.am.gov.br\/semcom\/wp-json\/wp\/v2\/media?parent=211312"}],"wp:term":[{"taxonomy":"category","embeddable":true,"href":"https:\/\/www.manaus.am.gov.br\/semcom\/wp-json\/wp\/v2\/categories?post=211312"}],"curies":[{"name":"wp","href":"https:\/\/api.w.org\/{rel}","templated":true}]}}

<p>Após passar por uma grande reforma, mais uma feira está sendo entregue nesta sexta-feira, 31/3, às 9h30, totalmente modernizada pela Prefeitura de Manaus. Dessa vez na zona Sul, a feira do bairro Japiim, localizada no bairro Japiim. </p>



<p>Sem reforma há mais de 30 anos, o espaço vive uma nova realidade e está apto a receber clientes de forma segura.&nbsp;A reforma da feira do Japiim recebeu novo telhado, forro, banheiros com acessibilidades, iluminação nova, revitalização dos boxes, piso e identidade visual moderna.&nbsp;&nbsp;</p>



<p>O espaço foi todo revitalizado,&nbsp;além&nbsp;do embelezamento da parte externa, com a instalação de um jardim e a reforma do complexo da feira do Japiim, onde aproximadamente seis boxes, além de uma parada de ônibus, foram totalmente reestruturados.</p>



<p>O complexo fica do lado oposto à feira e, há mais de 30 anos, não recebia reforma e nem manutenção. A parada de ônibus, uma das principais da via, também recebe melhorias na infraestrutura de ferro, reforma do telhado, bancos, piso e nova pintura.</p>



<p><strong>SERVIÇO:</strong></p>



<p><strong>O quê &#8211;&nbsp;</strong>Reinauguração da feira do Japiim</p>



<p><strong>Quando –&nbsp;</strong>Sexta-feira, 31/3</p>



<p><strong>Horário &#8211;</strong> 9h30</p>



<p><strong>Local &#8211;&nbsp;</strong>Avenida Rodrigo Otávio, s/nº, bairro Japiim, zona Sul&nbsp;</p>

<!-- This site is optimized with the Yoast SEO plugin v23.0 - https://yoast.com/wordpress/plugins/seo/ -->
<title>Prefeitura de Manaus entrega a nova feira municipal do Japiim</title>
<meta name="description" content="Após passar por uma grande reforma, mais uma feira está sendo entregue nesta sexta-feira, 31/3, às 9h, totalmente modernizada pela Prefeitura de Manaus. Dessa vez na zona Sul, a feira do bairro Japiim, localizada no bairro Japiim. " />
<meta name="robots" content="index, follow, max-snippet:-1, max-image-preview:large, max-video-preview:-1" />
<link rel="canonical" href="https://www.manaus.am.gov.br/semcom/pautas/prefeitura-de-manaus-entrega-a-nova-feira-municipal-do-japiim/" />
<meta property="og:locale" content="pt_BR" />
<meta property="og:type" content="article" />
<meta property="og:title" content="Prefeitura de Manaus entrega a nova feira municipal do Japiim" />
<meta property="og:description" content="Após passar por uma grande reforma, mais uma feira está sendo entregue nesta sexta-feira, 31/3, às 9h, totalmente modernizada pela Prefeitura de Manaus. Dessa vez na zona Sul, a feira do bairro Japiim, localizada no bairro Japiim. " />
<meta property="og:url" content="https://www.manaus.am.gov.br/semcom/pautas/prefeitura-de-manaus-entrega-a-nova-feira-municipal-do-japiim/" />
<meta property="og:site_name" content="SEMCOM" />
<meta property="article:modified_time" content="2023-03-30T14:09:26+00:00" />
<meta property="og:image" content="https://www.manaus.am.gov.br/semcom/wp-content/uploads/sites/5/2023/02/sugestaodepauta.png" />
	<meta property="og:image:width" content="1020" />
	<meta property="og:image:height" content="540" />
	<meta property="og:image:type" content="image/png" />
<meta name="twitter:card" content="summary_large_image" />
<meta name="twitter:label1" content="Est. reading time" />
	<meta name="twitter:data1" content="2 minutos" />
<script type="application/ld+json" class="yoast-schema-graph">{"@context":"https://schema.org","@graph":[{"@type":"WebPage","@id":"https://www.manaus.am.gov.br/semcom/pautas/prefeitura-de-manaus-entrega-a-nova-feira-municipal-do-japiim/","url":"https://www.manaus.am.gov.br/semcom/pautas/prefeitura-de-manaus-entrega-a-nova-feira-municipal-do-japiim/","name":"Prefeitura de Manaus entrega a nova feira municipal do Japiim","isPartOf":{"@id":"https://www.manaus.am.gov.br/semcom/#website"},"primaryImageOfPage":{"@id":"https://www.manaus.am.gov.br/semcom/pautas/prefeitura-de-manaus-entrega-a-nova-feira-municipal-do-japiim/#primaryimage"},"image":{"@id":"https://www.manaus.am.gov.br/semcom/pautas/prefeitura-de-manaus-entrega-a-nova-feira-municipal-do-japiim/#primaryimage"},"thumbnailUrl":"https://www.manaus.am.gov.br/semcom/wp-content/uploads/sites/5/2023/02/sugestaodepauta.png","datePublished":"2023-03-29T15:55:10+00:00","dateModified":"2023-03-30T14:09:26+00:00","description":"Após passar por uma grande reforma, mais uma feira está sendo entregue nesta sexta-feira, 31/3, às 9h, totalmente modernizada pela Prefeitura de Manaus. Dessa vez na zona Sul, a feira do bairro Japiim, localizada no bairro Japiim. ","inLanguage":"pt-BR","potentialAction":[{"@type":"ReadAction","target":["https://www.manaus.am.gov.br/semcom/pautas/prefeitura-de-manaus-entrega-a-nova-feira-municipal-do-japiim/"]}]},{"@type":"ImageObject","inLanguage":"pt-BR","@id":"https://www.manaus.am.gov.br/semcom/pautas/prefeitura-de-manaus-entrega-a-nova-feira-municipal-do-japiim/#primaryimage","url":"https://www.manaus.am.gov.br/semcom/wp-content/uploads/sites/5/2023/02/sugestaodepauta.png","contentUrl":"https://www.manaus.am.gov.br/semcom/wp-content/uploads/sites/5/2023/02/sugestaodepauta.png","width":1020,"height":540},{"@type":"WebSite","@id":"https://www.manaus.am.gov.br/semcom/#website","url":"https://www.manaus.am.gov.br/semcom/","name":"SEMCOM","description":"Secretaria Municipal de Comunicação","potentialAction":[{"@type":"SearchAction","target":{"@type":"EntryPoint","urlTemplate":"https://www.manaus.am.gov.br/semcom/?s={search_term_string}"},"query-input":"required name=search_term_string"}],"inLanguage":"pt-BR"}]}</script>
<!-- / Yoast SEO plugin. -->

Após passar por uma grande reforma, mais uma feira está sendo entregue nesta sexta-feira, 31/3, às 9h, totalmente modernizada pela Prefeitura de Manaus. Dessa vez na zona Sul, a feira do bairro Japiim, localizada no bairro Japiim.

Secretaria Municipal de Comunicação
