{"id":211270,"date":"2023-03-28T16:43:24","date_gmt":"2023-03-28T19:43:24","guid":{"rendered":"https:\/\/www.manaus.am.gov.br\/semcom\/?post_type=pautas&#038;p=211270"},"modified":"2023-03-29T16:01:06","modified_gmt":"2023-03-29T19:01:06","slug":"prefeitura-de-manaus-e-adra-entregam-beneficio-a-familias-atingidas-por-fortes-chuvas","status":"publish","type":"pautas","link":"https:\/\/www.manaus.am.gov.br\/semcom\/pautas\/prefeitura-de-manaus-e-adra-entregam-beneficio-a-familias-atingidas-por-fortes-chuvas\/","title":{"rendered":"Prefeitura de Manaus e Adra entregam benef\u00edcio a fam\u00edlias atingidas por fortes chuvas"},"content":{"rendered":"\n<p>A Prefeitura de Manaus, por meio da Secretaria Municipal da Mulher, Assist\u00eancia Social e Cidadania (Semasc), do Fundo Manaus Solid\u00e1ria (FMS) e Secretaria Municipal de Educa\u00e7\u00e3o (Semed), em parceria com a Ag\u00eancia Adventista de Desenvolvimento e Recursos Assistenciais (Adra), realiza, nesta quarta-feira, 29\/3, a entrega de 376&nbsp;<em>vouchers<\/em>&nbsp;alimenta\u00e7\u00e3o e cestas b\u00e1sicas a fam\u00edlias afetadas pelas fortes chuvas do m\u00eas de mar\u00e7o.<\/p>\n\n\n\n<p>No valor \u00fanico de R$ 228, o benef\u00edcio ser\u00e1 concedido por meio dos \u201cCart\u00f5es Solid\u00e1rios\u201d, que ser\u00e3o entregues \u00e0s fam\u00edlias previamente cadastradas pela Semasc e visitadas pelas equipes da Adra, na escola municipal S\u00e3o Benedito, localizada no bairro Cidade de Deus, na zona Leste.<\/p>\n\n\n\n<p>&#8212; &#8212; &#8212;<\/p>\n\n\n\n<p><strong>SERVI\u00c7O<\/strong><\/p>\n\n\n\n<p><strong>O qu\u00ea &#8211;&nbsp;<\/strong>Entrega de \u201cCart\u00f5es Solid\u00e1rios\u201d a fam\u00edlias v\u00edtimas das fortes chuvas em Manaus<\/p>\n\n\n\n<p><strong>Quando &#8211;&nbsp;<\/strong>Quarta-feira, 29\/3<\/p>\n\n\n\n<p><strong>Hor\u00e1rio &#8211;&nbsp;<\/strong>15h<\/p>\n\n\n\n<p><strong>Local &#8211;&nbsp;<\/strong>Escola municipal S\u00e3o Benedito, na avenida Nossa Senhora de F\u00e1tima, s\/n, bairro Cidade de Deus, zona Norte.<\/p>\n\n\n\n<p>&#8212; &#8212; &#8212;<\/p>\n\n\n\n<p>SEMASC &#8211; Secretaria Municipal da Mulher, Assist\u00eancia Social e Cidadania<\/p>\n\n\n\n<p>Assessor Respons\u00e1vel: Leonardo Fierro&nbsp;(92) 99446-4599<\/p>\n\n\n\n<p>E-mail:&nbsp;<a href=\"mailto:comunicacao.semasc@gmail.com\" target=\"_blank\" rel=\"noreferrer noopener\">comunicacao.semasc@gmail.com<\/a><\/p>\n","protected":false},"featured_media":208729,"template":"","categories":[],"acf":[],"yoast_head":"<!-- This site is optimized with the Yoast SEO plugin v23.0 - https:\/\/yoast.com\/wordpress\/plugins\/seo\/ -->\n<title>Prefeitura de Manaus e Adra entregam benef\u00edcio a fam\u00edlias atingidas por fortes chuvas - SEMCOM<\/title>\n<meta name=\"robots\" content=\"index, follow, max-snippet:-1, max-image-preview:large, max-video-preview:-1\" \/>\n<link rel=\"canonical\" href=\"https:\/\/www.manaus.am.gov.br\/semcom\/pautas\/prefeitura-de-manaus-e-adra-entregam-beneficio-a-familias-atingidas-por-fortes-chuvas\/\" \/>\n<meta property=\"og:locale\" content=\"pt_BR\" \/>\n<meta property=\"og:type\" content=\"article\" \/>\n<meta property=\"og:title\" content=\"Prefeitura de Manaus e Adra entregam benef\u00edcio a fam\u00edlias atingidas por fortes chuvas - SEMCOM\" \/>\n<meta property=\"og:url\" content=\"https:\/\/www.manaus.am.gov.br\/semcom\/pautas\/prefeitura-de-manaus-e-adra-entregam-beneficio-a-familias-atingidas-por-fortes-chuvas\/\" \/>\n<meta property=\"og:site_name\" content=\"SEMCOM\" \/>\n<meta property=\"article:modified_time\" content=\"2023-03-29T19:01:06+00:00\" \/>\n<meta property=\"og:image\" content=\"https:\/\/www.manaus.am.gov.br\/semcom\/wp-content\/uploads\/sites\/5\/2023\/02\/sugestaodepauta.png\" \/>\n\t<meta property=\"og:image:width\" content=\"1020\" \/>\n\t<meta property=\"og:image:height\" content=\"540\" \/>\n\t<meta property=\"og:image:type\" content=\"image\/png\" \/>\n<meta name=\"twitter:card\" content=\"summary_large_image\" \/>\n<meta name=\"twitter:label1\" content=\"Est. reading time\" \/>\n\t<meta name=\"twitter:data1\" content=\"1 minuto\" \/>\n<script type=\"application\/ld+json\" class=\"yoast-schema-graph\">{\"@context\":\"https:\/\/schema.org\",\"@graph\":[{\"@type\":\"WebPage\",\"@id\":\"https:\/\/www.manaus.am.gov.br\/semcom\/pautas\/prefeitura-de-manaus-e-adra-entregam-beneficio-a-familias-atingidas-por-fortes-chuvas\/\",\"url\":\"https:\/\/www.manaus.am.gov.br\/semcom\/pautas\/prefeitura-de-manaus-e-adra-entregam-beneficio-a-familias-atingidas-por-fortes-chuvas\/\",\"name\":\"Prefeitura de Manaus e Adra entregam benef\u00edcio a fam\u00edlias atingidas por fortes chuvas - SEMCOM\",\"isPartOf\":{\"@id\":\"https:\/\/www.manaus.am.gov.br\/semcom\/#website\"},\"primaryImageOfPage\":{\"@id\":\"https:\/\/www.manaus.am.gov.br\/semcom\/pautas\/prefeitura-de-manaus-e-adra-entregam-beneficio-a-familias-atingidas-por-fortes-chuvas\/#primaryimage\"},\"image\":{\"@id\":\"https:\/\/www.manaus.am.gov.br\/semcom\/pautas\/prefeitura-de-manaus-e-adra-entregam-beneficio-a-familias-atingidas-por-fortes-chuvas\/#primaryimage\"},\"thumbnailUrl\":\"https:\/\/www.manaus.am.gov.br\/semcom\/wp-content\/uploads\/sites\/5\/2023\/02\/sugestaodepauta.png\",\"datePublished\":\"2023-03-28T19:43:24+00:00\",\"dateModified\":\"2023-03-29T19:01:06+00:00\",\"inLanguage\":\"pt-BR\",\"potentialAction\":[{\"@type\":\"ReadAction\",\"target\":[\"https:\/\/www.manaus.am.gov.br\/semcom\/pautas\/prefeitura-de-manaus-e-adra-entregam-beneficio-a-familias-atingidas-por-fortes-chuvas\/\"]}]},{\"@type\":\"ImageObject\",\"inLanguage\":\"pt-BR\",\"@id\":\"https:\/\/www.manaus.am.gov.br\/semcom\/pautas\/prefeitura-de-manaus-e-adra-entregam-beneficio-a-familias-atingidas-por-fortes-chuvas\/#primaryimage\",\"url\":\"https:\/\/www.manaus.am.gov.br\/semcom\/wp-content\/uploads\/sites\/5\/2023\/02\/sugestaodepauta.png\",\"contentUrl\":\"https:\/\/www.manaus.am.gov.br\/semcom\/wp-content\/uploads\/sites\/5\/2023\/02\/sugestaodepauta.png\",\"width\":1020,\"height\":540},{\"@type\":\"WebSite\",\"@id\":\"https:\/\/www.manaus.am.gov.br\/semcom\/#website\",\"url\":\"https:\/\/www.manaus.am.gov.br\/semcom\/\",\"name\":\"SEMCOM\",\"description\":\"Secretaria Municipal de Comunica\u00e7\u00e3o\",\"potentialAction\":[{\"@type\":\"SearchAction\",\"target\":{\"@type\":\"EntryPoint\",\"urlTemplate\":\"https:\/\/www.manaus.am.gov.br\/semcom\/?s={search_term_string}\"},\"query-input\":\"required name=search_term_string\"}],\"inLanguage\":\"pt-BR\"}]}<\/script>\n<!-- \/ Yoast SEO plugin. -->","yoast_head_json":{"title":"Prefeitura de Manaus e Adra entregam benef\u00edcio a fam\u00edlias atingidas por fortes chuvas - SEMCOM","robots":{"index":"index","follow":"follow","max-snippet":"max-snippet:-1","max-image-preview":"max-image-preview:large","max-video-preview":"max-video-preview:-1"},"canonical":"https:\/\/www.manaus.am.gov.br\/semcom\/pautas\/prefeitura-de-manaus-e-adra-entregam-beneficio-a-familias-atingidas-por-fortes-chuvas\/","og_locale":"pt_BR","og_type":"article","og_title":"Prefeitura de Manaus e Adra entregam benef\u00edcio a fam\u00edlias atingidas por fortes chuvas - SEMCOM","og_url":"https:\/\/www.manaus.am.gov.br\/semcom\/pautas\/prefeitura-de-manaus-e-adra-entregam-beneficio-a-familias-atingidas-por-fortes-chuvas\/","og_site_name":"SEMCOM","article_modified_time":"2023-03-29T19:01:06+00:00","og_image":[{"width":1020,"height":540,"url":"https:\/\/www.manaus.am.gov.br\/semcom\/wp-content\/uploads\/sites\/5\/2023\/02\/sugestaodepauta.png","type":"image\/png"}],"twitter_card":"summary_large_image","twitter_misc":{"Est. reading time":"1 minuto"},"schema":{"@context":"https:\/\/schema.org","@graph":[{"@type":"WebPage","@id":"https:\/\/www.manaus.am.gov.br\/semcom\/pautas\/prefeitura-de-manaus-e-adra-entregam-beneficio-a-familias-atingidas-por-fortes-chuvas\/","url":"https:\/\/www.manaus.am.gov.br\/semcom\/pautas\/prefeitura-de-manaus-e-adra-entregam-beneficio-a-familias-atingidas-por-fortes-chuvas\/","name":"Prefeitura de Manaus e Adra entregam benef\u00edcio a fam\u00edlias atingidas por fortes chuvas - SEMCOM","isPartOf":{"@id":"https:\/\/www.manaus.am.gov.br\/semcom\/#website"},"primaryImageOfPage":{"@id":"https:\/\/www.manaus.am.gov.br\/semcom\/pautas\/prefeitura-de-manaus-e-adra-entregam-beneficio-a-familias-atingidas-por-fortes-chuvas\/#primaryimage"},"image":{"@id":"https:\/\/www.manaus.am.gov.br\/semcom\/pautas\/prefeitura-de-manaus-e-adra-entregam-beneficio-a-familias-atingidas-por-fortes-chuvas\/#primaryimage"},"thumbnailUrl":"https:\/\/www.manaus.am.gov.br\/semcom\/wp-content\/uploads\/sites\/5\/2023\/02\/sugestaodepauta.png","datePublished":"2023-03-28T19:43:24+00:00","dateModified":"2023-03-29T19:01:06+00:00","inLanguage":"pt-BR","potentialAction":[{"@type":"ReadAction","target":["https:\/\/www.manaus.am.gov.br\/semcom\/pautas\/prefeitura-de-manaus-e-adra-entregam-beneficio-a-familias-atingidas-por-fortes-chuvas\/"]}]},{"@type":"ImageObject","inLanguage":"pt-BR","@id":"https:\/\/www.manaus.am.gov.br\/semcom\/pautas\/prefeitura-de-manaus-e-adra-entregam-beneficio-a-familias-atingidas-por-fortes-chuvas\/#primaryimage","url":"https:\/\/www.manaus.am.gov.br\/semcom\/wp-content\/uploads\/sites\/5\/2023\/02\/sugestaodepauta.png","contentUrl":"https:\/\/www.manaus.am.gov.br\/semcom\/wp-content\/uploads\/sites\/5\/2023\/02\/sugestaodepauta.png","width":1020,"height":540},{"@type":"WebSite","@id":"https:\/\/www.manaus.am.gov.br\/semcom\/#website","url":"https:\/\/www.manaus.am.gov.br\/semcom\/","name":"SEMCOM","description":"Secretaria Municipal de Comunica\u00e7\u00e3o","potentialAction":[{"@type":"SearchAction","target":{"@type":"EntryPoint","urlTemplate":"https:\/\/www.manaus.am.gov.br\/semcom\/?s={search_term_string}"},"query-input":"required name=search_term_string"}],"inLanguage":"pt-BR"}]}},"_links":{"self":[{"href":"https:\/\/www.manaus.am.gov.br\/semcom\/wp-json\/wp\/v2\/pautas\/211270"}],"collection":[{"href":"https:\/\/www.manaus.am.gov.br\/semcom\/wp-json\/wp\/v2\/pautas"}],"about":[{"href":"https:\/\/www.manaus.am.gov.br\/semcom\/wp-json\/wp\/v2\/types\/pautas"}],"wp:featuredmedia":[{"embeddable":true,"href":"https:\/\/www.manaus.am.gov.br\/semcom\/wp-json\/wp\/v2\/media\/208729"}],"wp:attachment":[{"href":"https:\/\/www.manaus.am.gov.br\/semcom\/wp-json\/wp\/v2\/media?parent=211270"}],"wp:term":[{"taxonomy":"category","embeddable":true,"href":"https:\/\/www.manaus.am.gov.br\/semcom\/wp-json\/wp\/v2\/categories?post=211270"}],"curies":[{"name":"wp","href":"https:\/\/api.w.org\/{rel}","templated":true}]}}

Prefeitura de Manaus e Adra entregam benefício a famílias atingidas por fortes chuvas

<p>A Prefeitura de Manaus, por meio da Secretaria Municipal da Mulher, Assistência Social e Cidadania (Semasc), do Fundo Manaus Solidária (FMS) e Secretaria Municipal de Educação (Semed), em parceria com a Agência Adventista de Desenvolvimento e Recursos Assistenciais (Adra), realiza, nesta quarta-feira, 29/3, a entrega de 376&nbsp;<em>vouchers</em>&nbsp;alimentação e cestas básicas a famílias afetadas pelas fortes chuvas do mês de março.</p>



<p>No valor único de R$ 228, o benefício será concedido por meio dos “Cartões Solidários”, que serão entregues às famílias previamente cadastradas pela Semasc e visitadas pelas equipes da Adra, na escola municipal São Benedito, localizada no bairro Cidade de Deus, na zona Leste.</p>



<p>&#8212; &#8212; &#8212;</p>



<p><strong>SERVIÇO</strong></p>



<p><strong>O quê &#8211;&nbsp;</strong>Entrega de “Cartões Solidários” a famílias vítimas das fortes chuvas em Manaus</p>



<p><strong>Quando &#8211;&nbsp;</strong>Quarta-feira, 29/3</p>



<p><strong>Horário &#8211;&nbsp;</strong>15h</p>



<p><strong>Local &#8211;&nbsp;</strong>Escola municipal São Benedito, na avenida Nossa Senhora de Fátima, s/n, bairro Cidade de Deus, zona Norte.</p>



<p>&#8212; &#8212; &#8212;</p>



<p>SEMASC &#8211; Secretaria Municipal da Mulher, Assistência Social e Cidadania</p>



<p>Assessor Responsável: Leonardo Fierro&nbsp;(92) 99446-4599</p>



<p>E-mail:&nbsp;<a href="mailto:comunicacao.semasc@gmail.com" target="_blank" rel="noreferrer noopener">comunicacao.semasc@gmail.com</a></p>

<!-- This site is optimized with the Yoast SEO plugin v23.0 - https://yoast.com/wordpress/plugins/seo/ -->
<title>Prefeitura de Manaus e Adra entregam benefício a famílias atingidas por fortes chuvas - SEMCOM</title>
<meta name="robots" content="index, follow, max-snippet:-1, max-image-preview:large, max-video-preview:-1" />
<link rel="canonical" href="https://www.manaus.am.gov.br/semcom/pautas/prefeitura-de-manaus-e-adra-entregam-beneficio-a-familias-atingidas-por-fortes-chuvas/" />
<meta property="og:locale" content="pt_BR" />
<meta property="og:type" content="article" />
<meta property="og:title" content="Prefeitura de Manaus e Adra entregam benefício a famílias atingidas por fortes chuvas - SEMCOM" />
<meta property="og:url" content="https://www.manaus.am.gov.br/semcom/pautas/prefeitura-de-manaus-e-adra-entregam-beneficio-a-familias-atingidas-por-fortes-chuvas/" />
<meta property="og:site_name" content="SEMCOM" />
<meta property="article:modified_time" content="2023-03-29T19:01:06+00:00" />
<meta property="og:image" content="https://www.manaus.am.gov.br/semcom/wp-content/uploads/sites/5/2023/02/sugestaodepauta.png" />
	<meta property="og:image:width" content="1020" />
	<meta property="og:image:height" content="540" />
	<meta property="og:image:type" content="image/png" />
<meta name="twitter:card" content="summary_large_image" />
<meta name="twitter:label1" content="Est. reading time" />
	<meta name="twitter:data1" content="1 minuto" />
<script type="application/ld+json" class="yoast-schema-graph">{"@context":"https://schema.org","@graph":[{"@type":"WebPage","@id":"https://www.manaus.am.gov.br/semcom/pautas/prefeitura-de-manaus-e-adra-entregam-beneficio-a-familias-atingidas-por-fortes-chuvas/","url":"https://www.manaus.am.gov.br/semcom/pautas/prefeitura-de-manaus-e-adra-entregam-beneficio-a-familias-atingidas-por-fortes-chuvas/","name":"Prefeitura de Manaus e Adra entregam benefício a famílias atingidas por fortes chuvas - SEMCOM","isPartOf":{"@id":"https://www.manaus.am.gov.br/semcom/#website"},"primaryImageOfPage":{"@id":"https://www.manaus.am.gov.br/semcom/pautas/prefeitura-de-manaus-e-adra-entregam-beneficio-a-familias-atingidas-por-fortes-chuvas/#primaryimage"},"image":{"@id":"https://www.manaus.am.gov.br/semcom/pautas/prefeitura-de-manaus-e-adra-entregam-beneficio-a-familias-atingidas-por-fortes-chuvas/#primaryimage"},"thumbnailUrl":"https://www.manaus.am.gov.br/semcom/wp-content/uploads/sites/5/2023/02/sugestaodepauta.png","datePublished":"2023-03-28T19:43:24+00:00","dateModified":"2023-03-29T19:01:06+00:00","inLanguage":"pt-BR","potentialAction":[{"@type":"ReadAction","target":["https://www.manaus.am.gov.br/semcom/pautas/prefeitura-de-manaus-e-adra-entregam-beneficio-a-familias-atingidas-por-fortes-chuvas/"]}]},{"@type":"ImageObject","inLanguage":"pt-BR","@id":"https://www.manaus.am.gov.br/semcom/pautas/prefeitura-de-manaus-e-adra-entregam-beneficio-a-familias-atingidas-por-fortes-chuvas/#primaryimage","url":"https://www.manaus.am.gov.br/semcom/wp-content/uploads/sites/5/2023/02/sugestaodepauta.png","contentUrl":"https://www.manaus.am.gov.br/semcom/wp-content/uploads/sites/5/2023/02/sugestaodepauta.png","width":1020,"height":540},{"@type":"WebSite","@id":"https://www.manaus.am.gov.br/semcom/#website","url":"https://www.manaus.am.gov.br/semcom/","name":"SEMCOM","description":"Secretaria Municipal de Comunicação","potentialAction":[{"@type":"SearchAction","target":{"@type":"EntryPoint","urlTemplate":"https://www.manaus.am.gov.br/semcom/?s={search_term_string}"},"query-input":"required name=search_term_string"}],"inLanguage":"pt-BR"}]}</script>
<!-- / Yoast SEO plugin. -->

Prefeitura de Manaus e Adra entregam benefício a famílias atingidas por fortes chuvas - SEMCOM

Secretaria Municipal de Comunicação
