{"id":211150,"date":"2023-03-26T12:37:07","date_gmt":"2023-03-26T15:37:07","guid":{"rendered":"https:\/\/www.manaus.am.gov.br\/semcom\/?post_type=pautas&#038;p=211150"},"modified":"2023-03-26T13:26:31","modified_gmt":"2023-03-26T16:26:31","slug":"ministro-waldez-goes-prefeito-david-almeida-e-governador-wilson-lima-visitam-neste-domingo-areas-afetadas-por-fortes-chuvas-em-manaus","status":"publish","type":"pautas","link":"https:\/\/www.manaus.am.gov.br\/semcom\/pautas\/ministro-waldez-goes-prefeito-david-almeida-e-governador-wilson-lima-visitam-neste-domingo-areas-afetadas-por-fortes-chuvas-em-manaus\/","title":{"rendered":"Ministro Waldez G\u00f3es, ministra do Meio Ambiente e Mudan\u00e7a do Clima, Marina Silva, prefeito David Almeida e governador Wilson Lima visitam, neste domingo, \u00e1reas afetadas por fortes chuvas em Manaus"},"content":{"rendered":"\n<p>O ministro da Integra\u00e7\u00e3o e do Desenvolvimento Regional, Waldez G\u00f3es, e a ministra do Meio Ambiente e Mudan\u00e7a do Clima, Marina Silva, visitam na tarde deste domingo, 26\/3, acompanhados do prefeito de Manaus, David Almeida, e do governador Wilson Lima \u00e1reas afetadas pelas fortes chuvas ocorridas no s\u00e1bado, 25.<\/p>\n\n\n\n<p>As autoridades v\u00e3o percorrer bairros das zonas Leste e Norte de Manaus e ap\u00f3s as visitas, \u00e0s 15h30, conceder\u00e3o entrevista coletiva na rua Top\u00e1zio, bairro Jorge Teixeira.<\/p>\n\n\n\n<p><strong>SERVI\u00c7O:<\/strong><\/p>\n\n\n\n<p><strong>O qu\u00ea &#8211;\u00a0<\/strong>Visita do ministro Waldez G\u00f3es e da ministra Marina Silva com o prefeito David Almeida e com o governador Wilson Lima nas \u00e1reas afetadas por fortes chuvas em Manaus <\/p>\n\n\n\n<p><strong>Quando &#8211;&nbsp;<\/strong>Domingo, 26\/3<\/p>\n\n\n\n<p><strong>Hor\u00e1rio \u2013<\/strong>&nbsp;15h30 \u2013 Coletiva de imprensa<\/p>\n\n\n\n<p><strong>Local &#8211;&nbsp;<\/strong>Rua Top\u00e1zio, bairro Jorge Teixeira &nbsp;<\/p>\n","protected":false},"featured_media":208729,"template":"","categories":[793],"acf":[],"yoast_head":"<!-- This site is optimized with the Yoast SEO plugin v23.0 - https:\/\/yoast.com\/wordpress\/plugins\/seo\/ -->\n<title>Ministro Waldez G\u00f3es, ministra do Meio Ambiente e Mudan\u00e7a do Clima, Marina Silva, prefeito David Almeida e governador Wilson Lima visitam, neste domingo, \u00e1reas afetadas por fortes chuvas em Manaus<\/title>\n<meta name=\"description\" content=\"O ministro da Integra\u00e7\u00e3o e do Desenvolvimento Regional, Waldez G\u00f3es, visita na tarde deste domingo, 26\/3, acompanhado do prefeito de Manaus, David Almeida, e do governador Wilson Lima \u00e1reas afetadas pelas fortes chuvas ocorridas no s\u00e1bado, 25.\" \/>\n<meta name=\"robots\" content=\"index, follow, max-snippet:-1, max-image-preview:large, max-video-preview:-1\" \/>\n<link rel=\"canonical\" href=\"https:\/\/www.manaus.am.gov.br\/semcom\/pautas\/ministro-waldez-goes-prefeito-david-almeida-e-governador-wilson-lima-visitam-neste-domingo-areas-afetadas-por-fortes-chuvas-em-manaus\/\" \/>\n<meta property=\"og:locale\" content=\"pt_BR\" \/>\n<meta property=\"og:type\" content=\"article\" \/>\n<meta property=\"og:title\" content=\"Ministro Waldez G\u00f3es, ministra do Meio Ambiente e Mudan\u00e7a do Clima, Marina Silva, prefeito David Almeida e governador Wilson Lima visitam, neste domingo, \u00e1reas afetadas por fortes chuvas em Manaus\" \/>\n<meta property=\"og:description\" content=\"O ministro da Integra\u00e7\u00e3o e do Desenvolvimento Regional, Waldez G\u00f3es, visita na tarde deste domingo, 26\/3, acompanhado do prefeito de Manaus, David Almeida, e do governador Wilson Lima \u00e1reas afetadas pelas fortes chuvas ocorridas no s\u00e1bado, 25.\" \/>\n<meta property=\"og:url\" content=\"https:\/\/www.manaus.am.gov.br\/semcom\/pautas\/ministro-waldez-goes-prefeito-david-almeida-e-governador-wilson-lima-visitam-neste-domingo-areas-afetadas-por-fortes-chuvas-em-manaus\/\" \/>\n<meta property=\"og:site_name\" content=\"SEMCOM\" \/>\n<meta property=\"article:modified_time\" content=\"2023-03-26T16:26:31+00:00\" \/>\n<meta property=\"og:image\" content=\"https:\/\/www.manaus.am.gov.br\/semcom\/wp-content\/uploads\/sites\/5\/2023\/02\/sugestaodepauta.png\" \/>\n\t<meta property=\"og:image:width\" content=\"1020\" \/>\n\t<meta property=\"og:image:height\" content=\"540\" \/>\n\t<meta property=\"og:image:type\" content=\"image\/png\" \/>\n<meta name=\"twitter:card\" content=\"summary_large_image\" \/>\n<meta name=\"twitter:label1\" content=\"Est. reading time\" \/>\n\t<meta name=\"twitter:data1\" content=\"1 minuto\" \/>\n<script type=\"application\/ld+json\" class=\"yoast-schema-graph\">{\"@context\":\"https:\/\/schema.org\",\"@graph\":[{\"@type\":\"WebPage\",\"@id\":\"https:\/\/www.manaus.am.gov.br\/semcom\/pautas\/ministro-waldez-goes-prefeito-david-almeida-e-governador-wilson-lima-visitam-neste-domingo-areas-afetadas-por-fortes-chuvas-em-manaus\/\",\"url\":\"https:\/\/www.manaus.am.gov.br\/semcom\/pautas\/ministro-waldez-goes-prefeito-david-almeida-e-governador-wilson-lima-visitam-neste-domingo-areas-afetadas-por-fortes-chuvas-em-manaus\/\",\"name\":\"Ministro Waldez G\u00f3es, ministra do Meio Ambiente e Mudan\u00e7a do Clima, Marina Silva, prefeito David Almeida e governador Wilson Lima visitam, neste domingo, \u00e1reas afetadas por fortes chuvas em Manaus\",\"isPartOf\":{\"@id\":\"https:\/\/www.manaus.am.gov.br\/semcom\/#website\"},\"primaryImageOfPage\":{\"@id\":\"https:\/\/www.manaus.am.gov.br\/semcom\/pautas\/ministro-waldez-goes-prefeito-david-almeida-e-governador-wilson-lima-visitam-neste-domingo-areas-afetadas-por-fortes-chuvas-em-manaus\/#primaryimage\"},\"image\":{\"@id\":\"https:\/\/www.manaus.am.gov.br\/semcom\/pautas\/ministro-waldez-goes-prefeito-david-almeida-e-governador-wilson-lima-visitam-neste-domingo-areas-afetadas-por-fortes-chuvas-em-manaus\/#primaryimage\"},\"thumbnailUrl\":\"https:\/\/www.manaus.am.gov.br\/semcom\/wp-content\/uploads\/sites\/5\/2023\/02\/sugestaodepauta.png\",\"datePublished\":\"2023-03-26T15:37:07+00:00\",\"dateModified\":\"2023-03-26T16:26:31+00:00\",\"description\":\"O ministro da Integra\u00e7\u00e3o e do Desenvolvimento Regional, Waldez G\u00f3es, visita na tarde deste domingo, 26\/3, acompanhado do prefeito de Manaus, David Almeida, e do governador Wilson Lima \u00e1reas afetadas pelas fortes chuvas ocorridas no s\u00e1bado, 25.\",\"inLanguage\":\"pt-BR\",\"potentialAction\":[{\"@type\":\"ReadAction\",\"target\":[\"https:\/\/www.manaus.am.gov.br\/semcom\/pautas\/ministro-waldez-goes-prefeito-david-almeida-e-governador-wilson-lima-visitam-neste-domingo-areas-afetadas-por-fortes-chuvas-em-manaus\/\"]}]},{\"@type\":\"ImageObject\",\"inLanguage\":\"pt-BR\",\"@id\":\"https:\/\/www.manaus.am.gov.br\/semcom\/pautas\/ministro-waldez-goes-prefeito-david-almeida-e-governador-wilson-lima-visitam-neste-domingo-areas-afetadas-por-fortes-chuvas-em-manaus\/#primaryimage\",\"url\":\"https:\/\/www.manaus.am.gov.br\/semcom\/wp-content\/uploads\/sites\/5\/2023\/02\/sugestaodepauta.png\",\"contentUrl\":\"https:\/\/www.manaus.am.gov.br\/semcom\/wp-content\/uploads\/sites\/5\/2023\/02\/sugestaodepauta.png\",\"width\":1020,\"height\":540},{\"@type\":\"WebSite\",\"@id\":\"https:\/\/www.manaus.am.gov.br\/semcom\/#website\",\"url\":\"https:\/\/www.manaus.am.gov.br\/semcom\/\",\"name\":\"SEMCOM\",\"description\":\"Secretaria Municipal de Comunica\u00e7\u00e3o\",\"potentialAction\":[{\"@type\":\"SearchAction\",\"target\":{\"@type\":\"EntryPoint\",\"urlTemplate\":\"https:\/\/www.manaus.am.gov.br\/semcom\/?s={search_term_string}\"},\"query-input\":\"required name=search_term_string\"}],\"inLanguage\":\"pt-BR\"}]}<\/script>\n<!-- \/ Yoast SEO plugin. -->","yoast_head_json":{"title":"Ministro Waldez G\u00f3es, ministra do Meio Ambiente e Mudan\u00e7a do Clima, Marina Silva, prefeito David Almeida e governador Wilson Lima visitam, neste domingo, \u00e1reas afetadas por fortes chuvas em Manaus","description":"O ministro da Integra\u00e7\u00e3o e do Desenvolvimento Regional, Waldez G\u00f3es, visita na tarde deste domingo, 26\/3, acompanhado do prefeito de Manaus, David Almeida, e do governador Wilson Lima \u00e1reas afetadas pelas fortes chuvas ocorridas no s\u00e1bado, 25.","robots":{"index":"index","follow":"follow","max-snippet":"max-snippet:-1","max-image-preview":"max-image-preview:large","max-video-preview":"max-video-preview:-1"},"canonical":"https:\/\/www.manaus.am.gov.br\/semcom\/pautas\/ministro-waldez-goes-prefeito-david-almeida-e-governador-wilson-lima-visitam-neste-domingo-areas-afetadas-por-fortes-chuvas-em-manaus\/","og_locale":"pt_BR","og_type":"article","og_title":"Ministro Waldez G\u00f3es, ministra do Meio Ambiente e Mudan\u00e7a do Clima, Marina Silva, prefeito David Almeida e governador Wilson Lima visitam, neste domingo, \u00e1reas afetadas por fortes chuvas em Manaus","og_description":"O ministro da Integra\u00e7\u00e3o e do Desenvolvimento Regional, Waldez G\u00f3es, visita na tarde deste domingo, 26\/3, acompanhado do prefeito de Manaus, David Almeida, e do governador Wilson Lima \u00e1reas afetadas pelas fortes chuvas ocorridas no s\u00e1bado, 25.","og_url":"https:\/\/www.manaus.am.gov.br\/semcom\/pautas\/ministro-waldez-goes-prefeito-david-almeida-e-governador-wilson-lima-visitam-neste-domingo-areas-afetadas-por-fortes-chuvas-em-manaus\/","og_site_name":"SEMCOM","article_modified_time":"2023-03-26T16:26:31+00:00","og_image":[{"width":1020,"height":540,"url":"https:\/\/www.manaus.am.gov.br\/semcom\/wp-content\/uploads\/sites\/5\/2023\/02\/sugestaodepauta.png","type":"image\/png"}],"twitter_card":"summary_large_image","twitter_misc":{"Est. reading time":"1 minuto"},"schema":{"@context":"https:\/\/schema.org","@graph":[{"@type":"WebPage","@id":"https:\/\/www.manaus.am.gov.br\/semcom\/pautas\/ministro-waldez-goes-prefeito-david-almeida-e-governador-wilson-lima-visitam-neste-domingo-areas-afetadas-por-fortes-chuvas-em-manaus\/","url":"https:\/\/www.manaus.am.gov.br\/semcom\/pautas\/ministro-waldez-goes-prefeito-david-almeida-e-governador-wilson-lima-visitam-neste-domingo-areas-afetadas-por-fortes-chuvas-em-manaus\/","name":"Ministro Waldez G\u00f3es, ministra do Meio Ambiente e Mudan\u00e7a do Clima, Marina Silva, prefeito David Almeida e governador Wilson Lima visitam, neste domingo, \u00e1reas afetadas por fortes chuvas em Manaus","isPartOf":{"@id":"https:\/\/www.manaus.am.gov.br\/semcom\/#website"},"primaryImageOfPage":{"@id":"https:\/\/www.manaus.am.gov.br\/semcom\/pautas\/ministro-waldez-goes-prefeito-david-almeida-e-governador-wilson-lima-visitam-neste-domingo-areas-afetadas-por-fortes-chuvas-em-manaus\/#primaryimage"},"image":{"@id":"https:\/\/www.manaus.am.gov.br\/semcom\/pautas\/ministro-waldez-goes-prefeito-david-almeida-e-governador-wilson-lima-visitam-neste-domingo-areas-afetadas-por-fortes-chuvas-em-manaus\/#primaryimage"},"thumbnailUrl":"https:\/\/www.manaus.am.gov.br\/semcom\/wp-content\/uploads\/sites\/5\/2023\/02\/sugestaodepauta.png","datePublished":"2023-03-26T15:37:07+00:00","dateModified":"2023-03-26T16:26:31+00:00","description":"O ministro da Integra\u00e7\u00e3o e do Desenvolvimento Regional, Waldez G\u00f3es, visita na tarde deste domingo, 26\/3, acompanhado do prefeito de Manaus, David Almeida, e do governador Wilson Lima \u00e1reas afetadas pelas fortes chuvas ocorridas no s\u00e1bado, 25.","inLanguage":"pt-BR","potentialAction":[{"@type":"ReadAction","target":["https:\/\/www.manaus.am.gov.br\/semcom\/pautas\/ministro-waldez-goes-prefeito-david-almeida-e-governador-wilson-lima-visitam-neste-domingo-areas-afetadas-por-fortes-chuvas-em-manaus\/"]}]},{"@type":"ImageObject","inLanguage":"pt-BR","@id":"https:\/\/www.manaus.am.gov.br\/semcom\/pautas\/ministro-waldez-goes-prefeito-david-almeida-e-governador-wilson-lima-visitam-neste-domingo-areas-afetadas-por-fortes-chuvas-em-manaus\/#primaryimage","url":"https:\/\/www.manaus.am.gov.br\/semcom\/wp-content\/uploads\/sites\/5\/2023\/02\/sugestaodepauta.png","contentUrl":"https:\/\/www.manaus.am.gov.br\/semcom\/wp-content\/uploads\/sites\/5\/2023\/02\/sugestaodepauta.png","width":1020,"height":540},{"@type":"WebSite","@id":"https:\/\/www.manaus.am.gov.br\/semcom\/#website","url":"https:\/\/www.manaus.am.gov.br\/semcom\/","name":"SEMCOM","description":"Secretaria Municipal de Comunica\u00e7\u00e3o","potentialAction":[{"@type":"SearchAction","target":{"@type":"EntryPoint","urlTemplate":"https:\/\/www.manaus.am.gov.br\/semcom\/?s={search_term_string}"},"query-input":"required name=search_term_string"}],"inLanguage":"pt-BR"}]}},"_links":{"self":[{"href":"https:\/\/www.manaus.am.gov.br\/semcom\/wp-json\/wp\/v2\/pautas\/211150"}],"collection":[{"href":"https:\/\/www.manaus.am.gov.br\/semcom\/wp-json\/wp\/v2\/pautas"}],"about":[{"href":"https:\/\/www.manaus.am.gov.br\/semcom\/wp-json\/wp\/v2\/types\/pautas"}],"wp:featuredmedia":[{"embeddable":true,"href":"https:\/\/www.manaus.am.gov.br\/semcom\/wp-json\/wp\/v2\/media\/208729"}],"wp:attachment":[{"href":"https:\/\/www.manaus.am.gov.br\/semcom\/wp-json\/wp\/v2\/media?parent=211150"}],"wp:term":[{"taxonomy":"category","embeddable":true,"href":"https:\/\/www.manaus.am.gov.br\/semcom\/wp-json\/wp\/v2\/categories?post=211150"}],"curies":[{"name":"wp","href":"https:\/\/api.w.org\/{rel}","templated":true}]}}

Ministro Waldez Góes, ministra do Meio Ambiente e Mudança do Clima, Marina Silva, prefeito David Almeida e governador Wilson Lima visitam, neste domingo, áreas afetadas por fortes chuvas em Manaus

<p>O ministro da Integração e do Desenvolvimento Regional, Waldez Góes, e a ministra do Meio Ambiente e Mudança do Clima, Marina Silva, visitam na tarde deste domingo, 26/3, acompanhados do prefeito de Manaus, David Almeida, e do governador Wilson Lima áreas afetadas pelas fortes chuvas ocorridas no sábado, 25.</p>



<p>As autoridades vão percorrer bairros das zonas Leste e Norte de Manaus e após as visitas, às 15h30, concederão entrevista coletiva na rua Topázio, bairro Jorge Teixeira.</p>



<p><strong>SERVIÇO:</strong></p>



<p><strong>O quê &#8211; </strong>Visita do ministro Waldez Góes e da ministra Marina Silva com o prefeito David Almeida e com o governador Wilson Lima nas áreas afetadas por fortes chuvas em Manaus </p>



<p><strong>Quando &#8211;&nbsp;</strong>Domingo, 26/3</p>



<p><strong>Horário –</strong>&nbsp;15h30 – Coletiva de imprensa</p>



<p><strong>Local &#8211;&nbsp;</strong>Rua Topázio, bairro Jorge Teixeira &nbsp;</p>

<!-- This site is optimized with the Yoast SEO plugin v23.0 - https://yoast.com/wordpress/plugins/seo/ -->
<title>Ministro Waldez Góes, ministra do Meio Ambiente e Mudança do Clima, Marina Silva, prefeito David Almeida e governador Wilson Lima visitam, neste domingo, áreas afetadas por fortes chuvas em Manaus</title>
<meta name="description" content="O ministro da Integração e do Desenvolvimento Regional, Waldez Góes, visita na tarde deste domingo, 26/3, acompanhado do prefeito de Manaus, David Almeida, e do governador Wilson Lima áreas afetadas pelas fortes chuvas ocorridas no sábado, 25." />
<meta name="robots" content="index, follow, max-snippet:-1, max-image-preview:large, max-video-preview:-1" />
<link rel="canonical" href="https://www.manaus.am.gov.br/semcom/pautas/ministro-waldez-goes-prefeito-david-almeida-e-governador-wilson-lima-visitam-neste-domingo-areas-afetadas-por-fortes-chuvas-em-manaus/" />
<meta property="og:locale" content="pt_BR" />
<meta property="og:type" content="article" />
<meta property="og:title" content="Ministro Waldez Góes, ministra do Meio Ambiente e Mudança do Clima, Marina Silva, prefeito David Almeida e governador Wilson Lima visitam, neste domingo, áreas afetadas por fortes chuvas em Manaus" />
<meta property="og:description" content="O ministro da Integração e do Desenvolvimento Regional, Waldez Góes, visita na tarde deste domingo, 26/3, acompanhado do prefeito de Manaus, David Almeida, e do governador Wilson Lima áreas afetadas pelas fortes chuvas ocorridas no sábado, 25." />
<meta property="og:url" content="https://www.manaus.am.gov.br/semcom/pautas/ministro-waldez-goes-prefeito-david-almeida-e-governador-wilson-lima-visitam-neste-domingo-areas-afetadas-por-fortes-chuvas-em-manaus/" />
<meta property="og:site_name" content="SEMCOM" />
<meta property="article:modified_time" content="2023-03-26T16:26:31+00:00" />
<meta property="og:image" content="https://www.manaus.am.gov.br/semcom/wp-content/uploads/sites/5/2023/02/sugestaodepauta.png" />
	<meta property="og:image:width" content="1020" />
	<meta property="og:image:height" content="540" />
	<meta property="og:image:type" content="image/png" />
<meta name="twitter:card" content="summary_large_image" />
<meta name="twitter:label1" content="Est. reading time" />
	<meta name="twitter:data1" content="1 minuto" />
<script type="application/ld+json" class="yoast-schema-graph">{"@context":"https://schema.org","@graph":[{"@type":"WebPage","@id":"https://www.manaus.am.gov.br/semcom/pautas/ministro-waldez-goes-prefeito-david-almeida-e-governador-wilson-lima-visitam-neste-domingo-areas-afetadas-por-fortes-chuvas-em-manaus/","url":"https://www.manaus.am.gov.br/semcom/pautas/ministro-waldez-goes-prefeito-david-almeida-e-governador-wilson-lima-visitam-neste-domingo-areas-afetadas-por-fortes-chuvas-em-manaus/","name":"Ministro Waldez Góes, ministra do Meio Ambiente e Mudança do Clima, Marina Silva, prefeito David Almeida e governador Wilson Lima visitam, neste domingo, áreas afetadas por fortes chuvas em Manaus","isPartOf":{"@id":"https://www.manaus.am.gov.br/semcom/#website"},"primaryImageOfPage":{"@id":"https://www.manaus.am.gov.br/semcom/pautas/ministro-waldez-goes-prefeito-david-almeida-e-governador-wilson-lima-visitam-neste-domingo-areas-afetadas-por-fortes-chuvas-em-manaus/#primaryimage"},"image":{"@id":"https://www.manaus.am.gov.br/semcom/pautas/ministro-waldez-goes-prefeito-david-almeida-e-governador-wilson-lima-visitam-neste-domingo-areas-afetadas-por-fortes-chuvas-em-manaus/#primaryimage"},"thumbnailUrl":"https://www.manaus.am.gov.br/semcom/wp-content/uploads/sites/5/2023/02/sugestaodepauta.png","datePublished":"2023-03-26T15:37:07+00:00","dateModified":"2023-03-26T16:26:31+00:00","description":"O ministro da Integração e do Desenvolvimento Regional, Waldez Góes, visita na tarde deste domingo, 26/3, acompanhado do prefeito de Manaus, David Almeida, e do governador Wilson Lima áreas afetadas pelas fortes chuvas ocorridas no sábado, 25.","inLanguage":"pt-BR","potentialAction":[{"@type":"ReadAction","target":["https://www.manaus.am.gov.br/semcom/pautas/ministro-waldez-goes-prefeito-david-almeida-e-governador-wilson-lima-visitam-neste-domingo-areas-afetadas-por-fortes-chuvas-em-manaus/"]}]},{"@type":"ImageObject","inLanguage":"pt-BR","@id":"https://www.manaus.am.gov.br/semcom/pautas/ministro-waldez-goes-prefeito-david-almeida-e-governador-wilson-lima-visitam-neste-domingo-areas-afetadas-por-fortes-chuvas-em-manaus/#primaryimage","url":"https://www.manaus.am.gov.br/semcom/wp-content/uploads/sites/5/2023/02/sugestaodepauta.png","contentUrl":"https://www.manaus.am.gov.br/semcom/wp-content/uploads/sites/5/2023/02/sugestaodepauta.png","width":1020,"height":540},{"@type":"WebSite","@id":"https://www.manaus.am.gov.br/semcom/#website","url":"https://www.manaus.am.gov.br/semcom/","name":"SEMCOM","description":"Secretaria Municipal de Comunicação","potentialAction":[{"@type":"SearchAction","target":{"@type":"EntryPoint","urlTemplate":"https://www.manaus.am.gov.br/semcom/?s={search_term_string}"},"query-input":"required name=search_term_string"}],"inLanguage":"pt-BR"}]}</script>
<!-- / Yoast SEO plugin. -->

O ministro da Integração e do Desenvolvimento Regional, Waldez Góes, visita na tarde deste domingo, 26/3, acompanhado do prefeito de Manaus, David Almeida, e do governador Wilson Lima áreas afetadas pelas fortes chuvas ocorridas no sábado, 25.

Secretaria Municipal de Comunicação
