{"id":211107,"date":"2023-03-24T18:35:00","date_gmt":"2023-03-24T21:35:00","guid":{"rendered":"https:\/\/www.manaus.am.gov.br\/semcom\/?post_type=pautas&#038;p=211107"},"modified":"2023-03-29T16:01:56","modified_gmt":"2023-03-29T19:01:56","slug":"prefeitura-de-manaus-comemora-dia-mundial-da-agua-com-acao-ambiental-no-taruma","status":"publish","type":"pautas","link":"https:\/\/www.manaus.am.gov.br\/semcom\/pautas\/prefeitura-de-manaus-comemora-dia-mundial-da-agua-com-acao-ambiental-no-taruma\/","title":{"rendered":"Prefeitura de Manaus comemora \u2018Dia Mundial da \u00c1gua\u2019 com a\u00e7\u00e3o ambiental no Tarum\u00e3"},"content":{"rendered":"\n<p>A Prefeitura de Manaus, por meio da Secretaria Municipal de Meio Ambiente e Sustentabilidade (Semmas), realizar\u00e1 um evento em refer\u00eancia ao Dia Mundial da \u00c1gua, com o tema \u201c\u00c1guas e Gentes do Tarum\u00e3\u201d, neste s\u00e1bado, 25\/3, a partir das 8h30, na rua Aruanda, adjacente ao balne\u00e1rio Prainha, no bairro Tarum\u00e3, zona Oeste.<\/p>\n\n\n\n<p>A a\u00e7\u00e3o tem por objetivo sensibilizar a comunidade para os impactos ambientais decorrentes do descarte irregular de res\u00edduos s\u00f3lidos, principalmente eletr\u00f4nicos, na bacia do Tarum\u00e3-A\u00e7u. No evento, haver\u00e1 apresenta\u00e7\u00e3o de povos tradicionais, coleta de res\u00edduos, corte de cabelo, venda de produtos manufaturados e distribui\u00e7\u00e3o de mudas de plantas.<\/p>\n\n\n\n<p>&#8212; &#8212; &#8212;<\/p>\n\n\n\n<p><strong>SERVI\u00c7O<\/strong><\/p>\n\n\n\n<p><strong>O qu\u00ea&nbsp;<\/strong>&#8211;&nbsp;Prefeitura de Manaus comemora \u2018Dia Mundial da \u00c1gua\u2019 com a\u00e7\u00e3o ambiental no Tarum\u00e3<\/p>\n\n\n\n<p><strong>Quando &#8211;&nbsp;<\/strong>S\u00e1bado, 25\/3<\/p>\n\n\n\n<p><strong>Hor\u00e1rio \u2013&nbsp;<\/strong>8h30<\/p>\n\n\n\n<p><strong>Local &#8211;&nbsp;<\/strong>Rua Aruanda, adjacente ao balne\u00e1rio Prainha, bairro Tarum\u00e3, zona Oeste de Manaus.<\/p>\n\n\n\n<p>&#8212; &#8212; &#8212;<\/p>\n\n\n\n<p>SEMMAS &#8211; Secretaria Municipal de Meio Ambiente e Sustentabilidade<\/p>\n\n\n\n<p>Assessor Respons\u00e1vel: Keynes Breves &#8211; (92) 98842-1243<\/p>\n\n\n\n<p>E-mail:&nbsp;<a href=\"mailto:keynes.breves@pmm.am.gov.br\" target=\"_blank\" rel=\"noreferrer noopener\">keynes.breves@pmm.am.gov.br<\/a><\/p>\n","protected":false},"featured_media":208729,"template":"","categories":[],"acf":[],"yoast_head":"<!-- This site is optimized with the Yoast SEO plugin v23.0 - https:\/\/yoast.com\/wordpress\/plugins\/seo\/ -->\n<title>Prefeitura de Manaus comemora \u2018Dia Mundial da \u00c1gua\u2019 com a\u00e7\u00e3o ambiental no Tarum\u00e3 - SEMCOM<\/title>\n<meta name=\"robots\" content=\"index, follow, max-snippet:-1, max-image-preview:large, max-video-preview:-1\" \/>\n<link rel=\"canonical\" href=\"https:\/\/www.manaus.am.gov.br\/semcom\/pautas\/prefeitura-de-manaus-comemora-dia-mundial-da-agua-com-acao-ambiental-no-taruma\/\" \/>\n<meta property=\"og:locale\" content=\"pt_BR\" \/>\n<meta property=\"og:type\" content=\"article\" \/>\n<meta property=\"og:title\" content=\"Prefeitura de Manaus comemora \u2018Dia Mundial da \u00c1gua\u2019 com a\u00e7\u00e3o ambiental no Tarum\u00e3 - SEMCOM\" \/>\n<meta property=\"og:url\" content=\"https:\/\/www.manaus.am.gov.br\/semcom\/pautas\/prefeitura-de-manaus-comemora-dia-mundial-da-agua-com-acao-ambiental-no-taruma\/\" \/>\n<meta property=\"og:site_name\" content=\"SEMCOM\" \/>\n<meta property=\"article:modified_time\" content=\"2023-03-29T19:01:56+00:00\" \/>\n<meta property=\"og:image\" content=\"https:\/\/www.manaus.am.gov.br\/semcom\/wp-content\/uploads\/sites\/5\/2023\/02\/sugestaodepauta.png\" \/>\n\t<meta property=\"og:image:width\" content=\"1020\" \/>\n\t<meta property=\"og:image:height\" content=\"540\" \/>\n\t<meta property=\"og:image:type\" content=\"image\/png\" \/>\n<meta name=\"twitter:card\" content=\"summary_large_image\" \/>\n<meta name=\"twitter:label1\" content=\"Est. reading time\" \/>\n\t<meta name=\"twitter:data1\" content=\"1 minuto\" \/>\n<script type=\"application\/ld+json\" class=\"yoast-schema-graph\">{\"@context\":\"https:\/\/schema.org\",\"@graph\":[{\"@type\":\"WebPage\",\"@id\":\"https:\/\/www.manaus.am.gov.br\/semcom\/pautas\/prefeitura-de-manaus-comemora-dia-mundial-da-agua-com-acao-ambiental-no-taruma\/\",\"url\":\"https:\/\/www.manaus.am.gov.br\/semcom\/pautas\/prefeitura-de-manaus-comemora-dia-mundial-da-agua-com-acao-ambiental-no-taruma\/\",\"name\":\"Prefeitura de Manaus comemora \u2018Dia Mundial da \u00c1gua\u2019 com a\u00e7\u00e3o ambiental no Tarum\u00e3 - SEMCOM\",\"isPartOf\":{\"@id\":\"https:\/\/www.manaus.am.gov.br\/semcom\/#website\"},\"primaryImageOfPage\":{\"@id\":\"https:\/\/www.manaus.am.gov.br\/semcom\/pautas\/prefeitura-de-manaus-comemora-dia-mundial-da-agua-com-acao-ambiental-no-taruma\/#primaryimage\"},\"image\":{\"@id\":\"https:\/\/www.manaus.am.gov.br\/semcom\/pautas\/prefeitura-de-manaus-comemora-dia-mundial-da-agua-com-acao-ambiental-no-taruma\/#primaryimage\"},\"thumbnailUrl\":\"https:\/\/www.manaus.am.gov.br\/semcom\/wp-content\/uploads\/sites\/5\/2023\/02\/sugestaodepauta.png\",\"datePublished\":\"2023-03-24T21:35:00+00:00\",\"dateModified\":\"2023-03-29T19:01:56+00:00\",\"inLanguage\":\"pt-BR\",\"potentialAction\":[{\"@type\":\"ReadAction\",\"target\":[\"https:\/\/www.manaus.am.gov.br\/semcom\/pautas\/prefeitura-de-manaus-comemora-dia-mundial-da-agua-com-acao-ambiental-no-taruma\/\"]}]},{\"@type\":\"ImageObject\",\"inLanguage\":\"pt-BR\",\"@id\":\"https:\/\/www.manaus.am.gov.br\/semcom\/pautas\/prefeitura-de-manaus-comemora-dia-mundial-da-agua-com-acao-ambiental-no-taruma\/#primaryimage\",\"url\":\"https:\/\/www.manaus.am.gov.br\/semcom\/wp-content\/uploads\/sites\/5\/2023\/02\/sugestaodepauta.png\",\"contentUrl\":\"https:\/\/www.manaus.am.gov.br\/semcom\/wp-content\/uploads\/sites\/5\/2023\/02\/sugestaodepauta.png\",\"width\":1020,\"height\":540},{\"@type\":\"WebSite\",\"@id\":\"https:\/\/www.manaus.am.gov.br\/semcom\/#website\",\"url\":\"https:\/\/www.manaus.am.gov.br\/semcom\/\",\"name\":\"SEMCOM\",\"description\":\"Secretaria Municipal de Comunica\u00e7\u00e3o\",\"potentialAction\":[{\"@type\":\"SearchAction\",\"target\":{\"@type\":\"EntryPoint\",\"urlTemplate\":\"https:\/\/www.manaus.am.gov.br\/semcom\/?s={search_term_string}\"},\"query-input\":\"required name=search_term_string\"}],\"inLanguage\":\"pt-BR\"}]}<\/script>\n<!-- \/ Yoast SEO plugin. -->","yoast_head_json":{"title":"Prefeitura de Manaus comemora \u2018Dia Mundial da \u00c1gua\u2019 com a\u00e7\u00e3o ambiental no Tarum\u00e3 - SEMCOM","robots":{"index":"index","follow":"follow","max-snippet":"max-snippet:-1","max-image-preview":"max-image-preview:large","max-video-preview":"max-video-preview:-1"},"canonical":"https:\/\/www.manaus.am.gov.br\/semcom\/pautas\/prefeitura-de-manaus-comemora-dia-mundial-da-agua-com-acao-ambiental-no-taruma\/","og_locale":"pt_BR","og_type":"article","og_title":"Prefeitura de Manaus comemora \u2018Dia Mundial da \u00c1gua\u2019 com a\u00e7\u00e3o ambiental no Tarum\u00e3 - SEMCOM","og_url":"https:\/\/www.manaus.am.gov.br\/semcom\/pautas\/prefeitura-de-manaus-comemora-dia-mundial-da-agua-com-acao-ambiental-no-taruma\/","og_site_name":"SEMCOM","article_modified_time":"2023-03-29T19:01:56+00:00","og_image":[{"width":1020,"height":540,"url":"https:\/\/www.manaus.am.gov.br\/semcom\/wp-content\/uploads\/sites\/5\/2023\/02\/sugestaodepauta.png","type":"image\/png"}],"twitter_card":"summary_large_image","twitter_misc":{"Est. reading time":"1 minuto"},"schema":{"@context":"https:\/\/schema.org","@graph":[{"@type":"WebPage","@id":"https:\/\/www.manaus.am.gov.br\/semcom\/pautas\/prefeitura-de-manaus-comemora-dia-mundial-da-agua-com-acao-ambiental-no-taruma\/","url":"https:\/\/www.manaus.am.gov.br\/semcom\/pautas\/prefeitura-de-manaus-comemora-dia-mundial-da-agua-com-acao-ambiental-no-taruma\/","name":"Prefeitura de Manaus comemora \u2018Dia Mundial da \u00c1gua\u2019 com a\u00e7\u00e3o ambiental no Tarum\u00e3 - SEMCOM","isPartOf":{"@id":"https:\/\/www.manaus.am.gov.br\/semcom\/#website"},"primaryImageOfPage":{"@id":"https:\/\/www.manaus.am.gov.br\/semcom\/pautas\/prefeitura-de-manaus-comemora-dia-mundial-da-agua-com-acao-ambiental-no-taruma\/#primaryimage"},"image":{"@id":"https:\/\/www.manaus.am.gov.br\/semcom\/pautas\/prefeitura-de-manaus-comemora-dia-mundial-da-agua-com-acao-ambiental-no-taruma\/#primaryimage"},"thumbnailUrl":"https:\/\/www.manaus.am.gov.br\/semcom\/wp-content\/uploads\/sites\/5\/2023\/02\/sugestaodepauta.png","datePublished":"2023-03-24T21:35:00+00:00","dateModified":"2023-03-29T19:01:56+00:00","inLanguage":"pt-BR","potentialAction":[{"@type":"ReadAction","target":["https:\/\/www.manaus.am.gov.br\/semcom\/pautas\/prefeitura-de-manaus-comemora-dia-mundial-da-agua-com-acao-ambiental-no-taruma\/"]}]},{"@type":"ImageObject","inLanguage":"pt-BR","@id":"https:\/\/www.manaus.am.gov.br\/semcom\/pautas\/prefeitura-de-manaus-comemora-dia-mundial-da-agua-com-acao-ambiental-no-taruma\/#primaryimage","url":"https:\/\/www.manaus.am.gov.br\/semcom\/wp-content\/uploads\/sites\/5\/2023\/02\/sugestaodepauta.png","contentUrl":"https:\/\/www.manaus.am.gov.br\/semcom\/wp-content\/uploads\/sites\/5\/2023\/02\/sugestaodepauta.png","width":1020,"height":540},{"@type":"WebSite","@id":"https:\/\/www.manaus.am.gov.br\/semcom\/#website","url":"https:\/\/www.manaus.am.gov.br\/semcom\/","name":"SEMCOM","description":"Secretaria Municipal de Comunica\u00e7\u00e3o","potentialAction":[{"@type":"SearchAction","target":{"@type":"EntryPoint","urlTemplate":"https:\/\/www.manaus.am.gov.br\/semcom\/?s={search_term_string}"},"query-input":"required name=search_term_string"}],"inLanguage":"pt-BR"}]}},"_links":{"self":[{"href":"https:\/\/www.manaus.am.gov.br\/semcom\/wp-json\/wp\/v2\/pautas\/211107"}],"collection":[{"href":"https:\/\/www.manaus.am.gov.br\/semcom\/wp-json\/wp\/v2\/pautas"}],"about":[{"href":"https:\/\/www.manaus.am.gov.br\/semcom\/wp-json\/wp\/v2\/types\/pautas"}],"wp:featuredmedia":[{"embeddable":true,"href":"https:\/\/www.manaus.am.gov.br\/semcom\/wp-json\/wp\/v2\/media\/208729"}],"wp:attachment":[{"href":"https:\/\/www.manaus.am.gov.br\/semcom\/wp-json\/wp\/v2\/media?parent=211107"}],"wp:term":[{"taxonomy":"category","embeddable":true,"href":"https:\/\/www.manaus.am.gov.br\/semcom\/wp-json\/wp\/v2\/categories?post=211107"}],"curies":[{"name":"wp","href":"https:\/\/api.w.org\/{rel}","templated":true}]}}

Prefeitura de Manaus comemora ‘Dia Mundial da Água’ com ação ambiental no Tarumã

<p>A Prefeitura de Manaus, por meio da Secretaria Municipal de Meio Ambiente e Sustentabilidade (Semmas), realizará um evento em referência ao Dia Mundial da Água, com o tema “Águas e Gentes do Tarumã”, neste sábado, 25/3, a partir das 8h30, na rua Aruanda, adjacente ao balneário Prainha, no bairro Tarumã, zona Oeste.</p>



<p>A ação tem por objetivo sensibilizar a comunidade para os impactos ambientais decorrentes do descarte irregular de resíduos sólidos, principalmente eletrônicos, na bacia do Tarumã-Açu. No evento, haverá apresentação de povos tradicionais, coleta de resíduos, corte de cabelo, venda de produtos manufaturados e distribuição de mudas de plantas.</p>



<p>&#8212; &#8212; &#8212;</p>



<p><strong>SERVIÇO</strong></p>



<p><strong>O quê&nbsp;</strong>&#8211;&nbsp;Prefeitura de Manaus comemora ‘Dia Mundial da Água’ com ação ambiental no Tarumã</p>



<p><strong>Quando &#8211;&nbsp;</strong>Sábado, 25/3</p>



<p><strong>Horário –&nbsp;</strong>8h30</p>



<p><strong>Local &#8211;&nbsp;</strong>Rua Aruanda, adjacente ao balneário Prainha, bairro Tarumã, zona Oeste de Manaus.</p>



<p>&#8212; &#8212; &#8212;</p>



<p>SEMMAS &#8211; Secretaria Municipal de Meio Ambiente e Sustentabilidade</p>



<p>Assessor Responsável: Keynes Breves &#8211; (92) 98842-1243</p>



<p>E-mail:&nbsp;<a href="mailto:keynes.breves@pmm.am.gov.br" target="_blank" rel="noreferrer noopener">keynes.breves@pmm.am.gov.br</a></p>

<!-- This site is optimized with the Yoast SEO plugin v23.0 - https://yoast.com/wordpress/plugins/seo/ -->
<title>Prefeitura de Manaus comemora ‘Dia Mundial da Água’ com ação ambiental no Tarumã - SEMCOM</title>
<meta name="robots" content="index, follow, max-snippet:-1, max-image-preview:large, max-video-preview:-1" />
<link rel="canonical" href="https://www.manaus.am.gov.br/semcom/pautas/prefeitura-de-manaus-comemora-dia-mundial-da-agua-com-acao-ambiental-no-taruma/" />
<meta property="og:locale" content="pt_BR" />
<meta property="og:type" content="article" />
<meta property="og:title" content="Prefeitura de Manaus comemora ‘Dia Mundial da Água’ com ação ambiental no Tarumã - SEMCOM" />
<meta property="og:url" content="https://www.manaus.am.gov.br/semcom/pautas/prefeitura-de-manaus-comemora-dia-mundial-da-agua-com-acao-ambiental-no-taruma/" />
<meta property="og:site_name" content="SEMCOM" />
<meta property="article:modified_time" content="2023-03-29T19:01:56+00:00" />
<meta property="og:image" content="https://www.manaus.am.gov.br/semcom/wp-content/uploads/sites/5/2023/02/sugestaodepauta.png" />
	<meta property="og:image:width" content="1020" />
	<meta property="og:image:height" content="540" />
	<meta property="og:image:type" content="image/png" />
<meta name="twitter:card" content="summary_large_image" />
<meta name="twitter:label1" content="Est. reading time" />
	<meta name="twitter:data1" content="1 minuto" />
<script type="application/ld+json" class="yoast-schema-graph">{"@context":"https://schema.org","@graph":[{"@type":"WebPage","@id":"https://www.manaus.am.gov.br/semcom/pautas/prefeitura-de-manaus-comemora-dia-mundial-da-agua-com-acao-ambiental-no-taruma/","url":"https://www.manaus.am.gov.br/semcom/pautas/prefeitura-de-manaus-comemora-dia-mundial-da-agua-com-acao-ambiental-no-taruma/","name":"Prefeitura de Manaus comemora ‘Dia Mundial da Água’ com ação ambiental no Tarumã - SEMCOM","isPartOf":{"@id":"https://www.manaus.am.gov.br/semcom/#website"},"primaryImageOfPage":{"@id":"https://www.manaus.am.gov.br/semcom/pautas/prefeitura-de-manaus-comemora-dia-mundial-da-agua-com-acao-ambiental-no-taruma/#primaryimage"},"image":{"@id":"https://www.manaus.am.gov.br/semcom/pautas/prefeitura-de-manaus-comemora-dia-mundial-da-agua-com-acao-ambiental-no-taruma/#primaryimage"},"thumbnailUrl":"https://www.manaus.am.gov.br/semcom/wp-content/uploads/sites/5/2023/02/sugestaodepauta.png","datePublished":"2023-03-24T21:35:00+00:00","dateModified":"2023-03-29T19:01:56+00:00","inLanguage":"pt-BR","potentialAction":[{"@type":"ReadAction","target":["https://www.manaus.am.gov.br/semcom/pautas/prefeitura-de-manaus-comemora-dia-mundial-da-agua-com-acao-ambiental-no-taruma/"]}]},{"@type":"ImageObject","inLanguage":"pt-BR","@id":"https://www.manaus.am.gov.br/semcom/pautas/prefeitura-de-manaus-comemora-dia-mundial-da-agua-com-acao-ambiental-no-taruma/#primaryimage","url":"https://www.manaus.am.gov.br/semcom/wp-content/uploads/sites/5/2023/02/sugestaodepauta.png","contentUrl":"https://www.manaus.am.gov.br/semcom/wp-content/uploads/sites/5/2023/02/sugestaodepauta.png","width":1020,"height":540},{"@type":"WebSite","@id":"https://www.manaus.am.gov.br/semcom/#website","url":"https://www.manaus.am.gov.br/semcom/","name":"SEMCOM","description":"Secretaria Municipal de Comunicação","potentialAction":[{"@type":"SearchAction","target":{"@type":"EntryPoint","urlTemplate":"https://www.manaus.am.gov.br/semcom/?s={search_term_string}"},"query-input":"required name=search_term_string"}],"inLanguage":"pt-BR"}]}</script>
<!-- / Yoast SEO plugin. -->

Prefeitura de Manaus comemora ‘Dia Mundial da Água’ com ação ambiental no Tarumã - SEMCOM

Secretaria Municipal de Comunicação
