{"id":210974,"date":"2023-03-23T14:59:30","date_gmt":"2023-03-23T17:59:30","guid":{"rendered":"https:\/\/www.manaus.am.gov.br\/semcom\/?post_type=pautas&#038;p=210974"},"modified":"2023-03-29T16:02:15","modified_gmt":"2023-03-29T19:02:15","slug":"prefeitura-realiza-reunioes-com-artistas-e-trabalhadores-culturais-como-oitivas-da-lei-paulo-gustavo-nesta-quinta-feira-23","status":"publish","type":"pautas","link":"https:\/\/www.manaus.am.gov.br\/semcom\/pautas\/prefeitura-realiza-reunioes-com-artistas-e-trabalhadores-culturais-como-oitivas-da-lei-paulo-gustavo-nesta-quinta-feira-23\/","title":{"rendered":"Prefeitura realiza reuni\u00f5es com artistas e trabalhadores culturais como oitivas da Lei Paulo Gustavo, nesta quinta-feira, 23"},"content":{"rendered":"\n<p>A Prefeitura de Manaus realiza reuni\u00f5es com artistas e trabalhadores culturais, como oitivas da Lei Paulo Gustavo, nesta quinta-feira, 23\/3, no Pal\u00e1cio Rio Branco, avenida 7 de Setembro, s\/n\u00ba, pra\u00e7a Dom Pedro II, \u00e0s 14h, para o segmento das Artes Visuais, e \u00e0s 18h, para o Audiovisual, organizadas pelo Conselho Municipal de Cultura(Concultura) e Funda\u00e7\u00e3o Municipal de Cultura, Turismo e Eventos (Manauscult).<\/p>\n\n\n\n<p><strong>SERVI\u00c7O:<\/strong><\/p>\n\n\n\n<p><strong>O qu\u00ea &#8211; <\/strong>Reuni\u00f5es com artistas e trabalhadores culturais como oitivas da Lei Paulo Gustavo, segmentos Artes Visuais e Audiovisual.<\/p>\n\n\n\n<p><strong>Quando \u2013 <\/strong>Quinta-feira, 23\/3<\/p>\n\n\n\n<p><strong>Hor\u00e1rio &#8211; <\/strong>14h (Artes Visuais) e 18h (Audiovisual)<\/p>\n\n\n\n<p><strong>Local &#8211;&nbsp; <\/strong>Pal\u00e1cio Rio Branco, avenida 7 de Setembro, s\/n\u00b0, pra\u00e7a Dom Pedro II<\/p>\n","protected":false},"featured_media":208729,"template":"","categories":[799],"acf":[],"yoast_head":"<!-- This site is optimized with the Yoast SEO plugin v23.0 - https:\/\/yoast.com\/wordpress\/plugins\/seo\/ -->\n<title>Prefeitura realiza reuni\u00f5es com artistas e trabalhadores culturais como oitivas da Lei Paulo Gustavo, nesta quinta-feira, 23<\/title>\n<meta name=\"description\" content=\"A Prefeitura de Manaus realiza reuni\u00f5es com artistas e trabalhadores culturais, como oitivas da Lei Paulo Gustavo, nesta quinta-feira, 23\/3, no Pal\u00e1cio Rio Branco, avenida 7 de Setembro, s\/n\u00ba, pra\u00e7a Dom Pedro II, \u00e0s 14h, para o segmento das Artes Visuais, e \u00e0s 18h, para o Audiovisual, organizadas pelo Conselho Municipal de Cultura(Concultura) e Funda\u00e7\u00e3o Municipal de Cultura, Turismo e Eventos (Manauscult).\" \/>\n<meta name=\"robots\" content=\"index, follow, max-snippet:-1, max-image-preview:large, max-video-preview:-1\" \/>\n<link rel=\"canonical\" href=\"https:\/\/www.manaus.am.gov.br\/semcom\/pautas\/prefeitura-realiza-reunioes-com-artistas-e-trabalhadores-culturais-como-oitivas-da-lei-paulo-gustavo-nesta-quinta-feira-23\/\" \/>\n<meta property=\"og:locale\" content=\"pt_BR\" \/>\n<meta property=\"og:type\" content=\"article\" \/>\n<meta property=\"og:title\" content=\"Prefeitura realiza reuni\u00f5es com artistas e trabalhadores culturais como oitivas da Lei Paulo Gustavo, nesta quinta-feira, 23\" \/>\n<meta property=\"og:description\" content=\"A Prefeitura de Manaus realiza reuni\u00f5es com artistas e trabalhadores culturais, como oitivas da Lei Paulo Gustavo, nesta quinta-feira, 23\/3, no Pal\u00e1cio Rio Branco, avenida 7 de Setembro, s\/n\u00ba, pra\u00e7a Dom Pedro II, \u00e0s 14h, para o segmento das Artes Visuais, e \u00e0s 18h, para o Audiovisual, organizadas pelo Conselho Municipal de Cultura(Concultura) e Funda\u00e7\u00e3o Municipal de Cultura, Turismo e Eventos (Manauscult).\" \/>\n<meta property=\"og:url\" content=\"https:\/\/www.manaus.am.gov.br\/semcom\/pautas\/prefeitura-realiza-reunioes-com-artistas-e-trabalhadores-culturais-como-oitivas-da-lei-paulo-gustavo-nesta-quinta-feira-23\/\" \/>\n<meta property=\"og:site_name\" content=\"SEMCOM\" \/>\n<meta property=\"article:modified_time\" content=\"2023-03-29T19:02:15+00:00\" \/>\n<meta property=\"og:image\" content=\"https:\/\/www.manaus.am.gov.br\/semcom\/wp-content\/uploads\/sites\/5\/2023\/02\/sugestaodepauta.png\" \/>\n\t<meta property=\"og:image:width\" content=\"1020\" \/>\n\t<meta property=\"og:image:height\" content=\"540\" \/>\n\t<meta property=\"og:image:type\" content=\"image\/png\" \/>\n<meta name=\"twitter:card\" content=\"summary_large_image\" \/>\n<meta name=\"twitter:label1\" content=\"Est. reading time\" \/>\n\t<meta name=\"twitter:data1\" content=\"1 minuto\" \/>\n<script type=\"application\/ld+json\" class=\"yoast-schema-graph\">{\"@context\":\"https:\/\/schema.org\",\"@graph\":[{\"@type\":\"WebPage\",\"@id\":\"https:\/\/www.manaus.am.gov.br\/semcom\/pautas\/prefeitura-realiza-reunioes-com-artistas-e-trabalhadores-culturais-como-oitivas-da-lei-paulo-gustavo-nesta-quinta-feira-23\/\",\"url\":\"https:\/\/www.manaus.am.gov.br\/semcom\/pautas\/prefeitura-realiza-reunioes-com-artistas-e-trabalhadores-culturais-como-oitivas-da-lei-paulo-gustavo-nesta-quinta-feira-23\/\",\"name\":\"Prefeitura realiza reuni\u00f5es com artistas e trabalhadores culturais como oitivas da Lei Paulo Gustavo, nesta quinta-feira, 23\",\"isPartOf\":{\"@id\":\"https:\/\/www.manaus.am.gov.br\/semcom\/#website\"},\"primaryImageOfPage\":{\"@id\":\"https:\/\/www.manaus.am.gov.br\/semcom\/pautas\/prefeitura-realiza-reunioes-com-artistas-e-trabalhadores-culturais-como-oitivas-da-lei-paulo-gustavo-nesta-quinta-feira-23\/#primaryimage\"},\"image\":{\"@id\":\"https:\/\/www.manaus.am.gov.br\/semcom\/pautas\/prefeitura-realiza-reunioes-com-artistas-e-trabalhadores-culturais-como-oitivas-da-lei-paulo-gustavo-nesta-quinta-feira-23\/#primaryimage\"},\"thumbnailUrl\":\"https:\/\/www.manaus.am.gov.br\/semcom\/wp-content\/uploads\/sites\/5\/2023\/02\/sugestaodepauta.png\",\"datePublished\":\"2023-03-23T17:59:30+00:00\",\"dateModified\":\"2023-03-29T19:02:15+00:00\",\"description\":\"A Prefeitura de Manaus realiza reuni\u00f5es com artistas e trabalhadores culturais, como oitivas da Lei Paulo Gustavo, nesta quinta-feira, 23\/3, no Pal\u00e1cio Rio Branco, avenida 7 de Setembro, s\/n\u00ba, pra\u00e7a Dom Pedro II, \u00e0s 14h, para o segmento das Artes Visuais, e \u00e0s 18h, para o Audiovisual, organizadas pelo Conselho Municipal de Cultura(Concultura) e Funda\u00e7\u00e3o Municipal de Cultura, Turismo e Eventos (Manauscult).\",\"inLanguage\":\"pt-BR\",\"potentialAction\":[{\"@type\":\"ReadAction\",\"target\":[\"https:\/\/www.manaus.am.gov.br\/semcom\/pautas\/prefeitura-realiza-reunioes-com-artistas-e-trabalhadores-culturais-como-oitivas-da-lei-paulo-gustavo-nesta-quinta-feira-23\/\"]}]},{\"@type\":\"ImageObject\",\"inLanguage\":\"pt-BR\",\"@id\":\"https:\/\/www.manaus.am.gov.br\/semcom\/pautas\/prefeitura-realiza-reunioes-com-artistas-e-trabalhadores-culturais-como-oitivas-da-lei-paulo-gustavo-nesta-quinta-feira-23\/#primaryimage\",\"url\":\"https:\/\/www.manaus.am.gov.br\/semcom\/wp-content\/uploads\/sites\/5\/2023\/02\/sugestaodepauta.png\",\"contentUrl\":\"https:\/\/www.manaus.am.gov.br\/semcom\/wp-content\/uploads\/sites\/5\/2023\/02\/sugestaodepauta.png\",\"width\":1020,\"height\":540},{\"@type\":\"WebSite\",\"@id\":\"https:\/\/www.manaus.am.gov.br\/semcom\/#website\",\"url\":\"https:\/\/www.manaus.am.gov.br\/semcom\/\",\"name\":\"SEMCOM\",\"description\":\"Secretaria Municipal de Comunica\u00e7\u00e3o\",\"potentialAction\":[{\"@type\":\"SearchAction\",\"target\":{\"@type\":\"EntryPoint\",\"urlTemplate\":\"https:\/\/www.manaus.am.gov.br\/semcom\/?s={search_term_string}\"},\"query-input\":\"required name=search_term_string\"}],\"inLanguage\":\"pt-BR\"}]}<\/script>\n<!-- \/ Yoast SEO plugin. -->","yoast_head_json":{"title":"Prefeitura realiza reuni\u00f5es com artistas e trabalhadores culturais como oitivas da Lei Paulo Gustavo, nesta quinta-feira, 23","description":"A Prefeitura de Manaus realiza reuni\u00f5es com artistas e trabalhadores culturais, como oitivas da Lei Paulo Gustavo, nesta quinta-feira, 23\/3, no Pal\u00e1cio Rio Branco, avenida 7 de Setembro, s\/n\u00ba, pra\u00e7a Dom Pedro II, \u00e0s 14h, para o segmento das Artes Visuais, e \u00e0s 18h, para o Audiovisual, organizadas pelo Conselho Municipal de Cultura(Concultura) e Funda\u00e7\u00e3o Municipal de Cultura, Turismo e Eventos (Manauscult).","robots":{"index":"index","follow":"follow","max-snippet":"max-snippet:-1","max-image-preview":"max-image-preview:large","max-video-preview":"max-video-preview:-1"},"canonical":"https:\/\/www.manaus.am.gov.br\/semcom\/pautas\/prefeitura-realiza-reunioes-com-artistas-e-trabalhadores-culturais-como-oitivas-da-lei-paulo-gustavo-nesta-quinta-feira-23\/","og_locale":"pt_BR","og_type":"article","og_title":"Prefeitura realiza reuni\u00f5es com artistas e trabalhadores culturais como oitivas da Lei Paulo Gustavo, nesta quinta-feira, 23","og_description":"A Prefeitura de Manaus realiza reuni\u00f5es com artistas e trabalhadores culturais, como oitivas da Lei Paulo Gustavo, nesta quinta-feira, 23\/3, no Pal\u00e1cio Rio Branco, avenida 7 de Setembro, s\/n\u00ba, pra\u00e7a Dom Pedro II, \u00e0s 14h, para o segmento das Artes Visuais, e \u00e0s 18h, para o Audiovisual, organizadas pelo Conselho Municipal de Cultura(Concultura) e Funda\u00e7\u00e3o Municipal de Cultura, Turismo e Eventos (Manauscult).","og_url":"https:\/\/www.manaus.am.gov.br\/semcom\/pautas\/prefeitura-realiza-reunioes-com-artistas-e-trabalhadores-culturais-como-oitivas-da-lei-paulo-gustavo-nesta-quinta-feira-23\/","og_site_name":"SEMCOM","article_modified_time":"2023-03-29T19:02:15+00:00","og_image":[{"width":1020,"height":540,"url":"https:\/\/www.manaus.am.gov.br\/semcom\/wp-content\/uploads\/sites\/5\/2023\/02\/sugestaodepauta.png","type":"image\/png"}],"twitter_card":"summary_large_image","twitter_misc":{"Est. reading time":"1 minuto"},"schema":{"@context":"https:\/\/schema.org","@graph":[{"@type":"WebPage","@id":"https:\/\/www.manaus.am.gov.br\/semcom\/pautas\/prefeitura-realiza-reunioes-com-artistas-e-trabalhadores-culturais-como-oitivas-da-lei-paulo-gustavo-nesta-quinta-feira-23\/","url":"https:\/\/www.manaus.am.gov.br\/semcom\/pautas\/prefeitura-realiza-reunioes-com-artistas-e-trabalhadores-culturais-como-oitivas-da-lei-paulo-gustavo-nesta-quinta-feira-23\/","name":"Prefeitura realiza reuni\u00f5es com artistas e trabalhadores culturais como oitivas da Lei Paulo Gustavo, nesta quinta-feira, 23","isPartOf":{"@id":"https:\/\/www.manaus.am.gov.br\/semcom\/#website"},"primaryImageOfPage":{"@id":"https:\/\/www.manaus.am.gov.br\/semcom\/pautas\/prefeitura-realiza-reunioes-com-artistas-e-trabalhadores-culturais-como-oitivas-da-lei-paulo-gustavo-nesta-quinta-feira-23\/#primaryimage"},"image":{"@id":"https:\/\/www.manaus.am.gov.br\/semcom\/pautas\/prefeitura-realiza-reunioes-com-artistas-e-trabalhadores-culturais-como-oitivas-da-lei-paulo-gustavo-nesta-quinta-feira-23\/#primaryimage"},"thumbnailUrl":"https:\/\/www.manaus.am.gov.br\/semcom\/wp-content\/uploads\/sites\/5\/2023\/02\/sugestaodepauta.png","datePublished":"2023-03-23T17:59:30+00:00","dateModified":"2023-03-29T19:02:15+00:00","description":"A Prefeitura de Manaus realiza reuni\u00f5es com artistas e trabalhadores culturais, como oitivas da Lei Paulo Gustavo, nesta quinta-feira, 23\/3, no Pal\u00e1cio Rio Branco, avenida 7 de Setembro, s\/n\u00ba, pra\u00e7a Dom Pedro II, \u00e0s 14h, para o segmento das Artes Visuais, e \u00e0s 18h, para o Audiovisual, organizadas pelo Conselho Municipal de Cultura(Concultura) e Funda\u00e7\u00e3o Municipal de Cultura, Turismo e Eventos (Manauscult).","inLanguage":"pt-BR","potentialAction":[{"@type":"ReadAction","target":["https:\/\/www.manaus.am.gov.br\/semcom\/pautas\/prefeitura-realiza-reunioes-com-artistas-e-trabalhadores-culturais-como-oitivas-da-lei-paulo-gustavo-nesta-quinta-feira-23\/"]}]},{"@type":"ImageObject","inLanguage":"pt-BR","@id":"https:\/\/www.manaus.am.gov.br\/semcom\/pautas\/prefeitura-realiza-reunioes-com-artistas-e-trabalhadores-culturais-como-oitivas-da-lei-paulo-gustavo-nesta-quinta-feira-23\/#primaryimage","url":"https:\/\/www.manaus.am.gov.br\/semcom\/wp-content\/uploads\/sites\/5\/2023\/02\/sugestaodepauta.png","contentUrl":"https:\/\/www.manaus.am.gov.br\/semcom\/wp-content\/uploads\/sites\/5\/2023\/02\/sugestaodepauta.png","width":1020,"height":540},{"@type":"WebSite","@id":"https:\/\/www.manaus.am.gov.br\/semcom\/#website","url":"https:\/\/www.manaus.am.gov.br\/semcom\/","name":"SEMCOM","description":"Secretaria Municipal de Comunica\u00e7\u00e3o","potentialAction":[{"@type":"SearchAction","target":{"@type":"EntryPoint","urlTemplate":"https:\/\/www.manaus.am.gov.br\/semcom\/?s={search_term_string}"},"query-input":"required name=search_term_string"}],"inLanguage":"pt-BR"}]}},"_links":{"self":[{"href":"https:\/\/www.manaus.am.gov.br\/semcom\/wp-json\/wp\/v2\/pautas\/210974"}],"collection":[{"href":"https:\/\/www.manaus.am.gov.br\/semcom\/wp-json\/wp\/v2\/pautas"}],"about":[{"href":"https:\/\/www.manaus.am.gov.br\/semcom\/wp-json\/wp\/v2\/types\/pautas"}],"wp:featuredmedia":[{"embeddable":true,"href":"https:\/\/www.manaus.am.gov.br\/semcom\/wp-json\/wp\/v2\/media\/208729"}],"wp:attachment":[{"href":"https:\/\/www.manaus.am.gov.br\/semcom\/wp-json\/wp\/v2\/media?parent=210974"}],"wp:term":[{"taxonomy":"category","embeddable":true,"href":"https:\/\/www.manaus.am.gov.br\/semcom\/wp-json\/wp\/v2\/categories?post=210974"}],"curies":[{"name":"wp","href":"https:\/\/api.w.org\/{rel}","templated":true}]}}

Prefeitura realiza reuniões com artistas e trabalhadores culturais como oitivas da Lei Paulo Gustavo, nesta quinta-feira, 23

<p>A Prefeitura de Manaus realiza reuniões com artistas e trabalhadores culturais, como oitivas da Lei Paulo Gustavo, nesta quinta-feira, 23/3, no Palácio Rio Branco, avenida 7 de Setembro, s/nº, praça Dom Pedro II, às 14h, para o segmento das Artes Visuais, e às 18h, para o Audiovisual, organizadas pelo Conselho Municipal de Cultura(Concultura) e Fundação Municipal de Cultura, Turismo e Eventos (Manauscult).</p>



<p><strong>SERVIÇO:</strong></p>



<p><strong>O quê &#8211; </strong>Reuniões com artistas e trabalhadores culturais como oitivas da Lei Paulo Gustavo, segmentos Artes Visuais e Audiovisual.</p>



<p><strong>Quando – </strong>Quinta-feira, 23/3</p>



<p><strong>Horário &#8211; </strong>14h (Artes Visuais) e 18h (Audiovisual)</p>



<p><strong>Local &#8211;&nbsp; </strong>Palácio Rio Branco, avenida 7 de Setembro, s/n°, praça Dom Pedro II</p>

<!-- This site is optimized with the Yoast SEO plugin v23.0 - https://yoast.com/wordpress/plugins/seo/ -->
<title>Prefeitura realiza reuniões com artistas e trabalhadores culturais como oitivas da Lei Paulo Gustavo, nesta quinta-feira, 23</title>
<meta name="description" content="A Prefeitura de Manaus realiza reuniões com artistas e trabalhadores culturais, como oitivas da Lei Paulo Gustavo, nesta quinta-feira, 23/3, no Palácio Rio Branco, avenida 7 de Setembro, s/nº, praça Dom Pedro II, às 14h, para o segmento das Artes Visuais, e às 18h, para o Audiovisual, organizadas pelo Conselho Municipal de Cultura(Concultura) e Fundação Municipal de Cultura, Turismo e Eventos (Manauscult)." />
<meta name="robots" content="index, follow, max-snippet:-1, max-image-preview:large, max-video-preview:-1" />
<link rel="canonical" href="https://www.manaus.am.gov.br/semcom/pautas/prefeitura-realiza-reunioes-com-artistas-e-trabalhadores-culturais-como-oitivas-da-lei-paulo-gustavo-nesta-quinta-feira-23/" />
<meta property="og:locale" content="pt_BR" />
<meta property="og:type" content="article" />
<meta property="og:title" content="Prefeitura realiza reuniões com artistas e trabalhadores culturais como oitivas da Lei Paulo Gustavo, nesta quinta-feira, 23" />
<meta property="og:description" content="A Prefeitura de Manaus realiza reuniões com artistas e trabalhadores culturais, como oitivas da Lei Paulo Gustavo, nesta quinta-feira, 23/3, no Palácio Rio Branco, avenida 7 de Setembro, s/nº, praça Dom Pedro II, às 14h, para o segmento das Artes Visuais, e às 18h, para o Audiovisual, organizadas pelo Conselho Municipal de Cultura(Concultura) e Fundação Municipal de Cultura, Turismo e Eventos (Manauscult)." />
<meta property="og:url" content="https://www.manaus.am.gov.br/semcom/pautas/prefeitura-realiza-reunioes-com-artistas-e-trabalhadores-culturais-como-oitivas-da-lei-paulo-gustavo-nesta-quinta-feira-23/" />
<meta property="og:site_name" content="SEMCOM" />
<meta property="article:modified_time" content="2023-03-29T19:02:15+00:00" />
<meta property="og:image" content="https://www.manaus.am.gov.br/semcom/wp-content/uploads/sites/5/2023/02/sugestaodepauta.png" />
	<meta property="og:image:width" content="1020" />
	<meta property="og:image:height" content="540" />
	<meta property="og:image:type" content="image/png" />
<meta name="twitter:card" content="summary_large_image" />
<meta name="twitter:label1" content="Est. reading time" />
	<meta name="twitter:data1" content="1 minuto" />
<script type="application/ld+json" class="yoast-schema-graph">{"@context":"https://schema.org","@graph":[{"@type":"WebPage","@id":"https://www.manaus.am.gov.br/semcom/pautas/prefeitura-realiza-reunioes-com-artistas-e-trabalhadores-culturais-como-oitivas-da-lei-paulo-gustavo-nesta-quinta-feira-23/","url":"https://www.manaus.am.gov.br/semcom/pautas/prefeitura-realiza-reunioes-com-artistas-e-trabalhadores-culturais-como-oitivas-da-lei-paulo-gustavo-nesta-quinta-feira-23/","name":"Prefeitura realiza reuniões com artistas e trabalhadores culturais como oitivas da Lei Paulo Gustavo, nesta quinta-feira, 23","isPartOf":{"@id":"https://www.manaus.am.gov.br/semcom/#website"},"primaryImageOfPage":{"@id":"https://www.manaus.am.gov.br/semcom/pautas/prefeitura-realiza-reunioes-com-artistas-e-trabalhadores-culturais-como-oitivas-da-lei-paulo-gustavo-nesta-quinta-feira-23/#primaryimage"},"image":{"@id":"https://www.manaus.am.gov.br/semcom/pautas/prefeitura-realiza-reunioes-com-artistas-e-trabalhadores-culturais-como-oitivas-da-lei-paulo-gustavo-nesta-quinta-feira-23/#primaryimage"},"thumbnailUrl":"https://www.manaus.am.gov.br/semcom/wp-content/uploads/sites/5/2023/02/sugestaodepauta.png","datePublished":"2023-03-23T17:59:30+00:00","dateModified":"2023-03-29T19:02:15+00:00","description":"A Prefeitura de Manaus realiza reuniões com artistas e trabalhadores culturais, como oitivas da Lei Paulo Gustavo, nesta quinta-feira, 23/3, no Palácio Rio Branco, avenida 7 de Setembro, s/nº, praça Dom Pedro II, às 14h, para o segmento das Artes Visuais, e às 18h, para o Audiovisual, organizadas pelo Conselho Municipal de Cultura(Concultura) e Fundação Municipal de Cultura, Turismo e Eventos (Manauscult).","inLanguage":"pt-BR","potentialAction":[{"@type":"ReadAction","target":["https://www.manaus.am.gov.br/semcom/pautas/prefeitura-realiza-reunioes-com-artistas-e-trabalhadores-culturais-como-oitivas-da-lei-paulo-gustavo-nesta-quinta-feira-23/"]}]},{"@type":"ImageObject","inLanguage":"pt-BR","@id":"https://www.manaus.am.gov.br/semcom/pautas/prefeitura-realiza-reunioes-com-artistas-e-trabalhadores-culturais-como-oitivas-da-lei-paulo-gustavo-nesta-quinta-feira-23/#primaryimage","url":"https://www.manaus.am.gov.br/semcom/wp-content/uploads/sites/5/2023/02/sugestaodepauta.png","contentUrl":"https://www.manaus.am.gov.br/semcom/wp-content/uploads/sites/5/2023/02/sugestaodepauta.png","width":1020,"height":540},{"@type":"WebSite","@id":"https://www.manaus.am.gov.br/semcom/#website","url":"https://www.manaus.am.gov.br/semcom/","name":"SEMCOM","description":"Secretaria Municipal de Comunicação","potentialAction":[{"@type":"SearchAction","target":{"@type":"EntryPoint","urlTemplate":"https://www.manaus.am.gov.br/semcom/?s={search_term_string}"},"query-input":"required name=search_term_string"}],"inLanguage":"pt-BR"}]}</script>
<!-- / Yoast SEO plugin. -->

A Prefeitura de Manaus realiza reuniões com artistas e trabalhadores culturais, como oitivas da Lei Paulo Gustavo, nesta quinta-feira, 23/3, no Palácio Rio Branco, avenida 7 de Setembro, s/nº, praça Dom Pedro II, às 14h, para o segmento das Artes Visuais, e às 18h, para o Audiovisual, organizadas pelo Conselho Municipal de Cultura(Concultura) e Fundação Municipal de Cultura, Turismo e Eventos (Manauscult).

Secretaria Municipal de Comunicação
