{"id":210927,"date":"2023-03-22T14:21:32","date_gmt":"2023-03-22T17:21:32","guid":{"rendered":"https:\/\/www.manaus.am.gov.br\/semcom\/?post_type=pautas&#038;p=210927"},"modified":"2023-03-29T16:02:36","modified_gmt":"2023-03-29T19:02:36","slug":"prefeitura-de-manaus-entrega-escola-municipal-antonia-medeiros-da-silva-revitalizada-nesta-quinta-feira-23","status":"publish","type":"pautas","link":"https:\/\/www.manaus.am.gov.br\/semcom\/pautas\/prefeitura-de-manaus-entrega-escola-municipal-antonia-medeiros-da-silva-revitalizada-nesta-quinta-feira-23\/","title":{"rendered":"Prefeitura de Manaus entrega escola municipal Ant\u00f4nia Medeiros da Silva revitalizada nesta quinta-feira, 23"},"content":{"rendered":"\n<p>A Prefeitura de Manaus, por meio da Secretaria Municipal de Educa\u00e7\u00e3o (Semed), reinaugura a escola municipal Ant\u00f4nia Medeiros da Silva, na rua Airton Senna, n\u00ba 80, Uni\u00e3o da Vit\u00f3ria \u2013 Tarum\u00e3, nesta quinta-feira, 23\/3, \u00e0s 15h. Essa obra \u00e9 realizada ap\u00f3s 13 anos da \u00faltima interven\u00e7\u00e3o do poder p\u00fablico no pr\u00e9dio da unidade.<\/p>\n\n\n\n<p><br>A escola atende 788 estudantes do ensino fundamental anos finais, Educa\u00e7\u00e3o de Jovens e Adultos (EJA), 1\u00ba e 2\u00ba segmento e da corre\u00e7\u00e3o de fluxo, nos turnos matutino, vespertino e noturno. O local foi todo revitalizado e possui dez salas de aula e um Centro de Tecnologia Educacional.<br><\/p>\n\n\n\n<p><strong>SERVI\u00c7O:<\/strong><br><br><strong>O qu\u00ea<\/strong>&nbsp;&#8211; Reinaugura\u00e7\u00e3o da escola municipal Ant\u00f4nia Medeiros<br><strong>Quando<\/strong>&nbsp;\u2013 Quinta-feira, 23\/3<br><strong>Hor\u00e1rio<\/strong>&nbsp;&#8211; 15h<br><strong>Local<\/strong>&nbsp;&#8211; &nbsp;Rua Airton Senna, n\u00ba 80, Uni\u00e3o da Vit\u00f3ria \u2013 Tarum\u00e3&nbsp;<\/p>\n","protected":false},"featured_media":208729,"template":"","categories":[788],"acf":[],"yoast_head":"<!-- This site is optimized with the Yoast SEO plugin v23.0 - https:\/\/yoast.com\/wordpress\/plugins\/seo\/ -->\n<title>Prefeitura de Manaus entrega escola municipal Ant\u00f4nia Medeiros da Silva revitalizada nesta quinta-feira, 23 - SEMCOM<\/title>\n<meta name=\"robots\" content=\"index, follow, max-snippet:-1, max-image-preview:large, max-video-preview:-1\" \/>\n<link rel=\"canonical\" href=\"https:\/\/www.manaus.am.gov.br\/semcom\/pautas\/prefeitura-de-manaus-entrega-escola-municipal-antonia-medeiros-da-silva-revitalizada-nesta-quinta-feira-23\/\" \/>\n<meta property=\"og:locale\" content=\"pt_BR\" \/>\n<meta property=\"og:type\" content=\"article\" \/>\n<meta property=\"og:title\" content=\"Prefeitura de Manaus entrega escola municipal Ant\u00f4nia Medeiros da Silva revitalizada nesta quinta-feira, 23 - SEMCOM\" \/>\n<meta property=\"og:url\" content=\"https:\/\/www.manaus.am.gov.br\/semcom\/pautas\/prefeitura-de-manaus-entrega-escola-municipal-antonia-medeiros-da-silva-revitalizada-nesta-quinta-feira-23\/\" \/>\n<meta property=\"og:site_name\" content=\"SEMCOM\" \/>\n<meta property=\"article:modified_time\" content=\"2023-03-29T19:02:36+00:00\" \/>\n<meta property=\"og:image\" content=\"https:\/\/www.manaus.am.gov.br\/semcom\/wp-content\/uploads\/sites\/5\/2023\/02\/sugestaodepauta.png\" \/>\n\t<meta property=\"og:image:width\" content=\"1020\" \/>\n\t<meta property=\"og:image:height\" content=\"540\" \/>\n\t<meta property=\"og:image:type\" content=\"image\/png\" \/>\n<meta name=\"twitter:card\" content=\"summary_large_image\" \/>\n<meta name=\"twitter:label1\" content=\"Est. reading time\" \/>\n\t<meta name=\"twitter:data1\" content=\"1 minuto\" \/>\n<script type=\"application\/ld+json\" class=\"yoast-schema-graph\">{\"@context\":\"https:\/\/schema.org\",\"@graph\":[{\"@type\":\"WebPage\",\"@id\":\"https:\/\/www.manaus.am.gov.br\/semcom\/pautas\/prefeitura-de-manaus-entrega-escola-municipal-antonia-medeiros-da-silva-revitalizada-nesta-quinta-feira-23\/\",\"url\":\"https:\/\/www.manaus.am.gov.br\/semcom\/pautas\/prefeitura-de-manaus-entrega-escola-municipal-antonia-medeiros-da-silva-revitalizada-nesta-quinta-feira-23\/\",\"name\":\"Prefeitura de Manaus entrega escola municipal Ant\u00f4nia Medeiros da Silva revitalizada nesta quinta-feira, 23 - SEMCOM\",\"isPartOf\":{\"@id\":\"https:\/\/www.manaus.am.gov.br\/semcom\/#website\"},\"primaryImageOfPage\":{\"@id\":\"https:\/\/www.manaus.am.gov.br\/semcom\/pautas\/prefeitura-de-manaus-entrega-escola-municipal-antonia-medeiros-da-silva-revitalizada-nesta-quinta-feira-23\/#primaryimage\"},\"image\":{\"@id\":\"https:\/\/www.manaus.am.gov.br\/semcom\/pautas\/prefeitura-de-manaus-entrega-escola-municipal-antonia-medeiros-da-silva-revitalizada-nesta-quinta-feira-23\/#primaryimage\"},\"thumbnailUrl\":\"https:\/\/www.manaus.am.gov.br\/semcom\/wp-content\/uploads\/sites\/5\/2023\/02\/sugestaodepauta.png\",\"datePublished\":\"2023-03-22T17:21:32+00:00\",\"dateModified\":\"2023-03-29T19:02:36+00:00\",\"inLanguage\":\"pt-BR\",\"potentialAction\":[{\"@type\":\"ReadAction\",\"target\":[\"https:\/\/www.manaus.am.gov.br\/semcom\/pautas\/prefeitura-de-manaus-entrega-escola-municipal-antonia-medeiros-da-silva-revitalizada-nesta-quinta-feira-23\/\"]}]},{\"@type\":\"ImageObject\",\"inLanguage\":\"pt-BR\",\"@id\":\"https:\/\/www.manaus.am.gov.br\/semcom\/pautas\/prefeitura-de-manaus-entrega-escola-municipal-antonia-medeiros-da-silva-revitalizada-nesta-quinta-feira-23\/#primaryimage\",\"url\":\"https:\/\/www.manaus.am.gov.br\/semcom\/wp-content\/uploads\/sites\/5\/2023\/02\/sugestaodepauta.png\",\"contentUrl\":\"https:\/\/www.manaus.am.gov.br\/semcom\/wp-content\/uploads\/sites\/5\/2023\/02\/sugestaodepauta.png\",\"width\":1020,\"height\":540},{\"@type\":\"WebSite\",\"@id\":\"https:\/\/www.manaus.am.gov.br\/semcom\/#website\",\"url\":\"https:\/\/www.manaus.am.gov.br\/semcom\/\",\"name\":\"SEMCOM\",\"description\":\"Secretaria Municipal de Comunica\u00e7\u00e3o\",\"potentialAction\":[{\"@type\":\"SearchAction\",\"target\":{\"@type\":\"EntryPoint\",\"urlTemplate\":\"https:\/\/www.manaus.am.gov.br\/semcom\/?s={search_term_string}\"},\"query-input\":\"required name=search_term_string\"}],\"inLanguage\":\"pt-BR\"}]}<\/script>\n<!-- \/ Yoast SEO plugin. -->","yoast_head_json":{"title":"Prefeitura de Manaus entrega escola municipal Ant\u00f4nia Medeiros da Silva revitalizada nesta quinta-feira, 23 - SEMCOM","robots":{"index":"index","follow":"follow","max-snippet":"max-snippet:-1","max-image-preview":"max-image-preview:large","max-video-preview":"max-video-preview:-1"},"canonical":"https:\/\/www.manaus.am.gov.br\/semcom\/pautas\/prefeitura-de-manaus-entrega-escola-municipal-antonia-medeiros-da-silva-revitalizada-nesta-quinta-feira-23\/","og_locale":"pt_BR","og_type":"article","og_title":"Prefeitura de Manaus entrega escola municipal Ant\u00f4nia Medeiros da Silva revitalizada nesta quinta-feira, 23 - SEMCOM","og_url":"https:\/\/www.manaus.am.gov.br\/semcom\/pautas\/prefeitura-de-manaus-entrega-escola-municipal-antonia-medeiros-da-silva-revitalizada-nesta-quinta-feira-23\/","og_site_name":"SEMCOM","article_modified_time":"2023-03-29T19:02:36+00:00","og_image":[{"width":1020,"height":540,"url":"https:\/\/www.manaus.am.gov.br\/semcom\/wp-content\/uploads\/sites\/5\/2023\/02\/sugestaodepauta.png","type":"image\/png"}],"twitter_card":"summary_large_image","twitter_misc":{"Est. reading time":"1 minuto"},"schema":{"@context":"https:\/\/schema.org","@graph":[{"@type":"WebPage","@id":"https:\/\/www.manaus.am.gov.br\/semcom\/pautas\/prefeitura-de-manaus-entrega-escola-municipal-antonia-medeiros-da-silva-revitalizada-nesta-quinta-feira-23\/","url":"https:\/\/www.manaus.am.gov.br\/semcom\/pautas\/prefeitura-de-manaus-entrega-escola-municipal-antonia-medeiros-da-silva-revitalizada-nesta-quinta-feira-23\/","name":"Prefeitura de Manaus entrega escola municipal Ant\u00f4nia Medeiros da Silva revitalizada nesta quinta-feira, 23 - SEMCOM","isPartOf":{"@id":"https:\/\/www.manaus.am.gov.br\/semcom\/#website"},"primaryImageOfPage":{"@id":"https:\/\/www.manaus.am.gov.br\/semcom\/pautas\/prefeitura-de-manaus-entrega-escola-municipal-antonia-medeiros-da-silva-revitalizada-nesta-quinta-feira-23\/#primaryimage"},"image":{"@id":"https:\/\/www.manaus.am.gov.br\/semcom\/pautas\/prefeitura-de-manaus-entrega-escola-municipal-antonia-medeiros-da-silva-revitalizada-nesta-quinta-feira-23\/#primaryimage"},"thumbnailUrl":"https:\/\/www.manaus.am.gov.br\/semcom\/wp-content\/uploads\/sites\/5\/2023\/02\/sugestaodepauta.png","datePublished":"2023-03-22T17:21:32+00:00","dateModified":"2023-03-29T19:02:36+00:00","inLanguage":"pt-BR","potentialAction":[{"@type":"ReadAction","target":["https:\/\/www.manaus.am.gov.br\/semcom\/pautas\/prefeitura-de-manaus-entrega-escola-municipal-antonia-medeiros-da-silva-revitalizada-nesta-quinta-feira-23\/"]}]},{"@type":"ImageObject","inLanguage":"pt-BR","@id":"https:\/\/www.manaus.am.gov.br\/semcom\/pautas\/prefeitura-de-manaus-entrega-escola-municipal-antonia-medeiros-da-silva-revitalizada-nesta-quinta-feira-23\/#primaryimage","url":"https:\/\/www.manaus.am.gov.br\/semcom\/wp-content\/uploads\/sites\/5\/2023\/02\/sugestaodepauta.png","contentUrl":"https:\/\/www.manaus.am.gov.br\/semcom\/wp-content\/uploads\/sites\/5\/2023\/02\/sugestaodepauta.png","width":1020,"height":540},{"@type":"WebSite","@id":"https:\/\/www.manaus.am.gov.br\/semcom\/#website","url":"https:\/\/www.manaus.am.gov.br\/semcom\/","name":"SEMCOM","description":"Secretaria Municipal de Comunica\u00e7\u00e3o","potentialAction":[{"@type":"SearchAction","target":{"@type":"EntryPoint","urlTemplate":"https:\/\/www.manaus.am.gov.br\/semcom\/?s={search_term_string}"},"query-input":"required name=search_term_string"}],"inLanguage":"pt-BR"}]}},"_links":{"self":[{"href":"https:\/\/www.manaus.am.gov.br\/semcom\/wp-json\/wp\/v2\/pautas\/210927"}],"collection":[{"href":"https:\/\/www.manaus.am.gov.br\/semcom\/wp-json\/wp\/v2\/pautas"}],"about":[{"href":"https:\/\/www.manaus.am.gov.br\/semcom\/wp-json\/wp\/v2\/types\/pautas"}],"wp:featuredmedia":[{"embeddable":true,"href":"https:\/\/www.manaus.am.gov.br\/semcom\/wp-json\/wp\/v2\/media\/208729"}],"wp:attachment":[{"href":"https:\/\/www.manaus.am.gov.br\/semcom\/wp-json\/wp\/v2\/media?parent=210927"}],"wp:term":[{"taxonomy":"category","embeddable":true,"href":"https:\/\/www.manaus.am.gov.br\/semcom\/wp-json\/wp\/v2\/categories?post=210927"}],"curies":[{"name":"wp","href":"https:\/\/api.w.org\/{rel}","templated":true}]}}

Prefeitura de Manaus entrega escola municipal Antônia Medeiros da Silva revitalizada nesta quinta-feira, 23

<p>A Prefeitura de Manaus, por meio da Secretaria Municipal de Educação (Semed), reinaugura a escola municipal Antônia Medeiros da Silva, na rua Airton Senna, nº 80, União da Vitória – Tarumã, nesta quinta-feira, 23/3, às 15h. Essa obra é realizada após 13 anos da última intervenção do poder público no prédio da unidade.</p>



<p><br>A escola atende 788 estudantes do ensino fundamental anos finais, Educação de Jovens e Adultos (EJA), 1º e 2º segmento e da correção de fluxo, nos turnos matutino, vespertino e noturno. O local foi todo revitalizado e possui dez salas de aula e um Centro de Tecnologia Educacional.<br></p>



<p><strong>SERVIÇO:</strong><br><br><strong>O quê</strong>&nbsp;&#8211; Reinauguração da escola municipal Antônia Medeiros<br><strong>Quando</strong>&nbsp;– Quinta-feira, 23/3<br><strong>Horário</strong>&nbsp;&#8211; 15h<br><strong>Local</strong>&nbsp;&#8211; &nbsp;Rua Airton Senna, nº 80, União da Vitória – Tarumã&nbsp;</p>

<!-- This site is optimized with the Yoast SEO plugin v23.0 - https://yoast.com/wordpress/plugins/seo/ -->
<title>Prefeitura de Manaus entrega escola municipal Antônia Medeiros da Silva revitalizada nesta quinta-feira, 23 - SEMCOM</title>
<meta name="robots" content="index, follow, max-snippet:-1, max-image-preview:large, max-video-preview:-1" />
<link rel="canonical" href="https://www.manaus.am.gov.br/semcom/pautas/prefeitura-de-manaus-entrega-escola-municipal-antonia-medeiros-da-silva-revitalizada-nesta-quinta-feira-23/" />
<meta property="og:locale" content="pt_BR" />
<meta property="og:type" content="article" />
<meta property="og:title" content="Prefeitura de Manaus entrega escola municipal Antônia Medeiros da Silva revitalizada nesta quinta-feira, 23 - SEMCOM" />
<meta property="og:url" content="https://www.manaus.am.gov.br/semcom/pautas/prefeitura-de-manaus-entrega-escola-municipal-antonia-medeiros-da-silva-revitalizada-nesta-quinta-feira-23/" />
<meta property="og:site_name" content="SEMCOM" />
<meta property="article:modified_time" content="2023-03-29T19:02:36+00:00" />
<meta property="og:image" content="https://www.manaus.am.gov.br/semcom/wp-content/uploads/sites/5/2023/02/sugestaodepauta.png" />
	<meta property="og:image:width" content="1020" />
	<meta property="og:image:height" content="540" />
	<meta property="og:image:type" content="image/png" />
<meta name="twitter:card" content="summary_large_image" />
<meta name="twitter:label1" content="Est. reading time" />
	<meta name="twitter:data1" content="1 minuto" />
<script type="application/ld+json" class="yoast-schema-graph">{"@context":"https://schema.org","@graph":[{"@type":"WebPage","@id":"https://www.manaus.am.gov.br/semcom/pautas/prefeitura-de-manaus-entrega-escola-municipal-antonia-medeiros-da-silva-revitalizada-nesta-quinta-feira-23/","url":"https://www.manaus.am.gov.br/semcom/pautas/prefeitura-de-manaus-entrega-escola-municipal-antonia-medeiros-da-silva-revitalizada-nesta-quinta-feira-23/","name":"Prefeitura de Manaus entrega escola municipal Antônia Medeiros da Silva revitalizada nesta quinta-feira, 23 - SEMCOM","isPartOf":{"@id":"https://www.manaus.am.gov.br/semcom/#website"},"primaryImageOfPage":{"@id":"https://www.manaus.am.gov.br/semcom/pautas/prefeitura-de-manaus-entrega-escola-municipal-antonia-medeiros-da-silva-revitalizada-nesta-quinta-feira-23/#primaryimage"},"image":{"@id":"https://www.manaus.am.gov.br/semcom/pautas/prefeitura-de-manaus-entrega-escola-municipal-antonia-medeiros-da-silva-revitalizada-nesta-quinta-feira-23/#primaryimage"},"thumbnailUrl":"https://www.manaus.am.gov.br/semcom/wp-content/uploads/sites/5/2023/02/sugestaodepauta.png","datePublished":"2023-03-22T17:21:32+00:00","dateModified":"2023-03-29T19:02:36+00:00","inLanguage":"pt-BR","potentialAction":[{"@type":"ReadAction","target":["https://www.manaus.am.gov.br/semcom/pautas/prefeitura-de-manaus-entrega-escola-municipal-antonia-medeiros-da-silva-revitalizada-nesta-quinta-feira-23/"]}]},{"@type":"ImageObject","inLanguage":"pt-BR","@id":"https://www.manaus.am.gov.br/semcom/pautas/prefeitura-de-manaus-entrega-escola-municipal-antonia-medeiros-da-silva-revitalizada-nesta-quinta-feira-23/#primaryimage","url":"https://www.manaus.am.gov.br/semcom/wp-content/uploads/sites/5/2023/02/sugestaodepauta.png","contentUrl":"https://www.manaus.am.gov.br/semcom/wp-content/uploads/sites/5/2023/02/sugestaodepauta.png","width":1020,"height":540},{"@type":"WebSite","@id":"https://www.manaus.am.gov.br/semcom/#website","url":"https://www.manaus.am.gov.br/semcom/","name":"SEMCOM","description":"Secretaria Municipal de Comunicação","potentialAction":[{"@type":"SearchAction","target":{"@type":"EntryPoint","urlTemplate":"https://www.manaus.am.gov.br/semcom/?s={search_term_string}"},"query-input":"required name=search_term_string"}],"inLanguage":"pt-BR"}]}</script>
<!-- / Yoast SEO plugin. -->

Prefeitura de Manaus entrega escola municipal Antônia Medeiros da Silva revitalizada nesta quinta-feira, 23 - SEMCOM

Secretaria Municipal de Comunicação
