{"id":210465,"date":"2023-03-12T19:14:18","date_gmt":"2023-03-12T22:14:18","guid":{"rendered":"https:\/\/www.manaus.am.gov.br\/semcom\/?post_type=pautas&#038;p=210465"},"modified":"2023-03-12T19:14:40","modified_gmt":"2023-03-12T22:14:40","slug":"prefeitura-de-manaus-da-inicio-ao-trabalho-de-troca-de-telhas-do-t2-nesta-segunda-13-3","status":"publish","type":"pautas","link":"https:\/\/www.manaus.am.gov.br\/semcom\/pautas\/prefeitura-de-manaus-da-inicio-ao-trabalho-de-troca-de-telhas-do-t2-nesta-segunda-13-3\/","title":{"rendered":"<strong>Prefeitura de Manaus d\u00e1 in\u00edcio ao trabalho de troca de telhas do T2 nesta segunda, 13\/3<\/strong>"},"content":{"rendered":"\n<p>A Prefeitura de Manaus, por meio do Instituto Municipal de Mobilidade Urbana (IMMU), deu in\u00edcio, neste fim de semana, ao&nbsp; trabalho de retirada do telhado da parte central do Terminal de Integra\u00e7\u00e3o da Cachoeirinha, o conhecido T2. Nesta segunda-feira, 13\/3, \u00e0s 10h, come\u00e7a a substitui\u00e7\u00e3o das telhas transparentes por met\u00e1licas.<\/p>\n\n\n\n<p>O servi\u00e7o est\u00e1 sendo realizado pela Ger\u00eancia de Manuten\u00e7\u00e3o e Obras (GMO) do instituto, e a imprensa poder\u00e1 acompanhar as a\u00e7\u00f5es, consideradas mais urgentes para o local. A troca das telhas estava previsto, inicialmente, para o domingo, mas foi suspenso por conta da forte chuva.<\/p>\n\n\n\n<p>Esta \u00e9 a primeira de uma s\u00e9rie de a\u00e7\u00f5es para melhoria do terminal de integra\u00e7\u00e3o, que inclui melhoria da ilumina\u00e7\u00e3o, reparo em banheiros e nova sinaliza\u00e7\u00e3o vi\u00e1ria incluindo faixas de pedestres e linhas de bordo, al\u00e9m de uma nova identidade visual.<\/p>\n\n\n\n<p><strong>SERVI\u00c7O:<\/strong><\/p>\n\n\n\n<p><strong>O qu\u00ea &#8211; <\/strong>Servi\u00e7os de troca de telhas no Terminal 2<\/p>\n\n\n\n<p><strong>Quando \u2013 <\/strong>Segunda-feira, 13\/3<\/p>\n\n\n\n<p><strong>Hor\u00e1rio \u2013 <\/strong>10h<\/p>\n\n\n\n<p><strong>Local &#8211; <\/strong>Terminal 2 &#8211; Cachoeirinha &#8211; rua Manicor\u00e9, bairro Cachoeirinha, zona Sul.<\/p>\n\n\n\n<p><\/p>\n","protected":false},"featured_media":208729,"template":"","categories":[797],"acf":[],"yoast_head":"<!-- This site is optimized with the Yoast SEO plugin v23.0 - https:\/\/yoast.com\/wordpress\/plugins\/seo\/ -->\n<title>Prefeitura de Manaus d\u00e1 in\u00edcio ao trabalho de troca de telhas do T2 nesta segunda, 13\/3<\/title>\n<meta name=\"description\" content=\"A Prefeitura de Manaus, por meio do Instituto Municipal de Mobilidade Urbana (IMMU), deu in\u00edcio, neste fim de semana, ao\u00a0 trabalho de retirada do telhado da parte central do Terminal de Integra\u00e7\u00e3o da Cachoeirinha, o conhecido T2. Nesta segunda-feira, 13\/3, \u00e0s 10h, come\u00e7a a substitui\u00e7\u00e3o das telhas transparentes por met\u00e1licas.\" \/>\n<meta name=\"robots\" content=\"index, follow, max-snippet:-1, max-image-preview:large, max-video-preview:-1\" \/>\n<link rel=\"canonical\" href=\"https:\/\/www.manaus.am.gov.br\/semcom\/pautas\/prefeitura-de-manaus-da-inicio-ao-trabalho-de-troca-de-telhas-do-t2-nesta-segunda-13-3\/\" \/>\n<meta property=\"og:locale\" content=\"pt_BR\" \/>\n<meta property=\"og:type\" content=\"article\" \/>\n<meta property=\"og:title\" content=\"Prefeitura de Manaus d\u00e1 in\u00edcio ao trabalho de troca de telhas do T2 nesta segunda, 13\/3\" \/>\n<meta property=\"og:description\" content=\"A Prefeitura de Manaus, por meio do Instituto Municipal de Mobilidade Urbana (IMMU), deu in\u00edcio, neste fim de semana, ao\u00a0 trabalho de retirada do telhado da parte central do Terminal de Integra\u00e7\u00e3o da Cachoeirinha, o conhecido T2. Nesta segunda-feira, 13\/3, \u00e0s 10h, come\u00e7a a substitui\u00e7\u00e3o das telhas transparentes por met\u00e1licas.\" \/>\n<meta property=\"og:url\" content=\"https:\/\/www.manaus.am.gov.br\/semcom\/pautas\/prefeitura-de-manaus-da-inicio-ao-trabalho-de-troca-de-telhas-do-t2-nesta-segunda-13-3\/\" \/>\n<meta property=\"og:site_name\" content=\"SEMCOM\" \/>\n<meta property=\"article:modified_time\" content=\"2023-03-12T22:14:40+00:00\" \/>\n<meta property=\"og:image\" content=\"https:\/\/www.manaus.am.gov.br\/semcom\/wp-content\/uploads\/sites\/5\/2023\/02\/sugestaodepauta.png\" \/>\n\t<meta property=\"og:image:width\" content=\"1020\" \/>\n\t<meta property=\"og:image:height\" content=\"540\" \/>\n\t<meta property=\"og:image:type\" content=\"image\/png\" \/>\n<meta name=\"twitter:card\" content=\"summary_large_image\" \/>\n<meta name=\"twitter:label1\" content=\"Est. reading time\" \/>\n\t<meta name=\"twitter:data1\" content=\"1 minuto\" \/>\n<script type=\"application\/ld+json\" class=\"yoast-schema-graph\">{\"@context\":\"https:\/\/schema.org\",\"@graph\":[{\"@type\":\"WebPage\",\"@id\":\"https:\/\/www.manaus.am.gov.br\/semcom\/pautas\/prefeitura-de-manaus-da-inicio-ao-trabalho-de-troca-de-telhas-do-t2-nesta-segunda-13-3\/\",\"url\":\"https:\/\/www.manaus.am.gov.br\/semcom\/pautas\/prefeitura-de-manaus-da-inicio-ao-trabalho-de-troca-de-telhas-do-t2-nesta-segunda-13-3\/\",\"name\":\"Prefeitura de Manaus d\u00e1 in\u00edcio ao trabalho de troca de telhas do T2 nesta segunda, 13\/3\",\"isPartOf\":{\"@id\":\"https:\/\/www.manaus.am.gov.br\/semcom\/#website\"},\"primaryImageOfPage\":{\"@id\":\"https:\/\/www.manaus.am.gov.br\/semcom\/pautas\/prefeitura-de-manaus-da-inicio-ao-trabalho-de-troca-de-telhas-do-t2-nesta-segunda-13-3\/#primaryimage\"},\"image\":{\"@id\":\"https:\/\/www.manaus.am.gov.br\/semcom\/pautas\/prefeitura-de-manaus-da-inicio-ao-trabalho-de-troca-de-telhas-do-t2-nesta-segunda-13-3\/#primaryimage\"},\"thumbnailUrl\":\"https:\/\/www.manaus.am.gov.br\/semcom\/wp-content\/uploads\/sites\/5\/2023\/02\/sugestaodepauta.png\",\"datePublished\":\"2023-03-12T22:14:18+00:00\",\"dateModified\":\"2023-03-12T22:14:40+00:00\",\"description\":\"A Prefeitura de Manaus, por meio do Instituto Municipal de Mobilidade Urbana (IMMU), deu in\u00edcio, neste fim de semana, ao\u00a0 trabalho de retirada do telhado da parte central do Terminal de Integra\u00e7\u00e3o da Cachoeirinha, o conhecido T2. Nesta segunda-feira, 13\/3, \u00e0s 10h, come\u00e7a a substitui\u00e7\u00e3o das telhas transparentes por met\u00e1licas.\",\"inLanguage\":\"pt-BR\",\"potentialAction\":[{\"@type\":\"ReadAction\",\"target\":[\"https:\/\/www.manaus.am.gov.br\/semcom\/pautas\/prefeitura-de-manaus-da-inicio-ao-trabalho-de-troca-de-telhas-do-t2-nesta-segunda-13-3\/\"]}]},{\"@type\":\"ImageObject\",\"inLanguage\":\"pt-BR\",\"@id\":\"https:\/\/www.manaus.am.gov.br\/semcom\/pautas\/prefeitura-de-manaus-da-inicio-ao-trabalho-de-troca-de-telhas-do-t2-nesta-segunda-13-3\/#primaryimage\",\"url\":\"https:\/\/www.manaus.am.gov.br\/semcom\/wp-content\/uploads\/sites\/5\/2023\/02\/sugestaodepauta.png\",\"contentUrl\":\"https:\/\/www.manaus.am.gov.br\/semcom\/wp-content\/uploads\/sites\/5\/2023\/02\/sugestaodepauta.png\",\"width\":1020,\"height\":540},{\"@type\":\"WebSite\",\"@id\":\"https:\/\/www.manaus.am.gov.br\/semcom\/#website\",\"url\":\"https:\/\/www.manaus.am.gov.br\/semcom\/\",\"name\":\"SEMCOM\",\"description\":\"Secretaria Municipal de Comunica\u00e7\u00e3o\",\"potentialAction\":[{\"@type\":\"SearchAction\",\"target\":{\"@type\":\"EntryPoint\",\"urlTemplate\":\"https:\/\/www.manaus.am.gov.br\/semcom\/?s={search_term_string}\"},\"query-input\":\"required name=search_term_string\"}],\"inLanguage\":\"pt-BR\"}]}<\/script>\n<!-- \/ Yoast SEO plugin. -->","yoast_head_json":{"title":"Prefeitura de Manaus d\u00e1 in\u00edcio ao trabalho de troca de telhas do T2 nesta segunda, 13\/3","description":"A Prefeitura de Manaus, por meio do Instituto Municipal de Mobilidade Urbana (IMMU), deu in\u00edcio, neste fim de semana, ao\u00a0 trabalho de retirada do telhado da parte central do Terminal de Integra\u00e7\u00e3o da Cachoeirinha, o conhecido T2. Nesta segunda-feira, 13\/3, \u00e0s 10h, come\u00e7a a substitui\u00e7\u00e3o das telhas transparentes por met\u00e1licas.","robots":{"index":"index","follow":"follow","max-snippet":"max-snippet:-1","max-image-preview":"max-image-preview:large","max-video-preview":"max-video-preview:-1"},"canonical":"https:\/\/www.manaus.am.gov.br\/semcom\/pautas\/prefeitura-de-manaus-da-inicio-ao-trabalho-de-troca-de-telhas-do-t2-nesta-segunda-13-3\/","og_locale":"pt_BR","og_type":"article","og_title":"Prefeitura de Manaus d\u00e1 in\u00edcio ao trabalho de troca de telhas do T2 nesta segunda, 13\/3","og_description":"A Prefeitura de Manaus, por meio do Instituto Municipal de Mobilidade Urbana (IMMU), deu in\u00edcio, neste fim de semana, ao\u00a0 trabalho de retirada do telhado da parte central do Terminal de Integra\u00e7\u00e3o da Cachoeirinha, o conhecido T2. Nesta segunda-feira, 13\/3, \u00e0s 10h, come\u00e7a a substitui\u00e7\u00e3o das telhas transparentes por met\u00e1licas.","og_url":"https:\/\/www.manaus.am.gov.br\/semcom\/pautas\/prefeitura-de-manaus-da-inicio-ao-trabalho-de-troca-de-telhas-do-t2-nesta-segunda-13-3\/","og_site_name":"SEMCOM","article_modified_time":"2023-03-12T22:14:40+00:00","og_image":[{"width":1020,"height":540,"url":"https:\/\/www.manaus.am.gov.br\/semcom\/wp-content\/uploads\/sites\/5\/2023\/02\/sugestaodepauta.png","type":"image\/png"}],"twitter_card":"summary_large_image","twitter_misc":{"Est. reading time":"1 minuto"},"schema":{"@context":"https:\/\/schema.org","@graph":[{"@type":"WebPage","@id":"https:\/\/www.manaus.am.gov.br\/semcom\/pautas\/prefeitura-de-manaus-da-inicio-ao-trabalho-de-troca-de-telhas-do-t2-nesta-segunda-13-3\/","url":"https:\/\/www.manaus.am.gov.br\/semcom\/pautas\/prefeitura-de-manaus-da-inicio-ao-trabalho-de-troca-de-telhas-do-t2-nesta-segunda-13-3\/","name":"Prefeitura de Manaus d\u00e1 in\u00edcio ao trabalho de troca de telhas do T2 nesta segunda, 13\/3","isPartOf":{"@id":"https:\/\/www.manaus.am.gov.br\/semcom\/#website"},"primaryImageOfPage":{"@id":"https:\/\/www.manaus.am.gov.br\/semcom\/pautas\/prefeitura-de-manaus-da-inicio-ao-trabalho-de-troca-de-telhas-do-t2-nesta-segunda-13-3\/#primaryimage"},"image":{"@id":"https:\/\/www.manaus.am.gov.br\/semcom\/pautas\/prefeitura-de-manaus-da-inicio-ao-trabalho-de-troca-de-telhas-do-t2-nesta-segunda-13-3\/#primaryimage"},"thumbnailUrl":"https:\/\/www.manaus.am.gov.br\/semcom\/wp-content\/uploads\/sites\/5\/2023\/02\/sugestaodepauta.png","datePublished":"2023-03-12T22:14:18+00:00","dateModified":"2023-03-12T22:14:40+00:00","description":"A Prefeitura de Manaus, por meio do Instituto Municipal de Mobilidade Urbana (IMMU), deu in\u00edcio, neste fim de semana, ao\u00a0 trabalho de retirada do telhado da parte central do Terminal de Integra\u00e7\u00e3o da Cachoeirinha, o conhecido T2. Nesta segunda-feira, 13\/3, \u00e0s 10h, come\u00e7a a substitui\u00e7\u00e3o das telhas transparentes por met\u00e1licas.","inLanguage":"pt-BR","potentialAction":[{"@type":"ReadAction","target":["https:\/\/www.manaus.am.gov.br\/semcom\/pautas\/prefeitura-de-manaus-da-inicio-ao-trabalho-de-troca-de-telhas-do-t2-nesta-segunda-13-3\/"]}]},{"@type":"ImageObject","inLanguage":"pt-BR","@id":"https:\/\/www.manaus.am.gov.br\/semcom\/pautas\/prefeitura-de-manaus-da-inicio-ao-trabalho-de-troca-de-telhas-do-t2-nesta-segunda-13-3\/#primaryimage","url":"https:\/\/www.manaus.am.gov.br\/semcom\/wp-content\/uploads\/sites\/5\/2023\/02\/sugestaodepauta.png","contentUrl":"https:\/\/www.manaus.am.gov.br\/semcom\/wp-content\/uploads\/sites\/5\/2023\/02\/sugestaodepauta.png","width":1020,"height":540},{"@type":"WebSite","@id":"https:\/\/www.manaus.am.gov.br\/semcom\/#website","url":"https:\/\/www.manaus.am.gov.br\/semcom\/","name":"SEMCOM","description":"Secretaria Municipal de Comunica\u00e7\u00e3o","potentialAction":[{"@type":"SearchAction","target":{"@type":"EntryPoint","urlTemplate":"https:\/\/www.manaus.am.gov.br\/semcom\/?s={search_term_string}"},"query-input":"required name=search_term_string"}],"inLanguage":"pt-BR"}]}},"_links":{"self":[{"href":"https:\/\/www.manaus.am.gov.br\/semcom\/wp-json\/wp\/v2\/pautas\/210465"}],"collection":[{"href":"https:\/\/www.manaus.am.gov.br\/semcom\/wp-json\/wp\/v2\/pautas"}],"about":[{"href":"https:\/\/www.manaus.am.gov.br\/semcom\/wp-json\/wp\/v2\/types\/pautas"}],"wp:featuredmedia":[{"embeddable":true,"href":"https:\/\/www.manaus.am.gov.br\/semcom\/wp-json\/wp\/v2\/media\/208729"}],"wp:attachment":[{"href":"https:\/\/www.manaus.am.gov.br\/semcom\/wp-json\/wp\/v2\/media?parent=210465"}],"wp:term":[{"taxonomy":"category","embeddable":true,"href":"https:\/\/www.manaus.am.gov.br\/semcom\/wp-json\/wp\/v2\/categories?post=210465"}],"curies":[{"name":"wp","href":"https:\/\/api.w.org\/{rel}","templated":true}]}}

<strong>Prefeitura de Manaus dá início ao trabalho de troca de telhas do T2 nesta segunda, 13/3</strong>

<p>A Prefeitura de Manaus, por meio do Instituto Municipal de Mobilidade Urbana (IMMU), deu início, neste fim de semana, ao&nbsp; trabalho de retirada do telhado da parte central do Terminal de Integração da Cachoeirinha, o conhecido T2. Nesta segunda-feira, 13/3, às 10h, começa a substituição das telhas transparentes por metálicas.</p>



<p>O serviço está sendo realizado pela Gerência de Manutenção e Obras (GMO) do instituto, e a imprensa poderá acompanhar as ações, consideradas mais urgentes para o local. A troca das telhas estava previsto, inicialmente, para o domingo, mas foi suspenso por conta da forte chuva.</p>



<p>Esta é a primeira de uma série de ações para melhoria do terminal de integração, que inclui melhoria da iluminação, reparo em banheiros e nova sinalização viária incluindo faixas de pedestres e linhas de bordo, além de uma nova identidade visual.</p>



<p><strong>SERVIÇO:</strong></p>



<p><strong>O quê &#8211; </strong>Serviços de troca de telhas no Terminal 2</p>



<p><strong>Quando – </strong>Segunda-feira, 13/3</p>



<p><strong>Horário – </strong>10h</p>



<p><strong>Local &#8211; </strong>Terminal 2 &#8211; Cachoeirinha &#8211; rua Manicoré, bairro Cachoeirinha, zona Sul.</p>



<p></p>

<!-- This site is optimized with the Yoast SEO plugin v23.0 - https://yoast.com/wordpress/plugins/seo/ -->
<title>Prefeitura de Manaus dá início ao trabalho de troca de telhas do T2 nesta segunda, 13/3</title>
<meta name="description" content="A Prefeitura de Manaus, por meio do Instituto Municipal de Mobilidade Urbana (IMMU), deu início, neste fim de semana, ao  trabalho de retirada do telhado da parte central do Terminal de Integração da Cachoeirinha, o conhecido T2. Nesta segunda-feira, 13/3, às 10h, começa a substituição das telhas transparentes por metálicas." />
<meta name="robots" content="index, follow, max-snippet:-1, max-image-preview:large, max-video-preview:-1" />
<link rel="canonical" href="https://www.manaus.am.gov.br/semcom/pautas/prefeitura-de-manaus-da-inicio-ao-trabalho-de-troca-de-telhas-do-t2-nesta-segunda-13-3/" />
<meta property="og:locale" content="pt_BR" />
<meta property="og:type" content="article" />
<meta property="og:title" content="Prefeitura de Manaus dá início ao trabalho de troca de telhas do T2 nesta segunda, 13/3" />
<meta property="og:description" content="A Prefeitura de Manaus, por meio do Instituto Municipal de Mobilidade Urbana (IMMU), deu início, neste fim de semana, ao  trabalho de retirada do telhado da parte central do Terminal de Integração da Cachoeirinha, o conhecido T2. Nesta segunda-feira, 13/3, às 10h, começa a substituição das telhas transparentes por metálicas." />
<meta property="og:url" content="https://www.manaus.am.gov.br/semcom/pautas/prefeitura-de-manaus-da-inicio-ao-trabalho-de-troca-de-telhas-do-t2-nesta-segunda-13-3/" />
<meta property="og:site_name" content="SEMCOM" />
<meta property="article:modified_time" content="2023-03-12T22:14:40+00:00" />
<meta property="og:image" content="https://www.manaus.am.gov.br/semcom/wp-content/uploads/sites/5/2023/02/sugestaodepauta.png" />
	<meta property="og:image:width" content="1020" />
	<meta property="og:image:height" content="540" />
	<meta property="og:image:type" content="image/png" />
<meta name="twitter:card" content="summary_large_image" />
<meta name="twitter:label1" content="Est. reading time" />
	<meta name="twitter:data1" content="1 minuto" />
<script type="application/ld+json" class="yoast-schema-graph">{"@context":"https://schema.org","@graph":[{"@type":"WebPage","@id":"https://www.manaus.am.gov.br/semcom/pautas/prefeitura-de-manaus-da-inicio-ao-trabalho-de-troca-de-telhas-do-t2-nesta-segunda-13-3/","url":"https://www.manaus.am.gov.br/semcom/pautas/prefeitura-de-manaus-da-inicio-ao-trabalho-de-troca-de-telhas-do-t2-nesta-segunda-13-3/","name":"Prefeitura de Manaus dá início ao trabalho de troca de telhas do T2 nesta segunda, 13/3","isPartOf":{"@id":"https://www.manaus.am.gov.br/semcom/#website"},"primaryImageOfPage":{"@id":"https://www.manaus.am.gov.br/semcom/pautas/prefeitura-de-manaus-da-inicio-ao-trabalho-de-troca-de-telhas-do-t2-nesta-segunda-13-3/#primaryimage"},"image":{"@id":"https://www.manaus.am.gov.br/semcom/pautas/prefeitura-de-manaus-da-inicio-ao-trabalho-de-troca-de-telhas-do-t2-nesta-segunda-13-3/#primaryimage"},"thumbnailUrl":"https://www.manaus.am.gov.br/semcom/wp-content/uploads/sites/5/2023/02/sugestaodepauta.png","datePublished":"2023-03-12T22:14:18+00:00","dateModified":"2023-03-12T22:14:40+00:00","description":"A Prefeitura de Manaus, por meio do Instituto Municipal de Mobilidade Urbana (IMMU), deu início, neste fim de semana, ao  trabalho de retirada do telhado da parte central do Terminal de Integração da Cachoeirinha, o conhecido T2. Nesta segunda-feira, 13/3, às 10h, começa a substituição das telhas transparentes por metálicas.","inLanguage":"pt-BR","potentialAction":[{"@type":"ReadAction","target":["https://www.manaus.am.gov.br/semcom/pautas/prefeitura-de-manaus-da-inicio-ao-trabalho-de-troca-de-telhas-do-t2-nesta-segunda-13-3/"]}]},{"@type":"ImageObject","inLanguage":"pt-BR","@id":"https://www.manaus.am.gov.br/semcom/pautas/prefeitura-de-manaus-da-inicio-ao-trabalho-de-troca-de-telhas-do-t2-nesta-segunda-13-3/#primaryimage","url":"https://www.manaus.am.gov.br/semcom/wp-content/uploads/sites/5/2023/02/sugestaodepauta.png","contentUrl":"https://www.manaus.am.gov.br/semcom/wp-content/uploads/sites/5/2023/02/sugestaodepauta.png","width":1020,"height":540},{"@type":"WebSite","@id":"https://www.manaus.am.gov.br/semcom/#website","url":"https://www.manaus.am.gov.br/semcom/","name":"SEMCOM","description":"Secretaria Municipal de Comunicação","potentialAction":[{"@type":"SearchAction","target":{"@type":"EntryPoint","urlTemplate":"https://www.manaus.am.gov.br/semcom/?s={search_term_string}"},"query-input":"required name=search_term_string"}],"inLanguage":"pt-BR"}]}</script>
<!-- / Yoast SEO plugin. -->

Prefeitura de Manaus dá início ao trabalho de troca de telhas do T2 nesta segunda, 13/3

A Prefeitura de Manaus, por meio do Instituto Municipal de Mobilidade Urbana (IMMU), deu início, neste fim de semana, ao  trabalho de retirada do telhado da parte central do Terminal de Integração da Cachoeirinha, o conhecido T2. Nesta segunda-feira, 13/3, às 10h, começa a substituição das telhas transparentes por metálicas.

Secretaria Municipal de Comunicação
