{"id":210175,"date":"2023-03-07T19:59:25","date_gmt":"2023-03-07T22:59:25","guid":{"rendered":"https:\/\/www.manaus.am.gov.br\/semcom\/?post_type=pautas&#038;p=210175"},"modified":"2023-03-07T20:39:47","modified_gmt":"2023-03-07T23:39:47","slug":"prefeitura-de-manaus-promove-lancamento-do-programa-empreende-manaus","status":"publish","type":"pautas","link":"https:\/\/www.manaus.am.gov.br\/semcom\/pautas\/prefeitura-de-manaus-promove-lancamento-do-programa-empreende-manaus\/","title":{"rendered":"<strong>Prefeitura de Manaus promove lan\u00e7amento do programa \u2018Empreende Manaus\u2019<\/strong>"},"content":{"rendered":"\n<p>O prefeito de Manaus, David Almeida, realiza nesta quarta-feira, 8\/3, \u00e0s 10h, uma coletiva de imprensa para o lan\u00e7amento do programa \u2018Empreende Manaus\u2019, no Casar\u00e3o da Inova\u00e7\u00e3o Cassina, no centro hist\u00f3rico.<\/p>\n\n\n\n<p>O programa, idealizado pela Secretaria Municipal do Trabalho, Empreendedorismo e Inova\u00e7\u00e3o (Semtepi), visa beneficiar empreendedores locais com equipamentos para desenvolvimento das suas atividades profissionais.<\/p>\n\n\n\n<p>Entre os grupos que ser\u00e3o atendidos pela a\u00e7\u00e3o est\u00e3o: feirantes, manicures, barbeiros, cabeleireiros, borracheiros, mec\u00e2nicos, pescadores, pipoqueiros, picolezeiros, vendedores de churrasquinho e cachorro-quente.<\/p>\n\n\n\n<p><\/p>\n\n\n\n<p><strong>SERVI\u00c7O<\/strong><\/p>\n\n\n\n<p><strong>O qu\u00ea \u2013&nbsp;<\/strong>Lan\u00e7amento do programa \u2018Empreende Manaus\u2019<\/p>\n\n\n\n<p><strong>Quando \u2013\u00a0<\/strong>Quarta-feira, 8\/3<\/p>\n\n\n\n<p><strong>Hor\u00e1rio \u2013<\/strong>&nbsp;10h<\/p>\n\n\n\n<p><strong>Local \u2013<\/strong>&nbsp;Casar\u00e3o da Inova\u00e7\u00e3o Cassina, localizado na rua Bernardo Ramos, n\u00ba 290, Centro, zona Sul<\/p>\n","protected":false},"featured_media":208729,"template":"","categories":[806],"acf":[],"yoast_head":"<!-- This site is optimized with the Yoast SEO plugin v23.0 - https:\/\/yoast.com\/wordpress\/plugins\/seo\/ -->\n<title>Prefeitura promove lan\u00e7amento do programa \u2018Empreende Manaus\u2019<\/title>\n<meta name=\"description\" content=\"O programa, idealizado pela Secretaria Municipal do Trabalho, Empreendedorismo e Inova\u00e7\u00e3o (Semtepi), visa beneficiar empreendedores locais com equipamentos para desenvolvimento das suas atividades profissionais.\" \/>\n<meta name=\"robots\" content=\"index, follow, max-snippet:-1, max-image-preview:large, max-video-preview:-1\" \/>\n<link rel=\"canonical\" href=\"https:\/\/www.manaus.am.gov.br\/semcom\/pautas\/prefeitura-de-manaus-promove-lancamento-do-programa-empreende-manaus\/\" \/>\n<meta property=\"og:locale\" content=\"pt_BR\" \/>\n<meta property=\"og:type\" content=\"article\" \/>\n<meta property=\"og:title\" content=\"Prefeitura promove lan\u00e7amento do programa \u2018Empreende Manaus\u2019\" \/>\n<meta property=\"og:description\" content=\"O programa, idealizado pela Secretaria Municipal do Trabalho, Empreendedorismo e Inova\u00e7\u00e3o (Semtepi), visa beneficiar empreendedores locais com equipamentos para desenvolvimento das suas atividades profissionais.\" \/>\n<meta property=\"og:url\" content=\"https:\/\/www.manaus.am.gov.br\/semcom\/pautas\/prefeitura-de-manaus-promove-lancamento-do-programa-empreende-manaus\/\" \/>\n<meta property=\"og:site_name\" content=\"SEMCOM\" \/>\n<meta property=\"article:modified_time\" content=\"2023-03-07T23:39:47+00:00\" \/>\n<meta property=\"og:image\" content=\"https:\/\/www.manaus.am.gov.br\/semcom\/wp-content\/uploads\/sites\/5\/2023\/02\/sugestaodepauta.png\" \/>\n\t<meta property=\"og:image:width\" content=\"1020\" \/>\n\t<meta property=\"og:image:height\" content=\"540\" \/>\n\t<meta property=\"og:image:type\" content=\"image\/png\" \/>\n<meta name=\"twitter:card\" content=\"summary_large_image\" \/>\n<meta name=\"twitter:label1\" content=\"Est. reading time\" \/>\n\t<meta name=\"twitter:data1\" content=\"1 minuto\" \/>\n<script type=\"application\/ld+json\" class=\"yoast-schema-graph\">{\"@context\":\"https:\/\/schema.org\",\"@graph\":[{\"@type\":\"WebPage\",\"@id\":\"https:\/\/www.manaus.am.gov.br\/semcom\/pautas\/prefeitura-de-manaus-promove-lancamento-do-programa-empreende-manaus\/\",\"url\":\"https:\/\/www.manaus.am.gov.br\/semcom\/pautas\/prefeitura-de-manaus-promove-lancamento-do-programa-empreende-manaus\/\",\"name\":\"Prefeitura promove lan\u00e7amento do programa \u2018Empreende Manaus\u2019\",\"isPartOf\":{\"@id\":\"https:\/\/www.manaus.am.gov.br\/semcom\/#website\"},\"primaryImageOfPage\":{\"@id\":\"https:\/\/www.manaus.am.gov.br\/semcom\/pautas\/prefeitura-de-manaus-promove-lancamento-do-programa-empreende-manaus\/#primaryimage\"},\"image\":{\"@id\":\"https:\/\/www.manaus.am.gov.br\/semcom\/pautas\/prefeitura-de-manaus-promove-lancamento-do-programa-empreende-manaus\/#primaryimage\"},\"thumbnailUrl\":\"https:\/\/www.manaus.am.gov.br\/semcom\/wp-content\/uploads\/sites\/5\/2023\/02\/sugestaodepauta.png\",\"datePublished\":\"2023-03-07T22:59:25+00:00\",\"dateModified\":\"2023-03-07T23:39:47+00:00\",\"description\":\"O programa, idealizado pela Secretaria Municipal do Trabalho, Empreendedorismo e Inova\u00e7\u00e3o (Semtepi), visa beneficiar empreendedores locais com equipamentos para desenvolvimento das suas atividades profissionais.\",\"inLanguage\":\"pt-BR\",\"potentialAction\":[{\"@type\":\"ReadAction\",\"target\":[\"https:\/\/www.manaus.am.gov.br\/semcom\/pautas\/prefeitura-de-manaus-promove-lancamento-do-programa-empreende-manaus\/\"]}]},{\"@type\":\"ImageObject\",\"inLanguage\":\"pt-BR\",\"@id\":\"https:\/\/www.manaus.am.gov.br\/semcom\/pautas\/prefeitura-de-manaus-promove-lancamento-do-programa-empreende-manaus\/#primaryimage\",\"url\":\"https:\/\/www.manaus.am.gov.br\/semcom\/wp-content\/uploads\/sites\/5\/2023\/02\/sugestaodepauta.png\",\"contentUrl\":\"https:\/\/www.manaus.am.gov.br\/semcom\/wp-content\/uploads\/sites\/5\/2023\/02\/sugestaodepauta.png\",\"width\":1020,\"height\":540},{\"@type\":\"WebSite\",\"@id\":\"https:\/\/www.manaus.am.gov.br\/semcom\/#website\",\"url\":\"https:\/\/www.manaus.am.gov.br\/semcom\/\",\"name\":\"SEMCOM\",\"description\":\"Secretaria Municipal de Comunica\u00e7\u00e3o\",\"potentialAction\":[{\"@type\":\"SearchAction\",\"target\":{\"@type\":\"EntryPoint\",\"urlTemplate\":\"https:\/\/www.manaus.am.gov.br\/semcom\/?s={search_term_string}\"},\"query-input\":\"required name=search_term_string\"}],\"inLanguage\":\"pt-BR\"}]}<\/script>\n<!-- \/ Yoast SEO plugin. -->","yoast_head_json":{"title":"Prefeitura promove lan\u00e7amento do programa \u2018Empreende Manaus\u2019","description":"O programa, idealizado pela Secretaria Municipal do Trabalho, Empreendedorismo e Inova\u00e7\u00e3o (Semtepi), visa beneficiar empreendedores locais com equipamentos para desenvolvimento das suas atividades profissionais.","robots":{"index":"index","follow":"follow","max-snippet":"max-snippet:-1","max-image-preview":"max-image-preview:large","max-video-preview":"max-video-preview:-1"},"canonical":"https:\/\/www.manaus.am.gov.br\/semcom\/pautas\/prefeitura-de-manaus-promove-lancamento-do-programa-empreende-manaus\/","og_locale":"pt_BR","og_type":"article","og_title":"Prefeitura promove lan\u00e7amento do programa \u2018Empreende Manaus\u2019","og_description":"O programa, idealizado pela Secretaria Municipal do Trabalho, Empreendedorismo e Inova\u00e7\u00e3o (Semtepi), visa beneficiar empreendedores locais com equipamentos para desenvolvimento das suas atividades profissionais.","og_url":"https:\/\/www.manaus.am.gov.br\/semcom\/pautas\/prefeitura-de-manaus-promove-lancamento-do-programa-empreende-manaus\/","og_site_name":"SEMCOM","article_modified_time":"2023-03-07T23:39:47+00:00","og_image":[{"width":1020,"height":540,"url":"https:\/\/www.manaus.am.gov.br\/semcom\/wp-content\/uploads\/sites\/5\/2023\/02\/sugestaodepauta.png","type":"image\/png"}],"twitter_card":"summary_large_image","twitter_misc":{"Est. reading time":"1 minuto"},"schema":{"@context":"https:\/\/schema.org","@graph":[{"@type":"WebPage","@id":"https:\/\/www.manaus.am.gov.br\/semcom\/pautas\/prefeitura-de-manaus-promove-lancamento-do-programa-empreende-manaus\/","url":"https:\/\/www.manaus.am.gov.br\/semcom\/pautas\/prefeitura-de-manaus-promove-lancamento-do-programa-empreende-manaus\/","name":"Prefeitura promove lan\u00e7amento do programa \u2018Empreende Manaus\u2019","isPartOf":{"@id":"https:\/\/www.manaus.am.gov.br\/semcom\/#website"},"primaryImageOfPage":{"@id":"https:\/\/www.manaus.am.gov.br\/semcom\/pautas\/prefeitura-de-manaus-promove-lancamento-do-programa-empreende-manaus\/#primaryimage"},"image":{"@id":"https:\/\/www.manaus.am.gov.br\/semcom\/pautas\/prefeitura-de-manaus-promove-lancamento-do-programa-empreende-manaus\/#primaryimage"},"thumbnailUrl":"https:\/\/www.manaus.am.gov.br\/semcom\/wp-content\/uploads\/sites\/5\/2023\/02\/sugestaodepauta.png","datePublished":"2023-03-07T22:59:25+00:00","dateModified":"2023-03-07T23:39:47+00:00","description":"O programa, idealizado pela Secretaria Municipal do Trabalho, Empreendedorismo e Inova\u00e7\u00e3o (Semtepi), visa beneficiar empreendedores locais com equipamentos para desenvolvimento das suas atividades profissionais.","inLanguage":"pt-BR","potentialAction":[{"@type":"ReadAction","target":["https:\/\/www.manaus.am.gov.br\/semcom\/pautas\/prefeitura-de-manaus-promove-lancamento-do-programa-empreende-manaus\/"]}]},{"@type":"ImageObject","inLanguage":"pt-BR","@id":"https:\/\/www.manaus.am.gov.br\/semcom\/pautas\/prefeitura-de-manaus-promove-lancamento-do-programa-empreende-manaus\/#primaryimage","url":"https:\/\/www.manaus.am.gov.br\/semcom\/wp-content\/uploads\/sites\/5\/2023\/02\/sugestaodepauta.png","contentUrl":"https:\/\/www.manaus.am.gov.br\/semcom\/wp-content\/uploads\/sites\/5\/2023\/02\/sugestaodepauta.png","width":1020,"height":540},{"@type":"WebSite","@id":"https:\/\/www.manaus.am.gov.br\/semcom\/#website","url":"https:\/\/www.manaus.am.gov.br\/semcom\/","name":"SEMCOM","description":"Secretaria Municipal de Comunica\u00e7\u00e3o","potentialAction":[{"@type":"SearchAction","target":{"@type":"EntryPoint","urlTemplate":"https:\/\/www.manaus.am.gov.br\/semcom\/?s={search_term_string}"},"query-input":"required name=search_term_string"}],"inLanguage":"pt-BR"}]}},"_links":{"self":[{"href":"https:\/\/www.manaus.am.gov.br\/semcom\/wp-json\/wp\/v2\/pautas\/210175"}],"collection":[{"href":"https:\/\/www.manaus.am.gov.br\/semcom\/wp-json\/wp\/v2\/pautas"}],"about":[{"href":"https:\/\/www.manaus.am.gov.br\/semcom\/wp-json\/wp\/v2\/types\/pautas"}],"wp:featuredmedia":[{"embeddable":true,"href":"https:\/\/www.manaus.am.gov.br\/semcom\/wp-json\/wp\/v2\/media\/208729"}],"wp:attachment":[{"href":"https:\/\/www.manaus.am.gov.br\/semcom\/wp-json\/wp\/v2\/media?parent=210175"}],"wp:term":[{"taxonomy":"category","embeddable":true,"href":"https:\/\/www.manaus.am.gov.br\/semcom\/wp-json\/wp\/v2\/categories?post=210175"}],"curies":[{"name":"wp","href":"https:\/\/api.w.org\/{rel}","templated":true}]}}

<strong>Prefeitura de Manaus promove lançamento do programa ‘Empreende Manaus’</strong>

<p>O prefeito de Manaus, David Almeida, realiza nesta quarta-feira, 8/3, às 10h, uma coletiva de imprensa para o lançamento do programa ‘Empreende Manaus’, no Casarão da Inovação Cassina, no centro histórico.</p>



<p>O programa, idealizado pela Secretaria Municipal do Trabalho, Empreendedorismo e Inovação (Semtepi), visa beneficiar empreendedores locais com equipamentos para desenvolvimento das suas atividades profissionais.</p>



<p>Entre os grupos que serão atendidos pela ação estão: feirantes, manicures, barbeiros, cabeleireiros, borracheiros, mecânicos, pescadores, pipoqueiros, picolezeiros, vendedores de churrasquinho e cachorro-quente.</p>



<p></p>



<p><strong>SERVIÇO</strong></p>



<p><strong>O quê –&nbsp;</strong>Lançamento do programa ‘Empreende Manaus’</p>



<p><strong>Quando – </strong>Quarta-feira, 8/3</p>



<p><strong>Horário –</strong>&nbsp;10h</p>



<p><strong>Local –</strong>&nbsp;Casarão da Inovação Cassina, localizado na rua Bernardo Ramos, nº 290, Centro, zona Sul</p>

<!-- This site is optimized with the Yoast SEO plugin v23.0 - https://yoast.com/wordpress/plugins/seo/ -->
<title>Prefeitura promove lançamento do programa ‘Empreende Manaus’</title>
<meta name="description" content="O programa, idealizado pela Secretaria Municipal do Trabalho, Empreendedorismo e Inovação (Semtepi), visa beneficiar empreendedores locais com equipamentos para desenvolvimento das suas atividades profissionais." />
<meta name="robots" content="index, follow, max-snippet:-1, max-image-preview:large, max-video-preview:-1" />
<link rel="canonical" href="https://www.manaus.am.gov.br/semcom/pautas/prefeitura-de-manaus-promove-lancamento-do-programa-empreende-manaus/" />
<meta property="og:locale" content="pt_BR" />
<meta property="og:type" content="article" />
<meta property="og:title" content="Prefeitura promove lançamento do programa ‘Empreende Manaus’" />
<meta property="og:description" content="O programa, idealizado pela Secretaria Municipal do Trabalho, Empreendedorismo e Inovação (Semtepi), visa beneficiar empreendedores locais com equipamentos para desenvolvimento das suas atividades profissionais." />
<meta property="og:url" content="https://www.manaus.am.gov.br/semcom/pautas/prefeitura-de-manaus-promove-lancamento-do-programa-empreende-manaus/" />
<meta property="og:site_name" content="SEMCOM" />
<meta property="article:modified_time" content="2023-03-07T23:39:47+00:00" />
<meta property="og:image" content="https://www.manaus.am.gov.br/semcom/wp-content/uploads/sites/5/2023/02/sugestaodepauta.png" />
	<meta property="og:image:width" content="1020" />
	<meta property="og:image:height" content="540" />
	<meta property="og:image:type" content="image/png" />
<meta name="twitter:card" content="summary_large_image" />
<meta name="twitter:label1" content="Est. reading time" />
	<meta name="twitter:data1" content="1 minuto" />
<script type="application/ld+json" class="yoast-schema-graph">{"@context":"https://schema.org","@graph":[{"@type":"WebPage","@id":"https://www.manaus.am.gov.br/semcom/pautas/prefeitura-de-manaus-promove-lancamento-do-programa-empreende-manaus/","url":"https://www.manaus.am.gov.br/semcom/pautas/prefeitura-de-manaus-promove-lancamento-do-programa-empreende-manaus/","name":"Prefeitura promove lançamento do programa ‘Empreende Manaus’","isPartOf":{"@id":"https://www.manaus.am.gov.br/semcom/#website"},"primaryImageOfPage":{"@id":"https://www.manaus.am.gov.br/semcom/pautas/prefeitura-de-manaus-promove-lancamento-do-programa-empreende-manaus/#primaryimage"},"image":{"@id":"https://www.manaus.am.gov.br/semcom/pautas/prefeitura-de-manaus-promove-lancamento-do-programa-empreende-manaus/#primaryimage"},"thumbnailUrl":"https://www.manaus.am.gov.br/semcom/wp-content/uploads/sites/5/2023/02/sugestaodepauta.png","datePublished":"2023-03-07T22:59:25+00:00","dateModified":"2023-03-07T23:39:47+00:00","description":"O programa, idealizado pela Secretaria Municipal do Trabalho, Empreendedorismo e Inovação (Semtepi), visa beneficiar empreendedores locais com equipamentos para desenvolvimento das suas atividades profissionais.","inLanguage":"pt-BR","potentialAction":[{"@type":"ReadAction","target":["https://www.manaus.am.gov.br/semcom/pautas/prefeitura-de-manaus-promove-lancamento-do-programa-empreende-manaus/"]}]},{"@type":"ImageObject","inLanguage":"pt-BR","@id":"https://www.manaus.am.gov.br/semcom/pautas/prefeitura-de-manaus-promove-lancamento-do-programa-empreende-manaus/#primaryimage","url":"https://www.manaus.am.gov.br/semcom/wp-content/uploads/sites/5/2023/02/sugestaodepauta.png","contentUrl":"https://www.manaus.am.gov.br/semcom/wp-content/uploads/sites/5/2023/02/sugestaodepauta.png","width":1020,"height":540},{"@type":"WebSite","@id":"https://www.manaus.am.gov.br/semcom/#website","url":"https://www.manaus.am.gov.br/semcom/","name":"SEMCOM","description":"Secretaria Municipal de Comunicação","potentialAction":[{"@type":"SearchAction","target":{"@type":"EntryPoint","urlTemplate":"https://www.manaus.am.gov.br/semcom/?s={search_term_string}"},"query-input":"required name=search_term_string"}],"inLanguage":"pt-BR"}]}</script>
<!-- / Yoast SEO plugin. -->

Prefeitura promove lançamento do programa ‘Empreende Manaus’

O programa, idealizado pela Secretaria Municipal do Trabalho, Empreendedorismo e Inovação (Semtepi), visa beneficiar empreendedores locais com equipamentos para desenvolvimento das suas atividades profissionais.

Secretaria Municipal de Comunicação
