{"id":210105,"date":"2023-03-06T16:52:09","date_gmt":"2023-03-06T19:52:09","guid":{"rendered":"https:\/\/www.manaus.am.gov.br\/semcom\/?post_type=pautas&#038;p=210105"},"modified":"2023-03-06T16:52:10","modified_gmt":"2023-03-06T19:52:10","slug":"prefeitura-leva-unidade-movel-de-atendimento-psicossocial-a-shopping-de-manaus-em-alusao-ao-dia-internacional-da-mulher","status":"publish","type":"pautas","link":"https:\/\/www.manaus.am.gov.br\/semcom\/pautas\/prefeitura-leva-unidade-movel-de-atendimento-psicossocial-a-shopping-de-manaus-em-alusao-ao-dia-internacional-da-mulher\/","title":{"rendered":"<strong>Prefeitura leva unidade m\u00f3vel de atendimento psicossocial \u00e0 shopping de Manaus em alus\u00e3o ao Dia Internacional da Mulher<\/strong>"},"content":{"rendered":"\n<p>Em alus\u00e3o ao Dia Internacional da Mulher, celebrado mundialmente no dia 8\/3, a Prefeitura de Manaus, por meio da Secretaria Municipal da Mulher, Assist\u00eancia Social e Cidadania (Semasc), em parceria com o Amazonas Shopping, realiza, nesta ter\u00e7a-feira, 7\/3, a a\u00e7\u00e3o \u201c#ElasPodem\u201d de atendimento psicossocial.<\/p>\n\n\n\n<p>Por meio da Unidade M\u00f3vel de Atendimento \u00e0 Mulher, administrada pela Subsecretaria de Pol\u00edticas Afirmativas para Mulheres e Direitos Humanos, as equipes do Centro de Refer\u00eancia dos Direitos da Mulher (CRDM) ofertar\u00e3o servi\u00e7os de atendimento psicol\u00f3gico, atendimento social, Cadastro \u00danico, al\u00e9m de uma roda de conversa com informa\u00e7\u00f5es e orienta\u00e7\u00f5es sobre a Lei Maria da Penha.<\/p>\n\n\n\n<p>Todos os atendimentos ser\u00e3o realizados no estacionamento do Amazonas Shopping, localizado na avenida Djalma Batista, no bairro Parque 10 de Novembro, zona Centro-Sul, a partir das 10h.<\/p>\n\n\n\n<p><strong>SERVI\u00c7O:<\/strong><\/p>\n\n\n\n<p><strong>O qu\u00ea &#8211;&nbsp;<\/strong>A\u00e7\u00e3o \u201c#ElasPodem\u201d em alus\u00e3o ao Dia Internacional da Mulher<\/p>\n\n\n\n<p><strong>Quando &#8211;&nbsp;<\/strong>Ter\u00e7a-feira, 7\/3<\/p>\n\n\n\n<p><strong>Hor\u00e1rio &#8211;&nbsp;<\/strong>10h30<\/p>\n\n\n\n<p><strong>Local &#8211;&nbsp;<\/strong>Amazonas Shopping, avenida Djalma Batista, bairro Parque 10 de Novembro (Estacionamento em frente \u00e0 Cacha\u00e7aria do Ded\u00e9)<\/p>\n","protected":false},"featured_media":208729,"template":"","categories":[802],"acf":[],"yoast_head":"<!-- This site is optimized with the Yoast SEO plugin v23.0 - https:\/\/yoast.com\/wordpress\/plugins\/seo\/ -->\n<title>Prefeitura leva unidade m\u00f3vel de atendimento psicossocial \u00e0 shopping de Manaus em alus\u00e3o ao Dia Internacional da Mulher<\/title>\n<meta name=\"description\" content=\"Em alus\u00e3o ao Dia Internacional da Mulher, celebrado mundialmente no dia 8\/3, a Prefeitura de Manaus, por meio da Secretaria Municipal da Mulher, Assist\u00eancia Social e Cidadania (Semasc), em parceria com o Amazonas Shopping, realiza, nesta ter\u00e7a-feira, 7\/3, a a\u00e7\u00e3o \u201c#ElasPodem\u201d de atendimento psicossocial.\" \/>\n<meta name=\"robots\" content=\"index, follow, max-snippet:-1, max-image-preview:large, max-video-preview:-1\" \/>\n<link rel=\"canonical\" href=\"https:\/\/www.manaus.am.gov.br\/semcom\/pautas\/prefeitura-leva-unidade-movel-de-atendimento-psicossocial-a-shopping-de-manaus-em-alusao-ao-dia-internacional-da-mulher\/\" \/>\n<meta property=\"og:locale\" content=\"pt_BR\" \/>\n<meta property=\"og:type\" content=\"article\" \/>\n<meta property=\"og:title\" content=\"Prefeitura leva unidade m\u00f3vel de atendimento psicossocial \u00e0 shopping de Manaus em alus\u00e3o ao Dia Internacional da Mulher\" \/>\n<meta property=\"og:description\" content=\"Em alus\u00e3o ao Dia Internacional da Mulher, celebrado mundialmente no dia 8\/3, a Prefeitura de Manaus, por meio da Secretaria Municipal da Mulher, Assist\u00eancia Social e Cidadania (Semasc), em parceria com o Amazonas Shopping, realiza, nesta ter\u00e7a-feira, 7\/3, a a\u00e7\u00e3o \u201c#ElasPodem\u201d de atendimento psicossocial.\" \/>\n<meta property=\"og:url\" content=\"https:\/\/www.manaus.am.gov.br\/semcom\/pautas\/prefeitura-leva-unidade-movel-de-atendimento-psicossocial-a-shopping-de-manaus-em-alusao-ao-dia-internacional-da-mulher\/\" \/>\n<meta property=\"og:site_name\" content=\"SEMCOM\" \/>\n<meta property=\"article:modified_time\" content=\"2023-03-06T19:52:10+00:00\" \/>\n<meta property=\"og:image\" content=\"https:\/\/www.manaus.am.gov.br\/semcom\/wp-content\/uploads\/sites\/5\/2023\/02\/sugestaodepauta.png\" \/>\n\t<meta property=\"og:image:width\" content=\"1020\" \/>\n\t<meta property=\"og:image:height\" content=\"540\" \/>\n\t<meta property=\"og:image:type\" content=\"image\/png\" \/>\n<meta name=\"twitter:card\" content=\"summary_large_image\" \/>\n<meta name=\"twitter:label1\" content=\"Est. reading time\" \/>\n\t<meta name=\"twitter:data1\" content=\"1 minuto\" \/>\n<script type=\"application\/ld+json\" class=\"yoast-schema-graph\">{\"@context\":\"https:\/\/schema.org\",\"@graph\":[{\"@type\":\"WebPage\",\"@id\":\"https:\/\/www.manaus.am.gov.br\/semcom\/pautas\/prefeitura-leva-unidade-movel-de-atendimento-psicossocial-a-shopping-de-manaus-em-alusao-ao-dia-internacional-da-mulher\/\",\"url\":\"https:\/\/www.manaus.am.gov.br\/semcom\/pautas\/prefeitura-leva-unidade-movel-de-atendimento-psicossocial-a-shopping-de-manaus-em-alusao-ao-dia-internacional-da-mulher\/\",\"name\":\"Prefeitura leva unidade m\u00f3vel de atendimento psicossocial \u00e0 shopping de Manaus em alus\u00e3o ao Dia Internacional da Mulher\",\"isPartOf\":{\"@id\":\"https:\/\/www.manaus.am.gov.br\/semcom\/#website\"},\"primaryImageOfPage\":{\"@id\":\"https:\/\/www.manaus.am.gov.br\/semcom\/pautas\/prefeitura-leva-unidade-movel-de-atendimento-psicossocial-a-shopping-de-manaus-em-alusao-ao-dia-internacional-da-mulher\/#primaryimage\"},\"image\":{\"@id\":\"https:\/\/www.manaus.am.gov.br\/semcom\/pautas\/prefeitura-leva-unidade-movel-de-atendimento-psicossocial-a-shopping-de-manaus-em-alusao-ao-dia-internacional-da-mulher\/#primaryimage\"},\"thumbnailUrl\":\"https:\/\/www.manaus.am.gov.br\/semcom\/wp-content\/uploads\/sites\/5\/2023\/02\/sugestaodepauta.png\",\"datePublished\":\"2023-03-06T19:52:09+00:00\",\"dateModified\":\"2023-03-06T19:52:10+00:00\",\"description\":\"Em alus\u00e3o ao Dia Internacional da Mulher, celebrado mundialmente no dia 8\/3, a Prefeitura de Manaus, por meio da Secretaria Municipal da Mulher, Assist\u00eancia Social e Cidadania (Semasc), em parceria com o Amazonas Shopping, realiza, nesta ter\u00e7a-feira, 7\/3, a a\u00e7\u00e3o \u201c#ElasPodem\u201d de atendimento psicossocial.\",\"inLanguage\":\"pt-BR\",\"potentialAction\":[{\"@type\":\"ReadAction\",\"target\":[\"https:\/\/www.manaus.am.gov.br\/semcom\/pautas\/prefeitura-leva-unidade-movel-de-atendimento-psicossocial-a-shopping-de-manaus-em-alusao-ao-dia-internacional-da-mulher\/\"]}]},{\"@type\":\"ImageObject\",\"inLanguage\":\"pt-BR\",\"@id\":\"https:\/\/www.manaus.am.gov.br\/semcom\/pautas\/prefeitura-leva-unidade-movel-de-atendimento-psicossocial-a-shopping-de-manaus-em-alusao-ao-dia-internacional-da-mulher\/#primaryimage\",\"url\":\"https:\/\/www.manaus.am.gov.br\/semcom\/wp-content\/uploads\/sites\/5\/2023\/02\/sugestaodepauta.png\",\"contentUrl\":\"https:\/\/www.manaus.am.gov.br\/semcom\/wp-content\/uploads\/sites\/5\/2023\/02\/sugestaodepauta.png\",\"width\":1020,\"height\":540},{\"@type\":\"WebSite\",\"@id\":\"https:\/\/www.manaus.am.gov.br\/semcom\/#website\",\"url\":\"https:\/\/www.manaus.am.gov.br\/semcom\/\",\"name\":\"SEMCOM\",\"description\":\"Secretaria Municipal de Comunica\u00e7\u00e3o\",\"potentialAction\":[{\"@type\":\"SearchAction\",\"target\":{\"@type\":\"EntryPoint\",\"urlTemplate\":\"https:\/\/www.manaus.am.gov.br\/semcom\/?s={search_term_string}\"},\"query-input\":\"required name=search_term_string\"}],\"inLanguage\":\"pt-BR\"}]}<\/script>\n<!-- \/ Yoast SEO plugin. -->","yoast_head_json":{"title":"Prefeitura leva unidade m\u00f3vel de atendimento psicossocial \u00e0 shopping de Manaus em alus\u00e3o ao Dia Internacional da Mulher","description":"Em alus\u00e3o ao Dia Internacional da Mulher, celebrado mundialmente no dia 8\/3, a Prefeitura de Manaus, por meio da Secretaria Municipal da Mulher, Assist\u00eancia Social e Cidadania (Semasc), em parceria com o Amazonas Shopping, realiza, nesta ter\u00e7a-feira, 7\/3, a a\u00e7\u00e3o \u201c#ElasPodem\u201d de atendimento psicossocial.","robots":{"index":"index","follow":"follow","max-snippet":"max-snippet:-1","max-image-preview":"max-image-preview:large","max-video-preview":"max-video-preview:-1"},"canonical":"https:\/\/www.manaus.am.gov.br\/semcom\/pautas\/prefeitura-leva-unidade-movel-de-atendimento-psicossocial-a-shopping-de-manaus-em-alusao-ao-dia-internacional-da-mulher\/","og_locale":"pt_BR","og_type":"article","og_title":"Prefeitura leva unidade m\u00f3vel de atendimento psicossocial \u00e0 shopping de Manaus em alus\u00e3o ao Dia Internacional da Mulher","og_description":"Em alus\u00e3o ao Dia Internacional da Mulher, celebrado mundialmente no dia 8\/3, a Prefeitura de Manaus, por meio da Secretaria Municipal da Mulher, Assist\u00eancia Social e Cidadania (Semasc), em parceria com o Amazonas Shopping, realiza, nesta ter\u00e7a-feira, 7\/3, a a\u00e7\u00e3o \u201c#ElasPodem\u201d de atendimento psicossocial.","og_url":"https:\/\/www.manaus.am.gov.br\/semcom\/pautas\/prefeitura-leva-unidade-movel-de-atendimento-psicossocial-a-shopping-de-manaus-em-alusao-ao-dia-internacional-da-mulher\/","og_site_name":"SEMCOM","article_modified_time":"2023-03-06T19:52:10+00:00","og_image":[{"width":1020,"height":540,"url":"https:\/\/www.manaus.am.gov.br\/semcom\/wp-content\/uploads\/sites\/5\/2023\/02\/sugestaodepauta.png","type":"image\/png"}],"twitter_card":"summary_large_image","twitter_misc":{"Est. reading time":"1 minuto"},"schema":{"@context":"https:\/\/schema.org","@graph":[{"@type":"WebPage","@id":"https:\/\/www.manaus.am.gov.br\/semcom\/pautas\/prefeitura-leva-unidade-movel-de-atendimento-psicossocial-a-shopping-de-manaus-em-alusao-ao-dia-internacional-da-mulher\/","url":"https:\/\/www.manaus.am.gov.br\/semcom\/pautas\/prefeitura-leva-unidade-movel-de-atendimento-psicossocial-a-shopping-de-manaus-em-alusao-ao-dia-internacional-da-mulher\/","name":"Prefeitura leva unidade m\u00f3vel de atendimento psicossocial \u00e0 shopping de Manaus em alus\u00e3o ao Dia Internacional da Mulher","isPartOf":{"@id":"https:\/\/www.manaus.am.gov.br\/semcom\/#website"},"primaryImageOfPage":{"@id":"https:\/\/www.manaus.am.gov.br\/semcom\/pautas\/prefeitura-leva-unidade-movel-de-atendimento-psicossocial-a-shopping-de-manaus-em-alusao-ao-dia-internacional-da-mulher\/#primaryimage"},"image":{"@id":"https:\/\/www.manaus.am.gov.br\/semcom\/pautas\/prefeitura-leva-unidade-movel-de-atendimento-psicossocial-a-shopping-de-manaus-em-alusao-ao-dia-internacional-da-mulher\/#primaryimage"},"thumbnailUrl":"https:\/\/www.manaus.am.gov.br\/semcom\/wp-content\/uploads\/sites\/5\/2023\/02\/sugestaodepauta.png","datePublished":"2023-03-06T19:52:09+00:00","dateModified":"2023-03-06T19:52:10+00:00","description":"Em alus\u00e3o ao Dia Internacional da Mulher, celebrado mundialmente no dia 8\/3, a Prefeitura de Manaus, por meio da Secretaria Municipal da Mulher, Assist\u00eancia Social e Cidadania (Semasc), em parceria com o Amazonas Shopping, realiza, nesta ter\u00e7a-feira, 7\/3, a a\u00e7\u00e3o \u201c#ElasPodem\u201d de atendimento psicossocial.","inLanguage":"pt-BR","potentialAction":[{"@type":"ReadAction","target":["https:\/\/www.manaus.am.gov.br\/semcom\/pautas\/prefeitura-leva-unidade-movel-de-atendimento-psicossocial-a-shopping-de-manaus-em-alusao-ao-dia-internacional-da-mulher\/"]}]},{"@type":"ImageObject","inLanguage":"pt-BR","@id":"https:\/\/www.manaus.am.gov.br\/semcom\/pautas\/prefeitura-leva-unidade-movel-de-atendimento-psicossocial-a-shopping-de-manaus-em-alusao-ao-dia-internacional-da-mulher\/#primaryimage","url":"https:\/\/www.manaus.am.gov.br\/semcom\/wp-content\/uploads\/sites\/5\/2023\/02\/sugestaodepauta.png","contentUrl":"https:\/\/www.manaus.am.gov.br\/semcom\/wp-content\/uploads\/sites\/5\/2023\/02\/sugestaodepauta.png","width":1020,"height":540},{"@type":"WebSite","@id":"https:\/\/www.manaus.am.gov.br\/semcom\/#website","url":"https:\/\/www.manaus.am.gov.br\/semcom\/","name":"SEMCOM","description":"Secretaria Municipal de Comunica\u00e7\u00e3o","potentialAction":[{"@type":"SearchAction","target":{"@type":"EntryPoint","urlTemplate":"https:\/\/www.manaus.am.gov.br\/semcom\/?s={search_term_string}"},"query-input":"required name=search_term_string"}],"inLanguage":"pt-BR"}]}},"_links":{"self":[{"href":"https:\/\/www.manaus.am.gov.br\/semcom\/wp-json\/wp\/v2\/pautas\/210105"}],"collection":[{"href":"https:\/\/www.manaus.am.gov.br\/semcom\/wp-json\/wp\/v2\/pautas"}],"about":[{"href":"https:\/\/www.manaus.am.gov.br\/semcom\/wp-json\/wp\/v2\/types\/pautas"}],"wp:featuredmedia":[{"embeddable":true,"href":"https:\/\/www.manaus.am.gov.br\/semcom\/wp-json\/wp\/v2\/media\/208729"}],"wp:attachment":[{"href":"https:\/\/www.manaus.am.gov.br\/semcom\/wp-json\/wp\/v2\/media?parent=210105"}],"wp:term":[{"taxonomy":"category","embeddable":true,"href":"https:\/\/www.manaus.am.gov.br\/semcom\/wp-json\/wp\/v2\/categories?post=210105"}],"curies":[{"name":"wp","href":"https:\/\/api.w.org\/{rel}","templated":true}]}}

<strong>Prefeitura leva unidade móvel de atendimento psicossocial à shopping de Manaus em alusão ao Dia Internacional da Mulher</strong>

<p>Em alusão ao Dia Internacional da Mulher, celebrado mundialmente no dia 8/3, a Prefeitura de Manaus, por meio da Secretaria Municipal da Mulher, Assistência Social e Cidadania (Semasc), em parceria com o Amazonas Shopping, realiza, nesta terça-feira, 7/3, a ação “#ElasPodem” de atendimento psicossocial.</p>



<p>Por meio da Unidade Móvel de Atendimento à Mulher, administrada pela Subsecretaria de Políticas Afirmativas para Mulheres e Direitos Humanos, as equipes do Centro de Referência dos Direitos da Mulher (CRDM) ofertarão serviços de atendimento psicológico, atendimento social, Cadastro Único, além de uma roda de conversa com informações e orientações sobre a Lei Maria da Penha.</p>



<p>Todos os atendimentos serão realizados no estacionamento do Amazonas Shopping, localizado na avenida Djalma Batista, no bairro Parque 10 de Novembro, zona Centro-Sul, a partir das 10h.</p>



<p><strong>SERVIÇO:</strong></p>



<p><strong>O quê &#8211;&nbsp;</strong>Ação “#ElasPodem” em alusão ao Dia Internacional da Mulher</p>



<p><strong>Quando &#8211;&nbsp;</strong>Terça-feira, 7/3</p>



<p><strong>Horário &#8211;&nbsp;</strong>10h30</p>



<p><strong>Local &#8211;&nbsp;</strong>Amazonas Shopping, avenida Djalma Batista, bairro Parque 10 de Novembro (Estacionamento em frente à Cachaçaria do Dedé)</p>

<!-- This site is optimized with the Yoast SEO plugin v23.0 - https://yoast.com/wordpress/plugins/seo/ -->
<title>Prefeitura leva unidade móvel de atendimento psicossocial à shopping de Manaus em alusão ao Dia Internacional da Mulher</title>
<meta name="description" content="Em alusão ao Dia Internacional da Mulher, celebrado mundialmente no dia 8/3, a Prefeitura de Manaus, por meio da Secretaria Municipal da Mulher, Assistência Social e Cidadania (Semasc), em parceria com o Amazonas Shopping, realiza, nesta terça-feira, 7/3, a ação “#ElasPodem” de atendimento psicossocial." />
<meta name="robots" content="index, follow, max-snippet:-1, max-image-preview:large, max-video-preview:-1" />
<link rel="canonical" href="https://www.manaus.am.gov.br/semcom/pautas/prefeitura-leva-unidade-movel-de-atendimento-psicossocial-a-shopping-de-manaus-em-alusao-ao-dia-internacional-da-mulher/" />
<meta property="og:locale" content="pt_BR" />
<meta property="og:type" content="article" />
<meta property="og:title" content="Prefeitura leva unidade móvel de atendimento psicossocial à shopping de Manaus em alusão ao Dia Internacional da Mulher" />
<meta property="og:description" content="Em alusão ao Dia Internacional da Mulher, celebrado mundialmente no dia 8/3, a Prefeitura de Manaus, por meio da Secretaria Municipal da Mulher, Assistência Social e Cidadania (Semasc), em parceria com o Amazonas Shopping, realiza, nesta terça-feira, 7/3, a ação “#ElasPodem” de atendimento psicossocial." />
<meta property="og:url" content="https://www.manaus.am.gov.br/semcom/pautas/prefeitura-leva-unidade-movel-de-atendimento-psicossocial-a-shopping-de-manaus-em-alusao-ao-dia-internacional-da-mulher/" />
<meta property="og:site_name" content="SEMCOM" />
<meta property="article:modified_time" content="2023-03-06T19:52:10+00:00" />
<meta property="og:image" content="https://www.manaus.am.gov.br/semcom/wp-content/uploads/sites/5/2023/02/sugestaodepauta.png" />
	<meta property="og:image:width" content="1020" />
	<meta property="og:image:height" content="540" />
	<meta property="og:image:type" content="image/png" />
<meta name="twitter:card" content="summary_large_image" />
<meta name="twitter:label1" content="Est. reading time" />
	<meta name="twitter:data1" content="1 minuto" />
<script type="application/ld+json" class="yoast-schema-graph">{"@context":"https://schema.org","@graph":[{"@type":"WebPage","@id":"https://www.manaus.am.gov.br/semcom/pautas/prefeitura-leva-unidade-movel-de-atendimento-psicossocial-a-shopping-de-manaus-em-alusao-ao-dia-internacional-da-mulher/","url":"https://www.manaus.am.gov.br/semcom/pautas/prefeitura-leva-unidade-movel-de-atendimento-psicossocial-a-shopping-de-manaus-em-alusao-ao-dia-internacional-da-mulher/","name":"Prefeitura leva unidade móvel de atendimento psicossocial à shopping de Manaus em alusão ao Dia Internacional da Mulher","isPartOf":{"@id":"https://www.manaus.am.gov.br/semcom/#website"},"primaryImageOfPage":{"@id":"https://www.manaus.am.gov.br/semcom/pautas/prefeitura-leva-unidade-movel-de-atendimento-psicossocial-a-shopping-de-manaus-em-alusao-ao-dia-internacional-da-mulher/#primaryimage"},"image":{"@id":"https://www.manaus.am.gov.br/semcom/pautas/prefeitura-leva-unidade-movel-de-atendimento-psicossocial-a-shopping-de-manaus-em-alusao-ao-dia-internacional-da-mulher/#primaryimage"},"thumbnailUrl":"https://www.manaus.am.gov.br/semcom/wp-content/uploads/sites/5/2023/02/sugestaodepauta.png","datePublished":"2023-03-06T19:52:09+00:00","dateModified":"2023-03-06T19:52:10+00:00","description":"Em alusão ao Dia Internacional da Mulher, celebrado mundialmente no dia 8/3, a Prefeitura de Manaus, por meio da Secretaria Municipal da Mulher, Assistência Social e Cidadania (Semasc), em parceria com o Amazonas Shopping, realiza, nesta terça-feira, 7/3, a ação “#ElasPodem” de atendimento psicossocial.","inLanguage":"pt-BR","potentialAction":[{"@type":"ReadAction","target":["https://www.manaus.am.gov.br/semcom/pautas/prefeitura-leva-unidade-movel-de-atendimento-psicossocial-a-shopping-de-manaus-em-alusao-ao-dia-internacional-da-mulher/"]}]},{"@type":"ImageObject","inLanguage":"pt-BR","@id":"https://www.manaus.am.gov.br/semcom/pautas/prefeitura-leva-unidade-movel-de-atendimento-psicossocial-a-shopping-de-manaus-em-alusao-ao-dia-internacional-da-mulher/#primaryimage","url":"https://www.manaus.am.gov.br/semcom/wp-content/uploads/sites/5/2023/02/sugestaodepauta.png","contentUrl":"https://www.manaus.am.gov.br/semcom/wp-content/uploads/sites/5/2023/02/sugestaodepauta.png","width":1020,"height":540},{"@type":"WebSite","@id":"https://www.manaus.am.gov.br/semcom/#website","url":"https://www.manaus.am.gov.br/semcom/","name":"SEMCOM","description":"Secretaria Municipal de Comunicação","potentialAction":[{"@type":"SearchAction","target":{"@type":"EntryPoint","urlTemplate":"https://www.manaus.am.gov.br/semcom/?s={search_term_string}"},"query-input":"required name=search_term_string"}],"inLanguage":"pt-BR"}]}</script>
<!-- / Yoast SEO plugin. -->

Prefeitura leva unidade móvel de atendimento psicossocial à shopping de Manaus em alusão ao Dia Internacional da Mulher

Em alusão ao Dia Internacional da Mulher, celebrado mundialmente no dia 8/3, a Prefeitura de Manaus, por meio da Secretaria Municipal da Mulher, Assistência Social e Cidadania (Semasc), em parceria com o Amazonas Shopping, realiza, nesta terça-feira, 7/3, a ação “#ElasPodem” de atendimento psicossocial.

Secretaria Municipal de Comunicação
