{"id":209975,"date":"2023-03-03T12:38:55","date_gmt":"2023-03-03T15:38:55","guid":{"rendered":"https:\/\/www.manaus.am.gov.br\/semcom\/?post_type=pautas&#038;p=209975"},"modified":"2023-03-03T12:38:55","modified_gmt":"2023-03-03T15:38:55","slug":"prefeitura-de-manaus-entrega-praca-padre-pedro-vignola-revitalizada","status":"publish","type":"pautas","link":"https:\/\/www.manaus.am.gov.br\/semcom\/pautas\/prefeitura-de-manaus-entrega-praca-padre-pedro-vignola-revitalizada\/","title":{"rendered":"<strong>Prefeitura de Manaus entrega pra\u00e7a Padre Pedro Vignola revitalizada<\/strong>"},"content":{"rendered":"\n<p>O prefeito de Manaus, David Almeida, e o secret\u00e1rio municipal de Limpeza Urbana (Semulsp), Sab\u00e1 Reis, entregam, neste s\u00e1bado, 4\/3, \u00e0s 19h, a reforma da pra\u00e7a Padre Pedro Vignola, na rua Beija-Flor, bairro Cidade Nova, zona Norte da capital. O local foi totalmente revitalizado, ganhando conserto de cal\u00e7adas e meios-fios, servi\u00e7o de paisagismo, constru\u00e7\u00e3o de palco para apresenta\u00e7\u00f5es, pintura e um busto do padre que d\u00e1 nome \u00e0 pra\u00e7a.<\/p>\n\n\n\n<p>&#8212; &#8212; &#8212;<\/p>\n\n\n\n<p><strong>SERVI\u00c7O:<\/strong><\/p>\n\n\n\n<p><strong>O qu\u00ea \u2013&nbsp;<\/strong>Prefeitura entrega pra\u00e7a Padre Pedro Vignola<\/p>\n\n\n\n<p><strong>Quando \u2013<\/strong>&nbsp;S\u00e1bado, 4\/3<\/p>\n\n\n\n<p><strong>Hor\u00e1rio \u2013<\/strong>&nbsp;19h<\/p>\n\n\n\n<p><strong>Local \u2013<\/strong>&nbsp;Pra\u00e7a Padre Pedro Vignola, na rua Beija-Flor, bairro Cidade Nova, zona Norte, pr\u00f3ximo ao Terminal 3<\/p>\n","protected":false},"featured_media":208729,"template":"","categories":[805],"acf":[],"yoast_head":"<!-- This site is optimized with the Yoast SEO plugin v23.0 - https:\/\/yoast.com\/wordpress\/plugins\/seo\/ -->\n<title>Prefeitura de Manaus entrega pra\u00e7a Padre Pedro Vignola revitalizada - SEMCOM<\/title>\n<meta name=\"description\" content=\"O prefeito de Manaus, David Almeida, e o secret\u00e1rio municipal de Limpeza Urbana (Semulsp), Sab\u00e1 Reis, entregam, neste s\u00e1bado, 4\/3, \u00e0s 19h, a reforma da pra\u00e7a Padre Pedro Vignola, na rua Beija-Flor, bairro Cidade Nova, zona Norte da capital.\" \/>\n<meta name=\"robots\" content=\"index, follow, max-snippet:-1, max-image-preview:large, max-video-preview:-1\" \/>\n<link rel=\"canonical\" href=\"https:\/\/www.manaus.am.gov.br\/semcom\/pautas\/prefeitura-de-manaus-entrega-praca-padre-pedro-vignola-revitalizada\/\" \/>\n<meta property=\"og:locale\" content=\"pt_BR\" \/>\n<meta property=\"og:type\" content=\"article\" \/>\n<meta property=\"og:title\" content=\"Prefeitura de Manaus entrega pra\u00e7a Padre Pedro Vignola revitalizada - SEMCOM\" \/>\n<meta property=\"og:description\" content=\"O prefeito de Manaus, David Almeida, e o secret\u00e1rio municipal de Limpeza Urbana (Semulsp), Sab\u00e1 Reis, entregam, neste s\u00e1bado, 4\/3, \u00e0s 19h, a reforma da pra\u00e7a Padre Pedro Vignola, na rua Beija-Flor, bairro Cidade Nova, zona Norte da capital.\" \/>\n<meta property=\"og:url\" content=\"https:\/\/www.manaus.am.gov.br\/semcom\/pautas\/prefeitura-de-manaus-entrega-praca-padre-pedro-vignola-revitalizada\/\" \/>\n<meta property=\"og:site_name\" content=\"SEMCOM\" \/>\n<meta property=\"og:image\" content=\"https:\/\/www.manaus.am.gov.br\/semcom\/wp-content\/uploads\/sites\/5\/2023\/02\/sugestaodepauta.png\" \/>\n\t<meta property=\"og:image:width\" content=\"1020\" \/>\n\t<meta property=\"og:image:height\" content=\"540\" \/>\n\t<meta property=\"og:image:type\" content=\"image\/png\" \/>\n<meta name=\"twitter:card\" content=\"summary_large_image\" \/>\n<meta name=\"twitter:label1\" content=\"Est. reading time\" \/>\n\t<meta name=\"twitter:data1\" content=\"1 minuto\" \/>\n<script type=\"application\/ld+json\" class=\"yoast-schema-graph\">{\"@context\":\"https:\/\/schema.org\",\"@graph\":[{\"@type\":\"WebPage\",\"@id\":\"https:\/\/www.manaus.am.gov.br\/semcom\/pautas\/prefeitura-de-manaus-entrega-praca-padre-pedro-vignola-revitalizada\/\",\"url\":\"https:\/\/www.manaus.am.gov.br\/semcom\/pautas\/prefeitura-de-manaus-entrega-praca-padre-pedro-vignola-revitalizada\/\",\"name\":\"Prefeitura de Manaus entrega pra\u00e7a Padre Pedro Vignola revitalizada - SEMCOM\",\"isPartOf\":{\"@id\":\"https:\/\/www.manaus.am.gov.br\/semcom\/#website\"},\"primaryImageOfPage\":{\"@id\":\"https:\/\/www.manaus.am.gov.br\/semcom\/pautas\/prefeitura-de-manaus-entrega-praca-padre-pedro-vignola-revitalizada\/#primaryimage\"},\"image\":{\"@id\":\"https:\/\/www.manaus.am.gov.br\/semcom\/pautas\/prefeitura-de-manaus-entrega-praca-padre-pedro-vignola-revitalizada\/#primaryimage\"},\"thumbnailUrl\":\"https:\/\/www.manaus.am.gov.br\/semcom\/wp-content\/uploads\/sites\/5\/2023\/02\/sugestaodepauta.png\",\"datePublished\":\"2023-03-03T15:38:55+00:00\",\"dateModified\":\"2023-03-03T15:38:55+00:00\",\"description\":\"O prefeito de Manaus, David Almeida, e o secret\u00e1rio municipal de Limpeza Urbana (Semulsp), Sab\u00e1 Reis, entregam, neste s\u00e1bado, 4\/3, \u00e0s 19h, a reforma da pra\u00e7a Padre Pedro Vignola, na rua Beija-Flor, bairro Cidade Nova, zona Norte da capital.\",\"inLanguage\":\"pt-BR\",\"potentialAction\":[{\"@type\":\"ReadAction\",\"target\":[\"https:\/\/www.manaus.am.gov.br\/semcom\/pautas\/prefeitura-de-manaus-entrega-praca-padre-pedro-vignola-revitalizada\/\"]}]},{\"@type\":\"ImageObject\",\"inLanguage\":\"pt-BR\",\"@id\":\"https:\/\/www.manaus.am.gov.br\/semcom\/pautas\/prefeitura-de-manaus-entrega-praca-padre-pedro-vignola-revitalizada\/#primaryimage\",\"url\":\"https:\/\/www.manaus.am.gov.br\/semcom\/wp-content\/uploads\/sites\/5\/2023\/02\/sugestaodepauta.png\",\"contentUrl\":\"https:\/\/www.manaus.am.gov.br\/semcom\/wp-content\/uploads\/sites\/5\/2023\/02\/sugestaodepauta.png\",\"width\":1020,\"height\":540},{\"@type\":\"WebSite\",\"@id\":\"https:\/\/www.manaus.am.gov.br\/semcom\/#website\",\"url\":\"https:\/\/www.manaus.am.gov.br\/semcom\/\",\"name\":\"SEMCOM\",\"description\":\"Secretaria Municipal de Comunica\u00e7\u00e3o\",\"potentialAction\":[{\"@type\":\"SearchAction\",\"target\":{\"@type\":\"EntryPoint\",\"urlTemplate\":\"https:\/\/www.manaus.am.gov.br\/semcom\/?s={search_term_string}\"},\"query-input\":\"required name=search_term_string\"}],\"inLanguage\":\"pt-BR\"}]}<\/script>\n<!-- \/ Yoast SEO plugin. -->","yoast_head_json":{"title":"Prefeitura de Manaus entrega pra\u00e7a Padre Pedro Vignola revitalizada - SEMCOM","description":"O prefeito de Manaus, David Almeida, e o secret\u00e1rio municipal de Limpeza Urbana (Semulsp), Sab\u00e1 Reis, entregam, neste s\u00e1bado, 4\/3, \u00e0s 19h, a reforma da pra\u00e7a Padre Pedro Vignola, na rua Beija-Flor, bairro Cidade Nova, zona Norte da capital.","robots":{"index":"index","follow":"follow","max-snippet":"max-snippet:-1","max-image-preview":"max-image-preview:large","max-video-preview":"max-video-preview:-1"},"canonical":"https:\/\/www.manaus.am.gov.br\/semcom\/pautas\/prefeitura-de-manaus-entrega-praca-padre-pedro-vignola-revitalizada\/","og_locale":"pt_BR","og_type":"article","og_title":"Prefeitura de Manaus entrega pra\u00e7a Padre Pedro Vignola revitalizada - SEMCOM","og_description":"O prefeito de Manaus, David Almeida, e o secret\u00e1rio municipal de Limpeza Urbana (Semulsp), Sab\u00e1 Reis, entregam, neste s\u00e1bado, 4\/3, \u00e0s 19h, a reforma da pra\u00e7a Padre Pedro Vignola, na rua Beija-Flor, bairro Cidade Nova, zona Norte da capital.","og_url":"https:\/\/www.manaus.am.gov.br\/semcom\/pautas\/prefeitura-de-manaus-entrega-praca-padre-pedro-vignola-revitalizada\/","og_site_name":"SEMCOM","og_image":[{"width":1020,"height":540,"url":"https:\/\/www.manaus.am.gov.br\/semcom\/wp-content\/uploads\/sites\/5\/2023\/02\/sugestaodepauta.png","type":"image\/png"}],"twitter_card":"summary_large_image","twitter_misc":{"Est. reading time":"1 minuto"},"schema":{"@context":"https:\/\/schema.org","@graph":[{"@type":"WebPage","@id":"https:\/\/www.manaus.am.gov.br\/semcom\/pautas\/prefeitura-de-manaus-entrega-praca-padre-pedro-vignola-revitalizada\/","url":"https:\/\/www.manaus.am.gov.br\/semcom\/pautas\/prefeitura-de-manaus-entrega-praca-padre-pedro-vignola-revitalizada\/","name":"Prefeitura de Manaus entrega pra\u00e7a Padre Pedro Vignola revitalizada - SEMCOM","isPartOf":{"@id":"https:\/\/www.manaus.am.gov.br\/semcom\/#website"},"primaryImageOfPage":{"@id":"https:\/\/www.manaus.am.gov.br\/semcom\/pautas\/prefeitura-de-manaus-entrega-praca-padre-pedro-vignola-revitalizada\/#primaryimage"},"image":{"@id":"https:\/\/www.manaus.am.gov.br\/semcom\/pautas\/prefeitura-de-manaus-entrega-praca-padre-pedro-vignola-revitalizada\/#primaryimage"},"thumbnailUrl":"https:\/\/www.manaus.am.gov.br\/semcom\/wp-content\/uploads\/sites\/5\/2023\/02\/sugestaodepauta.png","datePublished":"2023-03-03T15:38:55+00:00","dateModified":"2023-03-03T15:38:55+00:00","description":"O prefeito de Manaus, David Almeida, e o secret\u00e1rio municipal de Limpeza Urbana (Semulsp), Sab\u00e1 Reis, entregam, neste s\u00e1bado, 4\/3, \u00e0s 19h, a reforma da pra\u00e7a Padre Pedro Vignola, na rua Beija-Flor, bairro Cidade Nova, zona Norte da capital.","inLanguage":"pt-BR","potentialAction":[{"@type":"ReadAction","target":["https:\/\/www.manaus.am.gov.br\/semcom\/pautas\/prefeitura-de-manaus-entrega-praca-padre-pedro-vignola-revitalizada\/"]}]},{"@type":"ImageObject","inLanguage":"pt-BR","@id":"https:\/\/www.manaus.am.gov.br\/semcom\/pautas\/prefeitura-de-manaus-entrega-praca-padre-pedro-vignola-revitalizada\/#primaryimage","url":"https:\/\/www.manaus.am.gov.br\/semcom\/wp-content\/uploads\/sites\/5\/2023\/02\/sugestaodepauta.png","contentUrl":"https:\/\/www.manaus.am.gov.br\/semcom\/wp-content\/uploads\/sites\/5\/2023\/02\/sugestaodepauta.png","width":1020,"height":540},{"@type":"WebSite","@id":"https:\/\/www.manaus.am.gov.br\/semcom\/#website","url":"https:\/\/www.manaus.am.gov.br\/semcom\/","name":"SEMCOM","description":"Secretaria Municipal de Comunica\u00e7\u00e3o","potentialAction":[{"@type":"SearchAction","target":{"@type":"EntryPoint","urlTemplate":"https:\/\/www.manaus.am.gov.br\/semcom\/?s={search_term_string}"},"query-input":"required name=search_term_string"}],"inLanguage":"pt-BR"}]}},"_links":{"self":[{"href":"https:\/\/www.manaus.am.gov.br\/semcom\/wp-json\/wp\/v2\/pautas\/209975"}],"collection":[{"href":"https:\/\/www.manaus.am.gov.br\/semcom\/wp-json\/wp\/v2\/pautas"}],"about":[{"href":"https:\/\/www.manaus.am.gov.br\/semcom\/wp-json\/wp\/v2\/types\/pautas"}],"wp:featuredmedia":[{"embeddable":true,"href":"https:\/\/www.manaus.am.gov.br\/semcom\/wp-json\/wp\/v2\/media\/208729"}],"wp:attachment":[{"href":"https:\/\/www.manaus.am.gov.br\/semcom\/wp-json\/wp\/v2\/media?parent=209975"}],"wp:term":[{"taxonomy":"category","embeddable":true,"href":"https:\/\/www.manaus.am.gov.br\/semcom\/wp-json\/wp\/v2\/categories?post=209975"}],"curies":[{"name":"wp","href":"https:\/\/api.w.org\/{rel}","templated":true}]}}

<strong>Prefeitura de Manaus entrega praça Padre Pedro Vignola revitalizada</strong>

<p>O prefeito de Manaus, David Almeida, e o secretário municipal de Limpeza Urbana (Semulsp), Sabá Reis, entregam, neste sábado, 4/3, às 19h, a reforma da praça Padre Pedro Vignola, na rua Beija-Flor, bairro Cidade Nova, zona Norte da capital. O local foi totalmente revitalizado, ganhando conserto de calçadas e meios-fios, serviço de paisagismo, construção de palco para apresentações, pintura e um busto do padre que dá nome à praça.</p>



<p>&#8212; &#8212; &#8212;</p>



<p><strong>SERVIÇO:</strong></p>



<p><strong>O quê –&nbsp;</strong>Prefeitura entrega praça Padre Pedro Vignola</p>



<p><strong>Quando –</strong>&nbsp;Sábado, 4/3</p>



<p><strong>Horário –</strong>&nbsp;19h</p>



<p><strong>Local –</strong>&nbsp;Praça Padre Pedro Vignola, na rua Beija-Flor, bairro Cidade Nova, zona Norte, próximo ao Terminal 3</p>

<!-- This site is optimized with the Yoast SEO plugin v23.0 - https://yoast.com/wordpress/plugins/seo/ -->
<title>Prefeitura de Manaus entrega praça Padre Pedro Vignola revitalizada - SEMCOM</title>
<meta name="description" content="O prefeito de Manaus, David Almeida, e o secretário municipal de Limpeza Urbana (Semulsp), Sabá Reis, entregam, neste sábado, 4/3, às 19h, a reforma da praça Padre Pedro Vignola, na rua Beija-Flor, bairro Cidade Nova, zona Norte da capital." />
<meta name="robots" content="index, follow, max-snippet:-1, max-image-preview:large, max-video-preview:-1" />
<link rel="canonical" href="https://www.manaus.am.gov.br/semcom/pautas/prefeitura-de-manaus-entrega-praca-padre-pedro-vignola-revitalizada/" />
<meta property="og:locale" content="pt_BR" />
<meta property="og:type" content="article" />
<meta property="og:title" content="Prefeitura de Manaus entrega praça Padre Pedro Vignola revitalizada - SEMCOM" />
<meta property="og:description" content="O prefeito de Manaus, David Almeida, e o secretário municipal de Limpeza Urbana (Semulsp), Sabá Reis, entregam, neste sábado, 4/3, às 19h, a reforma da praça Padre Pedro Vignola, na rua Beija-Flor, bairro Cidade Nova, zona Norte da capital." />
<meta property="og:url" content="https://www.manaus.am.gov.br/semcom/pautas/prefeitura-de-manaus-entrega-praca-padre-pedro-vignola-revitalizada/" />
<meta property="og:site_name" content="SEMCOM" />
<meta property="og:image" content="https://www.manaus.am.gov.br/semcom/wp-content/uploads/sites/5/2023/02/sugestaodepauta.png" />
	<meta property="og:image:width" content="1020" />
	<meta property="og:image:height" content="540" />
	<meta property="og:image:type" content="image/png" />
<meta name="twitter:card" content="summary_large_image" />
<meta name="twitter:label1" content="Est. reading time" />
	<meta name="twitter:data1" content="1 minuto" />
<script type="application/ld+json" class="yoast-schema-graph">{"@context":"https://schema.org","@graph":[{"@type":"WebPage","@id":"https://www.manaus.am.gov.br/semcom/pautas/prefeitura-de-manaus-entrega-praca-padre-pedro-vignola-revitalizada/","url":"https://www.manaus.am.gov.br/semcom/pautas/prefeitura-de-manaus-entrega-praca-padre-pedro-vignola-revitalizada/","name":"Prefeitura de Manaus entrega praça Padre Pedro Vignola revitalizada - SEMCOM","isPartOf":{"@id":"https://www.manaus.am.gov.br/semcom/#website"},"primaryImageOfPage":{"@id":"https://www.manaus.am.gov.br/semcom/pautas/prefeitura-de-manaus-entrega-praca-padre-pedro-vignola-revitalizada/#primaryimage"},"image":{"@id":"https://www.manaus.am.gov.br/semcom/pautas/prefeitura-de-manaus-entrega-praca-padre-pedro-vignola-revitalizada/#primaryimage"},"thumbnailUrl":"https://www.manaus.am.gov.br/semcom/wp-content/uploads/sites/5/2023/02/sugestaodepauta.png","datePublished":"2023-03-03T15:38:55+00:00","dateModified":"2023-03-03T15:38:55+00:00","description":"O prefeito de Manaus, David Almeida, e o secretário municipal de Limpeza Urbana (Semulsp), Sabá Reis, entregam, neste sábado, 4/3, às 19h, a reforma da praça Padre Pedro Vignola, na rua Beija-Flor, bairro Cidade Nova, zona Norte da capital.","inLanguage":"pt-BR","potentialAction":[{"@type":"ReadAction","target":["https://www.manaus.am.gov.br/semcom/pautas/prefeitura-de-manaus-entrega-praca-padre-pedro-vignola-revitalizada/"]}]},{"@type":"ImageObject","inLanguage":"pt-BR","@id":"https://www.manaus.am.gov.br/semcom/pautas/prefeitura-de-manaus-entrega-praca-padre-pedro-vignola-revitalizada/#primaryimage","url":"https://www.manaus.am.gov.br/semcom/wp-content/uploads/sites/5/2023/02/sugestaodepauta.png","contentUrl":"https://www.manaus.am.gov.br/semcom/wp-content/uploads/sites/5/2023/02/sugestaodepauta.png","width":1020,"height":540},{"@type":"WebSite","@id":"https://www.manaus.am.gov.br/semcom/#website","url":"https://www.manaus.am.gov.br/semcom/","name":"SEMCOM","description":"Secretaria Municipal de Comunicação","potentialAction":[{"@type":"SearchAction","target":{"@type":"EntryPoint","urlTemplate":"https://www.manaus.am.gov.br/semcom/?s={search_term_string}"},"query-input":"required name=search_term_string"}],"inLanguage":"pt-BR"}]}</script>
<!-- / Yoast SEO plugin. -->

Prefeitura de Manaus entrega praça Padre Pedro Vignola revitalizada - SEMCOM

O prefeito de Manaus, David Almeida, e o secretário municipal de Limpeza Urbana (Semulsp), Sabá Reis, entregam, neste sábado, 4/3, às 19h, a reforma da praça Padre Pedro Vignola, na rua Beija-Flor, bairro Cidade Nova, zona Norte da capital.

Secretaria Municipal de Comunicação
