{"id":209950,"date":"2023-03-02T21:36:10","date_gmt":"2023-03-03T00:36:10","guid":{"rendered":"https:\/\/www.manaus.am.gov.br\/semcom\/?post_type=pautas&#038;p=209950"},"modified":"2023-03-02T21:36:10","modified_gmt":"2023-03-03T00:36:10","slug":"prefeitura-de-manaus-entrega-trecho-da-colonia-oliveira-machado-pavimentado-em-concreto","status":"publish","type":"pautas","link":"https:\/\/www.manaus.am.gov.br\/semcom\/pautas\/prefeitura-de-manaus-entrega-trecho-da-colonia-oliveira-machado-pavimentado-em-concreto\/","title":{"rendered":"<strong>Prefeitura de Manaus entrega trecho da Col\u00f4nia Oliveira Machado pavimentado em concreto<\/strong>"},"content":{"rendered":"\n<p>O prefeito de Manaus, David Almeida, e o titular da Secretaria Municipal de Infraestrutura (Seminf), Renato J\u00fanior, entrega, \u00e0s 8h, desta sexta-feira, 3\/3, o trecho constru\u00eddo em pavimento r\u00edgido no entroncamento entre a avenida Rodrigo Ot\u00e1vio e a avenida Presidente Kennedy, no bairro Col\u00f4nia Oliveira Machado, zona Sul.<\/p>\n\n\n\n<p>A engenharia da Seminf detectou que os afundamentos na \u00e1rea eram causados pela fragilidade do antigo pavimento, feito apenas de asfalto. Por isso, a secretaria providenciou de imediato a pavimenta\u00e7\u00e3o em concreto, de modo que a via, agora, possa suportar o peso das carretas.<\/p>\n\n\n\n<p>A obra foi executada em tr\u00eas etapas, para n\u00e3o causar transtornos ao tr\u00e2nsito. As equipes finalizaram a revitaliza\u00e7\u00e3o do entorno, com a recupera\u00e7\u00e3o de cal\u00e7adas, meio-fio e sarjeta. Todo o trecho est\u00e1 sendo sinalizado pelo Instituto Municipal de Mobilidade Urbana (IMMU).<\/p>\n\n\n\n<p><strong>SERVI\u00c7O<\/strong><\/p>\n\n\n\n<p><strong>O qu\u00ea &#8211;<\/strong> Prefeito David Almeida entrega via pavimentada em concreto no Col\u00f4nia Oliveira Machado<\/p>\n\n\n\n<p><strong>Quando &#8211;<\/strong> Sexta-feira, 3\/3<\/p>\n\n\n\n<p><strong>Hor\u00e1rio &#8211;<\/strong> 8h30<\/p>\n\n\n\n<p><strong>Local &#8211;<\/strong> Entroncamento entre a avenida Rodrigo Ot\u00e1vio e a avenida Presidente Kennedy, no bairro Col\u00f4nia Oliveira Machado.<\/p>\n","protected":false},"featured_media":208729,"template":"","categories":[809],"acf":[],"yoast_head":"<!-- This site is optimized with the Yoast SEO plugin v23.0 - https:\/\/yoast.com\/wordpress\/plugins\/seo\/ -->\n<title>Prefeitura entrega trecho da Col\u00f4nia Oliveira Machado<\/title>\n<meta name=\"description\" content=\"A obra foi executada em tr\u00eas etapas. As equipes finalizaram a revitaliza\u00e7\u00e3o com a recupera\u00e7\u00e3o de cal\u00e7adas, meio-fio e sarjeta.\" \/>\n<meta name=\"robots\" content=\"index, follow, max-snippet:-1, max-image-preview:large, max-video-preview:-1\" \/>\n<link rel=\"canonical\" href=\"https:\/\/www.manaus.am.gov.br\/semcom\/pautas\/prefeitura-de-manaus-entrega-trecho-da-colonia-oliveira-machado-pavimentado-em-concreto\/\" \/>\n<meta property=\"og:locale\" content=\"pt_BR\" \/>\n<meta property=\"og:type\" content=\"article\" \/>\n<meta property=\"og:title\" content=\"Prefeitura entrega trecho da Col\u00f4nia Oliveira Machado\" \/>\n<meta property=\"og:description\" content=\"A obra foi executada em tr\u00eas etapas. As equipes finalizaram a revitaliza\u00e7\u00e3o com a recupera\u00e7\u00e3o de cal\u00e7adas, meio-fio e sarjeta.\" \/>\n<meta property=\"og:url\" content=\"https:\/\/www.manaus.am.gov.br\/semcom\/pautas\/prefeitura-de-manaus-entrega-trecho-da-colonia-oliveira-machado-pavimentado-em-concreto\/\" \/>\n<meta property=\"og:site_name\" content=\"SEMCOM\" \/>\n<meta property=\"og:image\" content=\"https:\/\/www.manaus.am.gov.br\/semcom\/wp-content\/uploads\/sites\/5\/2023\/02\/sugestaodepauta.png\" \/>\n\t<meta property=\"og:image:width\" content=\"1020\" \/>\n\t<meta property=\"og:image:height\" content=\"540\" \/>\n\t<meta property=\"og:image:type\" content=\"image\/png\" \/>\n<meta name=\"twitter:card\" content=\"summary_large_image\" \/>\n<meta name=\"twitter:label1\" content=\"Est. reading time\" \/>\n\t<meta name=\"twitter:data1\" content=\"1 minuto\" \/>\n<script type=\"application\/ld+json\" class=\"yoast-schema-graph\">{\"@context\":\"https:\/\/schema.org\",\"@graph\":[{\"@type\":\"WebPage\",\"@id\":\"https:\/\/www.manaus.am.gov.br\/semcom\/pautas\/prefeitura-de-manaus-entrega-trecho-da-colonia-oliveira-machado-pavimentado-em-concreto\/\",\"url\":\"https:\/\/www.manaus.am.gov.br\/semcom\/pautas\/prefeitura-de-manaus-entrega-trecho-da-colonia-oliveira-machado-pavimentado-em-concreto\/\",\"name\":\"Prefeitura entrega trecho da Col\u00f4nia Oliveira Machado\",\"isPartOf\":{\"@id\":\"https:\/\/www.manaus.am.gov.br\/semcom\/#website\"},\"primaryImageOfPage\":{\"@id\":\"https:\/\/www.manaus.am.gov.br\/semcom\/pautas\/prefeitura-de-manaus-entrega-trecho-da-colonia-oliveira-machado-pavimentado-em-concreto\/#primaryimage\"},\"image\":{\"@id\":\"https:\/\/www.manaus.am.gov.br\/semcom\/pautas\/prefeitura-de-manaus-entrega-trecho-da-colonia-oliveira-machado-pavimentado-em-concreto\/#primaryimage\"},\"thumbnailUrl\":\"https:\/\/www.manaus.am.gov.br\/semcom\/wp-content\/uploads\/sites\/5\/2023\/02\/sugestaodepauta.png\",\"datePublished\":\"2023-03-03T00:36:10+00:00\",\"dateModified\":\"2023-03-03T00:36:10+00:00\",\"description\":\"A obra foi executada em tr\u00eas etapas. As equipes finalizaram a revitaliza\u00e7\u00e3o com a recupera\u00e7\u00e3o de cal\u00e7adas, meio-fio e sarjeta.\",\"inLanguage\":\"pt-BR\",\"potentialAction\":[{\"@type\":\"ReadAction\",\"target\":[\"https:\/\/www.manaus.am.gov.br\/semcom\/pautas\/prefeitura-de-manaus-entrega-trecho-da-colonia-oliveira-machado-pavimentado-em-concreto\/\"]}]},{\"@type\":\"ImageObject\",\"inLanguage\":\"pt-BR\",\"@id\":\"https:\/\/www.manaus.am.gov.br\/semcom\/pautas\/prefeitura-de-manaus-entrega-trecho-da-colonia-oliveira-machado-pavimentado-em-concreto\/#primaryimage\",\"url\":\"https:\/\/www.manaus.am.gov.br\/semcom\/wp-content\/uploads\/sites\/5\/2023\/02\/sugestaodepauta.png\",\"contentUrl\":\"https:\/\/www.manaus.am.gov.br\/semcom\/wp-content\/uploads\/sites\/5\/2023\/02\/sugestaodepauta.png\",\"width\":1020,\"height\":540},{\"@type\":\"WebSite\",\"@id\":\"https:\/\/www.manaus.am.gov.br\/semcom\/#website\",\"url\":\"https:\/\/www.manaus.am.gov.br\/semcom\/\",\"name\":\"SEMCOM\",\"description\":\"Secretaria Municipal de Comunica\u00e7\u00e3o\",\"potentialAction\":[{\"@type\":\"SearchAction\",\"target\":{\"@type\":\"EntryPoint\",\"urlTemplate\":\"https:\/\/www.manaus.am.gov.br\/semcom\/?s={search_term_string}\"},\"query-input\":\"required name=search_term_string\"}],\"inLanguage\":\"pt-BR\"}]}<\/script>\n<!-- \/ Yoast SEO plugin. -->","yoast_head_json":{"title":"Prefeitura entrega trecho da Col\u00f4nia Oliveira Machado","description":"A obra foi executada em tr\u00eas etapas. As equipes finalizaram a revitaliza\u00e7\u00e3o com a recupera\u00e7\u00e3o de cal\u00e7adas, meio-fio e sarjeta.","robots":{"index":"index","follow":"follow","max-snippet":"max-snippet:-1","max-image-preview":"max-image-preview:large","max-video-preview":"max-video-preview:-1"},"canonical":"https:\/\/www.manaus.am.gov.br\/semcom\/pautas\/prefeitura-de-manaus-entrega-trecho-da-colonia-oliveira-machado-pavimentado-em-concreto\/","og_locale":"pt_BR","og_type":"article","og_title":"Prefeitura entrega trecho da Col\u00f4nia Oliveira Machado","og_description":"A obra foi executada em tr\u00eas etapas. As equipes finalizaram a revitaliza\u00e7\u00e3o com a recupera\u00e7\u00e3o de cal\u00e7adas, meio-fio e sarjeta.","og_url":"https:\/\/www.manaus.am.gov.br\/semcom\/pautas\/prefeitura-de-manaus-entrega-trecho-da-colonia-oliveira-machado-pavimentado-em-concreto\/","og_site_name":"SEMCOM","og_image":[{"width":1020,"height":540,"url":"https:\/\/www.manaus.am.gov.br\/semcom\/wp-content\/uploads\/sites\/5\/2023\/02\/sugestaodepauta.png","type":"image\/png"}],"twitter_card":"summary_large_image","twitter_misc":{"Est. reading time":"1 minuto"},"schema":{"@context":"https:\/\/schema.org","@graph":[{"@type":"WebPage","@id":"https:\/\/www.manaus.am.gov.br\/semcom\/pautas\/prefeitura-de-manaus-entrega-trecho-da-colonia-oliveira-machado-pavimentado-em-concreto\/","url":"https:\/\/www.manaus.am.gov.br\/semcom\/pautas\/prefeitura-de-manaus-entrega-trecho-da-colonia-oliveira-machado-pavimentado-em-concreto\/","name":"Prefeitura entrega trecho da Col\u00f4nia Oliveira Machado","isPartOf":{"@id":"https:\/\/www.manaus.am.gov.br\/semcom\/#website"},"primaryImageOfPage":{"@id":"https:\/\/www.manaus.am.gov.br\/semcom\/pautas\/prefeitura-de-manaus-entrega-trecho-da-colonia-oliveira-machado-pavimentado-em-concreto\/#primaryimage"},"image":{"@id":"https:\/\/www.manaus.am.gov.br\/semcom\/pautas\/prefeitura-de-manaus-entrega-trecho-da-colonia-oliveira-machado-pavimentado-em-concreto\/#primaryimage"},"thumbnailUrl":"https:\/\/www.manaus.am.gov.br\/semcom\/wp-content\/uploads\/sites\/5\/2023\/02\/sugestaodepauta.png","datePublished":"2023-03-03T00:36:10+00:00","dateModified":"2023-03-03T00:36:10+00:00","description":"A obra foi executada em tr\u00eas etapas. As equipes finalizaram a revitaliza\u00e7\u00e3o com a recupera\u00e7\u00e3o de cal\u00e7adas, meio-fio e sarjeta.","inLanguage":"pt-BR","potentialAction":[{"@type":"ReadAction","target":["https:\/\/www.manaus.am.gov.br\/semcom\/pautas\/prefeitura-de-manaus-entrega-trecho-da-colonia-oliveira-machado-pavimentado-em-concreto\/"]}]},{"@type":"ImageObject","inLanguage":"pt-BR","@id":"https:\/\/www.manaus.am.gov.br\/semcom\/pautas\/prefeitura-de-manaus-entrega-trecho-da-colonia-oliveira-machado-pavimentado-em-concreto\/#primaryimage","url":"https:\/\/www.manaus.am.gov.br\/semcom\/wp-content\/uploads\/sites\/5\/2023\/02\/sugestaodepauta.png","contentUrl":"https:\/\/www.manaus.am.gov.br\/semcom\/wp-content\/uploads\/sites\/5\/2023\/02\/sugestaodepauta.png","width":1020,"height":540},{"@type":"WebSite","@id":"https:\/\/www.manaus.am.gov.br\/semcom\/#website","url":"https:\/\/www.manaus.am.gov.br\/semcom\/","name":"SEMCOM","description":"Secretaria Municipal de Comunica\u00e7\u00e3o","potentialAction":[{"@type":"SearchAction","target":{"@type":"EntryPoint","urlTemplate":"https:\/\/www.manaus.am.gov.br\/semcom\/?s={search_term_string}"},"query-input":"required name=search_term_string"}],"inLanguage":"pt-BR"}]}},"_links":{"self":[{"href":"https:\/\/www.manaus.am.gov.br\/semcom\/wp-json\/wp\/v2\/pautas\/209950"}],"collection":[{"href":"https:\/\/www.manaus.am.gov.br\/semcom\/wp-json\/wp\/v2\/pautas"}],"about":[{"href":"https:\/\/www.manaus.am.gov.br\/semcom\/wp-json\/wp\/v2\/types\/pautas"}],"wp:featuredmedia":[{"embeddable":true,"href":"https:\/\/www.manaus.am.gov.br\/semcom\/wp-json\/wp\/v2\/media\/208729"}],"wp:attachment":[{"href":"https:\/\/www.manaus.am.gov.br\/semcom\/wp-json\/wp\/v2\/media?parent=209950"}],"wp:term":[{"taxonomy":"category","embeddable":true,"href":"https:\/\/www.manaus.am.gov.br\/semcom\/wp-json\/wp\/v2\/categories?post=209950"}],"curies":[{"name":"wp","href":"https:\/\/api.w.org\/{rel}","templated":true}]}}

<strong>Prefeitura de Manaus entrega trecho da Colônia Oliveira Machado pavimentado em concreto</strong>

<p>O prefeito de Manaus, David Almeida, e o titular da Secretaria Municipal de Infraestrutura (Seminf), Renato Júnior, entrega, às 8h, desta sexta-feira, 3/3, o trecho construído em pavimento rígido no entroncamento entre a avenida Rodrigo Otávio e a avenida Presidente Kennedy, no bairro Colônia Oliveira Machado, zona Sul.</p>



<p>A engenharia da Seminf detectou que os afundamentos na área eram causados pela fragilidade do antigo pavimento, feito apenas de asfalto. Por isso, a secretaria providenciou de imediato a pavimentação em concreto, de modo que a via, agora, possa suportar o peso das carretas.</p>



<p>A obra foi executada em três etapas, para não causar transtornos ao trânsito. As equipes finalizaram a revitalização do entorno, com a recuperação de calçadas, meio-fio e sarjeta. Todo o trecho está sendo sinalizado pelo Instituto Municipal de Mobilidade Urbana (IMMU).</p>



<p><strong>SERVIÇO</strong></p>



<p><strong>O quê &#8211;</strong> Prefeito David Almeida entrega via pavimentada em concreto no Colônia Oliveira Machado</p>



<p><strong>Quando &#8211;</strong> Sexta-feira, 3/3</p>



<p><strong>Horário &#8211;</strong> 8h30</p>



<p><strong>Local &#8211;</strong> Entroncamento entre a avenida Rodrigo Otávio e a avenida Presidente Kennedy, no bairro Colônia Oliveira Machado.</p>

<!-- This site is optimized with the Yoast SEO plugin v23.0 - https://yoast.com/wordpress/plugins/seo/ -->
<title>Prefeitura entrega trecho da Colônia Oliveira Machado</title>
<meta name="description" content="A obra foi executada em três etapas. As equipes finalizaram a revitalização com a recuperação de calçadas, meio-fio e sarjeta." />
<meta name="robots" content="index, follow, max-snippet:-1, max-image-preview:large, max-video-preview:-1" />
<link rel="canonical" href="https://www.manaus.am.gov.br/semcom/pautas/prefeitura-de-manaus-entrega-trecho-da-colonia-oliveira-machado-pavimentado-em-concreto/" />
<meta property="og:locale" content="pt_BR" />
<meta property="og:type" content="article" />
<meta property="og:title" content="Prefeitura entrega trecho da Colônia Oliveira Machado" />
<meta property="og:description" content="A obra foi executada em três etapas. As equipes finalizaram a revitalização com a recuperação de calçadas, meio-fio e sarjeta." />
<meta property="og:url" content="https://www.manaus.am.gov.br/semcom/pautas/prefeitura-de-manaus-entrega-trecho-da-colonia-oliveira-machado-pavimentado-em-concreto/" />
<meta property="og:site_name" content="SEMCOM" />
<meta property="og:image" content="https://www.manaus.am.gov.br/semcom/wp-content/uploads/sites/5/2023/02/sugestaodepauta.png" />
	<meta property="og:image:width" content="1020" />
	<meta property="og:image:height" content="540" />
	<meta property="og:image:type" content="image/png" />
<meta name="twitter:card" content="summary_large_image" />
<meta name="twitter:label1" content="Est. reading time" />
	<meta name="twitter:data1" content="1 minuto" />
<script type="application/ld+json" class="yoast-schema-graph">{"@context":"https://schema.org","@graph":[{"@type":"WebPage","@id":"https://www.manaus.am.gov.br/semcom/pautas/prefeitura-de-manaus-entrega-trecho-da-colonia-oliveira-machado-pavimentado-em-concreto/","url":"https://www.manaus.am.gov.br/semcom/pautas/prefeitura-de-manaus-entrega-trecho-da-colonia-oliveira-machado-pavimentado-em-concreto/","name":"Prefeitura entrega trecho da Colônia Oliveira Machado","isPartOf":{"@id":"https://www.manaus.am.gov.br/semcom/#website"},"primaryImageOfPage":{"@id":"https://www.manaus.am.gov.br/semcom/pautas/prefeitura-de-manaus-entrega-trecho-da-colonia-oliveira-machado-pavimentado-em-concreto/#primaryimage"},"image":{"@id":"https://www.manaus.am.gov.br/semcom/pautas/prefeitura-de-manaus-entrega-trecho-da-colonia-oliveira-machado-pavimentado-em-concreto/#primaryimage"},"thumbnailUrl":"https://www.manaus.am.gov.br/semcom/wp-content/uploads/sites/5/2023/02/sugestaodepauta.png","datePublished":"2023-03-03T00:36:10+00:00","dateModified":"2023-03-03T00:36:10+00:00","description":"A obra foi executada em três etapas. As equipes finalizaram a revitalização com a recuperação de calçadas, meio-fio e sarjeta.","inLanguage":"pt-BR","potentialAction":[{"@type":"ReadAction","target":["https://www.manaus.am.gov.br/semcom/pautas/prefeitura-de-manaus-entrega-trecho-da-colonia-oliveira-machado-pavimentado-em-concreto/"]}]},{"@type":"ImageObject","inLanguage":"pt-BR","@id":"https://www.manaus.am.gov.br/semcom/pautas/prefeitura-de-manaus-entrega-trecho-da-colonia-oliveira-machado-pavimentado-em-concreto/#primaryimage","url":"https://www.manaus.am.gov.br/semcom/wp-content/uploads/sites/5/2023/02/sugestaodepauta.png","contentUrl":"https://www.manaus.am.gov.br/semcom/wp-content/uploads/sites/5/2023/02/sugestaodepauta.png","width":1020,"height":540},{"@type":"WebSite","@id":"https://www.manaus.am.gov.br/semcom/#website","url":"https://www.manaus.am.gov.br/semcom/","name":"SEMCOM","description":"Secretaria Municipal de Comunicação","potentialAction":[{"@type":"SearchAction","target":{"@type":"EntryPoint","urlTemplate":"https://www.manaus.am.gov.br/semcom/?s={search_term_string}"},"query-input":"required name=search_term_string"}],"inLanguage":"pt-BR"}]}</script>
<!-- / Yoast SEO plugin. -->

Prefeitura entrega trecho da Colônia Oliveira Machado

A obra foi executada em três etapas. As equipes finalizaram a revitalização com a recuperação de calçadas, meio-fio e sarjeta.

Secretaria Municipal de Comunicação
