{"id":209529,"date":"2023-02-22T22:25:07","date_gmt":"2023-02-23T01:25:07","guid":{"rendered":"https:\/\/www.manaus.am.gov.br\/semcom\/?post_type=pautas&#038;p=209529"},"modified":"2023-03-03T12:35:57","modified_gmt":"2023-03-03T15:35:57","slug":"prefeito-david-almeida-antecipa-prazo-e-entrega-avenida-djalma-batista-asfaltada","status":"publish","type":"pautas","link":"https:\/\/www.manaus.am.gov.br\/semcom\/pautas\/prefeito-david-almeida-antecipa-prazo-e-entrega-avenida-djalma-batista-asfaltada\/","title":{"rendered":"Prefeito David Almeida antecipa prazo e entrega avenida Djalma Batista asfaltada"},"content":{"rendered":"\n<p>A Prefeitura de Manaus, por meio da Secretaria Municipal de Infraestrutura (Seminf), conclui a interven\u00e7\u00e3o estrutural na avenida Djalma Batista. \u00c0s 11h desta quinta-feira, 23\/2, o prefeito David Almeida entrega o trecho liberado para o fluxo de ve\u00edculos. Os trabalhos seguem agora para a etapa de confec\u00e7\u00e3o de drenagem superficial, com a feitura de meio-fio, cal\u00e7ada e sarjeta.&nbsp;<\/p>\n\n\n\n<p>O prefeito David Almeida, junto ao secret\u00e1rio de Obras Renato Junior, far\u00e1 vistoria do trecho \u00e0s 11h, e, na ocasi\u00e3o, concedem entrevista aos ve\u00edculos de comunica\u00e7\u00e3o sobre os procedimentos adotados durante a interven\u00e7\u00e3o e a marca hist\u00f3rica de entrega de uma grande obra em apenas uma semana.&nbsp;<\/p>\n\n\n\n<p><strong>SERVI\u00c7O<\/strong><\/p>\n\n\n\n<p><strong>O qu\u00ea<\/strong> &#8211; Prefeito David Almeida entrega avenida Djalma Batista de volta ao tr\u00e2nsito de ve\u00edculos.&nbsp;<\/p>\n\n\n\n<p><strong>Quando<\/strong> &#8211; Quinta-feira, 23\/2<\/p>\n\n\n\n<p><strong>Hor\u00e1rio<\/strong> &#8211; 11h<\/p>\n\n\n\n<p><strong>Local<\/strong> &#8211; Canteiro de obras da Seminf na avenida Djalma Batista, pr\u00f3ximo \u00e0 entrada do Conjunto Eldorado<\/p>\n","protected":false},"featured_media":208729,"template":"","categories":[809],"acf":[],"yoast_head":"<!-- This site is optimized with the Yoast SEO plugin v23.0 - https:\/\/yoast.com\/wordpress\/plugins\/seo\/ -->\n<title>Prefeito David Almeida antecipa prazo e entrega avenida Djalma Batista asfaltada<\/title>\n<meta name=\"description\" content=\"A Prefeitura de Manaus, por meio da Secretaria Municipal de Infraestrutura (Seminf), conclui a interven\u00e7\u00e3o estrutural na avenida Djalma Batista\" \/>\n<meta name=\"robots\" content=\"index, follow, max-snippet:-1, max-image-preview:large, max-video-preview:-1\" \/>\n<link rel=\"canonical\" href=\"https:\/\/www.manaus.am.gov.br\/semcom\/pautas\/prefeito-david-almeida-antecipa-prazo-e-entrega-avenida-djalma-batista-asfaltada\/\" \/>\n<meta property=\"og:locale\" content=\"pt_BR\" \/>\n<meta property=\"og:type\" content=\"article\" \/>\n<meta property=\"og:title\" content=\"Prefeito David Almeida antecipa prazo e entrega avenida Djalma Batista asfaltada\" \/>\n<meta property=\"og:description\" content=\"A Prefeitura de Manaus, por meio da Secretaria Municipal de Infraestrutura (Seminf), conclui a interven\u00e7\u00e3o estrutural na avenida Djalma Batista\" \/>\n<meta property=\"og:url\" content=\"https:\/\/www.manaus.am.gov.br\/semcom\/pautas\/prefeito-david-almeida-antecipa-prazo-e-entrega-avenida-djalma-batista-asfaltada\/\" \/>\n<meta property=\"og:site_name\" content=\"SEMCOM\" \/>\n<meta property=\"article:modified_time\" content=\"2023-03-03T15:35:57+00:00\" \/>\n<meta property=\"og:image\" content=\"https:\/\/www.manaus.am.gov.br\/semcom\/wp-content\/uploads\/sites\/5\/2023\/02\/sugestaodepauta.png\" \/>\n\t<meta property=\"og:image:width\" content=\"1020\" \/>\n\t<meta property=\"og:image:height\" content=\"540\" \/>\n\t<meta property=\"og:image:type\" content=\"image\/png\" \/>\n<meta name=\"twitter:card\" content=\"summary_large_image\" \/>\n<meta name=\"twitter:label1\" content=\"Est. reading time\" \/>\n\t<meta name=\"twitter:data1\" content=\"1 minuto\" \/>\n<script type=\"application\/ld+json\" class=\"yoast-schema-graph\">{\"@context\":\"https:\/\/schema.org\",\"@graph\":[{\"@type\":\"WebPage\",\"@id\":\"https:\/\/www.manaus.am.gov.br\/semcom\/pautas\/prefeito-david-almeida-antecipa-prazo-e-entrega-avenida-djalma-batista-asfaltada\/\",\"url\":\"https:\/\/www.manaus.am.gov.br\/semcom\/pautas\/prefeito-david-almeida-antecipa-prazo-e-entrega-avenida-djalma-batista-asfaltada\/\",\"name\":\"Prefeito David Almeida antecipa prazo e entrega avenida Djalma Batista asfaltada\",\"isPartOf\":{\"@id\":\"https:\/\/www.manaus.am.gov.br\/semcom\/#website\"},\"primaryImageOfPage\":{\"@id\":\"https:\/\/www.manaus.am.gov.br\/semcom\/pautas\/prefeito-david-almeida-antecipa-prazo-e-entrega-avenida-djalma-batista-asfaltada\/#primaryimage\"},\"image\":{\"@id\":\"https:\/\/www.manaus.am.gov.br\/semcom\/pautas\/prefeito-david-almeida-antecipa-prazo-e-entrega-avenida-djalma-batista-asfaltada\/#primaryimage\"},\"thumbnailUrl\":\"https:\/\/www.manaus.am.gov.br\/semcom\/wp-content\/uploads\/sites\/5\/2023\/02\/sugestaodepauta.png\",\"datePublished\":\"2023-02-23T01:25:07+00:00\",\"dateModified\":\"2023-03-03T15:35:57+00:00\",\"description\":\"A Prefeitura de Manaus, por meio da Secretaria Municipal de Infraestrutura (Seminf), conclui a interven\u00e7\u00e3o estrutural na avenida Djalma Batista\",\"inLanguage\":\"pt-BR\",\"potentialAction\":[{\"@type\":\"ReadAction\",\"target\":[\"https:\/\/www.manaus.am.gov.br\/semcom\/pautas\/prefeito-david-almeida-antecipa-prazo-e-entrega-avenida-djalma-batista-asfaltada\/\"]}]},{\"@type\":\"ImageObject\",\"inLanguage\":\"pt-BR\",\"@id\":\"https:\/\/www.manaus.am.gov.br\/semcom\/pautas\/prefeito-david-almeida-antecipa-prazo-e-entrega-avenida-djalma-batista-asfaltada\/#primaryimage\",\"url\":\"https:\/\/www.manaus.am.gov.br\/semcom\/wp-content\/uploads\/sites\/5\/2023\/02\/sugestaodepauta.png\",\"contentUrl\":\"https:\/\/www.manaus.am.gov.br\/semcom\/wp-content\/uploads\/sites\/5\/2023\/02\/sugestaodepauta.png\",\"width\":1020,\"height\":540},{\"@type\":\"WebSite\",\"@id\":\"https:\/\/www.manaus.am.gov.br\/semcom\/#website\",\"url\":\"https:\/\/www.manaus.am.gov.br\/semcom\/\",\"name\":\"SEMCOM\",\"description\":\"Secretaria Municipal de Comunica\u00e7\u00e3o\",\"potentialAction\":[{\"@type\":\"SearchAction\",\"target\":{\"@type\":\"EntryPoint\",\"urlTemplate\":\"https:\/\/www.manaus.am.gov.br\/semcom\/?s={search_term_string}\"},\"query-input\":\"required name=search_term_string\"}],\"inLanguage\":\"pt-BR\"}]}<\/script>\n<!-- \/ Yoast SEO plugin. -->","yoast_head_json":{"title":"Prefeito David Almeida antecipa prazo e entrega avenida Djalma Batista asfaltada","description":"A Prefeitura de Manaus, por meio da Secretaria Municipal de Infraestrutura (Seminf), conclui a interven\u00e7\u00e3o estrutural na avenida Djalma Batista","robots":{"index":"index","follow":"follow","max-snippet":"max-snippet:-1","max-image-preview":"max-image-preview:large","max-video-preview":"max-video-preview:-1"},"canonical":"https:\/\/www.manaus.am.gov.br\/semcom\/pautas\/prefeito-david-almeida-antecipa-prazo-e-entrega-avenida-djalma-batista-asfaltada\/","og_locale":"pt_BR","og_type":"article","og_title":"Prefeito David Almeida antecipa prazo e entrega avenida Djalma Batista asfaltada","og_description":"A Prefeitura de Manaus, por meio da Secretaria Municipal de Infraestrutura (Seminf), conclui a interven\u00e7\u00e3o estrutural na avenida Djalma Batista","og_url":"https:\/\/www.manaus.am.gov.br\/semcom\/pautas\/prefeito-david-almeida-antecipa-prazo-e-entrega-avenida-djalma-batista-asfaltada\/","og_site_name":"SEMCOM","article_modified_time":"2023-03-03T15:35:57+00:00","og_image":[{"width":1020,"height":540,"url":"https:\/\/www.manaus.am.gov.br\/semcom\/wp-content\/uploads\/sites\/5\/2023\/02\/sugestaodepauta.png","type":"image\/png"}],"twitter_card":"summary_large_image","twitter_misc":{"Est. reading time":"1 minuto"},"schema":{"@context":"https:\/\/schema.org","@graph":[{"@type":"WebPage","@id":"https:\/\/www.manaus.am.gov.br\/semcom\/pautas\/prefeito-david-almeida-antecipa-prazo-e-entrega-avenida-djalma-batista-asfaltada\/","url":"https:\/\/www.manaus.am.gov.br\/semcom\/pautas\/prefeito-david-almeida-antecipa-prazo-e-entrega-avenida-djalma-batista-asfaltada\/","name":"Prefeito David Almeida antecipa prazo e entrega avenida Djalma Batista asfaltada","isPartOf":{"@id":"https:\/\/www.manaus.am.gov.br\/semcom\/#website"},"primaryImageOfPage":{"@id":"https:\/\/www.manaus.am.gov.br\/semcom\/pautas\/prefeito-david-almeida-antecipa-prazo-e-entrega-avenida-djalma-batista-asfaltada\/#primaryimage"},"image":{"@id":"https:\/\/www.manaus.am.gov.br\/semcom\/pautas\/prefeito-david-almeida-antecipa-prazo-e-entrega-avenida-djalma-batista-asfaltada\/#primaryimage"},"thumbnailUrl":"https:\/\/www.manaus.am.gov.br\/semcom\/wp-content\/uploads\/sites\/5\/2023\/02\/sugestaodepauta.png","datePublished":"2023-02-23T01:25:07+00:00","dateModified":"2023-03-03T15:35:57+00:00","description":"A Prefeitura de Manaus, por meio da Secretaria Municipal de Infraestrutura (Seminf), conclui a interven\u00e7\u00e3o estrutural na avenida Djalma Batista","inLanguage":"pt-BR","potentialAction":[{"@type":"ReadAction","target":["https:\/\/www.manaus.am.gov.br\/semcom\/pautas\/prefeito-david-almeida-antecipa-prazo-e-entrega-avenida-djalma-batista-asfaltada\/"]}]},{"@type":"ImageObject","inLanguage":"pt-BR","@id":"https:\/\/www.manaus.am.gov.br\/semcom\/pautas\/prefeito-david-almeida-antecipa-prazo-e-entrega-avenida-djalma-batista-asfaltada\/#primaryimage","url":"https:\/\/www.manaus.am.gov.br\/semcom\/wp-content\/uploads\/sites\/5\/2023\/02\/sugestaodepauta.png","contentUrl":"https:\/\/www.manaus.am.gov.br\/semcom\/wp-content\/uploads\/sites\/5\/2023\/02\/sugestaodepauta.png","width":1020,"height":540},{"@type":"WebSite","@id":"https:\/\/www.manaus.am.gov.br\/semcom\/#website","url":"https:\/\/www.manaus.am.gov.br\/semcom\/","name":"SEMCOM","description":"Secretaria Municipal de Comunica\u00e7\u00e3o","potentialAction":[{"@type":"SearchAction","target":{"@type":"EntryPoint","urlTemplate":"https:\/\/www.manaus.am.gov.br\/semcom\/?s={search_term_string}"},"query-input":"required name=search_term_string"}],"inLanguage":"pt-BR"}]}},"_links":{"self":[{"href":"https:\/\/www.manaus.am.gov.br\/semcom\/wp-json\/wp\/v2\/pautas\/209529"}],"collection":[{"href":"https:\/\/www.manaus.am.gov.br\/semcom\/wp-json\/wp\/v2\/pautas"}],"about":[{"href":"https:\/\/www.manaus.am.gov.br\/semcom\/wp-json\/wp\/v2\/types\/pautas"}],"wp:featuredmedia":[{"embeddable":true,"href":"https:\/\/www.manaus.am.gov.br\/semcom\/wp-json\/wp\/v2\/media\/208729"}],"wp:attachment":[{"href":"https:\/\/www.manaus.am.gov.br\/semcom\/wp-json\/wp\/v2\/media?parent=209529"}],"wp:term":[{"taxonomy":"category","embeddable":true,"href":"https:\/\/www.manaus.am.gov.br\/semcom\/wp-json\/wp\/v2\/categories?post=209529"}],"curies":[{"name":"wp","href":"https:\/\/api.w.org\/{rel}","templated":true}]}}

<p>A Prefeitura de Manaus, por meio da Secretaria Municipal de Infraestrutura (Seminf), conclui a intervenção estrutural na avenida Djalma Batista. Às 11h desta quinta-feira, 23/2, o prefeito David Almeida entrega o trecho liberado para o fluxo de veículos. Os trabalhos seguem agora para a etapa de confecção de drenagem superficial, com a feitura de meio-fio, calçada e sarjeta.&nbsp;</p>



<p>O prefeito David Almeida, junto ao secretário de Obras Renato Junior, fará vistoria do trecho às 11h, e, na ocasião, concedem entrevista aos veículos de comunicação sobre os procedimentos adotados durante a intervenção e a marca histórica de entrega de uma grande obra em apenas uma semana.&nbsp;</p>



<p><strong>SERVIÇO</strong></p>



<p><strong>O quê</strong> &#8211; Prefeito David Almeida entrega avenida Djalma Batista de volta ao trânsito de veículos.&nbsp;</p>



<p><strong>Quando</strong> &#8211; Quinta-feira, 23/2</p>



<p><strong>Horário</strong> &#8211; 11h</p>



<p><strong>Local</strong> &#8211; Canteiro de obras da Seminf na avenida Djalma Batista, próximo à entrada do Conjunto Eldorado</p>

<!-- This site is optimized with the Yoast SEO plugin v23.0 - https://yoast.com/wordpress/plugins/seo/ -->
<title>Prefeito David Almeida antecipa prazo e entrega avenida Djalma Batista asfaltada</title>
<meta name="description" content="A Prefeitura de Manaus, por meio da Secretaria Municipal de Infraestrutura (Seminf), conclui a intervenção estrutural na avenida Djalma Batista" />
<meta name="robots" content="index, follow, max-snippet:-1, max-image-preview:large, max-video-preview:-1" />
<link rel="canonical" href="https://www.manaus.am.gov.br/semcom/pautas/prefeito-david-almeida-antecipa-prazo-e-entrega-avenida-djalma-batista-asfaltada/" />
<meta property="og:locale" content="pt_BR" />
<meta property="og:type" content="article" />
<meta property="og:title" content="Prefeito David Almeida antecipa prazo e entrega avenida Djalma Batista asfaltada" />
<meta property="og:description" content="A Prefeitura de Manaus, por meio da Secretaria Municipal de Infraestrutura (Seminf), conclui a intervenção estrutural na avenida Djalma Batista" />
<meta property="og:url" content="https://www.manaus.am.gov.br/semcom/pautas/prefeito-david-almeida-antecipa-prazo-e-entrega-avenida-djalma-batista-asfaltada/" />
<meta property="og:site_name" content="SEMCOM" />
<meta property="article:modified_time" content="2023-03-03T15:35:57+00:00" />
<meta property="og:image" content="https://www.manaus.am.gov.br/semcom/wp-content/uploads/sites/5/2023/02/sugestaodepauta.png" />
	<meta property="og:image:width" content="1020" />
	<meta property="og:image:height" content="540" />
	<meta property="og:image:type" content="image/png" />
<meta name="twitter:card" content="summary_large_image" />
<meta name="twitter:label1" content="Est. reading time" />
	<meta name="twitter:data1" content="1 minuto" />
<script type="application/ld+json" class="yoast-schema-graph">{"@context":"https://schema.org","@graph":[{"@type":"WebPage","@id":"https://www.manaus.am.gov.br/semcom/pautas/prefeito-david-almeida-antecipa-prazo-e-entrega-avenida-djalma-batista-asfaltada/","url":"https://www.manaus.am.gov.br/semcom/pautas/prefeito-david-almeida-antecipa-prazo-e-entrega-avenida-djalma-batista-asfaltada/","name":"Prefeito David Almeida antecipa prazo e entrega avenida Djalma Batista asfaltada","isPartOf":{"@id":"https://www.manaus.am.gov.br/semcom/#website"},"primaryImageOfPage":{"@id":"https://www.manaus.am.gov.br/semcom/pautas/prefeito-david-almeida-antecipa-prazo-e-entrega-avenida-djalma-batista-asfaltada/#primaryimage"},"image":{"@id":"https://www.manaus.am.gov.br/semcom/pautas/prefeito-david-almeida-antecipa-prazo-e-entrega-avenida-djalma-batista-asfaltada/#primaryimage"},"thumbnailUrl":"https://www.manaus.am.gov.br/semcom/wp-content/uploads/sites/5/2023/02/sugestaodepauta.png","datePublished":"2023-02-23T01:25:07+00:00","dateModified":"2023-03-03T15:35:57+00:00","description":"A Prefeitura de Manaus, por meio da Secretaria Municipal de Infraestrutura (Seminf), conclui a intervenção estrutural na avenida Djalma Batista","inLanguage":"pt-BR","potentialAction":[{"@type":"ReadAction","target":["https://www.manaus.am.gov.br/semcom/pautas/prefeito-david-almeida-antecipa-prazo-e-entrega-avenida-djalma-batista-asfaltada/"]}]},{"@type":"ImageObject","inLanguage":"pt-BR","@id":"https://www.manaus.am.gov.br/semcom/pautas/prefeito-david-almeida-antecipa-prazo-e-entrega-avenida-djalma-batista-asfaltada/#primaryimage","url":"https://www.manaus.am.gov.br/semcom/wp-content/uploads/sites/5/2023/02/sugestaodepauta.png","contentUrl":"https://www.manaus.am.gov.br/semcom/wp-content/uploads/sites/5/2023/02/sugestaodepauta.png","width":1020,"height":540},{"@type":"WebSite","@id":"https://www.manaus.am.gov.br/semcom/#website","url":"https://www.manaus.am.gov.br/semcom/","name":"SEMCOM","description":"Secretaria Municipal de Comunicação","potentialAction":[{"@type":"SearchAction","target":{"@type":"EntryPoint","urlTemplate":"https://www.manaus.am.gov.br/semcom/?s={search_term_string}"},"query-input":"required name=search_term_string"}],"inLanguage":"pt-BR"}]}</script>
<!-- / Yoast SEO plugin. -->

A Prefeitura de Manaus, por meio da Secretaria Municipal de Infraestrutura (Seminf), conclui a intervenção estrutural na avenida Djalma Batista

Secretaria Municipal de Comunicação
