{"id":209511,"date":"2023-02-22T13:59:16","date_gmt":"2023-02-22T16:59:16","guid":{"rendered":"https:\/\/www.manaus.am.gov.br\/semcom\/?post_type=pautas&#038;p=209511"},"modified":"2023-03-03T12:35:14","modified_gmt":"2023-03-03T15:35:14","slug":"prefeito-david-almeida-vistoria-preparo-para-o-inicio-do-asfaltamento-em-trecho-interditado-na-avenida-djalma-batista","status":"publish","type":"pautas","link":"https:\/\/www.manaus.am.gov.br\/semcom\/pautas\/prefeito-david-almeida-vistoria-preparo-para-o-inicio-do-asfaltamento-em-trecho-interditado-na-avenida-djalma-batista\/","title":{"rendered":"Prefeito David Almeida vistoria preparo para o in\u00edcio do asfaltamento em trecho interditado na avenida Djalma Batista"},"content":{"rendered":"\n<p>O prefeito David Almeida, junto ao titular da Secretaria Municipal de Infraestrutura (Seminf), Renato Junior, far\u00e1 vistoria nas obras de recupera\u00e7\u00e3o de drenagem na avenida Djalma Batista, nesta quarta-feira, 22\/2, \u00e0s 16h e, na ocasi\u00e3o, concedem entrevista aos ve\u00edculos de comunica\u00e7\u00e3o sobre os procedimentos adotados durante essa interven\u00e7\u00e3o que j\u00e1 entra em fase de conclus\u00e3o antes mesmo do per\u00edodo previsto.<\/p>\n\n\n\n<p>A Prefeitura de Manaus conclui os trabalhos de fresagem nas vias que se conectam \u00e0 avenida Djalma Batista, entre elas a Pedro Teixeira, que ter\u00e1 230 metros recuperados.<\/p>\n\n\n\n<p>No local, que permanece interditado, tamb\u00e9m ser\u00e1 conclu\u00eddo o servi\u00e7o de reaterro ainda nesta quarta-feia, para que, em seguida, seja iniciada a aplica\u00e7\u00e3o do asfalto.<\/p>\n\n\n\n<p><strong>SERVI\u00c7O<\/strong><\/p>\n\n\n\n<p><strong>O qu\u00ea<\/strong> &#8211; Prefeito David Almeida vistoria prepara\u00e7\u00e3o para asfaltamento na Djalma Batista<\/p>\n\n\n\n<p><strong>Quando<\/strong> &#8211; Quarta-feira, 22\/2<\/p>\n\n\n\n<p><strong>Hor\u00e1rio<\/strong> &#8211; 16h<\/p>\n\n\n\n<p><strong>Local <\/strong>&#8211; Canteiro de obras da Seminf na avenida Djalma Batista, pr\u00f3ximo \u00e0 entrada do Conjunto Eldorado<\/p>\n","protected":false},"featured_media":208729,"template":"","categories":[809],"acf":[],"yoast_head":"<!-- This site is optimized with the Yoast SEO plugin v23.0 - https:\/\/yoast.com\/wordpress\/plugins\/seo\/ -->\n<title>Prefeito David Almeida vistoria preparo para o in\u00edcio do asfaltamento em trecho interditado na avenida Djalma Batista - SEMCOM<\/title>\n<meta name=\"robots\" content=\"index, follow, max-snippet:-1, max-image-preview:large, max-video-preview:-1\" \/>\n<link rel=\"canonical\" href=\"https:\/\/www.manaus.am.gov.br\/semcom\/pautas\/prefeito-david-almeida-vistoria-preparo-para-o-inicio-do-asfaltamento-em-trecho-interditado-na-avenida-djalma-batista\/\" \/>\n<meta property=\"og:locale\" content=\"pt_BR\" \/>\n<meta property=\"og:type\" content=\"article\" \/>\n<meta property=\"og:title\" content=\"Prefeito David Almeida vistoria preparo para o in\u00edcio do asfaltamento em trecho interditado na avenida Djalma Batista - SEMCOM\" \/>\n<meta property=\"og:url\" content=\"https:\/\/www.manaus.am.gov.br\/semcom\/pautas\/prefeito-david-almeida-vistoria-preparo-para-o-inicio-do-asfaltamento-em-trecho-interditado-na-avenida-djalma-batista\/\" \/>\n<meta property=\"og:site_name\" content=\"SEMCOM\" \/>\n<meta property=\"article:modified_time\" content=\"2023-03-03T15:35:14+00:00\" \/>\n<meta property=\"og:image\" content=\"https:\/\/www.manaus.am.gov.br\/semcom\/wp-content\/uploads\/sites\/5\/2023\/02\/sugestaodepauta.png\" \/>\n\t<meta property=\"og:image:width\" content=\"1020\" \/>\n\t<meta property=\"og:image:height\" content=\"540\" \/>\n\t<meta property=\"og:image:type\" content=\"image\/png\" \/>\n<meta name=\"twitter:card\" content=\"summary_large_image\" \/>\n<meta name=\"twitter:label1\" content=\"Est. reading time\" \/>\n\t<meta name=\"twitter:data1\" content=\"1 minuto\" \/>\n<script type=\"application\/ld+json\" class=\"yoast-schema-graph\">{\"@context\":\"https:\/\/schema.org\",\"@graph\":[{\"@type\":\"WebPage\",\"@id\":\"https:\/\/www.manaus.am.gov.br\/semcom\/pautas\/prefeito-david-almeida-vistoria-preparo-para-o-inicio-do-asfaltamento-em-trecho-interditado-na-avenida-djalma-batista\/\",\"url\":\"https:\/\/www.manaus.am.gov.br\/semcom\/pautas\/prefeito-david-almeida-vistoria-preparo-para-o-inicio-do-asfaltamento-em-trecho-interditado-na-avenida-djalma-batista\/\",\"name\":\"Prefeito David Almeida vistoria preparo para o in\u00edcio do asfaltamento em trecho interditado na avenida Djalma Batista - SEMCOM\",\"isPartOf\":{\"@id\":\"https:\/\/www.manaus.am.gov.br\/semcom\/#website\"},\"primaryImageOfPage\":{\"@id\":\"https:\/\/www.manaus.am.gov.br\/semcom\/pautas\/prefeito-david-almeida-vistoria-preparo-para-o-inicio-do-asfaltamento-em-trecho-interditado-na-avenida-djalma-batista\/#primaryimage\"},\"image\":{\"@id\":\"https:\/\/www.manaus.am.gov.br\/semcom\/pautas\/prefeito-david-almeida-vistoria-preparo-para-o-inicio-do-asfaltamento-em-trecho-interditado-na-avenida-djalma-batista\/#primaryimage\"},\"thumbnailUrl\":\"https:\/\/www.manaus.am.gov.br\/semcom\/wp-content\/uploads\/sites\/5\/2023\/02\/sugestaodepauta.png\",\"datePublished\":\"2023-02-22T16:59:16+00:00\",\"dateModified\":\"2023-03-03T15:35:14+00:00\",\"inLanguage\":\"pt-BR\",\"potentialAction\":[{\"@type\":\"ReadAction\",\"target\":[\"https:\/\/www.manaus.am.gov.br\/semcom\/pautas\/prefeito-david-almeida-vistoria-preparo-para-o-inicio-do-asfaltamento-em-trecho-interditado-na-avenida-djalma-batista\/\"]}]},{\"@type\":\"ImageObject\",\"inLanguage\":\"pt-BR\",\"@id\":\"https:\/\/www.manaus.am.gov.br\/semcom\/pautas\/prefeito-david-almeida-vistoria-preparo-para-o-inicio-do-asfaltamento-em-trecho-interditado-na-avenida-djalma-batista\/#primaryimage\",\"url\":\"https:\/\/www.manaus.am.gov.br\/semcom\/wp-content\/uploads\/sites\/5\/2023\/02\/sugestaodepauta.png\",\"contentUrl\":\"https:\/\/www.manaus.am.gov.br\/semcom\/wp-content\/uploads\/sites\/5\/2023\/02\/sugestaodepauta.png\",\"width\":1020,\"height\":540},{\"@type\":\"WebSite\",\"@id\":\"https:\/\/www.manaus.am.gov.br\/semcom\/#website\",\"url\":\"https:\/\/www.manaus.am.gov.br\/semcom\/\",\"name\":\"SEMCOM\",\"description\":\"Secretaria Municipal de Comunica\u00e7\u00e3o\",\"potentialAction\":[{\"@type\":\"SearchAction\",\"target\":{\"@type\":\"EntryPoint\",\"urlTemplate\":\"https:\/\/www.manaus.am.gov.br\/semcom\/?s={search_term_string}\"},\"query-input\":\"required name=search_term_string\"}],\"inLanguage\":\"pt-BR\"}]}<\/script>\n<!-- \/ Yoast SEO plugin. -->","yoast_head_json":{"title":"Prefeito David Almeida vistoria preparo para o in\u00edcio do asfaltamento em trecho interditado na avenida Djalma Batista - SEMCOM","robots":{"index":"index","follow":"follow","max-snippet":"max-snippet:-1","max-image-preview":"max-image-preview:large","max-video-preview":"max-video-preview:-1"},"canonical":"https:\/\/www.manaus.am.gov.br\/semcom\/pautas\/prefeito-david-almeida-vistoria-preparo-para-o-inicio-do-asfaltamento-em-trecho-interditado-na-avenida-djalma-batista\/","og_locale":"pt_BR","og_type":"article","og_title":"Prefeito David Almeida vistoria preparo para o in\u00edcio do asfaltamento em trecho interditado na avenida Djalma Batista - SEMCOM","og_url":"https:\/\/www.manaus.am.gov.br\/semcom\/pautas\/prefeito-david-almeida-vistoria-preparo-para-o-inicio-do-asfaltamento-em-trecho-interditado-na-avenida-djalma-batista\/","og_site_name":"SEMCOM","article_modified_time":"2023-03-03T15:35:14+00:00","og_image":[{"width":1020,"height":540,"url":"https:\/\/www.manaus.am.gov.br\/semcom\/wp-content\/uploads\/sites\/5\/2023\/02\/sugestaodepauta.png","type":"image\/png"}],"twitter_card":"summary_large_image","twitter_misc":{"Est. reading time":"1 minuto"},"schema":{"@context":"https:\/\/schema.org","@graph":[{"@type":"WebPage","@id":"https:\/\/www.manaus.am.gov.br\/semcom\/pautas\/prefeito-david-almeida-vistoria-preparo-para-o-inicio-do-asfaltamento-em-trecho-interditado-na-avenida-djalma-batista\/","url":"https:\/\/www.manaus.am.gov.br\/semcom\/pautas\/prefeito-david-almeida-vistoria-preparo-para-o-inicio-do-asfaltamento-em-trecho-interditado-na-avenida-djalma-batista\/","name":"Prefeito David Almeida vistoria preparo para o in\u00edcio do asfaltamento em trecho interditado na avenida Djalma Batista - SEMCOM","isPartOf":{"@id":"https:\/\/www.manaus.am.gov.br\/semcom\/#website"},"primaryImageOfPage":{"@id":"https:\/\/www.manaus.am.gov.br\/semcom\/pautas\/prefeito-david-almeida-vistoria-preparo-para-o-inicio-do-asfaltamento-em-trecho-interditado-na-avenida-djalma-batista\/#primaryimage"},"image":{"@id":"https:\/\/www.manaus.am.gov.br\/semcom\/pautas\/prefeito-david-almeida-vistoria-preparo-para-o-inicio-do-asfaltamento-em-trecho-interditado-na-avenida-djalma-batista\/#primaryimage"},"thumbnailUrl":"https:\/\/www.manaus.am.gov.br\/semcom\/wp-content\/uploads\/sites\/5\/2023\/02\/sugestaodepauta.png","datePublished":"2023-02-22T16:59:16+00:00","dateModified":"2023-03-03T15:35:14+00:00","inLanguage":"pt-BR","potentialAction":[{"@type":"ReadAction","target":["https:\/\/www.manaus.am.gov.br\/semcom\/pautas\/prefeito-david-almeida-vistoria-preparo-para-o-inicio-do-asfaltamento-em-trecho-interditado-na-avenida-djalma-batista\/"]}]},{"@type":"ImageObject","inLanguage":"pt-BR","@id":"https:\/\/www.manaus.am.gov.br\/semcom\/pautas\/prefeito-david-almeida-vistoria-preparo-para-o-inicio-do-asfaltamento-em-trecho-interditado-na-avenida-djalma-batista\/#primaryimage","url":"https:\/\/www.manaus.am.gov.br\/semcom\/wp-content\/uploads\/sites\/5\/2023\/02\/sugestaodepauta.png","contentUrl":"https:\/\/www.manaus.am.gov.br\/semcom\/wp-content\/uploads\/sites\/5\/2023\/02\/sugestaodepauta.png","width":1020,"height":540},{"@type":"WebSite","@id":"https:\/\/www.manaus.am.gov.br\/semcom\/#website","url":"https:\/\/www.manaus.am.gov.br\/semcom\/","name":"SEMCOM","description":"Secretaria Municipal de Comunica\u00e7\u00e3o","potentialAction":[{"@type":"SearchAction","target":{"@type":"EntryPoint","urlTemplate":"https:\/\/www.manaus.am.gov.br\/semcom\/?s={search_term_string}"},"query-input":"required name=search_term_string"}],"inLanguage":"pt-BR"}]}},"_links":{"self":[{"href":"https:\/\/www.manaus.am.gov.br\/semcom\/wp-json\/wp\/v2\/pautas\/209511"}],"collection":[{"href":"https:\/\/www.manaus.am.gov.br\/semcom\/wp-json\/wp\/v2\/pautas"}],"about":[{"href":"https:\/\/www.manaus.am.gov.br\/semcom\/wp-json\/wp\/v2\/types\/pautas"}],"wp:featuredmedia":[{"embeddable":true,"href":"https:\/\/www.manaus.am.gov.br\/semcom\/wp-json\/wp\/v2\/media\/208729"}],"wp:attachment":[{"href":"https:\/\/www.manaus.am.gov.br\/semcom\/wp-json\/wp\/v2\/media?parent=209511"}],"wp:term":[{"taxonomy":"category","embeddable":true,"href":"https:\/\/www.manaus.am.gov.br\/semcom\/wp-json\/wp\/v2\/categories?post=209511"}],"curies":[{"name":"wp","href":"https:\/\/api.w.org\/{rel}","templated":true}]}}

Prefeito David Almeida vistoria preparo para o início do asfaltamento em trecho interditado na avenida Djalma Batista

<p>O prefeito David Almeida, junto ao titular da Secretaria Municipal de Infraestrutura (Seminf), Renato Junior, fará vistoria nas obras de recuperação de drenagem na avenida Djalma Batista, nesta quarta-feira, 22/2, às 16h e, na ocasião, concedem entrevista aos veículos de comunicação sobre os procedimentos adotados durante essa intervenção que já entra em fase de conclusão antes mesmo do período previsto.</p>



<p>A Prefeitura de Manaus conclui os trabalhos de fresagem nas vias que se conectam à avenida Djalma Batista, entre elas a Pedro Teixeira, que terá 230 metros recuperados.</p>



<p>No local, que permanece interditado, também será concluído o serviço de reaterro ainda nesta quarta-feia, para que, em seguida, seja iniciada a aplicação do asfalto.</p>



<p><strong>SERVIÇO</strong></p>



<p><strong>O quê</strong> &#8211; Prefeito David Almeida vistoria preparação para asfaltamento na Djalma Batista</p>



<p><strong>Quando</strong> &#8211; Quarta-feira, 22/2</p>



<p><strong>Horário</strong> &#8211; 16h</p>



<p><strong>Local </strong>&#8211; Canteiro de obras da Seminf na avenida Djalma Batista, próximo à entrada do Conjunto Eldorado</p>

<!-- This site is optimized with the Yoast SEO plugin v23.0 - https://yoast.com/wordpress/plugins/seo/ -->
<title>Prefeito David Almeida vistoria preparo para o início do asfaltamento em trecho interditado na avenida Djalma Batista - SEMCOM</title>
<meta name="robots" content="index, follow, max-snippet:-1, max-image-preview:large, max-video-preview:-1" />
<link rel="canonical" href="https://www.manaus.am.gov.br/semcom/pautas/prefeito-david-almeida-vistoria-preparo-para-o-inicio-do-asfaltamento-em-trecho-interditado-na-avenida-djalma-batista/" />
<meta property="og:locale" content="pt_BR" />
<meta property="og:type" content="article" />
<meta property="og:title" content="Prefeito David Almeida vistoria preparo para o início do asfaltamento em trecho interditado na avenida Djalma Batista - SEMCOM" />
<meta property="og:url" content="https://www.manaus.am.gov.br/semcom/pautas/prefeito-david-almeida-vistoria-preparo-para-o-inicio-do-asfaltamento-em-trecho-interditado-na-avenida-djalma-batista/" />
<meta property="og:site_name" content="SEMCOM" />
<meta property="article:modified_time" content="2023-03-03T15:35:14+00:00" />
<meta property="og:image" content="https://www.manaus.am.gov.br/semcom/wp-content/uploads/sites/5/2023/02/sugestaodepauta.png" />
	<meta property="og:image:width" content="1020" />
	<meta property="og:image:height" content="540" />
	<meta property="og:image:type" content="image/png" />
<meta name="twitter:card" content="summary_large_image" />
<meta name="twitter:label1" content="Est. reading time" />
	<meta name="twitter:data1" content="1 minuto" />
<script type="application/ld+json" class="yoast-schema-graph">{"@context":"https://schema.org","@graph":[{"@type":"WebPage","@id":"https://www.manaus.am.gov.br/semcom/pautas/prefeito-david-almeida-vistoria-preparo-para-o-inicio-do-asfaltamento-em-trecho-interditado-na-avenida-djalma-batista/","url":"https://www.manaus.am.gov.br/semcom/pautas/prefeito-david-almeida-vistoria-preparo-para-o-inicio-do-asfaltamento-em-trecho-interditado-na-avenida-djalma-batista/","name":"Prefeito David Almeida vistoria preparo para o início do asfaltamento em trecho interditado na avenida Djalma Batista - SEMCOM","isPartOf":{"@id":"https://www.manaus.am.gov.br/semcom/#website"},"primaryImageOfPage":{"@id":"https://www.manaus.am.gov.br/semcom/pautas/prefeito-david-almeida-vistoria-preparo-para-o-inicio-do-asfaltamento-em-trecho-interditado-na-avenida-djalma-batista/#primaryimage"},"image":{"@id":"https://www.manaus.am.gov.br/semcom/pautas/prefeito-david-almeida-vistoria-preparo-para-o-inicio-do-asfaltamento-em-trecho-interditado-na-avenida-djalma-batista/#primaryimage"},"thumbnailUrl":"https://www.manaus.am.gov.br/semcom/wp-content/uploads/sites/5/2023/02/sugestaodepauta.png","datePublished":"2023-02-22T16:59:16+00:00","dateModified":"2023-03-03T15:35:14+00:00","inLanguage":"pt-BR","potentialAction":[{"@type":"ReadAction","target":["https://www.manaus.am.gov.br/semcom/pautas/prefeito-david-almeida-vistoria-preparo-para-o-inicio-do-asfaltamento-em-trecho-interditado-na-avenida-djalma-batista/"]}]},{"@type":"ImageObject","inLanguage":"pt-BR","@id":"https://www.manaus.am.gov.br/semcom/pautas/prefeito-david-almeida-vistoria-preparo-para-o-inicio-do-asfaltamento-em-trecho-interditado-na-avenida-djalma-batista/#primaryimage","url":"https://www.manaus.am.gov.br/semcom/wp-content/uploads/sites/5/2023/02/sugestaodepauta.png","contentUrl":"https://www.manaus.am.gov.br/semcom/wp-content/uploads/sites/5/2023/02/sugestaodepauta.png","width":1020,"height":540},{"@type":"WebSite","@id":"https://www.manaus.am.gov.br/semcom/#website","url":"https://www.manaus.am.gov.br/semcom/","name":"SEMCOM","description":"Secretaria Municipal de Comunicação","potentialAction":[{"@type":"SearchAction","target":{"@type":"EntryPoint","urlTemplate":"https://www.manaus.am.gov.br/semcom/?s={search_term_string}"},"query-input":"required name=search_term_string"}],"inLanguage":"pt-BR"}]}</script>
<!-- / Yoast SEO plugin. -->

Prefeito David Almeida vistoria preparo para o início do asfaltamento em trecho interditado na avenida Djalma Batista - SEMCOM

Secretaria Municipal de Comunicação
