{"id":209486,"date":"2023-02-21T10:14:34","date_gmt":"2023-02-21T13:14:34","guid":{"rendered":"https:\/\/www.manaus.am.gov.br\/semcom\/?post_type=pautas&#038;p=209486"},"modified":"2023-03-03T12:33:10","modified_gmt":"2023-03-03T15:33:10","slug":"reataerro-djalma-batista","status":"publish","type":"pautas","link":"https:\/\/www.manaus.am.gov.br\/semcom\/pautas\/reataerro-djalma-batista\/","title":{"rendered":"Prefeitura de Manaus inicia reaterro da avenida Djalma Batista"},"content":{"rendered":"\n<p>A prefeita em exerc\u00edcio, vereadora e vice-presidente da C\u00e2mara Municipal de Manaus (CMM), Yomara Lins, e o secret\u00e1rio municipal de Obras, Renato Junior, concedem entrevista aos ve\u00edculos de comunica\u00e7\u00e3o \u00e0s 10h desta ter\u00e7a-feira, 21\/2, sobre os avan\u00e7os nas obras da avenida Djalma Batista.<\/p>\n\n\n\n<p>Em cinco dias de trabalho, as equipes implantaram as duas linhas de tubula\u00e7\u00e3o em concreto armado, fizeram o isolamento dos tubos com manta geot\u00eaxtil e iniciam, agora, o reaterro do trecho.<\/p>\n\n\n\n<p>A a\u00e7\u00e3o desta ter\u00e7a-feira visa apresentar os avan\u00e7os na obra de substitui\u00e7\u00e3o da antiga tubula\u00e7\u00e3o de ferro, j\u00e1 desgastada, por aduela em concreto, mais moderna e duradoura.<\/p>\n\n\n\n<p><strong>SERVI\u00c7O<\/strong><\/p>\n\n\n\n<p><strong>O qu\u00ea<\/strong> &#8211; Prefeita em exerc\u00edcio vistoria etapa de reaterro da avenida Djalma Batista<\/p>\n\n\n\n<p><strong>Quando<\/strong> &#8211; Ter\u00e7a-feira, 21\/2<\/p>\n\n\n\n<p><strong>Hor\u00e1rio<\/strong> &#8211; 10h<\/p>\n\n\n\n<p><strong>Local<\/strong> &#8211; Canteiro de obras da Seminf na avenida Djalma Batista, pr\u00f3ximo \u00e0 entrada do Conjunto Eldorado<\/p>\n","protected":false},"featured_media":208729,"template":"","categories":[809],"acf":[],"yoast_head":"<!-- This site is optimized with the Yoast SEO plugin v23.0 - https:\/\/yoast.com\/wordpress\/plugins\/seo\/ -->\n<title>Prefeitura de Manaus inicia reaterro da avenida Djalma Batista<\/title>\n<meta name=\"description\" content=\"A prefeita em exerc\u00edcio, vereadora e vice-presidente da C\u00e2mara Municipal de Manaus (CMM), Yomara Lins, e o secret\u00e1rio municipal de Obras, Renato Junior, concedem entrevista aos ve\u00edculos de comunica\u00e7\u00e3o \u00e0s 10h desta ter\u00e7a-feira, 21\/2, sobre os avan\u00e7os nas obras da avenida Djalma Batista.\" \/>\n<meta name=\"robots\" content=\"index, follow, max-snippet:-1, max-image-preview:large, max-video-preview:-1\" \/>\n<link rel=\"canonical\" href=\"https:\/\/www.manaus.am.gov.br\/semcom\/pautas\/reataerro-djalma-batista\/\" \/>\n<meta property=\"og:locale\" content=\"pt_BR\" \/>\n<meta property=\"og:type\" content=\"article\" \/>\n<meta property=\"og:title\" content=\"Prefeitura de Manaus inicia reaterro da avenida Djalma Batista\" \/>\n<meta property=\"og:description\" content=\"A prefeita em exerc\u00edcio, vereadora e vice-presidente da C\u00e2mara Municipal de Manaus (CMM), Yomara Lins, e o secret\u00e1rio municipal de Obras, Renato Junior, concedem entrevista aos ve\u00edculos de comunica\u00e7\u00e3o \u00e0s 10h desta ter\u00e7a-feira, 21\/2, sobre os avan\u00e7os nas obras da avenida Djalma Batista.\" \/>\n<meta property=\"og:url\" content=\"https:\/\/www.manaus.am.gov.br\/semcom\/pautas\/reataerro-djalma-batista\/\" \/>\n<meta property=\"og:site_name\" content=\"SEMCOM\" \/>\n<meta property=\"article:modified_time\" content=\"2023-03-03T15:33:10+00:00\" \/>\n<meta property=\"og:image\" content=\"https:\/\/www.manaus.am.gov.br\/semcom\/wp-content\/uploads\/sites\/5\/2023\/02\/sugestaodepauta.png\" \/>\n\t<meta property=\"og:image:width\" content=\"1020\" \/>\n\t<meta property=\"og:image:height\" content=\"540\" \/>\n\t<meta property=\"og:image:type\" content=\"image\/png\" \/>\n<meta name=\"twitter:card\" content=\"summary_large_image\" \/>\n<meta name=\"twitter:label1\" content=\"Est. reading time\" \/>\n\t<meta name=\"twitter:data1\" content=\"1 minuto\" \/>\n<script type=\"application\/ld+json\" class=\"yoast-schema-graph\">{\"@context\":\"https:\/\/schema.org\",\"@graph\":[{\"@type\":\"WebPage\",\"@id\":\"https:\/\/www.manaus.am.gov.br\/semcom\/pautas\/reataerro-djalma-batista\/\",\"url\":\"https:\/\/www.manaus.am.gov.br\/semcom\/pautas\/reataerro-djalma-batista\/\",\"name\":\"Prefeitura de Manaus inicia reaterro da avenida Djalma Batista\",\"isPartOf\":{\"@id\":\"https:\/\/www.manaus.am.gov.br\/semcom\/#website\"},\"primaryImageOfPage\":{\"@id\":\"https:\/\/www.manaus.am.gov.br\/semcom\/pautas\/reataerro-djalma-batista\/#primaryimage\"},\"image\":{\"@id\":\"https:\/\/www.manaus.am.gov.br\/semcom\/pautas\/reataerro-djalma-batista\/#primaryimage\"},\"thumbnailUrl\":\"https:\/\/www.manaus.am.gov.br\/semcom\/wp-content\/uploads\/sites\/5\/2023\/02\/sugestaodepauta.png\",\"datePublished\":\"2023-02-21T13:14:34+00:00\",\"dateModified\":\"2023-03-03T15:33:10+00:00\",\"description\":\"A prefeita em exerc\u00edcio, vereadora e vice-presidente da C\u00e2mara Municipal de Manaus (CMM), Yomara Lins, e o secret\u00e1rio municipal de Obras, Renato Junior, concedem entrevista aos ve\u00edculos de comunica\u00e7\u00e3o \u00e0s 10h desta ter\u00e7a-feira, 21\/2, sobre os avan\u00e7os nas obras da avenida Djalma Batista.\",\"inLanguage\":\"pt-BR\",\"potentialAction\":[{\"@type\":\"ReadAction\",\"target\":[\"https:\/\/www.manaus.am.gov.br\/semcom\/pautas\/reataerro-djalma-batista\/\"]}]},{\"@type\":\"ImageObject\",\"inLanguage\":\"pt-BR\",\"@id\":\"https:\/\/www.manaus.am.gov.br\/semcom\/pautas\/reataerro-djalma-batista\/#primaryimage\",\"url\":\"https:\/\/www.manaus.am.gov.br\/semcom\/wp-content\/uploads\/sites\/5\/2023\/02\/sugestaodepauta.png\",\"contentUrl\":\"https:\/\/www.manaus.am.gov.br\/semcom\/wp-content\/uploads\/sites\/5\/2023\/02\/sugestaodepauta.png\",\"width\":1020,\"height\":540},{\"@type\":\"WebSite\",\"@id\":\"https:\/\/www.manaus.am.gov.br\/semcom\/#website\",\"url\":\"https:\/\/www.manaus.am.gov.br\/semcom\/\",\"name\":\"SEMCOM\",\"description\":\"Secretaria Municipal de Comunica\u00e7\u00e3o\",\"potentialAction\":[{\"@type\":\"SearchAction\",\"target\":{\"@type\":\"EntryPoint\",\"urlTemplate\":\"https:\/\/www.manaus.am.gov.br\/semcom\/?s={search_term_string}\"},\"query-input\":\"required name=search_term_string\"}],\"inLanguage\":\"pt-BR\"}]}<\/script>\n<!-- \/ Yoast SEO plugin. -->","yoast_head_json":{"title":"Prefeitura de Manaus inicia reaterro da avenida Djalma Batista","description":"A prefeita em exerc\u00edcio, vereadora e vice-presidente da C\u00e2mara Municipal de Manaus (CMM), Yomara Lins, e o secret\u00e1rio municipal de Obras, Renato Junior, concedem entrevista aos ve\u00edculos de comunica\u00e7\u00e3o \u00e0s 10h desta ter\u00e7a-feira, 21\/2, sobre os avan\u00e7os nas obras da avenida Djalma Batista.","robots":{"index":"index","follow":"follow","max-snippet":"max-snippet:-1","max-image-preview":"max-image-preview:large","max-video-preview":"max-video-preview:-1"},"canonical":"https:\/\/www.manaus.am.gov.br\/semcom\/pautas\/reataerro-djalma-batista\/","og_locale":"pt_BR","og_type":"article","og_title":"Prefeitura de Manaus inicia reaterro da avenida Djalma Batista","og_description":"A prefeita em exerc\u00edcio, vereadora e vice-presidente da C\u00e2mara Municipal de Manaus (CMM), Yomara Lins, e o secret\u00e1rio municipal de Obras, Renato Junior, concedem entrevista aos ve\u00edculos de comunica\u00e7\u00e3o \u00e0s 10h desta ter\u00e7a-feira, 21\/2, sobre os avan\u00e7os nas obras da avenida Djalma Batista.","og_url":"https:\/\/www.manaus.am.gov.br\/semcom\/pautas\/reataerro-djalma-batista\/","og_site_name":"SEMCOM","article_modified_time":"2023-03-03T15:33:10+00:00","og_image":[{"width":1020,"height":540,"url":"https:\/\/www.manaus.am.gov.br\/semcom\/wp-content\/uploads\/sites\/5\/2023\/02\/sugestaodepauta.png","type":"image\/png"}],"twitter_card":"summary_large_image","twitter_misc":{"Est. reading time":"1 minuto"},"schema":{"@context":"https:\/\/schema.org","@graph":[{"@type":"WebPage","@id":"https:\/\/www.manaus.am.gov.br\/semcom\/pautas\/reataerro-djalma-batista\/","url":"https:\/\/www.manaus.am.gov.br\/semcom\/pautas\/reataerro-djalma-batista\/","name":"Prefeitura de Manaus inicia reaterro da avenida Djalma Batista","isPartOf":{"@id":"https:\/\/www.manaus.am.gov.br\/semcom\/#website"},"primaryImageOfPage":{"@id":"https:\/\/www.manaus.am.gov.br\/semcom\/pautas\/reataerro-djalma-batista\/#primaryimage"},"image":{"@id":"https:\/\/www.manaus.am.gov.br\/semcom\/pautas\/reataerro-djalma-batista\/#primaryimage"},"thumbnailUrl":"https:\/\/www.manaus.am.gov.br\/semcom\/wp-content\/uploads\/sites\/5\/2023\/02\/sugestaodepauta.png","datePublished":"2023-02-21T13:14:34+00:00","dateModified":"2023-03-03T15:33:10+00:00","description":"A prefeita em exerc\u00edcio, vereadora e vice-presidente da C\u00e2mara Municipal de Manaus (CMM), Yomara Lins, e o secret\u00e1rio municipal de Obras, Renato Junior, concedem entrevista aos ve\u00edculos de comunica\u00e7\u00e3o \u00e0s 10h desta ter\u00e7a-feira, 21\/2, sobre os avan\u00e7os nas obras da avenida Djalma Batista.","inLanguage":"pt-BR","potentialAction":[{"@type":"ReadAction","target":["https:\/\/www.manaus.am.gov.br\/semcom\/pautas\/reataerro-djalma-batista\/"]}]},{"@type":"ImageObject","inLanguage":"pt-BR","@id":"https:\/\/www.manaus.am.gov.br\/semcom\/pautas\/reataerro-djalma-batista\/#primaryimage","url":"https:\/\/www.manaus.am.gov.br\/semcom\/wp-content\/uploads\/sites\/5\/2023\/02\/sugestaodepauta.png","contentUrl":"https:\/\/www.manaus.am.gov.br\/semcom\/wp-content\/uploads\/sites\/5\/2023\/02\/sugestaodepauta.png","width":1020,"height":540},{"@type":"WebSite","@id":"https:\/\/www.manaus.am.gov.br\/semcom\/#website","url":"https:\/\/www.manaus.am.gov.br\/semcom\/","name":"SEMCOM","description":"Secretaria Municipal de Comunica\u00e7\u00e3o","potentialAction":[{"@type":"SearchAction","target":{"@type":"EntryPoint","urlTemplate":"https:\/\/www.manaus.am.gov.br\/semcom\/?s={search_term_string}"},"query-input":"required name=search_term_string"}],"inLanguage":"pt-BR"}]}},"_links":{"self":[{"href":"https:\/\/www.manaus.am.gov.br\/semcom\/wp-json\/wp\/v2\/pautas\/209486"}],"collection":[{"href":"https:\/\/www.manaus.am.gov.br\/semcom\/wp-json\/wp\/v2\/pautas"}],"about":[{"href":"https:\/\/www.manaus.am.gov.br\/semcom\/wp-json\/wp\/v2\/types\/pautas"}],"wp:featuredmedia":[{"embeddable":true,"href":"https:\/\/www.manaus.am.gov.br\/semcom\/wp-json\/wp\/v2\/media\/208729"}],"wp:attachment":[{"href":"https:\/\/www.manaus.am.gov.br\/semcom\/wp-json\/wp\/v2\/media?parent=209486"}],"wp:term":[{"taxonomy":"category","embeddable":true,"href":"https:\/\/www.manaus.am.gov.br\/semcom\/wp-json\/wp\/v2\/categories?post=209486"}],"curies":[{"name":"wp","href":"https:\/\/api.w.org\/{rel}","templated":true}]}}

<p>A prefeita em exercício, vereadora e vice-presidente da Câmara Municipal de Manaus (CMM), Yomara Lins, e o secretário municipal de Obras, Renato Junior, concedem entrevista aos veículos de comunicação às 10h desta terça-feira, 21/2, sobre os avanços nas obras da avenida Djalma Batista.</p>



<p>Em cinco dias de trabalho, as equipes implantaram as duas linhas de tubulação em concreto armado, fizeram o isolamento dos tubos com manta geotêxtil e iniciam, agora, o reaterro do trecho.</p>



<p>A ação desta terça-feira visa apresentar os avanços na obra de substituição da antiga tubulação de ferro, já desgastada, por aduela em concreto, mais moderna e duradoura.</p>



<p><strong>SERVIÇO</strong></p>



<p><strong>O quê</strong> &#8211; Prefeita em exercício vistoria etapa de reaterro da avenida Djalma Batista</p>



<p><strong>Quando</strong> &#8211; Terça-feira, 21/2</p>



<p><strong>Horário</strong> &#8211; 10h</p>



<p><strong>Local</strong> &#8211; Canteiro de obras da Seminf na avenida Djalma Batista, próximo à entrada do Conjunto Eldorado</p>

<!-- This site is optimized with the Yoast SEO plugin v23.0 - https://yoast.com/wordpress/plugins/seo/ -->
<title>Prefeitura de Manaus inicia reaterro da avenida Djalma Batista</title>
<meta name="description" content="A prefeita em exercício, vereadora e vice-presidente da Câmara Municipal de Manaus (CMM), Yomara Lins, e o secretário municipal de Obras, Renato Junior, concedem entrevista aos veículos de comunicação às 10h desta terça-feira, 21/2, sobre os avanços nas obras da avenida Djalma Batista." />
<meta name="robots" content="index, follow, max-snippet:-1, max-image-preview:large, max-video-preview:-1" />
<link rel="canonical" href="https://www.manaus.am.gov.br/semcom/pautas/reataerro-djalma-batista/" />
<meta property="og:locale" content="pt_BR" />
<meta property="og:type" content="article" />
<meta property="og:title" content="Prefeitura de Manaus inicia reaterro da avenida Djalma Batista" />
<meta property="og:description" content="A prefeita em exercício, vereadora e vice-presidente da Câmara Municipal de Manaus (CMM), Yomara Lins, e o secretário municipal de Obras, Renato Junior, concedem entrevista aos veículos de comunicação às 10h desta terça-feira, 21/2, sobre os avanços nas obras da avenida Djalma Batista." />
<meta property="og:url" content="https://www.manaus.am.gov.br/semcom/pautas/reataerro-djalma-batista/" />
<meta property="og:site_name" content="SEMCOM" />
<meta property="article:modified_time" content="2023-03-03T15:33:10+00:00" />
<meta property="og:image" content="https://www.manaus.am.gov.br/semcom/wp-content/uploads/sites/5/2023/02/sugestaodepauta.png" />
	<meta property="og:image:width" content="1020" />
	<meta property="og:image:height" content="540" />
	<meta property="og:image:type" content="image/png" />
<meta name="twitter:card" content="summary_large_image" />
<meta name="twitter:label1" content="Est. reading time" />
	<meta name="twitter:data1" content="1 minuto" />
<script type="application/ld+json" class="yoast-schema-graph">{"@context":"https://schema.org","@graph":[{"@type":"WebPage","@id":"https://www.manaus.am.gov.br/semcom/pautas/reataerro-djalma-batista/","url":"https://www.manaus.am.gov.br/semcom/pautas/reataerro-djalma-batista/","name":"Prefeitura de Manaus inicia reaterro da avenida Djalma Batista","isPartOf":{"@id":"https://www.manaus.am.gov.br/semcom/#website"},"primaryImageOfPage":{"@id":"https://www.manaus.am.gov.br/semcom/pautas/reataerro-djalma-batista/#primaryimage"},"image":{"@id":"https://www.manaus.am.gov.br/semcom/pautas/reataerro-djalma-batista/#primaryimage"},"thumbnailUrl":"https://www.manaus.am.gov.br/semcom/wp-content/uploads/sites/5/2023/02/sugestaodepauta.png","datePublished":"2023-02-21T13:14:34+00:00","dateModified":"2023-03-03T15:33:10+00:00","description":"A prefeita em exercício, vereadora e vice-presidente da Câmara Municipal de Manaus (CMM), Yomara Lins, e o secretário municipal de Obras, Renato Junior, concedem entrevista aos veículos de comunicação às 10h desta terça-feira, 21/2, sobre os avanços nas obras da avenida Djalma Batista.","inLanguage":"pt-BR","potentialAction":[{"@type":"ReadAction","target":["https://www.manaus.am.gov.br/semcom/pautas/reataerro-djalma-batista/"]}]},{"@type":"ImageObject","inLanguage":"pt-BR","@id":"https://www.manaus.am.gov.br/semcom/pautas/reataerro-djalma-batista/#primaryimage","url":"https://www.manaus.am.gov.br/semcom/wp-content/uploads/sites/5/2023/02/sugestaodepauta.png","contentUrl":"https://www.manaus.am.gov.br/semcom/wp-content/uploads/sites/5/2023/02/sugestaodepauta.png","width":1020,"height":540},{"@type":"WebSite","@id":"https://www.manaus.am.gov.br/semcom/#website","url":"https://www.manaus.am.gov.br/semcom/","name":"SEMCOM","description":"Secretaria Municipal de Comunicação","potentialAction":[{"@type":"SearchAction","target":{"@type":"EntryPoint","urlTemplate":"https://www.manaus.am.gov.br/semcom/?s={search_term_string}"},"query-input":"required name=search_term_string"}],"inLanguage":"pt-BR"}]}</script>
<!-- / Yoast SEO plugin. -->

A prefeita em exercício, vereadora e vice-presidente da Câmara Municipal de Manaus (CMM), Yomara Lins, e o secretário municipal de Obras, Renato Junior, concedem entrevista aos veículos de comunicação às 10h desta terça-feira, 21/2, sobre os avanços nas obras da avenida Djalma Batista.

Secretaria Municipal de Comunicação
