{"id":209342,"date":"2023-02-16T21:14:19","date_gmt":"2023-02-17T00:14:19","guid":{"rendered":"https:\/\/www.manaus.am.gov.br\/semcom\/?post_type=pautas&#038;p=209342"},"modified":"2023-03-02T18:13:02","modified_gmt":"2023-03-02T21:13:02","slug":"prefeitura-de-manaus-anuncia-saldo-da-primeira-fase-da-operacao-cabelo-seguro","status":"publish","type":"pautas","link":"https:\/\/www.manaus.am.gov.br\/semcom\/pautas\/prefeitura-de-manaus-anuncia-saldo-da-primeira-fase-da-operacao-cabelo-seguro\/","title":{"rendered":"Prefeitura de Manaus anuncia saldo da primeira fase da opera\u00e7\u00e3o \u2018Cabelo Seguro\u2019"},"content":{"rendered":"\n<p>A Prefeitura de Manaus, por meio da Diretoria de Vigil\u00e2ncia Sanit\u00e1ria (Visa Manaus) da Secretaria Municipal de Sa\u00fade (Semsa), concede entrevista coletiva aos ve\u00edculos de comunica\u00e7\u00e3o, \u00e0s 14h, desta sexta-feira, 17\/2, sobre o saldo da primeira fase da opera\u00e7\u00e3o \u201cCabelo Seguro\u201d.<\/p>\n\n\n\n<p>A opera\u00e7\u00e3o foi organizada pela Visa Manaus ap\u00f3s uma resolu\u00e7\u00e3o da Ag\u00eancia Nacional de Vigil\u00e2ncia Sanit\u00e1ria (Anvisa) que determina a suspens\u00e3o do com\u00e9rcio e utiliza\u00e7\u00e3o das pomadas modeladoras para cabelo, em todo o Brasil, depois que centenas de casos de rea\u00e7\u00f5es adversas a esses produtos foram registrados em diversas cidades brasileiras.<\/p>\n\n\n\n<p>At\u00e9 esta sexta, 17\/2, os fiscais da vigil\u00e2ncia municipal continuam a inspecionar lojas de varejo de cosm\u00e9ticos, distribuidoras, sal\u00f5es de beleza, barbearias e supermercados, para verificar se h\u00e1 pomadas expostas \u00e0 venda ou em estoque e, nos casos positivos, interditar esses produtos at\u00e9 que a Anvisa emita nova decis\u00e3o sobre o assunto.<\/p>\n\n\n\n<p>Estar\u00e3o presentes, o diretor da Visa Manaus, Ewerton Wanderley; a chefe da Divis\u00e3o de Vigil\u00e2ncia de Saneantes, Cosm\u00e9ticos, PPS e Correlatos, Jacqueline Santos; a chefe do N\u00facleo de Educa\u00e7\u00e3o em Vigil\u00e2ncia Sanit\u00e1ria, Ana Felisa Guerrero; chefe do N\u00facleo de Seguran\u00e7a do Paciente e Gest\u00e3o de Risco, Yonara Wanderley; e o m\u00e9dico oftalmologista Cavalcanti J\u00fanior, para falar sobre a opera\u00e7\u00e3o e fazer recomenda\u00e7\u00f5es \u00e0 popula\u00e7\u00e3o sobre os riscos de se usar as pomadas modeladoras.<\/p>\n\n\n\n<p>&#8212; &#8212; &#8212;&nbsp;<\/p>\n\n\n\n<p><strong>SERVI\u00c7O<\/strong><\/p>\n\n\n\n<p><strong>O qu\u00ea &#8211;<\/strong>&nbsp;Visa Manaus anuncia saldo da primeira fase da opera\u00e7\u00e3o \u201cCabelo Seguro\u201d<\/p>\n\n\n\n<p><strong>Quando &#8211;<\/strong>&nbsp;Sexta-feira, 17\/2<\/p>\n\n\n\n<p><strong>Hor\u00e1rio &#8211;<\/strong>&nbsp;14h<\/p>\n\n\n\n<p><strong>Local &#8211;<\/strong>&nbsp;Sala de dire\u00e7\u00e3o da Visa Manaus, no subsolo, na&nbsp;<a href=\"https:\/\/www.google.com\/maps\/search\/avenida+Japur%C3%A1,%0D%0A924,+Cachoeirinha,+zona?entry=gmail&amp;source=g\" target=\"_blank\" rel=\"noreferrer noopener\">avenida Japur\u00e1, 924, Cachoeirinha, zona<\/a>&nbsp;Sul.<\/p>\n","protected":false},"featured_media":208729,"template":"","categories":[520],"acf":[],"yoast_head":"<!-- This site is optimized with the Yoast SEO plugin v23.0 - https:\/\/yoast.com\/wordpress\/plugins\/seo\/ -->\n<title>Prefeitura de Manaus anuncia saldo da primeira fase da opera\u00e7\u00e3o \u2018Cabelo Seguro\u2019 - SEMCOM<\/title>\n<meta name=\"robots\" content=\"index, follow, max-snippet:-1, max-image-preview:large, max-video-preview:-1\" \/>\n<link rel=\"canonical\" href=\"https:\/\/www.manaus.am.gov.br\/semcom\/pautas\/prefeitura-de-manaus-anuncia-saldo-da-primeira-fase-da-operacao-cabelo-seguro\/\" \/>\n<meta property=\"og:locale\" content=\"pt_BR\" \/>\n<meta property=\"og:type\" content=\"article\" \/>\n<meta property=\"og:title\" content=\"Prefeitura de Manaus anuncia saldo da primeira fase da opera\u00e7\u00e3o \u2018Cabelo Seguro\u2019 - SEMCOM\" \/>\n<meta property=\"og:url\" content=\"https:\/\/www.manaus.am.gov.br\/semcom\/pautas\/prefeitura-de-manaus-anuncia-saldo-da-primeira-fase-da-operacao-cabelo-seguro\/\" \/>\n<meta property=\"og:site_name\" content=\"SEMCOM\" \/>\n<meta property=\"article:modified_time\" content=\"2023-03-02T21:13:02+00:00\" \/>\n<meta property=\"og:image\" content=\"https:\/\/www.manaus.am.gov.br\/semcom\/wp-content\/uploads\/sites\/5\/2023\/02\/sugestaodepauta.png\" \/>\n\t<meta property=\"og:image:width\" content=\"1020\" \/>\n\t<meta property=\"og:image:height\" content=\"540\" \/>\n\t<meta property=\"og:image:type\" content=\"image\/png\" \/>\n<meta name=\"twitter:card\" content=\"summary_large_image\" \/>\n<meta name=\"twitter:label1\" content=\"Est. reading time\" \/>\n\t<meta name=\"twitter:data1\" content=\"2 minutos\" \/>\n<script type=\"application\/ld+json\" class=\"yoast-schema-graph\">{\"@context\":\"https:\/\/schema.org\",\"@graph\":[{\"@type\":\"WebPage\",\"@id\":\"https:\/\/www.manaus.am.gov.br\/semcom\/pautas\/prefeitura-de-manaus-anuncia-saldo-da-primeira-fase-da-operacao-cabelo-seguro\/\",\"url\":\"https:\/\/www.manaus.am.gov.br\/semcom\/pautas\/prefeitura-de-manaus-anuncia-saldo-da-primeira-fase-da-operacao-cabelo-seguro\/\",\"name\":\"Prefeitura de Manaus anuncia saldo da primeira fase da opera\u00e7\u00e3o \u2018Cabelo Seguro\u2019 - SEMCOM\",\"isPartOf\":{\"@id\":\"https:\/\/www.manaus.am.gov.br\/semcom\/#website\"},\"primaryImageOfPage\":{\"@id\":\"https:\/\/www.manaus.am.gov.br\/semcom\/pautas\/prefeitura-de-manaus-anuncia-saldo-da-primeira-fase-da-operacao-cabelo-seguro\/#primaryimage\"},\"image\":{\"@id\":\"https:\/\/www.manaus.am.gov.br\/semcom\/pautas\/prefeitura-de-manaus-anuncia-saldo-da-primeira-fase-da-operacao-cabelo-seguro\/#primaryimage\"},\"thumbnailUrl\":\"https:\/\/www.manaus.am.gov.br\/semcom\/wp-content\/uploads\/sites\/5\/2023\/02\/sugestaodepauta.png\",\"datePublished\":\"2023-02-17T00:14:19+00:00\",\"dateModified\":\"2023-03-02T21:13:02+00:00\",\"inLanguage\":\"pt-BR\",\"potentialAction\":[{\"@type\":\"ReadAction\",\"target\":[\"https:\/\/www.manaus.am.gov.br\/semcom\/pautas\/prefeitura-de-manaus-anuncia-saldo-da-primeira-fase-da-operacao-cabelo-seguro\/\"]}]},{\"@type\":\"ImageObject\",\"inLanguage\":\"pt-BR\",\"@id\":\"https:\/\/www.manaus.am.gov.br\/semcom\/pautas\/prefeitura-de-manaus-anuncia-saldo-da-primeira-fase-da-operacao-cabelo-seguro\/#primaryimage\",\"url\":\"https:\/\/www.manaus.am.gov.br\/semcom\/wp-content\/uploads\/sites\/5\/2023\/02\/sugestaodepauta.png\",\"contentUrl\":\"https:\/\/www.manaus.am.gov.br\/semcom\/wp-content\/uploads\/sites\/5\/2023\/02\/sugestaodepauta.png\",\"width\":1020,\"height\":540},{\"@type\":\"WebSite\",\"@id\":\"https:\/\/www.manaus.am.gov.br\/semcom\/#website\",\"url\":\"https:\/\/www.manaus.am.gov.br\/semcom\/\",\"name\":\"SEMCOM\",\"description\":\"Secretaria Municipal de Comunica\u00e7\u00e3o\",\"potentialAction\":[{\"@type\":\"SearchAction\",\"target\":{\"@type\":\"EntryPoint\",\"urlTemplate\":\"https:\/\/www.manaus.am.gov.br\/semcom\/?s={search_term_string}\"},\"query-input\":\"required name=search_term_string\"}],\"inLanguage\":\"pt-BR\"}]}<\/script>\n<!-- \/ Yoast SEO plugin. -->","yoast_head_json":{"title":"Prefeitura de Manaus anuncia saldo da primeira fase da opera\u00e7\u00e3o \u2018Cabelo Seguro\u2019 - SEMCOM","robots":{"index":"index","follow":"follow","max-snippet":"max-snippet:-1","max-image-preview":"max-image-preview:large","max-video-preview":"max-video-preview:-1"},"canonical":"https:\/\/www.manaus.am.gov.br\/semcom\/pautas\/prefeitura-de-manaus-anuncia-saldo-da-primeira-fase-da-operacao-cabelo-seguro\/","og_locale":"pt_BR","og_type":"article","og_title":"Prefeitura de Manaus anuncia saldo da primeira fase da opera\u00e7\u00e3o \u2018Cabelo Seguro\u2019 - SEMCOM","og_url":"https:\/\/www.manaus.am.gov.br\/semcom\/pautas\/prefeitura-de-manaus-anuncia-saldo-da-primeira-fase-da-operacao-cabelo-seguro\/","og_site_name":"SEMCOM","article_modified_time":"2023-03-02T21:13:02+00:00","og_image":[{"width":1020,"height":540,"url":"https:\/\/www.manaus.am.gov.br\/semcom\/wp-content\/uploads\/sites\/5\/2023\/02\/sugestaodepauta.png","type":"image\/png"}],"twitter_card":"summary_large_image","twitter_misc":{"Est. reading time":"2 minutos"},"schema":{"@context":"https:\/\/schema.org","@graph":[{"@type":"WebPage","@id":"https:\/\/www.manaus.am.gov.br\/semcom\/pautas\/prefeitura-de-manaus-anuncia-saldo-da-primeira-fase-da-operacao-cabelo-seguro\/","url":"https:\/\/www.manaus.am.gov.br\/semcom\/pautas\/prefeitura-de-manaus-anuncia-saldo-da-primeira-fase-da-operacao-cabelo-seguro\/","name":"Prefeitura de Manaus anuncia saldo da primeira fase da opera\u00e7\u00e3o \u2018Cabelo Seguro\u2019 - SEMCOM","isPartOf":{"@id":"https:\/\/www.manaus.am.gov.br\/semcom\/#website"},"primaryImageOfPage":{"@id":"https:\/\/www.manaus.am.gov.br\/semcom\/pautas\/prefeitura-de-manaus-anuncia-saldo-da-primeira-fase-da-operacao-cabelo-seguro\/#primaryimage"},"image":{"@id":"https:\/\/www.manaus.am.gov.br\/semcom\/pautas\/prefeitura-de-manaus-anuncia-saldo-da-primeira-fase-da-operacao-cabelo-seguro\/#primaryimage"},"thumbnailUrl":"https:\/\/www.manaus.am.gov.br\/semcom\/wp-content\/uploads\/sites\/5\/2023\/02\/sugestaodepauta.png","datePublished":"2023-02-17T00:14:19+00:00","dateModified":"2023-03-02T21:13:02+00:00","inLanguage":"pt-BR","potentialAction":[{"@type":"ReadAction","target":["https:\/\/www.manaus.am.gov.br\/semcom\/pautas\/prefeitura-de-manaus-anuncia-saldo-da-primeira-fase-da-operacao-cabelo-seguro\/"]}]},{"@type":"ImageObject","inLanguage":"pt-BR","@id":"https:\/\/www.manaus.am.gov.br\/semcom\/pautas\/prefeitura-de-manaus-anuncia-saldo-da-primeira-fase-da-operacao-cabelo-seguro\/#primaryimage","url":"https:\/\/www.manaus.am.gov.br\/semcom\/wp-content\/uploads\/sites\/5\/2023\/02\/sugestaodepauta.png","contentUrl":"https:\/\/www.manaus.am.gov.br\/semcom\/wp-content\/uploads\/sites\/5\/2023\/02\/sugestaodepauta.png","width":1020,"height":540},{"@type":"WebSite","@id":"https:\/\/www.manaus.am.gov.br\/semcom\/#website","url":"https:\/\/www.manaus.am.gov.br\/semcom\/","name":"SEMCOM","description":"Secretaria Municipal de Comunica\u00e7\u00e3o","potentialAction":[{"@type":"SearchAction","target":{"@type":"EntryPoint","urlTemplate":"https:\/\/www.manaus.am.gov.br\/semcom\/?s={search_term_string}"},"query-input":"required name=search_term_string"}],"inLanguage":"pt-BR"}]}},"_links":{"self":[{"href":"https:\/\/www.manaus.am.gov.br\/semcom\/wp-json\/wp\/v2\/pautas\/209342"}],"collection":[{"href":"https:\/\/www.manaus.am.gov.br\/semcom\/wp-json\/wp\/v2\/pautas"}],"about":[{"href":"https:\/\/www.manaus.am.gov.br\/semcom\/wp-json\/wp\/v2\/types\/pautas"}],"wp:featuredmedia":[{"embeddable":true,"href":"https:\/\/www.manaus.am.gov.br\/semcom\/wp-json\/wp\/v2\/media\/208729"}],"wp:attachment":[{"href":"https:\/\/www.manaus.am.gov.br\/semcom\/wp-json\/wp\/v2\/media?parent=209342"}],"wp:term":[{"taxonomy":"category","embeddable":true,"href":"https:\/\/www.manaus.am.gov.br\/semcom\/wp-json\/wp\/v2\/categories?post=209342"}],"curies":[{"name":"wp","href":"https:\/\/api.w.org\/{rel}","templated":true}]}}

Prefeitura de Manaus anuncia saldo da primeira fase da operação ‘Cabelo Seguro’

<p>A Prefeitura de Manaus, por meio da Diretoria de Vigilância Sanitária (Visa Manaus) da Secretaria Municipal de Saúde (Semsa), concede entrevista coletiva aos veículos de comunicação, às 14h, desta sexta-feira, 17/2, sobre o saldo da primeira fase da operação “Cabelo Seguro”.</p>



<p>A operação foi organizada pela Visa Manaus após uma resolução da Agência Nacional de Vigilância Sanitária (Anvisa) que determina a suspensão do comércio e utilização das pomadas modeladoras para cabelo, em todo o Brasil, depois que centenas de casos de reações adversas a esses produtos foram registrados em diversas cidades brasileiras.</p>



<p>Até esta sexta, 17/2, os fiscais da vigilância municipal continuam a inspecionar lojas de varejo de cosméticos, distribuidoras, salões de beleza, barbearias e supermercados, para verificar se há pomadas expostas à venda ou em estoque e, nos casos positivos, interditar esses produtos até que a Anvisa emita nova decisão sobre o assunto.</p>



<p>Estarão presentes, o diretor da Visa Manaus, Ewerton Wanderley; a chefe da Divisão de Vigilância de Saneantes, Cosméticos, PPS e Correlatos, Jacqueline Santos; a chefe do Núcleo de Educação em Vigilância Sanitária, Ana Felisa Guerrero; chefe do Núcleo de Segurança do Paciente e Gestão de Risco, Yonara Wanderley; e o médico oftalmologista Cavalcanti Júnior, para falar sobre a operação e fazer recomendações à população sobre os riscos de se usar as pomadas modeladoras.</p>



<p>&#8212; &#8212; &#8212;&nbsp;</p>



<p><strong>SERVIÇO</strong></p>



<p><strong>O quê &#8211;</strong>&nbsp;Visa Manaus anuncia saldo da primeira fase da operação “Cabelo Seguro”</p>



<p><strong>Quando &#8211;</strong>&nbsp;Sexta-feira, 17/2</p>



<p><strong>Horário &#8211;</strong>&nbsp;14h</p>



<p><strong>Local &#8211;</strong>&nbsp;Sala de direção da Visa Manaus, no subsolo, na&nbsp;<a href="https://www.google.com/maps/search/avenida+Japur%C3%A1,%0D%0A924,+Cachoeirinha,+zona?entry=gmail&amp;source=g" target="_blank" rel="noreferrer noopener">avenida Japurá, 924, Cachoeirinha, zona</a>&nbsp;Sul.</p>

<!-- This site is optimized with the Yoast SEO plugin v23.0 - https://yoast.com/wordpress/plugins/seo/ -->
<title>Prefeitura de Manaus anuncia saldo da primeira fase da operação ‘Cabelo Seguro’ - SEMCOM</title>
<meta name="robots" content="index, follow, max-snippet:-1, max-image-preview:large, max-video-preview:-1" />
<link rel="canonical" href="https://www.manaus.am.gov.br/semcom/pautas/prefeitura-de-manaus-anuncia-saldo-da-primeira-fase-da-operacao-cabelo-seguro/" />
<meta property="og:locale" content="pt_BR" />
<meta property="og:type" content="article" />
<meta property="og:title" content="Prefeitura de Manaus anuncia saldo da primeira fase da operação ‘Cabelo Seguro’ - SEMCOM" />
<meta property="og:url" content="https://www.manaus.am.gov.br/semcom/pautas/prefeitura-de-manaus-anuncia-saldo-da-primeira-fase-da-operacao-cabelo-seguro/" />
<meta property="og:site_name" content="SEMCOM" />
<meta property="article:modified_time" content="2023-03-02T21:13:02+00:00" />
<meta property="og:image" content="https://www.manaus.am.gov.br/semcom/wp-content/uploads/sites/5/2023/02/sugestaodepauta.png" />
	<meta property="og:image:width" content="1020" />
	<meta property="og:image:height" content="540" />
	<meta property="og:image:type" content="image/png" />
<meta name="twitter:card" content="summary_large_image" />
<meta name="twitter:label1" content="Est. reading time" />
	<meta name="twitter:data1" content="2 minutos" />
<script type="application/ld+json" class="yoast-schema-graph">{"@context":"https://schema.org","@graph":[{"@type":"WebPage","@id":"https://www.manaus.am.gov.br/semcom/pautas/prefeitura-de-manaus-anuncia-saldo-da-primeira-fase-da-operacao-cabelo-seguro/","url":"https://www.manaus.am.gov.br/semcom/pautas/prefeitura-de-manaus-anuncia-saldo-da-primeira-fase-da-operacao-cabelo-seguro/","name":"Prefeitura de Manaus anuncia saldo da primeira fase da operação ‘Cabelo Seguro’ - SEMCOM","isPartOf":{"@id":"https://www.manaus.am.gov.br/semcom/#website"},"primaryImageOfPage":{"@id":"https://www.manaus.am.gov.br/semcom/pautas/prefeitura-de-manaus-anuncia-saldo-da-primeira-fase-da-operacao-cabelo-seguro/#primaryimage"},"image":{"@id":"https://www.manaus.am.gov.br/semcom/pautas/prefeitura-de-manaus-anuncia-saldo-da-primeira-fase-da-operacao-cabelo-seguro/#primaryimage"},"thumbnailUrl":"https://www.manaus.am.gov.br/semcom/wp-content/uploads/sites/5/2023/02/sugestaodepauta.png","datePublished":"2023-02-17T00:14:19+00:00","dateModified":"2023-03-02T21:13:02+00:00","inLanguage":"pt-BR","potentialAction":[{"@type":"ReadAction","target":["https://www.manaus.am.gov.br/semcom/pautas/prefeitura-de-manaus-anuncia-saldo-da-primeira-fase-da-operacao-cabelo-seguro/"]}]},{"@type":"ImageObject","inLanguage":"pt-BR","@id":"https://www.manaus.am.gov.br/semcom/pautas/prefeitura-de-manaus-anuncia-saldo-da-primeira-fase-da-operacao-cabelo-seguro/#primaryimage","url":"https://www.manaus.am.gov.br/semcom/wp-content/uploads/sites/5/2023/02/sugestaodepauta.png","contentUrl":"https://www.manaus.am.gov.br/semcom/wp-content/uploads/sites/5/2023/02/sugestaodepauta.png","width":1020,"height":540},{"@type":"WebSite","@id":"https://www.manaus.am.gov.br/semcom/#website","url":"https://www.manaus.am.gov.br/semcom/","name":"SEMCOM","description":"Secretaria Municipal de Comunicação","potentialAction":[{"@type":"SearchAction","target":{"@type":"EntryPoint","urlTemplate":"https://www.manaus.am.gov.br/semcom/?s={search_term_string}"},"query-input":"required name=search_term_string"}],"inLanguage":"pt-BR"}]}</script>
<!-- / Yoast SEO plugin. -->

Prefeitura de Manaus anuncia saldo da primeira fase da operação ‘Cabelo Seguro’ - SEMCOM

Secretaria Municipal de Comunicação
