{"id":209243,"date":"2023-02-15T14:46:42","date_gmt":"2023-02-15T17:46:42","guid":{"rendered":"https:\/\/www.manaus.am.gov.br\/semcom\/?post_type=pautas&#038;p=209243"},"modified":"2023-02-15T14:46:42","modified_gmt":"2023-02-15T17:46:42","slug":"prefeitura-de-manaus-realiza-carnaidoso-no-parque-municipal-do-idoso-nesta-quinta-feira-16-2","status":"publish","type":"pautas","link":"https:\/\/www.manaus.am.gov.br\/semcom\/pautas\/prefeitura-de-manaus-realiza-carnaidoso-no-parque-municipal-do-idoso-nesta-quinta-feira-16-2\/","title":{"rendered":"<strong>Prefeitura de Manaus realiza \u2018Carnaidoso\u2019 no Parque Municipal do&nbsp;Idoso&nbsp;nesta quinta-feira, 16\/2<\/strong>"},"content":{"rendered":"\n<p>A&nbsp;Prefeitura de Manaus, por meio do programa \u201cConviver\u201d, do Parque Municipal do&nbsp;Idoso&nbsp;(PMI), via Funda\u00e7\u00e3o Doutor Thomas, realizar\u00e1 o tradicional \u201cCarnaidoso\u201d. A folia promete levar muita divers\u00e3o ao p\u00fablico da terceira idade, nesta quinta-feira, 16\/2, a partir das 15h, no gin\u00e1sio do PMI, na rua Rio Mar, n\u00ba 1.324, bairro Nossa Senhora das Gra\u00e7as, zona Centro-Sul.&nbsp;<\/p>\n\n\n\n<p>Com a tem\u00e1tica \u201cTropical\u201d, o Carnaval da terceira idade ter\u00e1 entrada gratuita e seguindo os cuidados b\u00e1sicos de sa\u00fade, os frequentadores do parque poder\u00e3o convidar os familiares e amigos para participar da festa.<\/p>\n\n\n\n<p>A folia come\u00e7a com a melhor sele\u00e7\u00e3o de marchinhas do DJ oficial do PMI, Ery Castro. Em seguida, quem comanda a festa \u00e9 o cantor Carlinhos do Boi e banda e, fechando o evento, a bateria da escola de samba Reino Unido da Liberdade. Al\u00e9m disso, o ambiente \u201cTropicalizado\u201d tamb\u00e9m incluir\u00e1 uma pra\u00e7a de alimenta\u00e7\u00e3o com v\u00e1rias op\u00e7\u00f5es gastron\u00f4micas e a distribui\u00e7\u00e3o de preservativos.<\/p>\n\n\n\n<p><strong>SERVI\u00c7O:<\/strong><\/p>\n\n\n\n<p><strong>O qu\u00ea&nbsp;\u2013&nbsp;<\/strong>Prefeitura de Manaus realiza \u201cCarnaidoso\u201d<\/p>\n\n\n\n<p><strong>Quando<\/strong>&nbsp;\u2013 Quinta-feira, 16\/2<\/p>\n\n\n\n<p><strong>Hor\u00e1rio<\/strong>&nbsp;\u2013 A partir das 15h<\/p>\n\n\n\n<p><strong>Local<\/strong>&nbsp;&#8211;&nbsp;Parque Municipal do Idoso, rua Rio Mar, n\u00ba 1.324, bairro Nossa Senhora das Gra\u00e7as, zona Centro-Sul<\/p>\n","protected":false},"featured_media":208729,"template":"","categories":[795],"acf":[],"yoast_head":"<!-- This site is optimized with the Yoast SEO plugin v23.0 - https:\/\/yoast.com\/wordpress\/plugins\/seo\/ -->\n<title>Prefeitura realiza \u2018Carnaidoso\u2019 no Parque Municipal do Idoso<\/title>\n<meta name=\"description\" content=\"A\u00a0Prefeitura de Manaus, por meio do programa \u201cConviver\u201d, do Parque Municipal do\u00a0Idoso\u00a0(PMI), via Funda\u00e7\u00e3o Doutor Thomas, realizar\u00e1 o tradicional \u201cCarnaidoso\u201d.\" \/>\n<meta name=\"robots\" content=\"index, follow, max-snippet:-1, max-image-preview:large, max-video-preview:-1\" \/>\n<link rel=\"canonical\" href=\"https:\/\/www.manaus.am.gov.br\/semcom\/pautas\/prefeitura-de-manaus-realiza-carnaidoso-no-parque-municipal-do-idoso-nesta-quinta-feira-16-2\/\" \/>\n<meta property=\"og:locale\" content=\"pt_BR\" \/>\n<meta property=\"og:type\" content=\"article\" \/>\n<meta property=\"og:title\" content=\"Prefeitura realiza \u2018Carnaidoso\u2019 no Parque Municipal do Idoso\" \/>\n<meta property=\"og:description\" content=\"A\u00a0Prefeitura de Manaus, por meio do programa \u201cConviver\u201d, do Parque Municipal do\u00a0Idoso\u00a0(PMI), via Funda\u00e7\u00e3o Doutor Thomas, realizar\u00e1 o tradicional \u201cCarnaidoso\u201d.\" \/>\n<meta property=\"og:url\" content=\"https:\/\/www.manaus.am.gov.br\/semcom\/pautas\/prefeitura-de-manaus-realiza-carnaidoso-no-parque-municipal-do-idoso-nesta-quinta-feira-16-2\/\" \/>\n<meta property=\"og:site_name\" content=\"SEMCOM\" \/>\n<meta property=\"og:image\" content=\"https:\/\/www.manaus.am.gov.br\/semcom\/wp-content\/uploads\/sites\/5\/2023\/02\/sugestaodepauta.png\" \/>\n\t<meta property=\"og:image:width\" content=\"1020\" \/>\n\t<meta property=\"og:image:height\" content=\"540\" \/>\n\t<meta property=\"og:image:type\" content=\"image\/png\" \/>\n<meta name=\"twitter:card\" content=\"summary_large_image\" \/>\n<meta name=\"twitter:label1\" content=\"Est. reading time\" \/>\n\t<meta name=\"twitter:data1\" content=\"2 minutos\" \/>\n<script type=\"application\/ld+json\" class=\"yoast-schema-graph\">{\"@context\":\"https:\/\/schema.org\",\"@graph\":[{\"@type\":\"WebPage\",\"@id\":\"https:\/\/www.manaus.am.gov.br\/semcom\/pautas\/prefeitura-de-manaus-realiza-carnaidoso-no-parque-municipal-do-idoso-nesta-quinta-feira-16-2\/\",\"url\":\"https:\/\/www.manaus.am.gov.br\/semcom\/pautas\/prefeitura-de-manaus-realiza-carnaidoso-no-parque-municipal-do-idoso-nesta-quinta-feira-16-2\/\",\"name\":\"Prefeitura realiza \u2018Carnaidoso\u2019 no Parque Municipal do Idoso\",\"isPartOf\":{\"@id\":\"https:\/\/www.manaus.am.gov.br\/semcom\/#website\"},\"primaryImageOfPage\":{\"@id\":\"https:\/\/www.manaus.am.gov.br\/semcom\/pautas\/prefeitura-de-manaus-realiza-carnaidoso-no-parque-municipal-do-idoso-nesta-quinta-feira-16-2\/#primaryimage\"},\"image\":{\"@id\":\"https:\/\/www.manaus.am.gov.br\/semcom\/pautas\/prefeitura-de-manaus-realiza-carnaidoso-no-parque-municipal-do-idoso-nesta-quinta-feira-16-2\/#primaryimage\"},\"thumbnailUrl\":\"https:\/\/www.manaus.am.gov.br\/semcom\/wp-content\/uploads\/sites\/5\/2023\/02\/sugestaodepauta.png\",\"datePublished\":\"2023-02-15T17:46:42+00:00\",\"dateModified\":\"2023-02-15T17:46:42+00:00\",\"description\":\"A\u00a0Prefeitura de Manaus, por meio do programa \u201cConviver\u201d, do Parque Municipal do\u00a0Idoso\u00a0(PMI), via Funda\u00e7\u00e3o Doutor Thomas, realizar\u00e1 o tradicional \u201cCarnaidoso\u201d.\",\"inLanguage\":\"pt-BR\",\"potentialAction\":[{\"@type\":\"ReadAction\",\"target\":[\"https:\/\/www.manaus.am.gov.br\/semcom\/pautas\/prefeitura-de-manaus-realiza-carnaidoso-no-parque-municipal-do-idoso-nesta-quinta-feira-16-2\/\"]}]},{\"@type\":\"ImageObject\",\"inLanguage\":\"pt-BR\",\"@id\":\"https:\/\/www.manaus.am.gov.br\/semcom\/pautas\/prefeitura-de-manaus-realiza-carnaidoso-no-parque-municipal-do-idoso-nesta-quinta-feira-16-2\/#primaryimage\",\"url\":\"https:\/\/www.manaus.am.gov.br\/semcom\/wp-content\/uploads\/sites\/5\/2023\/02\/sugestaodepauta.png\",\"contentUrl\":\"https:\/\/www.manaus.am.gov.br\/semcom\/wp-content\/uploads\/sites\/5\/2023\/02\/sugestaodepauta.png\",\"width\":1020,\"height\":540},{\"@type\":\"WebSite\",\"@id\":\"https:\/\/www.manaus.am.gov.br\/semcom\/#website\",\"url\":\"https:\/\/www.manaus.am.gov.br\/semcom\/\",\"name\":\"SEMCOM\",\"description\":\"Secretaria Municipal de Comunica\u00e7\u00e3o\",\"potentialAction\":[{\"@type\":\"SearchAction\",\"target\":{\"@type\":\"EntryPoint\",\"urlTemplate\":\"https:\/\/www.manaus.am.gov.br\/semcom\/?s={search_term_string}\"},\"query-input\":\"required name=search_term_string\"}],\"inLanguage\":\"pt-BR\"}]}<\/script>\n<!-- \/ Yoast SEO plugin. -->","yoast_head_json":{"title":"Prefeitura realiza \u2018Carnaidoso\u2019 no Parque Municipal do Idoso","description":"A\u00a0Prefeitura de Manaus, por meio do programa \u201cConviver\u201d, do Parque Municipal do\u00a0Idoso\u00a0(PMI), via Funda\u00e7\u00e3o Doutor Thomas, realizar\u00e1 o tradicional \u201cCarnaidoso\u201d.","robots":{"index":"index","follow":"follow","max-snippet":"max-snippet:-1","max-image-preview":"max-image-preview:large","max-video-preview":"max-video-preview:-1"},"canonical":"https:\/\/www.manaus.am.gov.br\/semcom\/pautas\/prefeitura-de-manaus-realiza-carnaidoso-no-parque-municipal-do-idoso-nesta-quinta-feira-16-2\/","og_locale":"pt_BR","og_type":"article","og_title":"Prefeitura realiza \u2018Carnaidoso\u2019 no Parque Municipal do Idoso","og_description":"A\u00a0Prefeitura de Manaus, por meio do programa \u201cConviver\u201d, do Parque Municipal do\u00a0Idoso\u00a0(PMI), via Funda\u00e7\u00e3o Doutor Thomas, realizar\u00e1 o tradicional \u201cCarnaidoso\u201d.","og_url":"https:\/\/www.manaus.am.gov.br\/semcom\/pautas\/prefeitura-de-manaus-realiza-carnaidoso-no-parque-municipal-do-idoso-nesta-quinta-feira-16-2\/","og_site_name":"SEMCOM","og_image":[{"width":1020,"height":540,"url":"https:\/\/www.manaus.am.gov.br\/semcom\/wp-content\/uploads\/sites\/5\/2023\/02\/sugestaodepauta.png","type":"image\/png"}],"twitter_card":"summary_large_image","twitter_misc":{"Est. reading time":"2 minutos"},"schema":{"@context":"https:\/\/schema.org","@graph":[{"@type":"WebPage","@id":"https:\/\/www.manaus.am.gov.br\/semcom\/pautas\/prefeitura-de-manaus-realiza-carnaidoso-no-parque-municipal-do-idoso-nesta-quinta-feira-16-2\/","url":"https:\/\/www.manaus.am.gov.br\/semcom\/pautas\/prefeitura-de-manaus-realiza-carnaidoso-no-parque-municipal-do-idoso-nesta-quinta-feira-16-2\/","name":"Prefeitura realiza \u2018Carnaidoso\u2019 no Parque Municipal do Idoso","isPartOf":{"@id":"https:\/\/www.manaus.am.gov.br\/semcom\/#website"},"primaryImageOfPage":{"@id":"https:\/\/www.manaus.am.gov.br\/semcom\/pautas\/prefeitura-de-manaus-realiza-carnaidoso-no-parque-municipal-do-idoso-nesta-quinta-feira-16-2\/#primaryimage"},"image":{"@id":"https:\/\/www.manaus.am.gov.br\/semcom\/pautas\/prefeitura-de-manaus-realiza-carnaidoso-no-parque-municipal-do-idoso-nesta-quinta-feira-16-2\/#primaryimage"},"thumbnailUrl":"https:\/\/www.manaus.am.gov.br\/semcom\/wp-content\/uploads\/sites\/5\/2023\/02\/sugestaodepauta.png","datePublished":"2023-02-15T17:46:42+00:00","dateModified":"2023-02-15T17:46:42+00:00","description":"A\u00a0Prefeitura de Manaus, por meio do programa \u201cConviver\u201d, do Parque Municipal do\u00a0Idoso\u00a0(PMI), via Funda\u00e7\u00e3o Doutor Thomas, realizar\u00e1 o tradicional \u201cCarnaidoso\u201d.","inLanguage":"pt-BR","potentialAction":[{"@type":"ReadAction","target":["https:\/\/www.manaus.am.gov.br\/semcom\/pautas\/prefeitura-de-manaus-realiza-carnaidoso-no-parque-municipal-do-idoso-nesta-quinta-feira-16-2\/"]}]},{"@type":"ImageObject","inLanguage":"pt-BR","@id":"https:\/\/www.manaus.am.gov.br\/semcom\/pautas\/prefeitura-de-manaus-realiza-carnaidoso-no-parque-municipal-do-idoso-nesta-quinta-feira-16-2\/#primaryimage","url":"https:\/\/www.manaus.am.gov.br\/semcom\/wp-content\/uploads\/sites\/5\/2023\/02\/sugestaodepauta.png","contentUrl":"https:\/\/www.manaus.am.gov.br\/semcom\/wp-content\/uploads\/sites\/5\/2023\/02\/sugestaodepauta.png","width":1020,"height":540},{"@type":"WebSite","@id":"https:\/\/www.manaus.am.gov.br\/semcom\/#website","url":"https:\/\/www.manaus.am.gov.br\/semcom\/","name":"SEMCOM","description":"Secretaria Municipal de Comunica\u00e7\u00e3o","potentialAction":[{"@type":"SearchAction","target":{"@type":"EntryPoint","urlTemplate":"https:\/\/www.manaus.am.gov.br\/semcom\/?s={search_term_string}"},"query-input":"required name=search_term_string"}],"inLanguage":"pt-BR"}]}},"_links":{"self":[{"href":"https:\/\/www.manaus.am.gov.br\/semcom\/wp-json\/wp\/v2\/pautas\/209243"}],"collection":[{"href":"https:\/\/www.manaus.am.gov.br\/semcom\/wp-json\/wp\/v2\/pautas"}],"about":[{"href":"https:\/\/www.manaus.am.gov.br\/semcom\/wp-json\/wp\/v2\/types\/pautas"}],"wp:featuredmedia":[{"embeddable":true,"href":"https:\/\/www.manaus.am.gov.br\/semcom\/wp-json\/wp\/v2\/media\/208729"}],"wp:attachment":[{"href":"https:\/\/www.manaus.am.gov.br\/semcom\/wp-json\/wp\/v2\/media?parent=209243"}],"wp:term":[{"taxonomy":"category","embeddable":true,"href":"https:\/\/www.manaus.am.gov.br\/semcom\/wp-json\/wp\/v2\/categories?post=209243"}],"curies":[{"name":"wp","href":"https:\/\/api.w.org\/{rel}","templated":true}]}}

<p>A&nbsp;Prefeitura de Manaus, por meio do programa “Conviver”, do Parque Municipal do&nbsp;Idoso&nbsp;(PMI), via Fundação Doutor Thomas, realizará o tradicional “Carnaidoso”. A folia promete levar muita diversão ao público da terceira idade, nesta quinta-feira, 16/2, a partir das 15h, no ginásio do PMI, na rua Rio Mar, nº 1.324, bairro Nossa Senhora das Graças, zona Centro-Sul.&nbsp;</p>



<p>Com a temática “Tropical”, o Carnaval da terceira idade terá entrada gratuita e seguindo os cuidados básicos de saúde, os frequentadores do parque poderão convidar os familiares e amigos para participar da festa.</p>



<p>A folia começa com a melhor seleção de marchinhas do DJ oficial do PMI, Ery Castro. Em seguida, quem comanda a festa é o cantor Carlinhos do Boi e banda e, fechando o evento, a bateria da escola de samba Reino Unido da Liberdade. Além disso, o ambiente “Tropicalizado” também incluirá uma praça de alimentação com várias opções gastronômicas e a distribuição de preservativos.</p>



<p><strong>SERVIÇO:</strong></p>



<p><strong>O quê&nbsp;–&nbsp;</strong>Prefeitura de Manaus realiza “Carnaidoso”</p>



<p><strong>Quando</strong>&nbsp;– Quinta-feira, 16/2</p>



<p><strong>Horário</strong>&nbsp;– A partir das 15h</p>



<p><strong>Local</strong>&nbsp;&#8211;&nbsp;Parque Municipal do Idoso, rua Rio Mar, nº 1.324, bairro Nossa Senhora das Graças, zona Centro-Sul</p>

<!-- This site is optimized with the Yoast SEO plugin v23.0 - https://yoast.com/wordpress/plugins/seo/ -->
<title>Prefeitura realiza ‘Carnaidoso’ no Parque Municipal do Idoso</title>
<meta name="description" content="A Prefeitura de Manaus, por meio do programa “Conviver”, do Parque Municipal do Idoso (PMI), via Fundação Doutor Thomas, realizará o tradicional “Carnaidoso”." />
<meta name="robots" content="index, follow, max-snippet:-1, max-image-preview:large, max-video-preview:-1" />
<link rel="canonical" href="https://www.manaus.am.gov.br/semcom/pautas/prefeitura-de-manaus-realiza-carnaidoso-no-parque-municipal-do-idoso-nesta-quinta-feira-16-2/" />
<meta property="og:locale" content="pt_BR" />
<meta property="og:type" content="article" />
<meta property="og:title" content="Prefeitura realiza ‘Carnaidoso’ no Parque Municipal do Idoso" />
<meta property="og:description" content="A Prefeitura de Manaus, por meio do programa “Conviver”, do Parque Municipal do Idoso (PMI), via Fundação Doutor Thomas, realizará o tradicional “Carnaidoso”." />
<meta property="og:url" content="https://www.manaus.am.gov.br/semcom/pautas/prefeitura-de-manaus-realiza-carnaidoso-no-parque-municipal-do-idoso-nesta-quinta-feira-16-2/" />
<meta property="og:site_name" content="SEMCOM" />
<meta property="og:image" content="https://www.manaus.am.gov.br/semcom/wp-content/uploads/sites/5/2023/02/sugestaodepauta.png" />
	<meta property="og:image:width" content="1020" />
	<meta property="og:image:height" content="540" />
	<meta property="og:image:type" content="image/png" />
<meta name="twitter:card" content="summary_large_image" />
<meta name="twitter:label1" content="Est. reading time" />
	<meta name="twitter:data1" content="2 minutos" />
<script type="application/ld+json" class="yoast-schema-graph">{"@context":"https://schema.org","@graph":[{"@type":"WebPage","@id":"https://www.manaus.am.gov.br/semcom/pautas/prefeitura-de-manaus-realiza-carnaidoso-no-parque-municipal-do-idoso-nesta-quinta-feira-16-2/","url":"https://www.manaus.am.gov.br/semcom/pautas/prefeitura-de-manaus-realiza-carnaidoso-no-parque-municipal-do-idoso-nesta-quinta-feira-16-2/","name":"Prefeitura realiza ‘Carnaidoso’ no Parque Municipal do Idoso","isPartOf":{"@id":"https://www.manaus.am.gov.br/semcom/#website"},"primaryImageOfPage":{"@id":"https://www.manaus.am.gov.br/semcom/pautas/prefeitura-de-manaus-realiza-carnaidoso-no-parque-municipal-do-idoso-nesta-quinta-feira-16-2/#primaryimage"},"image":{"@id":"https://www.manaus.am.gov.br/semcom/pautas/prefeitura-de-manaus-realiza-carnaidoso-no-parque-municipal-do-idoso-nesta-quinta-feira-16-2/#primaryimage"},"thumbnailUrl":"https://www.manaus.am.gov.br/semcom/wp-content/uploads/sites/5/2023/02/sugestaodepauta.png","datePublished":"2023-02-15T17:46:42+00:00","dateModified":"2023-02-15T17:46:42+00:00","description":"A Prefeitura de Manaus, por meio do programa “Conviver”, do Parque Municipal do Idoso (PMI), via Fundação Doutor Thomas, realizará o tradicional “Carnaidoso”.","inLanguage":"pt-BR","potentialAction":[{"@type":"ReadAction","target":["https://www.manaus.am.gov.br/semcom/pautas/prefeitura-de-manaus-realiza-carnaidoso-no-parque-municipal-do-idoso-nesta-quinta-feira-16-2/"]}]},{"@type":"ImageObject","inLanguage":"pt-BR","@id":"https://www.manaus.am.gov.br/semcom/pautas/prefeitura-de-manaus-realiza-carnaidoso-no-parque-municipal-do-idoso-nesta-quinta-feira-16-2/#primaryimage","url":"https://www.manaus.am.gov.br/semcom/wp-content/uploads/sites/5/2023/02/sugestaodepauta.png","contentUrl":"https://www.manaus.am.gov.br/semcom/wp-content/uploads/sites/5/2023/02/sugestaodepauta.png","width":1020,"height":540},{"@type":"WebSite","@id":"https://www.manaus.am.gov.br/semcom/#website","url":"https://www.manaus.am.gov.br/semcom/","name":"SEMCOM","description":"Secretaria Municipal de Comunicação","potentialAction":[{"@type":"SearchAction","target":{"@type":"EntryPoint","urlTemplate":"https://www.manaus.am.gov.br/semcom/?s={search_term_string}"},"query-input":"required name=search_term_string"}],"inLanguage":"pt-BR"}]}</script>
<!-- / Yoast SEO plugin. -->

A Prefeitura de Manaus, por meio do programa “Conviver”, do Parque Municipal do Idoso (PMI), via Fundação Doutor Thomas, realizará o tradicional “Carnaidoso”.

Secretaria Municipal de Comunicação
