{"id":209198,"date":"2023-02-14T18:43:03","date_gmt":"2023-02-14T21:43:03","guid":{"rendered":"https:\/\/www.manaus.am.gov.br\/semcom\/?post_type=pautas&#038;p=209198"},"modified":"2023-02-14T18:43:04","modified_gmt":"2023-02-14T21:43:04","slug":"prefeitura-de-manaus-inicia-oferta-da-vacina-bivalente-contra-a-covid-19","status":"publish","type":"pautas","link":"https:\/\/www.manaus.am.gov.br\/semcom\/pautas\/prefeitura-de-manaus-inicia-oferta-da-vacina-bivalente-contra-a-covid-19\/","title":{"rendered":"<strong>Prefeitura de Manaus inicia oferta da vacina bivalente contra a Covid-19<\/strong>"},"content":{"rendered":"\n<p>A Prefeitura de Manaus d\u00e1 in\u00edcio \u00e0 aplica\u00e7\u00e3o da vacina bivalente contra a Covid-19, nesta quarta-feira, 15\/2, em 55 pontos de imuniza\u00e7\u00e3o distribu\u00eddos em todas as zonas geogr\u00e1ficas da cidade. Inicialmente, a Pfizer Bivalente ser\u00e1 disponibilizada para sete grupos priorit\u00e1rios, incluindo idosos, gestantes e pu\u00e9rperas, conforme recomenda\u00e7\u00e3o do Minist\u00e9rio da Sa\u00fade.<\/p>\n\n\n\n<p>Esse p\u00fablico, estimado em 138 mil pessoas, deve aguardar o intervalo de pelo menos quatro meses para receber a bivalente, a partir do recebimento da segunda dose ou de alguma dose de refor\u00e7o da vacina monovalente.<\/p>\n\n\n\n<p>A subsecret\u00e1ria de Sa\u00fade, em exerc\u00edcio, Aldeniza Ara\u00fajo, ir\u00e1 acompanhar o in\u00edcio da nova fase da Campanha Municipal de Vacina\u00e7\u00e3o contra a Covid-19 e estar\u00e1 \u00e0 disposi\u00e7\u00e3o da imprensa, a partir das 10h30, na Unidade de Sa\u00fade da Fam\u00edlia (USF) Ajuricaba, na zona Oeste.<\/p>\n\n\n\n<p><strong>SERVI\u00c7O<\/strong><\/p>\n\n\n\n<p><strong>O qu\u00ea<\/strong> \u2013 Atendimento \u00e0 imprensa &#8211; In\u00edcio da aplica\u00e7\u00e3o da vacina bivalente contra a Covid-19<\/p>\n\n\n\n<p><strong>Quando<\/strong> \u2013 Quarta-feira, 15\/2<\/p>\n\n\n\n<p><strong>Hor\u00e1rio <\/strong>\u2013 10h30<\/p>\n\n\n\n<p><strong>Local \u2013<\/strong> USF Ajuricaba, na avenida Leste, s\/n, conjunto Ajuricaba, zona Oeste<\/p>\n","protected":false},"featured_media":208729,"template":"","categories":[787],"acf":[],"yoast_head":"<!-- This site is optimized with the Yoast SEO plugin v23.0 - https:\/\/yoast.com\/wordpress\/plugins\/seo\/ -->\n<title>Prefeitura inicia oferta da vacina bivalente contra a Covid-19<\/title>\n<meta name=\"description\" content=\"A Prefeitura de Manaus d\u00e1 in\u00edcio \u00e0 aplica\u00e7\u00e3o da vacina bivalente contra a Covid-19, nesta quarta-feira, 15\/2, em 55 pontos de imuniza\u00e7\u00e3o.\" \/>\n<meta name=\"robots\" content=\"index, follow, max-snippet:-1, max-image-preview:large, max-video-preview:-1\" \/>\n<link rel=\"canonical\" href=\"https:\/\/www.manaus.am.gov.br\/semcom\/pautas\/prefeitura-de-manaus-inicia-oferta-da-vacina-bivalente-contra-a-covid-19\/\" \/>\n<meta property=\"og:locale\" content=\"pt_BR\" \/>\n<meta property=\"og:type\" content=\"article\" \/>\n<meta property=\"og:title\" content=\"Prefeitura inicia oferta da vacina bivalente contra a Covid-19\" \/>\n<meta property=\"og:description\" content=\"A Prefeitura de Manaus d\u00e1 in\u00edcio \u00e0 aplica\u00e7\u00e3o da vacina bivalente contra a Covid-19, nesta quarta-feira, 15\/2, em 55 pontos de imuniza\u00e7\u00e3o.\" \/>\n<meta property=\"og:url\" content=\"https:\/\/www.manaus.am.gov.br\/semcom\/pautas\/prefeitura-de-manaus-inicia-oferta-da-vacina-bivalente-contra-a-covid-19\/\" \/>\n<meta property=\"og:site_name\" content=\"SEMCOM\" \/>\n<meta property=\"article:modified_time\" content=\"2023-02-14T21:43:04+00:00\" \/>\n<meta property=\"og:image\" content=\"https:\/\/www.manaus.am.gov.br\/semcom\/wp-content\/uploads\/sites\/5\/2023\/02\/sugestaodepauta.png\" \/>\n\t<meta property=\"og:image:width\" content=\"1020\" \/>\n\t<meta property=\"og:image:height\" content=\"540\" \/>\n\t<meta property=\"og:image:type\" content=\"image\/png\" \/>\n<meta name=\"twitter:card\" content=\"summary_large_image\" \/>\n<meta name=\"twitter:label1\" content=\"Est. reading time\" \/>\n\t<meta name=\"twitter:data1\" content=\"1 minuto\" \/>\n<script type=\"application\/ld+json\" class=\"yoast-schema-graph\">{\"@context\":\"https:\/\/schema.org\",\"@graph\":[{\"@type\":\"WebPage\",\"@id\":\"https:\/\/www.manaus.am.gov.br\/semcom\/pautas\/prefeitura-de-manaus-inicia-oferta-da-vacina-bivalente-contra-a-covid-19\/\",\"url\":\"https:\/\/www.manaus.am.gov.br\/semcom\/pautas\/prefeitura-de-manaus-inicia-oferta-da-vacina-bivalente-contra-a-covid-19\/\",\"name\":\"Prefeitura inicia oferta da vacina bivalente contra a Covid-19\",\"isPartOf\":{\"@id\":\"https:\/\/www.manaus.am.gov.br\/semcom\/#website\"},\"primaryImageOfPage\":{\"@id\":\"https:\/\/www.manaus.am.gov.br\/semcom\/pautas\/prefeitura-de-manaus-inicia-oferta-da-vacina-bivalente-contra-a-covid-19\/#primaryimage\"},\"image\":{\"@id\":\"https:\/\/www.manaus.am.gov.br\/semcom\/pautas\/prefeitura-de-manaus-inicia-oferta-da-vacina-bivalente-contra-a-covid-19\/#primaryimage\"},\"thumbnailUrl\":\"https:\/\/www.manaus.am.gov.br\/semcom\/wp-content\/uploads\/sites\/5\/2023\/02\/sugestaodepauta.png\",\"datePublished\":\"2023-02-14T21:43:03+00:00\",\"dateModified\":\"2023-02-14T21:43:04+00:00\",\"description\":\"A Prefeitura de Manaus d\u00e1 in\u00edcio \u00e0 aplica\u00e7\u00e3o da vacina bivalente contra a Covid-19, nesta quarta-feira, 15\/2, em 55 pontos de imuniza\u00e7\u00e3o.\",\"inLanguage\":\"pt-BR\",\"potentialAction\":[{\"@type\":\"ReadAction\",\"target\":[\"https:\/\/www.manaus.am.gov.br\/semcom\/pautas\/prefeitura-de-manaus-inicia-oferta-da-vacina-bivalente-contra-a-covid-19\/\"]}]},{\"@type\":\"ImageObject\",\"inLanguage\":\"pt-BR\",\"@id\":\"https:\/\/www.manaus.am.gov.br\/semcom\/pautas\/prefeitura-de-manaus-inicia-oferta-da-vacina-bivalente-contra-a-covid-19\/#primaryimage\",\"url\":\"https:\/\/www.manaus.am.gov.br\/semcom\/wp-content\/uploads\/sites\/5\/2023\/02\/sugestaodepauta.png\",\"contentUrl\":\"https:\/\/www.manaus.am.gov.br\/semcom\/wp-content\/uploads\/sites\/5\/2023\/02\/sugestaodepauta.png\",\"width\":1020,\"height\":540},{\"@type\":\"WebSite\",\"@id\":\"https:\/\/www.manaus.am.gov.br\/semcom\/#website\",\"url\":\"https:\/\/www.manaus.am.gov.br\/semcom\/\",\"name\":\"SEMCOM\",\"description\":\"Secretaria Municipal de Comunica\u00e7\u00e3o\",\"potentialAction\":[{\"@type\":\"SearchAction\",\"target\":{\"@type\":\"EntryPoint\",\"urlTemplate\":\"https:\/\/www.manaus.am.gov.br\/semcom\/?s={search_term_string}\"},\"query-input\":\"required name=search_term_string\"}],\"inLanguage\":\"pt-BR\"}]}<\/script>\n<!-- \/ Yoast SEO plugin. -->","yoast_head_json":{"title":"Prefeitura inicia oferta da vacina bivalente contra a Covid-19","description":"A Prefeitura de Manaus d\u00e1 in\u00edcio \u00e0 aplica\u00e7\u00e3o da vacina bivalente contra a Covid-19, nesta quarta-feira, 15\/2, em 55 pontos de imuniza\u00e7\u00e3o.","robots":{"index":"index","follow":"follow","max-snippet":"max-snippet:-1","max-image-preview":"max-image-preview:large","max-video-preview":"max-video-preview:-1"},"canonical":"https:\/\/www.manaus.am.gov.br\/semcom\/pautas\/prefeitura-de-manaus-inicia-oferta-da-vacina-bivalente-contra-a-covid-19\/","og_locale":"pt_BR","og_type":"article","og_title":"Prefeitura inicia oferta da vacina bivalente contra a Covid-19","og_description":"A Prefeitura de Manaus d\u00e1 in\u00edcio \u00e0 aplica\u00e7\u00e3o da vacina bivalente contra a Covid-19, nesta quarta-feira, 15\/2, em 55 pontos de imuniza\u00e7\u00e3o.","og_url":"https:\/\/www.manaus.am.gov.br\/semcom\/pautas\/prefeitura-de-manaus-inicia-oferta-da-vacina-bivalente-contra-a-covid-19\/","og_site_name":"SEMCOM","article_modified_time":"2023-02-14T21:43:04+00:00","og_image":[{"width":1020,"height":540,"url":"https:\/\/www.manaus.am.gov.br\/semcom\/wp-content\/uploads\/sites\/5\/2023\/02\/sugestaodepauta.png","type":"image\/png"}],"twitter_card":"summary_large_image","twitter_misc":{"Est. reading time":"1 minuto"},"schema":{"@context":"https:\/\/schema.org","@graph":[{"@type":"WebPage","@id":"https:\/\/www.manaus.am.gov.br\/semcom\/pautas\/prefeitura-de-manaus-inicia-oferta-da-vacina-bivalente-contra-a-covid-19\/","url":"https:\/\/www.manaus.am.gov.br\/semcom\/pautas\/prefeitura-de-manaus-inicia-oferta-da-vacina-bivalente-contra-a-covid-19\/","name":"Prefeitura inicia oferta da vacina bivalente contra a Covid-19","isPartOf":{"@id":"https:\/\/www.manaus.am.gov.br\/semcom\/#website"},"primaryImageOfPage":{"@id":"https:\/\/www.manaus.am.gov.br\/semcom\/pautas\/prefeitura-de-manaus-inicia-oferta-da-vacina-bivalente-contra-a-covid-19\/#primaryimage"},"image":{"@id":"https:\/\/www.manaus.am.gov.br\/semcom\/pautas\/prefeitura-de-manaus-inicia-oferta-da-vacina-bivalente-contra-a-covid-19\/#primaryimage"},"thumbnailUrl":"https:\/\/www.manaus.am.gov.br\/semcom\/wp-content\/uploads\/sites\/5\/2023\/02\/sugestaodepauta.png","datePublished":"2023-02-14T21:43:03+00:00","dateModified":"2023-02-14T21:43:04+00:00","description":"A Prefeitura de Manaus d\u00e1 in\u00edcio \u00e0 aplica\u00e7\u00e3o da vacina bivalente contra a Covid-19, nesta quarta-feira, 15\/2, em 55 pontos de imuniza\u00e7\u00e3o.","inLanguage":"pt-BR","potentialAction":[{"@type":"ReadAction","target":["https:\/\/www.manaus.am.gov.br\/semcom\/pautas\/prefeitura-de-manaus-inicia-oferta-da-vacina-bivalente-contra-a-covid-19\/"]}]},{"@type":"ImageObject","inLanguage":"pt-BR","@id":"https:\/\/www.manaus.am.gov.br\/semcom\/pautas\/prefeitura-de-manaus-inicia-oferta-da-vacina-bivalente-contra-a-covid-19\/#primaryimage","url":"https:\/\/www.manaus.am.gov.br\/semcom\/wp-content\/uploads\/sites\/5\/2023\/02\/sugestaodepauta.png","contentUrl":"https:\/\/www.manaus.am.gov.br\/semcom\/wp-content\/uploads\/sites\/5\/2023\/02\/sugestaodepauta.png","width":1020,"height":540},{"@type":"WebSite","@id":"https:\/\/www.manaus.am.gov.br\/semcom\/#website","url":"https:\/\/www.manaus.am.gov.br\/semcom\/","name":"SEMCOM","description":"Secretaria Municipal de Comunica\u00e7\u00e3o","potentialAction":[{"@type":"SearchAction","target":{"@type":"EntryPoint","urlTemplate":"https:\/\/www.manaus.am.gov.br\/semcom\/?s={search_term_string}"},"query-input":"required name=search_term_string"}],"inLanguage":"pt-BR"}]}},"_links":{"self":[{"href":"https:\/\/www.manaus.am.gov.br\/semcom\/wp-json\/wp\/v2\/pautas\/209198"}],"collection":[{"href":"https:\/\/www.manaus.am.gov.br\/semcom\/wp-json\/wp\/v2\/pautas"}],"about":[{"href":"https:\/\/www.manaus.am.gov.br\/semcom\/wp-json\/wp\/v2\/types\/pautas"}],"wp:featuredmedia":[{"embeddable":true,"href":"https:\/\/www.manaus.am.gov.br\/semcom\/wp-json\/wp\/v2\/media\/208729"}],"wp:attachment":[{"href":"https:\/\/www.manaus.am.gov.br\/semcom\/wp-json\/wp\/v2\/media?parent=209198"}],"wp:term":[{"taxonomy":"category","embeddable":true,"href":"https:\/\/www.manaus.am.gov.br\/semcom\/wp-json\/wp\/v2\/categories?post=209198"}],"curies":[{"name":"wp","href":"https:\/\/api.w.org\/{rel}","templated":true}]}}

<p>A Prefeitura de Manaus dá início à aplicação da vacina bivalente contra a Covid-19, nesta quarta-feira, 15/2, em 55 pontos de imunização distribuídos em todas as zonas geográficas da cidade. Inicialmente, a Pfizer Bivalente será disponibilizada para sete grupos prioritários, incluindo idosos, gestantes e puérperas, conforme recomendação do Ministério da Saúde.</p>



<p>Esse público, estimado em 138 mil pessoas, deve aguardar o intervalo de pelo menos quatro meses para receber a bivalente, a partir do recebimento da segunda dose ou de alguma dose de reforço da vacina monovalente.</p>



<p>A subsecretária de Saúde, em exercício, Aldeniza Araújo, irá acompanhar o início da nova fase da Campanha Municipal de Vacinação contra a Covid-19 e estará à disposição da imprensa, a partir das 10h30, na Unidade de Saúde da Família (USF) Ajuricaba, na zona Oeste.</p>



<p><strong>SERVIÇO</strong></p>



<p><strong>O quê</strong> – Atendimento à imprensa &#8211; Início da aplicação da vacina bivalente contra a Covid-19</p>



<p><strong>Quando</strong> – Quarta-feira, 15/2</p>



<p><strong>Horário </strong>– 10h30</p>



<p><strong>Local –</strong> USF Ajuricaba, na avenida Leste, s/n, conjunto Ajuricaba, zona Oeste</p>

<!-- This site is optimized with the Yoast SEO plugin v23.0 - https://yoast.com/wordpress/plugins/seo/ -->
<title>Prefeitura inicia oferta da vacina bivalente contra a Covid-19</title>
<meta name="description" content="A Prefeitura de Manaus dá início à aplicação da vacina bivalente contra a Covid-19, nesta quarta-feira, 15/2, em 55 pontos de imunização." />
<meta name="robots" content="index, follow, max-snippet:-1, max-image-preview:large, max-video-preview:-1" />
<link rel="canonical" href="https://www.manaus.am.gov.br/semcom/pautas/prefeitura-de-manaus-inicia-oferta-da-vacina-bivalente-contra-a-covid-19/" />
<meta property="og:locale" content="pt_BR" />
<meta property="og:type" content="article" />
<meta property="og:title" content="Prefeitura inicia oferta da vacina bivalente contra a Covid-19" />
<meta property="og:description" content="A Prefeitura de Manaus dá início à aplicação da vacina bivalente contra a Covid-19, nesta quarta-feira, 15/2, em 55 pontos de imunização." />
<meta property="og:url" content="https://www.manaus.am.gov.br/semcom/pautas/prefeitura-de-manaus-inicia-oferta-da-vacina-bivalente-contra-a-covid-19/" />
<meta property="og:site_name" content="SEMCOM" />
<meta property="article:modified_time" content="2023-02-14T21:43:04+00:00" />
<meta property="og:image" content="https://www.manaus.am.gov.br/semcom/wp-content/uploads/sites/5/2023/02/sugestaodepauta.png" />
	<meta property="og:image:width" content="1020" />
	<meta property="og:image:height" content="540" />
	<meta property="og:image:type" content="image/png" />
<meta name="twitter:card" content="summary_large_image" />
<meta name="twitter:label1" content="Est. reading time" />
	<meta name="twitter:data1" content="1 minuto" />
<script type="application/ld+json" class="yoast-schema-graph">{"@context":"https://schema.org","@graph":[{"@type":"WebPage","@id":"https://www.manaus.am.gov.br/semcom/pautas/prefeitura-de-manaus-inicia-oferta-da-vacina-bivalente-contra-a-covid-19/","url":"https://www.manaus.am.gov.br/semcom/pautas/prefeitura-de-manaus-inicia-oferta-da-vacina-bivalente-contra-a-covid-19/","name":"Prefeitura inicia oferta da vacina bivalente contra a Covid-19","isPartOf":{"@id":"https://www.manaus.am.gov.br/semcom/#website"},"primaryImageOfPage":{"@id":"https://www.manaus.am.gov.br/semcom/pautas/prefeitura-de-manaus-inicia-oferta-da-vacina-bivalente-contra-a-covid-19/#primaryimage"},"image":{"@id":"https://www.manaus.am.gov.br/semcom/pautas/prefeitura-de-manaus-inicia-oferta-da-vacina-bivalente-contra-a-covid-19/#primaryimage"},"thumbnailUrl":"https://www.manaus.am.gov.br/semcom/wp-content/uploads/sites/5/2023/02/sugestaodepauta.png","datePublished":"2023-02-14T21:43:03+00:00","dateModified":"2023-02-14T21:43:04+00:00","description":"A Prefeitura de Manaus dá início à aplicação da vacina bivalente contra a Covid-19, nesta quarta-feira, 15/2, em 55 pontos de imunização.","inLanguage":"pt-BR","potentialAction":[{"@type":"ReadAction","target":["https://www.manaus.am.gov.br/semcom/pautas/prefeitura-de-manaus-inicia-oferta-da-vacina-bivalente-contra-a-covid-19/"]}]},{"@type":"ImageObject","inLanguage":"pt-BR","@id":"https://www.manaus.am.gov.br/semcom/pautas/prefeitura-de-manaus-inicia-oferta-da-vacina-bivalente-contra-a-covid-19/#primaryimage","url":"https://www.manaus.am.gov.br/semcom/wp-content/uploads/sites/5/2023/02/sugestaodepauta.png","contentUrl":"https://www.manaus.am.gov.br/semcom/wp-content/uploads/sites/5/2023/02/sugestaodepauta.png","width":1020,"height":540},{"@type":"WebSite","@id":"https://www.manaus.am.gov.br/semcom/#website","url":"https://www.manaus.am.gov.br/semcom/","name":"SEMCOM","description":"Secretaria Municipal de Comunicação","potentialAction":[{"@type":"SearchAction","target":{"@type":"EntryPoint","urlTemplate":"https://www.manaus.am.gov.br/semcom/?s={search_term_string}"},"query-input":"required name=search_term_string"}],"inLanguage":"pt-BR"}]}</script>
<!-- / Yoast SEO plugin. -->

A Prefeitura de Manaus dá início à aplicação da vacina bivalente contra a Covid-19, nesta quarta-feira, 15/2, em 55 pontos de imunização.

Secretaria Municipal de Comunicação
