{"id":209193,"date":"2023-02-14T17:58:13","date_gmt":"2023-02-14T20:58:13","guid":{"rendered":"https:\/\/www.manaus.am.gov.br\/semcom\/?post_type=pautas&#038;p=209193"},"modified":"2023-02-14T17:58:13","modified_gmt":"2023-02-14T20:58:13","slug":"prefeitura-de-manaus-realiza-entrega-dos-premios-aos-contemplados-do-sorteio-especial-da-nota-premiada","status":"publish","type":"pautas","link":"https:\/\/www.manaus.am.gov.br\/semcom\/pautas\/prefeitura-de-manaus-realiza-entrega-dos-premios-aos-contemplados-do-sorteio-especial-da-nota-premiada\/","title":{"rendered":"<strong>Prefeitura de Manaus realiza entrega dos pr\u00eamios aos contemplados do sorteio especial da Nota Premiada<\/strong>"},"content":{"rendered":"\n<p>A Prefeitura de Manaus, por meio da Secretaria Municipal de Finan\u00e7as e Tecnologia da Informa\u00e7\u00e3o (Semef), entrega nesta quarta-feira, 15\/2, \u00e0s 10h, os cheques simb\u00f3licos aos felizardos do sorteio especial n\u00ba 2021-26 da campanha Nota Premiada Manaus.<\/p>\n\n\n\n<p>Neste sorteio concorreram todos os participantes que, ao longo do ano de 2022, registraram seus CPFs em suas Notas Fiscais de Servi\u00e7os eletr\u00f4nicas (NFS-e). O sorteio contemplou 28 felizardos e somou um total de R$ 182 mil, incluindo as premia\u00e7\u00f5es sociais.&nbsp; A lista completa com os nomes dos felizardos e suas institui\u00e7\u00f5es indicadas pode ser consultada na p\u00e1gina da campanha:&nbsp;<a href=\"http:\/\/notapremiada.manaus.am.gov.br\/\" target=\"_blank\" rel=\"noreferrer noopener\">http:\/\/notapremiada.manaus.am.gov.br<\/a><\/p>\n\n\n\n<p>Fernando Jos\u00e9 Gon\u00e7alves foi o sorteado para o pr\u00eamio especial e receber\u00e1 da Prefeitura de Manaus o valor de R$ 50 mil. O sortudo indicou a Associa\u00e7\u00e3o Amigos do Autista no Amazonas (AMA) para ganhar o pr\u00eamio social que equivale a 40% do pr\u00eamio especial, R$ 20 mil.<\/p>\n\n\n\n<p>A cerim\u00f4nia de entrega das premia\u00e7\u00f5es acorrer\u00e1 no audit\u00f3rio da Subsecretaria de Receita da Semef (anexo do Manaus Atende), localizado na&nbsp;avenida Japur\u00e1, n\u00ba 493, Centro.<\/p>\n\n\n\n<p><strong>SERVI\u00c7O:<\/strong><\/p>\n\n\n\n<p><strong>O qu\u00ea \u2013&nbsp;<\/strong>Entrega dos cheques simb\u00f3licos da campanha Nota Premiada Manaus sorteio especial do ano de 2022<\/p>\n\n\n\n<p><strong>Quando<\/strong>&nbsp;\u2013&nbsp;Quarta-feira, 15\/2<\/p>\n\n\n\n<p><strong>Hor\u00e1rio \u2013<\/strong>&nbsp;10h<\/p>\n\n\n\n<p><strong>Local \u2013&nbsp;<\/strong>Audit\u00f3rio da Subsecretaria de Receita da Semef (anexo Manaus Atende),&nbsp;avenida Japur\u00e1, 493, Centro<\/p>\n","protected":false},"featured_media":208729,"template":"","categories":[804],"acf":[],"yoast_head":"<!-- This site is optimized with the Yoast SEO plugin v23.0 - https:\/\/yoast.com\/wordpress\/plugins\/seo\/ -->\n<title>Prefeitura realiza entrega dos pr\u00eamios do sorteio da Nota Premiada<\/title>\n<meta name=\"description\" content=\"A Prefeitura de Manaus, por meio da Secretaria Municipal de Finan\u00e7as e Tecnologia da Informa\u00e7\u00e3o (Semef), entrega nesta quarta-feira, 15\/2, \u00e0s 10h, os cheques simb\u00f3licos aos felizardos do sorteio especial n\u00ba 2021-26 da campanha Nota Premiada Manaus.\" \/>\n<meta name=\"robots\" content=\"index, follow, max-snippet:-1, max-image-preview:large, max-video-preview:-1\" \/>\n<link rel=\"canonical\" href=\"https:\/\/www.manaus.am.gov.br\/semcom\/pautas\/prefeitura-de-manaus-realiza-entrega-dos-premios-aos-contemplados-do-sorteio-especial-da-nota-premiada\/\" \/>\n<meta property=\"og:locale\" content=\"pt_BR\" \/>\n<meta property=\"og:type\" content=\"article\" \/>\n<meta property=\"og:title\" content=\"Prefeitura realiza entrega dos pr\u00eamios do sorteio da Nota Premiada\" \/>\n<meta property=\"og:description\" content=\"A Prefeitura de Manaus, por meio da Secretaria Municipal de Finan\u00e7as e Tecnologia da Informa\u00e7\u00e3o (Semef), entrega nesta quarta-feira, 15\/2, \u00e0s 10h, os cheques simb\u00f3licos aos felizardos do sorteio especial n\u00ba 2021-26 da campanha Nota Premiada Manaus.\" \/>\n<meta property=\"og:url\" content=\"https:\/\/www.manaus.am.gov.br\/semcom\/pautas\/prefeitura-de-manaus-realiza-entrega-dos-premios-aos-contemplados-do-sorteio-especial-da-nota-premiada\/\" \/>\n<meta property=\"og:site_name\" content=\"SEMCOM\" \/>\n<meta property=\"og:image\" content=\"https:\/\/www.manaus.am.gov.br\/semcom\/wp-content\/uploads\/sites\/5\/2023\/02\/sugestaodepauta.png\" \/>\n\t<meta property=\"og:image:width\" content=\"1020\" \/>\n\t<meta property=\"og:image:height\" content=\"540\" \/>\n\t<meta property=\"og:image:type\" content=\"image\/png\" \/>\n<meta name=\"twitter:card\" content=\"summary_large_image\" \/>\n<meta name=\"twitter:label1\" content=\"Est. reading time\" \/>\n\t<meta name=\"twitter:data1\" content=\"2 minutos\" \/>\n<script type=\"application\/ld+json\" class=\"yoast-schema-graph\">{\"@context\":\"https:\/\/schema.org\",\"@graph\":[{\"@type\":\"WebPage\",\"@id\":\"https:\/\/www.manaus.am.gov.br\/semcom\/pautas\/prefeitura-de-manaus-realiza-entrega-dos-premios-aos-contemplados-do-sorteio-especial-da-nota-premiada\/\",\"url\":\"https:\/\/www.manaus.am.gov.br\/semcom\/pautas\/prefeitura-de-manaus-realiza-entrega-dos-premios-aos-contemplados-do-sorteio-especial-da-nota-premiada\/\",\"name\":\"Prefeitura realiza entrega dos pr\u00eamios do sorteio da Nota Premiada\",\"isPartOf\":{\"@id\":\"https:\/\/www.manaus.am.gov.br\/semcom\/#website\"},\"primaryImageOfPage\":{\"@id\":\"https:\/\/www.manaus.am.gov.br\/semcom\/pautas\/prefeitura-de-manaus-realiza-entrega-dos-premios-aos-contemplados-do-sorteio-especial-da-nota-premiada\/#primaryimage\"},\"image\":{\"@id\":\"https:\/\/www.manaus.am.gov.br\/semcom\/pautas\/prefeitura-de-manaus-realiza-entrega-dos-premios-aos-contemplados-do-sorteio-especial-da-nota-premiada\/#primaryimage\"},\"thumbnailUrl\":\"https:\/\/www.manaus.am.gov.br\/semcom\/wp-content\/uploads\/sites\/5\/2023\/02\/sugestaodepauta.png\",\"datePublished\":\"2023-02-14T20:58:13+00:00\",\"dateModified\":\"2023-02-14T20:58:13+00:00\",\"description\":\"A Prefeitura de Manaus, por meio da Secretaria Municipal de Finan\u00e7as e Tecnologia da Informa\u00e7\u00e3o (Semef), entrega nesta quarta-feira, 15\/2, \u00e0s 10h, os cheques simb\u00f3licos aos felizardos do sorteio especial n\u00ba 2021-26 da campanha Nota Premiada Manaus.\",\"inLanguage\":\"pt-BR\",\"potentialAction\":[{\"@type\":\"ReadAction\",\"target\":[\"https:\/\/www.manaus.am.gov.br\/semcom\/pautas\/prefeitura-de-manaus-realiza-entrega-dos-premios-aos-contemplados-do-sorteio-especial-da-nota-premiada\/\"]}]},{\"@type\":\"ImageObject\",\"inLanguage\":\"pt-BR\",\"@id\":\"https:\/\/www.manaus.am.gov.br\/semcom\/pautas\/prefeitura-de-manaus-realiza-entrega-dos-premios-aos-contemplados-do-sorteio-especial-da-nota-premiada\/#primaryimage\",\"url\":\"https:\/\/www.manaus.am.gov.br\/semcom\/wp-content\/uploads\/sites\/5\/2023\/02\/sugestaodepauta.png\",\"contentUrl\":\"https:\/\/www.manaus.am.gov.br\/semcom\/wp-content\/uploads\/sites\/5\/2023\/02\/sugestaodepauta.png\",\"width\":1020,\"height\":540},{\"@type\":\"WebSite\",\"@id\":\"https:\/\/www.manaus.am.gov.br\/semcom\/#website\",\"url\":\"https:\/\/www.manaus.am.gov.br\/semcom\/\",\"name\":\"SEMCOM\",\"description\":\"Secretaria Municipal de Comunica\u00e7\u00e3o\",\"potentialAction\":[{\"@type\":\"SearchAction\",\"target\":{\"@type\":\"EntryPoint\",\"urlTemplate\":\"https:\/\/www.manaus.am.gov.br\/semcom\/?s={search_term_string}\"},\"query-input\":\"required name=search_term_string\"}],\"inLanguage\":\"pt-BR\"}]}<\/script>\n<!-- \/ Yoast SEO plugin. -->","yoast_head_json":{"title":"Prefeitura realiza entrega dos pr\u00eamios do sorteio da Nota Premiada","description":"A Prefeitura de Manaus, por meio da Secretaria Municipal de Finan\u00e7as e Tecnologia da Informa\u00e7\u00e3o (Semef), entrega nesta quarta-feira, 15\/2, \u00e0s 10h, os cheques simb\u00f3licos aos felizardos do sorteio especial n\u00ba 2021-26 da campanha Nota Premiada Manaus.","robots":{"index":"index","follow":"follow","max-snippet":"max-snippet:-1","max-image-preview":"max-image-preview:large","max-video-preview":"max-video-preview:-1"},"canonical":"https:\/\/www.manaus.am.gov.br\/semcom\/pautas\/prefeitura-de-manaus-realiza-entrega-dos-premios-aos-contemplados-do-sorteio-especial-da-nota-premiada\/","og_locale":"pt_BR","og_type":"article","og_title":"Prefeitura realiza entrega dos pr\u00eamios do sorteio da Nota Premiada","og_description":"A Prefeitura de Manaus, por meio da Secretaria Municipal de Finan\u00e7as e Tecnologia da Informa\u00e7\u00e3o (Semef), entrega nesta quarta-feira, 15\/2, \u00e0s 10h, os cheques simb\u00f3licos aos felizardos do sorteio especial n\u00ba 2021-26 da campanha Nota Premiada Manaus.","og_url":"https:\/\/www.manaus.am.gov.br\/semcom\/pautas\/prefeitura-de-manaus-realiza-entrega-dos-premios-aos-contemplados-do-sorteio-especial-da-nota-premiada\/","og_site_name":"SEMCOM","og_image":[{"width":1020,"height":540,"url":"https:\/\/www.manaus.am.gov.br\/semcom\/wp-content\/uploads\/sites\/5\/2023\/02\/sugestaodepauta.png","type":"image\/png"}],"twitter_card":"summary_large_image","twitter_misc":{"Est. reading time":"2 minutos"},"schema":{"@context":"https:\/\/schema.org","@graph":[{"@type":"WebPage","@id":"https:\/\/www.manaus.am.gov.br\/semcom\/pautas\/prefeitura-de-manaus-realiza-entrega-dos-premios-aos-contemplados-do-sorteio-especial-da-nota-premiada\/","url":"https:\/\/www.manaus.am.gov.br\/semcom\/pautas\/prefeitura-de-manaus-realiza-entrega-dos-premios-aos-contemplados-do-sorteio-especial-da-nota-premiada\/","name":"Prefeitura realiza entrega dos pr\u00eamios do sorteio da Nota Premiada","isPartOf":{"@id":"https:\/\/www.manaus.am.gov.br\/semcom\/#website"},"primaryImageOfPage":{"@id":"https:\/\/www.manaus.am.gov.br\/semcom\/pautas\/prefeitura-de-manaus-realiza-entrega-dos-premios-aos-contemplados-do-sorteio-especial-da-nota-premiada\/#primaryimage"},"image":{"@id":"https:\/\/www.manaus.am.gov.br\/semcom\/pautas\/prefeitura-de-manaus-realiza-entrega-dos-premios-aos-contemplados-do-sorteio-especial-da-nota-premiada\/#primaryimage"},"thumbnailUrl":"https:\/\/www.manaus.am.gov.br\/semcom\/wp-content\/uploads\/sites\/5\/2023\/02\/sugestaodepauta.png","datePublished":"2023-02-14T20:58:13+00:00","dateModified":"2023-02-14T20:58:13+00:00","description":"A Prefeitura de Manaus, por meio da Secretaria Municipal de Finan\u00e7as e Tecnologia da Informa\u00e7\u00e3o (Semef), entrega nesta quarta-feira, 15\/2, \u00e0s 10h, os cheques simb\u00f3licos aos felizardos do sorteio especial n\u00ba 2021-26 da campanha Nota Premiada Manaus.","inLanguage":"pt-BR","potentialAction":[{"@type":"ReadAction","target":["https:\/\/www.manaus.am.gov.br\/semcom\/pautas\/prefeitura-de-manaus-realiza-entrega-dos-premios-aos-contemplados-do-sorteio-especial-da-nota-premiada\/"]}]},{"@type":"ImageObject","inLanguage":"pt-BR","@id":"https:\/\/www.manaus.am.gov.br\/semcom\/pautas\/prefeitura-de-manaus-realiza-entrega-dos-premios-aos-contemplados-do-sorteio-especial-da-nota-premiada\/#primaryimage","url":"https:\/\/www.manaus.am.gov.br\/semcom\/wp-content\/uploads\/sites\/5\/2023\/02\/sugestaodepauta.png","contentUrl":"https:\/\/www.manaus.am.gov.br\/semcom\/wp-content\/uploads\/sites\/5\/2023\/02\/sugestaodepauta.png","width":1020,"height":540},{"@type":"WebSite","@id":"https:\/\/www.manaus.am.gov.br\/semcom\/#website","url":"https:\/\/www.manaus.am.gov.br\/semcom\/","name":"SEMCOM","description":"Secretaria Municipal de Comunica\u00e7\u00e3o","potentialAction":[{"@type":"SearchAction","target":{"@type":"EntryPoint","urlTemplate":"https:\/\/www.manaus.am.gov.br\/semcom\/?s={search_term_string}"},"query-input":"required name=search_term_string"}],"inLanguage":"pt-BR"}]}},"_links":{"self":[{"href":"https:\/\/www.manaus.am.gov.br\/semcom\/wp-json\/wp\/v2\/pautas\/209193"}],"collection":[{"href":"https:\/\/www.manaus.am.gov.br\/semcom\/wp-json\/wp\/v2\/pautas"}],"about":[{"href":"https:\/\/www.manaus.am.gov.br\/semcom\/wp-json\/wp\/v2\/types\/pautas"}],"wp:featuredmedia":[{"embeddable":true,"href":"https:\/\/www.manaus.am.gov.br\/semcom\/wp-json\/wp\/v2\/media\/208729"}],"wp:attachment":[{"href":"https:\/\/www.manaus.am.gov.br\/semcom\/wp-json\/wp\/v2\/media?parent=209193"}],"wp:term":[{"taxonomy":"category","embeddable":true,"href":"https:\/\/www.manaus.am.gov.br\/semcom\/wp-json\/wp\/v2\/categories?post=209193"}],"curies":[{"name":"wp","href":"https:\/\/api.w.org\/{rel}","templated":true}]}}

<strong>Prefeitura de Manaus realiza entrega dos prêmios aos contemplados do sorteio especial da Nota Premiada</strong>

<p>A Prefeitura de Manaus, por meio da Secretaria Municipal de Finanças e Tecnologia da Informação (Semef), entrega nesta quarta-feira, 15/2, às 10h, os cheques simbólicos aos felizardos do sorteio especial nº 2021-26 da campanha Nota Premiada Manaus.</p>



<p>Neste sorteio concorreram todos os participantes que, ao longo do ano de 2022, registraram seus CPFs em suas Notas Fiscais de Serviços eletrônicas (NFS-e). O sorteio contemplou 28 felizardos e somou um total de R$ 182 mil, incluindo as premiações sociais.&nbsp; A lista completa com os nomes dos felizardos e suas instituições indicadas pode ser consultada na página da campanha:&nbsp;<a href="http://notapremiada.manaus.am.gov.br/" target="_blank" rel="noreferrer noopener">http://notapremiada.manaus.am.gov.br</a></p>



<p>Fernando José Gonçalves foi o sorteado para o prêmio especial e receberá da Prefeitura de Manaus o valor de R$ 50 mil. O sortudo indicou a Associação Amigos do Autista no Amazonas (AMA) para ganhar o prêmio social que equivale a 40% do prêmio especial, R$ 20 mil.</p>



<p>A cerimônia de entrega das premiações acorrerá no auditório da Subsecretaria de Receita da Semef (anexo do Manaus Atende), localizado na&nbsp;avenida Japurá, nº 493, Centro.</p>



<p><strong>SERVIÇO:</strong></p>



<p><strong>O quê –&nbsp;</strong>Entrega dos cheques simbólicos da campanha Nota Premiada Manaus sorteio especial do ano de 2022</p>



<p><strong>Quando</strong>&nbsp;–&nbsp;Quarta-feira, 15/2</p>



<p><strong>Horário –</strong>&nbsp;10h</p>



<p><strong>Local –&nbsp;</strong>Auditório da Subsecretaria de Receita da Semef (anexo Manaus Atende),&nbsp;avenida Japurá, 493, Centro</p>

<!-- This site is optimized with the Yoast SEO plugin v23.0 - https://yoast.com/wordpress/plugins/seo/ -->
<title>Prefeitura realiza entrega dos prêmios do sorteio da Nota Premiada</title>
<meta name="description" content="A Prefeitura de Manaus, por meio da Secretaria Municipal de Finanças e Tecnologia da Informação (Semef), entrega nesta quarta-feira, 15/2, às 10h, os cheques simbólicos aos felizardos do sorteio especial nº 2021-26 da campanha Nota Premiada Manaus." />
<meta name="robots" content="index, follow, max-snippet:-1, max-image-preview:large, max-video-preview:-1" />
<link rel="canonical" href="https://www.manaus.am.gov.br/semcom/pautas/prefeitura-de-manaus-realiza-entrega-dos-premios-aos-contemplados-do-sorteio-especial-da-nota-premiada/" />
<meta property="og:locale" content="pt_BR" />
<meta property="og:type" content="article" />
<meta property="og:title" content="Prefeitura realiza entrega dos prêmios do sorteio da Nota Premiada" />
<meta property="og:description" content="A Prefeitura de Manaus, por meio da Secretaria Municipal de Finanças e Tecnologia da Informação (Semef), entrega nesta quarta-feira, 15/2, às 10h, os cheques simbólicos aos felizardos do sorteio especial nº 2021-26 da campanha Nota Premiada Manaus." />
<meta property="og:url" content="https://www.manaus.am.gov.br/semcom/pautas/prefeitura-de-manaus-realiza-entrega-dos-premios-aos-contemplados-do-sorteio-especial-da-nota-premiada/" />
<meta property="og:site_name" content="SEMCOM" />
<meta property="og:image" content="https://www.manaus.am.gov.br/semcom/wp-content/uploads/sites/5/2023/02/sugestaodepauta.png" />
	<meta property="og:image:width" content="1020" />
	<meta property="og:image:height" content="540" />
	<meta property="og:image:type" content="image/png" />
<meta name="twitter:card" content="summary_large_image" />
<meta name="twitter:label1" content="Est. reading time" />
	<meta name="twitter:data1" content="2 minutos" />
<script type="application/ld+json" class="yoast-schema-graph">{"@context":"https://schema.org","@graph":[{"@type":"WebPage","@id":"https://www.manaus.am.gov.br/semcom/pautas/prefeitura-de-manaus-realiza-entrega-dos-premios-aos-contemplados-do-sorteio-especial-da-nota-premiada/","url":"https://www.manaus.am.gov.br/semcom/pautas/prefeitura-de-manaus-realiza-entrega-dos-premios-aos-contemplados-do-sorteio-especial-da-nota-premiada/","name":"Prefeitura realiza entrega dos prêmios do sorteio da Nota Premiada","isPartOf":{"@id":"https://www.manaus.am.gov.br/semcom/#website"},"primaryImageOfPage":{"@id":"https://www.manaus.am.gov.br/semcom/pautas/prefeitura-de-manaus-realiza-entrega-dos-premios-aos-contemplados-do-sorteio-especial-da-nota-premiada/#primaryimage"},"image":{"@id":"https://www.manaus.am.gov.br/semcom/pautas/prefeitura-de-manaus-realiza-entrega-dos-premios-aos-contemplados-do-sorteio-especial-da-nota-premiada/#primaryimage"},"thumbnailUrl":"https://www.manaus.am.gov.br/semcom/wp-content/uploads/sites/5/2023/02/sugestaodepauta.png","datePublished":"2023-02-14T20:58:13+00:00","dateModified":"2023-02-14T20:58:13+00:00","description":"A Prefeitura de Manaus, por meio da Secretaria Municipal de Finanças e Tecnologia da Informação (Semef), entrega nesta quarta-feira, 15/2, às 10h, os cheques simbólicos aos felizardos do sorteio especial nº 2021-26 da campanha Nota Premiada Manaus.","inLanguage":"pt-BR","potentialAction":[{"@type":"ReadAction","target":["https://www.manaus.am.gov.br/semcom/pautas/prefeitura-de-manaus-realiza-entrega-dos-premios-aos-contemplados-do-sorteio-especial-da-nota-premiada/"]}]},{"@type":"ImageObject","inLanguage":"pt-BR","@id":"https://www.manaus.am.gov.br/semcom/pautas/prefeitura-de-manaus-realiza-entrega-dos-premios-aos-contemplados-do-sorteio-especial-da-nota-premiada/#primaryimage","url":"https://www.manaus.am.gov.br/semcom/wp-content/uploads/sites/5/2023/02/sugestaodepauta.png","contentUrl":"https://www.manaus.am.gov.br/semcom/wp-content/uploads/sites/5/2023/02/sugestaodepauta.png","width":1020,"height":540},{"@type":"WebSite","@id":"https://www.manaus.am.gov.br/semcom/#website","url":"https://www.manaus.am.gov.br/semcom/","name":"SEMCOM","description":"Secretaria Municipal de Comunicação","potentialAction":[{"@type":"SearchAction","target":{"@type":"EntryPoint","urlTemplate":"https://www.manaus.am.gov.br/semcom/?s={search_term_string}"},"query-input":"required name=search_term_string"}],"inLanguage":"pt-BR"}]}</script>
<!-- / Yoast SEO plugin. -->

Prefeitura realiza entrega dos prêmios do sorteio da Nota Premiada

A Prefeitura de Manaus, por meio da Secretaria Municipal de Finanças e Tecnologia da Informação (Semef), entrega nesta quarta-feira, 15/2, às 10h, os cheques simbólicos aos felizardos do sorteio especial nº 2021-26 da campanha Nota Premiada Manaus.

Secretaria Municipal de Comunicação
