{"id":209055,"date":"2023-02-11T12:48:03","date_gmt":"2023-02-11T15:48:03","guid":{"rendered":"https:\/\/www.manaus.am.gov.br\/semcom\/?post_type=pautas&#038;p=209055"},"modified":"2023-02-11T12:48:04","modified_gmt":"2023-02-11T15:48:04","slug":"carnaval-de-manaus-2023-oficina-quebrando-o-coco-acontece-neste-sabado-11-2","status":"publish","type":"pautas","link":"https:\/\/www.manaus.am.gov.br\/semcom\/pautas\/carnaval-de-manaus-2023-oficina-quebrando-o-coco-acontece-neste-sabado-11-2\/","title":{"rendered":"<strong>Carnaval de Manaus 2023: Oficina \u2018Quebrando o Coco\u2019 acontece neste s\u00e1bado, 11\/2<\/strong>"},"content":{"rendered":"\n<p><\/p>\n\n\n\n<p>A oficina \u201cQuebrando o Coco\u201d acontece \u00e0s 18h30 deste s\u00e1bado, 11\/2, na pra\u00e7a Paulo Jacob, no centro de Manaus.&nbsp; O projeto foi contemplado pelo edital Manaus Faz Cultura, da Prefeitura de Manaus, por meio do Conselho Municipal de Cultura (Concultura), \u00f3rg\u00e3o consultivo da Funda\u00e7\u00e3o Municipal de Cultura, Turismo e Eventos (Manauscult).<\/p>\n\n\n\n<p>\u201cQuebrando o Coco\u201d \u00e9 uma iniciativa que visa desenvolver a aprendizagem do ritmo do coco de roda, a partir de oficinas que acontecer\u00e3o durante dois meses na pra\u00e7a Paulo Jacob. As oficinas ser\u00e3o sempre aos s\u00e1bados, sendo destinadas a jovens, adultos e crian\u00e7as interessadas em aprender esse estilo musical.<\/p>\n\n\n\n<p>O ritmo do coco inclui diversos instrumentos, como a zabumba, a alfaia, o tri\u00e2ngulo, o atabaque, a caixa, o agb\u00ea e o ganz\u00e1, que ser\u00e3o utilizados, durante as aulas, para o trabalho da hist\u00f3ria e da r\u00edtmica que fundamenta essa musicalidade. A programa\u00e7\u00e3o contar\u00e1 com a participa\u00e7\u00e3o de cinco percussionistas do grupo Cocada Bar\u00e9.<\/p>\n\n\n\n<p><strong>SERVI\u00c7O:<\/strong><\/p>\n\n\n\n<p><strong>O qu\u00ea<\/strong> \u2013 \u201cQuebrando o coco\u201d (Karollen Lima &#8220;Andarilha&#8221;)<\/p>\n\n\n\n<p><strong>Quando<\/strong> \u2013 S\u00e1bado, 11\/2<\/p>\n\n\n\n<p><strong>Hor\u00e1rio <\/strong>\u2013 18h30<\/p>\n\n\n\n<p><strong>Local <\/strong>&#8211; Pra\u00e7a Paulo Jacob &#8211; avenida Igarap\u00e9 de Manaus, s\/n\u00ba \u2013 Centro.<\/p>\n\n\n\n<p>CONCULTURA &#8211; Conselho Municipal de Cultura<\/p>\n\n\n\n<p>Assessor Respons\u00e1vel: Cristov\u00e3o Nonato &#8211; (92) 98421-4762<\/p>\n\n\n\n<p>E-mail: <a href=\"mailto:comunica.manauscult@gmail.com\">comunica.manauscult@gmail.com<\/a><\/p>\n","protected":false},"featured_media":208729,"template":"","categories":[799],"acf":[],"yoast_head":"<!-- This site is optimized with the Yoast SEO plugin v23.0 - https:\/\/yoast.com\/wordpress\/plugins\/seo\/ -->\n<title>Carnaval de Manaus 2023: Oficina \u2018Quebrando o Coco\u2019 acontece neste s\u00e1bado, 11\/2 - SEMCOM<\/title>\n<meta name=\"robots\" content=\"index, follow, max-snippet:-1, max-image-preview:large, max-video-preview:-1\" \/>\n<link rel=\"canonical\" href=\"https:\/\/www.manaus.am.gov.br\/semcom\/pautas\/carnaval-de-manaus-2023-oficina-quebrando-o-coco-acontece-neste-sabado-11-2\/\" \/>\n<meta property=\"og:locale\" content=\"pt_BR\" \/>\n<meta property=\"og:type\" content=\"article\" \/>\n<meta property=\"og:title\" content=\"Carnaval de Manaus 2023: Oficina \u2018Quebrando o Coco\u2019 acontece neste s\u00e1bado, 11\/2 - SEMCOM\" \/>\n<meta property=\"og:url\" content=\"https:\/\/www.manaus.am.gov.br\/semcom\/pautas\/carnaval-de-manaus-2023-oficina-quebrando-o-coco-acontece-neste-sabado-11-2\/\" \/>\n<meta property=\"og:site_name\" content=\"SEMCOM\" \/>\n<meta property=\"article:modified_time\" content=\"2023-02-11T15:48:04+00:00\" \/>\n<meta property=\"og:image\" content=\"https:\/\/www.manaus.am.gov.br\/semcom\/wp-content\/uploads\/sites\/5\/2023\/02\/sugestaodepauta.png\" \/>\n\t<meta property=\"og:image:width\" content=\"1020\" \/>\n\t<meta property=\"og:image:height\" content=\"540\" \/>\n\t<meta property=\"og:image:type\" content=\"image\/png\" \/>\n<meta name=\"twitter:card\" content=\"summary_large_image\" \/>\n<meta name=\"twitter:label1\" content=\"Est. reading time\" \/>\n\t<meta name=\"twitter:data1\" content=\"2 minutos\" \/>\n<script type=\"application\/ld+json\" class=\"yoast-schema-graph\">{\"@context\":\"https:\/\/schema.org\",\"@graph\":[{\"@type\":\"WebPage\",\"@id\":\"https:\/\/www.manaus.am.gov.br\/semcom\/pautas\/carnaval-de-manaus-2023-oficina-quebrando-o-coco-acontece-neste-sabado-11-2\/\",\"url\":\"https:\/\/www.manaus.am.gov.br\/semcom\/pautas\/carnaval-de-manaus-2023-oficina-quebrando-o-coco-acontece-neste-sabado-11-2\/\",\"name\":\"Carnaval de Manaus 2023: Oficina \u2018Quebrando o Coco\u2019 acontece neste s\u00e1bado, 11\/2 - SEMCOM\",\"isPartOf\":{\"@id\":\"https:\/\/www.manaus.am.gov.br\/semcom\/#website\"},\"primaryImageOfPage\":{\"@id\":\"https:\/\/www.manaus.am.gov.br\/semcom\/pautas\/carnaval-de-manaus-2023-oficina-quebrando-o-coco-acontece-neste-sabado-11-2\/#primaryimage\"},\"image\":{\"@id\":\"https:\/\/www.manaus.am.gov.br\/semcom\/pautas\/carnaval-de-manaus-2023-oficina-quebrando-o-coco-acontece-neste-sabado-11-2\/#primaryimage\"},\"thumbnailUrl\":\"https:\/\/www.manaus.am.gov.br\/semcom\/wp-content\/uploads\/sites\/5\/2023\/02\/sugestaodepauta.png\",\"datePublished\":\"2023-02-11T15:48:03+00:00\",\"dateModified\":\"2023-02-11T15:48:04+00:00\",\"inLanguage\":\"pt-BR\",\"potentialAction\":[{\"@type\":\"ReadAction\",\"target\":[\"https:\/\/www.manaus.am.gov.br\/semcom\/pautas\/carnaval-de-manaus-2023-oficina-quebrando-o-coco-acontece-neste-sabado-11-2\/\"]}]},{\"@type\":\"ImageObject\",\"inLanguage\":\"pt-BR\",\"@id\":\"https:\/\/www.manaus.am.gov.br\/semcom\/pautas\/carnaval-de-manaus-2023-oficina-quebrando-o-coco-acontece-neste-sabado-11-2\/#primaryimage\",\"url\":\"https:\/\/www.manaus.am.gov.br\/semcom\/wp-content\/uploads\/sites\/5\/2023\/02\/sugestaodepauta.png\",\"contentUrl\":\"https:\/\/www.manaus.am.gov.br\/semcom\/wp-content\/uploads\/sites\/5\/2023\/02\/sugestaodepauta.png\",\"width\":1020,\"height\":540},{\"@type\":\"WebSite\",\"@id\":\"https:\/\/www.manaus.am.gov.br\/semcom\/#website\",\"url\":\"https:\/\/www.manaus.am.gov.br\/semcom\/\",\"name\":\"SEMCOM\",\"description\":\"Secretaria Municipal de Comunica\u00e7\u00e3o\",\"potentialAction\":[{\"@type\":\"SearchAction\",\"target\":{\"@type\":\"EntryPoint\",\"urlTemplate\":\"https:\/\/www.manaus.am.gov.br\/semcom\/?s={search_term_string}\"},\"query-input\":\"required name=search_term_string\"}],\"inLanguage\":\"pt-BR\"}]}<\/script>\n<!-- \/ Yoast SEO plugin. -->","yoast_head_json":{"title":"Carnaval de Manaus 2023: Oficina \u2018Quebrando o Coco\u2019 acontece neste s\u00e1bado, 11\/2 - SEMCOM","robots":{"index":"index","follow":"follow","max-snippet":"max-snippet:-1","max-image-preview":"max-image-preview:large","max-video-preview":"max-video-preview:-1"},"canonical":"https:\/\/www.manaus.am.gov.br\/semcom\/pautas\/carnaval-de-manaus-2023-oficina-quebrando-o-coco-acontece-neste-sabado-11-2\/","og_locale":"pt_BR","og_type":"article","og_title":"Carnaval de Manaus 2023: Oficina \u2018Quebrando o Coco\u2019 acontece neste s\u00e1bado, 11\/2 - SEMCOM","og_url":"https:\/\/www.manaus.am.gov.br\/semcom\/pautas\/carnaval-de-manaus-2023-oficina-quebrando-o-coco-acontece-neste-sabado-11-2\/","og_site_name":"SEMCOM","article_modified_time":"2023-02-11T15:48:04+00:00","og_image":[{"width":1020,"height":540,"url":"https:\/\/www.manaus.am.gov.br\/semcom\/wp-content\/uploads\/sites\/5\/2023\/02\/sugestaodepauta.png","type":"image\/png"}],"twitter_card":"summary_large_image","twitter_misc":{"Est. reading time":"2 minutos"},"schema":{"@context":"https:\/\/schema.org","@graph":[{"@type":"WebPage","@id":"https:\/\/www.manaus.am.gov.br\/semcom\/pautas\/carnaval-de-manaus-2023-oficina-quebrando-o-coco-acontece-neste-sabado-11-2\/","url":"https:\/\/www.manaus.am.gov.br\/semcom\/pautas\/carnaval-de-manaus-2023-oficina-quebrando-o-coco-acontece-neste-sabado-11-2\/","name":"Carnaval de Manaus 2023: Oficina \u2018Quebrando o Coco\u2019 acontece neste s\u00e1bado, 11\/2 - SEMCOM","isPartOf":{"@id":"https:\/\/www.manaus.am.gov.br\/semcom\/#website"},"primaryImageOfPage":{"@id":"https:\/\/www.manaus.am.gov.br\/semcom\/pautas\/carnaval-de-manaus-2023-oficina-quebrando-o-coco-acontece-neste-sabado-11-2\/#primaryimage"},"image":{"@id":"https:\/\/www.manaus.am.gov.br\/semcom\/pautas\/carnaval-de-manaus-2023-oficina-quebrando-o-coco-acontece-neste-sabado-11-2\/#primaryimage"},"thumbnailUrl":"https:\/\/www.manaus.am.gov.br\/semcom\/wp-content\/uploads\/sites\/5\/2023\/02\/sugestaodepauta.png","datePublished":"2023-02-11T15:48:03+00:00","dateModified":"2023-02-11T15:48:04+00:00","inLanguage":"pt-BR","potentialAction":[{"@type":"ReadAction","target":["https:\/\/www.manaus.am.gov.br\/semcom\/pautas\/carnaval-de-manaus-2023-oficina-quebrando-o-coco-acontece-neste-sabado-11-2\/"]}]},{"@type":"ImageObject","inLanguage":"pt-BR","@id":"https:\/\/www.manaus.am.gov.br\/semcom\/pautas\/carnaval-de-manaus-2023-oficina-quebrando-o-coco-acontece-neste-sabado-11-2\/#primaryimage","url":"https:\/\/www.manaus.am.gov.br\/semcom\/wp-content\/uploads\/sites\/5\/2023\/02\/sugestaodepauta.png","contentUrl":"https:\/\/www.manaus.am.gov.br\/semcom\/wp-content\/uploads\/sites\/5\/2023\/02\/sugestaodepauta.png","width":1020,"height":540},{"@type":"WebSite","@id":"https:\/\/www.manaus.am.gov.br\/semcom\/#website","url":"https:\/\/www.manaus.am.gov.br\/semcom\/","name":"SEMCOM","description":"Secretaria Municipal de Comunica\u00e7\u00e3o","potentialAction":[{"@type":"SearchAction","target":{"@type":"EntryPoint","urlTemplate":"https:\/\/www.manaus.am.gov.br\/semcom\/?s={search_term_string}"},"query-input":"required name=search_term_string"}],"inLanguage":"pt-BR"}]}},"_links":{"self":[{"href":"https:\/\/www.manaus.am.gov.br\/semcom\/wp-json\/wp\/v2\/pautas\/209055"}],"collection":[{"href":"https:\/\/www.manaus.am.gov.br\/semcom\/wp-json\/wp\/v2\/pautas"}],"about":[{"href":"https:\/\/www.manaus.am.gov.br\/semcom\/wp-json\/wp\/v2\/types\/pautas"}],"wp:featuredmedia":[{"embeddable":true,"href":"https:\/\/www.manaus.am.gov.br\/semcom\/wp-json\/wp\/v2\/media\/208729"}],"wp:attachment":[{"href":"https:\/\/www.manaus.am.gov.br\/semcom\/wp-json\/wp\/v2\/media?parent=209055"}],"wp:term":[{"taxonomy":"category","embeddable":true,"href":"https:\/\/www.manaus.am.gov.br\/semcom\/wp-json\/wp\/v2\/categories?post=209055"}],"curies":[{"name":"wp","href":"https:\/\/api.w.org\/{rel}","templated":true}]}}

<strong>Carnaval de Manaus 2023: Oficina ‘Quebrando o Coco’ acontece neste sábado, 11/2</strong>

<p></p>



<p>A oficina “Quebrando o Coco” acontece às 18h30 deste sábado, 11/2, na praça Paulo Jacob, no centro de Manaus.&nbsp; O projeto foi contemplado pelo edital Manaus Faz Cultura, da Prefeitura de Manaus, por meio do Conselho Municipal de Cultura (Concultura), órgão consultivo da Fundação Municipal de Cultura, Turismo e Eventos (Manauscult).</p>



<p>“Quebrando o Coco” é uma iniciativa que visa desenvolver a aprendizagem do ritmo do coco de roda, a partir de oficinas que acontecerão durante dois meses na praça Paulo Jacob. As oficinas serão sempre aos sábados, sendo destinadas a jovens, adultos e crianças interessadas em aprender esse estilo musical.</p>



<p>O ritmo do coco inclui diversos instrumentos, como a zabumba, a alfaia, o triângulo, o atabaque, a caixa, o agbê e o ganzá, que serão utilizados, durante as aulas, para o trabalho da história e da rítmica que fundamenta essa musicalidade. A programação contará com a participação de cinco percussionistas do grupo Cocada Baré.</p>



<p><strong>SERVIÇO:</strong></p>



<p><strong>O quê</strong> – “Quebrando o coco” (Karollen Lima &#8220;Andarilha&#8221;)</p>



<p><strong>Quando</strong> – Sábado, 11/2</p>



<p><strong>Horário </strong>– 18h30</p>



<p><strong>Local </strong>&#8211; Praça Paulo Jacob &#8211; avenida Igarapé de Manaus, s/nº – Centro.</p>



<p>CONCULTURA &#8211; Conselho Municipal de Cultura</p>



<p>Assessor Responsável: Cristovão Nonato &#8211; (92) 98421-4762</p>



<p>E-mail: <a href="mailto:comunica.manauscult@gmail.com">comunica.manauscult@gmail.com</a></p>

<!-- This site is optimized with the Yoast SEO plugin v23.0 - https://yoast.com/wordpress/plugins/seo/ -->
<title>Carnaval de Manaus 2023: Oficina ‘Quebrando o Coco’ acontece neste sábado, 11/2 - SEMCOM</title>
<meta name="robots" content="index, follow, max-snippet:-1, max-image-preview:large, max-video-preview:-1" />
<link rel="canonical" href="https://www.manaus.am.gov.br/semcom/pautas/carnaval-de-manaus-2023-oficina-quebrando-o-coco-acontece-neste-sabado-11-2/" />
<meta property="og:locale" content="pt_BR" />
<meta property="og:type" content="article" />
<meta property="og:title" content="Carnaval de Manaus 2023: Oficina ‘Quebrando o Coco’ acontece neste sábado, 11/2 - SEMCOM" />
<meta property="og:url" content="https://www.manaus.am.gov.br/semcom/pautas/carnaval-de-manaus-2023-oficina-quebrando-o-coco-acontece-neste-sabado-11-2/" />
<meta property="og:site_name" content="SEMCOM" />
<meta property="article:modified_time" content="2023-02-11T15:48:04+00:00" />
<meta property="og:image" content="https://www.manaus.am.gov.br/semcom/wp-content/uploads/sites/5/2023/02/sugestaodepauta.png" />
	<meta property="og:image:width" content="1020" />
	<meta property="og:image:height" content="540" />
	<meta property="og:image:type" content="image/png" />
<meta name="twitter:card" content="summary_large_image" />
<meta name="twitter:label1" content="Est. reading time" />
	<meta name="twitter:data1" content="2 minutos" />
<script type="application/ld+json" class="yoast-schema-graph">{"@context":"https://schema.org","@graph":[{"@type":"WebPage","@id":"https://www.manaus.am.gov.br/semcom/pautas/carnaval-de-manaus-2023-oficina-quebrando-o-coco-acontece-neste-sabado-11-2/","url":"https://www.manaus.am.gov.br/semcom/pautas/carnaval-de-manaus-2023-oficina-quebrando-o-coco-acontece-neste-sabado-11-2/","name":"Carnaval de Manaus 2023: Oficina ‘Quebrando o Coco’ acontece neste sábado, 11/2 - SEMCOM","isPartOf":{"@id":"https://www.manaus.am.gov.br/semcom/#website"},"primaryImageOfPage":{"@id":"https://www.manaus.am.gov.br/semcom/pautas/carnaval-de-manaus-2023-oficina-quebrando-o-coco-acontece-neste-sabado-11-2/#primaryimage"},"image":{"@id":"https://www.manaus.am.gov.br/semcom/pautas/carnaval-de-manaus-2023-oficina-quebrando-o-coco-acontece-neste-sabado-11-2/#primaryimage"},"thumbnailUrl":"https://www.manaus.am.gov.br/semcom/wp-content/uploads/sites/5/2023/02/sugestaodepauta.png","datePublished":"2023-02-11T15:48:03+00:00","dateModified":"2023-02-11T15:48:04+00:00","inLanguage":"pt-BR","potentialAction":[{"@type":"ReadAction","target":["https://www.manaus.am.gov.br/semcom/pautas/carnaval-de-manaus-2023-oficina-quebrando-o-coco-acontece-neste-sabado-11-2/"]}]},{"@type":"ImageObject","inLanguage":"pt-BR","@id":"https://www.manaus.am.gov.br/semcom/pautas/carnaval-de-manaus-2023-oficina-quebrando-o-coco-acontece-neste-sabado-11-2/#primaryimage","url":"https://www.manaus.am.gov.br/semcom/wp-content/uploads/sites/5/2023/02/sugestaodepauta.png","contentUrl":"https://www.manaus.am.gov.br/semcom/wp-content/uploads/sites/5/2023/02/sugestaodepauta.png","width":1020,"height":540},{"@type":"WebSite","@id":"https://www.manaus.am.gov.br/semcom/#website","url":"https://www.manaus.am.gov.br/semcom/","name":"SEMCOM","description":"Secretaria Municipal de Comunicação","potentialAction":[{"@type":"SearchAction","target":{"@type":"EntryPoint","urlTemplate":"https://www.manaus.am.gov.br/semcom/?s={search_term_string}"},"query-input":"required name=search_term_string"}],"inLanguage":"pt-BR"}]}</script>
<!-- / Yoast SEO plugin. -->

Carnaval de Manaus 2023: Oficina ‘Quebrando o Coco’ acontece neste sábado, 11/2 - SEMCOM

Secretaria Municipal de Comunicação
