{"id":209040,"date":"2023-02-10T19:06:30","date_gmt":"2023-02-10T22:06:30","guid":{"rendered":"https:\/\/www.manaus.am.gov.br\/semcom\/?post_type=pautas&#038;p=209040"},"modified":"2023-02-10T19:06:31","modified_gmt":"2023-02-10T22:06:31","slug":"prefeitura-realiza-acao-de-sensibilizacao-contra-a-exploracao-infantil-neste-fim-de-semana","status":"publish","type":"pautas","link":"https:\/\/www.manaus.am.gov.br\/semcom\/pautas\/prefeitura-realiza-acao-de-sensibilizacao-contra-a-exploracao-infantil-neste-fim-de-semana\/","title":{"rendered":"<strong>Carnaval de Manaus 2023: Prefeitura realiza a\u00e7\u00e3o de sensibiliza\u00e7\u00e3o contra a explora\u00e7\u00e3o infantil durante festividades de carnaval neste fim de semana<\/strong>"},"content":{"rendered":"\n<p>A Prefeitura de Manaus, por meio da Secretaria Municipal da Mulher, Assist\u00eancia Social e Cidadania (Semasc), junto com os Conselheiros Tutelares da capital, inicia neste fim de semana, nos dias 11 e 12\/2, uma campanha de sensibiliza\u00e7\u00e3o e combate \u00e0 explora\u00e7\u00e3o de crian\u00e7as e adolescentes durante a realiza\u00e7\u00e3o das tradicionais bandas, blocos e festas de rua de Carnaval.<\/p>\n\n\n\n<p>Neste s\u00e1bado, 11\/2, as equipes se concentrar\u00e3o prioritariamente na tradicional \u201cBanda da Bica\u201d, realizada na rua 10 de Julho, no Centro; e na \u201cBanda da Difusora\u201d, realizada na avenida Eduardo Ribeiro, tamb\u00e9m no Centro. No domingo, 12\/2, as equipes acompanhar\u00e3o a \u201cBanda do Boulevard\u201d, na avenida \u00c1lvaro Maia, zona Centro-Sul de Manaus. Nos dois dias, as equipes permanecer\u00e3o nas ruas de 16h \u00e0 0h.<\/p>\n\n\n\n<p>A a\u00e7\u00e3o de fiscaliza\u00e7\u00e3o busca garantir o cumprimento das normas e regras para a participa\u00e7\u00e3o adequada de crian\u00e7as e adolescentes em eventos carnavalescos no estado do Amazonas divulgadas pelo Juizado da Inf\u00e2ncia e Juventude Infracional na \u00faltima quarta-feira, 8\/2.<\/p>\n\n\n\n<p>De acordo com a publica\u00e7\u00e3o, crian\u00e7as de 5 a 12 anos poder\u00e3o participar de bailes infantojuvenis, desde que acompanhadas dos respons\u00e1veis. J\u00e1 os adolescentes com idades entre 12 e 15 anos poder\u00e3o participar dos blocos de rua, desde que acompanhados dos respons\u00e1veis e ambos portando documento de identifica\u00e7\u00e3o.<\/p>\n\n\n\n<p><strong>SERVI\u00c7O<\/strong><\/p>\n\n\n\n<p><strong>O qu\u00ea &#8211; <\/strong>A\u00e7\u00e3o desensibiliza\u00e7\u00e3o contra o trabalho infantil durante o Carnaval<\/p>\n\n\n\n<p><strong>Quando \u2013 <\/strong>S\u00e1bado, 11\/2<\/p>\n\n\n\n<p><strong>Hor\u00e1rio \u2013<\/strong> A partir das16h30<\/p>\n\n\n\n<p><strong>Local &#8211; <\/strong>Avenida Eduardo Ribeiro e rua 10 de Julho, ambas no Centro de Manaus<\/p>\n\n\n\n<p>&#8212; &#8212; &#8212;<\/p>\n\n\n\n<p>SEMASC &#8211; Secretaria Municipal da Mulher, Assist\u00eancia Social e Cidadania<\/p>\n\n\n\n<p>Assessor Respons\u00e1vel: Leonardo Fierro&nbsp;(92) 99446-4599<\/p>\n\n\n\n<p>E-mail:&nbsp;<a href=\"mailto:comunicacao.semasc@gmail.com\" target=\"_blank\" rel=\"noreferrer noopener\">comunicacao.semasc@gmail.com<\/a><\/p>\n","protected":false},"featured_media":208729,"template":"","categories":[802],"acf":[],"yoast_head":"<!-- This site is optimized with the Yoast SEO plugin v23.0 - https:\/\/yoast.com\/wordpress\/plugins\/seo\/ -->\n<title>Prefeitura realiza a\u00e7\u00e3o de sensibiliza\u00e7\u00e3o contra a explora\u00e7\u00e3o infantil durante festividades de carnaval<\/title>\n<meta name=\"description\" content=\"A Prefeitura de Manaus, por meio da Semasc, junto com os Conselheiros Tutelares da capital, inicia neste fim de semana, uma campanha de sensibiliza\u00e7\u00e3o e combate \u00e0 explora\u00e7\u00e3o de crian\u00e7as e adolescentes durante a realiza\u00e7\u00e3o das tradicionais bandas, blocos e festas de rua de Carnaval.\" \/>\n<meta name=\"robots\" content=\"index, follow, max-snippet:-1, max-image-preview:large, max-video-preview:-1\" \/>\n<link rel=\"canonical\" href=\"https:\/\/www.manaus.am.gov.br\/semcom\/pautas\/prefeitura-realiza-acao-de-sensibilizacao-contra-a-exploracao-infantil-neste-fim-de-semana\/\" \/>\n<meta property=\"og:locale\" content=\"pt_BR\" \/>\n<meta property=\"og:type\" content=\"article\" \/>\n<meta property=\"og:title\" content=\"Prefeitura realiza a\u00e7\u00e3o de sensibiliza\u00e7\u00e3o contra a explora\u00e7\u00e3o infantil durante festividades de carnaval\" \/>\n<meta property=\"og:description\" content=\"A Prefeitura de Manaus, por meio da Semasc, junto com os Conselheiros Tutelares da capital, inicia neste fim de semana, uma campanha de sensibiliza\u00e7\u00e3o e combate \u00e0 explora\u00e7\u00e3o de crian\u00e7as e adolescentes durante a realiza\u00e7\u00e3o das tradicionais bandas, blocos e festas de rua de Carnaval.\" \/>\n<meta property=\"og:url\" content=\"https:\/\/www.manaus.am.gov.br\/semcom\/pautas\/prefeitura-realiza-acao-de-sensibilizacao-contra-a-exploracao-infantil-neste-fim-de-semana\/\" \/>\n<meta property=\"og:site_name\" content=\"SEMCOM\" \/>\n<meta property=\"article:modified_time\" content=\"2023-02-10T22:06:31+00:00\" \/>\n<meta property=\"og:image\" content=\"https:\/\/www.manaus.am.gov.br\/semcom\/wp-content\/uploads\/sites\/5\/2023\/02\/sugestaodepauta.png\" \/>\n\t<meta property=\"og:image:width\" content=\"1020\" \/>\n\t<meta property=\"og:image:height\" content=\"540\" \/>\n\t<meta property=\"og:image:type\" content=\"image\/png\" \/>\n<meta name=\"twitter:card\" content=\"summary_large_image\" \/>\n<meta name=\"twitter:label1\" content=\"Est. reading time\" \/>\n\t<meta name=\"twitter:data1\" content=\"2 minutos\" \/>\n<script type=\"application\/ld+json\" class=\"yoast-schema-graph\">{\"@context\":\"https:\/\/schema.org\",\"@graph\":[{\"@type\":\"WebPage\",\"@id\":\"https:\/\/www.manaus.am.gov.br\/semcom\/pautas\/prefeitura-realiza-acao-de-sensibilizacao-contra-a-exploracao-infantil-neste-fim-de-semana\/\",\"url\":\"https:\/\/www.manaus.am.gov.br\/semcom\/pautas\/prefeitura-realiza-acao-de-sensibilizacao-contra-a-exploracao-infantil-neste-fim-de-semana\/\",\"name\":\"Prefeitura realiza a\u00e7\u00e3o de sensibiliza\u00e7\u00e3o contra a explora\u00e7\u00e3o infantil durante festividades de carnaval\",\"isPartOf\":{\"@id\":\"https:\/\/www.manaus.am.gov.br\/semcom\/#website\"},\"primaryImageOfPage\":{\"@id\":\"https:\/\/www.manaus.am.gov.br\/semcom\/pautas\/prefeitura-realiza-acao-de-sensibilizacao-contra-a-exploracao-infantil-neste-fim-de-semana\/#primaryimage\"},\"image\":{\"@id\":\"https:\/\/www.manaus.am.gov.br\/semcom\/pautas\/prefeitura-realiza-acao-de-sensibilizacao-contra-a-exploracao-infantil-neste-fim-de-semana\/#primaryimage\"},\"thumbnailUrl\":\"https:\/\/www.manaus.am.gov.br\/semcom\/wp-content\/uploads\/sites\/5\/2023\/02\/sugestaodepauta.png\",\"datePublished\":\"2023-02-10T22:06:30+00:00\",\"dateModified\":\"2023-02-10T22:06:31+00:00\",\"description\":\"A Prefeitura de Manaus, por meio da Semasc, junto com os Conselheiros Tutelares da capital, inicia neste fim de semana, uma campanha de sensibiliza\u00e7\u00e3o e combate \u00e0 explora\u00e7\u00e3o de crian\u00e7as e adolescentes durante a realiza\u00e7\u00e3o das tradicionais bandas, blocos e festas de rua de Carnaval.\",\"inLanguage\":\"pt-BR\",\"potentialAction\":[{\"@type\":\"ReadAction\",\"target\":[\"https:\/\/www.manaus.am.gov.br\/semcom\/pautas\/prefeitura-realiza-acao-de-sensibilizacao-contra-a-exploracao-infantil-neste-fim-de-semana\/\"]}]},{\"@type\":\"ImageObject\",\"inLanguage\":\"pt-BR\",\"@id\":\"https:\/\/www.manaus.am.gov.br\/semcom\/pautas\/prefeitura-realiza-acao-de-sensibilizacao-contra-a-exploracao-infantil-neste-fim-de-semana\/#primaryimage\",\"url\":\"https:\/\/www.manaus.am.gov.br\/semcom\/wp-content\/uploads\/sites\/5\/2023\/02\/sugestaodepauta.png\",\"contentUrl\":\"https:\/\/www.manaus.am.gov.br\/semcom\/wp-content\/uploads\/sites\/5\/2023\/02\/sugestaodepauta.png\",\"width\":1020,\"height\":540},{\"@type\":\"WebSite\",\"@id\":\"https:\/\/www.manaus.am.gov.br\/semcom\/#website\",\"url\":\"https:\/\/www.manaus.am.gov.br\/semcom\/\",\"name\":\"SEMCOM\",\"description\":\"Secretaria Municipal de Comunica\u00e7\u00e3o\",\"potentialAction\":[{\"@type\":\"SearchAction\",\"target\":{\"@type\":\"EntryPoint\",\"urlTemplate\":\"https:\/\/www.manaus.am.gov.br\/semcom\/?s={search_term_string}\"},\"query-input\":\"required name=search_term_string\"}],\"inLanguage\":\"pt-BR\"}]}<\/script>\n<!-- \/ Yoast SEO plugin. -->","yoast_head_json":{"title":"Prefeitura realiza a\u00e7\u00e3o de sensibiliza\u00e7\u00e3o contra a explora\u00e7\u00e3o infantil durante festividades de carnaval","description":"A Prefeitura de Manaus, por meio da Semasc, junto com os Conselheiros Tutelares da capital, inicia neste fim de semana, uma campanha de sensibiliza\u00e7\u00e3o e combate \u00e0 explora\u00e7\u00e3o de crian\u00e7as e adolescentes durante a realiza\u00e7\u00e3o das tradicionais bandas, blocos e festas de rua de Carnaval.","robots":{"index":"index","follow":"follow","max-snippet":"max-snippet:-1","max-image-preview":"max-image-preview:large","max-video-preview":"max-video-preview:-1"},"canonical":"https:\/\/www.manaus.am.gov.br\/semcom\/pautas\/prefeitura-realiza-acao-de-sensibilizacao-contra-a-exploracao-infantil-neste-fim-de-semana\/","og_locale":"pt_BR","og_type":"article","og_title":"Prefeitura realiza a\u00e7\u00e3o de sensibiliza\u00e7\u00e3o contra a explora\u00e7\u00e3o infantil durante festividades de carnaval","og_description":"A Prefeitura de Manaus, por meio da Semasc, junto com os Conselheiros Tutelares da capital, inicia neste fim de semana, uma campanha de sensibiliza\u00e7\u00e3o e combate \u00e0 explora\u00e7\u00e3o de crian\u00e7as e adolescentes durante a realiza\u00e7\u00e3o das tradicionais bandas, blocos e festas de rua de Carnaval.","og_url":"https:\/\/www.manaus.am.gov.br\/semcom\/pautas\/prefeitura-realiza-acao-de-sensibilizacao-contra-a-exploracao-infantil-neste-fim-de-semana\/","og_site_name":"SEMCOM","article_modified_time":"2023-02-10T22:06:31+00:00","og_image":[{"width":1020,"height":540,"url":"https:\/\/www.manaus.am.gov.br\/semcom\/wp-content\/uploads\/sites\/5\/2023\/02\/sugestaodepauta.png","type":"image\/png"}],"twitter_card":"summary_large_image","twitter_misc":{"Est. reading time":"2 minutos"},"schema":{"@context":"https:\/\/schema.org","@graph":[{"@type":"WebPage","@id":"https:\/\/www.manaus.am.gov.br\/semcom\/pautas\/prefeitura-realiza-acao-de-sensibilizacao-contra-a-exploracao-infantil-neste-fim-de-semana\/","url":"https:\/\/www.manaus.am.gov.br\/semcom\/pautas\/prefeitura-realiza-acao-de-sensibilizacao-contra-a-exploracao-infantil-neste-fim-de-semana\/","name":"Prefeitura realiza a\u00e7\u00e3o de sensibiliza\u00e7\u00e3o contra a explora\u00e7\u00e3o infantil durante festividades de carnaval","isPartOf":{"@id":"https:\/\/www.manaus.am.gov.br\/semcom\/#website"},"primaryImageOfPage":{"@id":"https:\/\/www.manaus.am.gov.br\/semcom\/pautas\/prefeitura-realiza-acao-de-sensibilizacao-contra-a-exploracao-infantil-neste-fim-de-semana\/#primaryimage"},"image":{"@id":"https:\/\/www.manaus.am.gov.br\/semcom\/pautas\/prefeitura-realiza-acao-de-sensibilizacao-contra-a-exploracao-infantil-neste-fim-de-semana\/#primaryimage"},"thumbnailUrl":"https:\/\/www.manaus.am.gov.br\/semcom\/wp-content\/uploads\/sites\/5\/2023\/02\/sugestaodepauta.png","datePublished":"2023-02-10T22:06:30+00:00","dateModified":"2023-02-10T22:06:31+00:00","description":"A Prefeitura de Manaus, por meio da Semasc, junto com os Conselheiros Tutelares da capital, inicia neste fim de semana, uma campanha de sensibiliza\u00e7\u00e3o e combate \u00e0 explora\u00e7\u00e3o de crian\u00e7as e adolescentes durante a realiza\u00e7\u00e3o das tradicionais bandas, blocos e festas de rua de Carnaval.","inLanguage":"pt-BR","potentialAction":[{"@type":"ReadAction","target":["https:\/\/www.manaus.am.gov.br\/semcom\/pautas\/prefeitura-realiza-acao-de-sensibilizacao-contra-a-exploracao-infantil-neste-fim-de-semana\/"]}]},{"@type":"ImageObject","inLanguage":"pt-BR","@id":"https:\/\/www.manaus.am.gov.br\/semcom\/pautas\/prefeitura-realiza-acao-de-sensibilizacao-contra-a-exploracao-infantil-neste-fim-de-semana\/#primaryimage","url":"https:\/\/www.manaus.am.gov.br\/semcom\/wp-content\/uploads\/sites\/5\/2023\/02\/sugestaodepauta.png","contentUrl":"https:\/\/www.manaus.am.gov.br\/semcom\/wp-content\/uploads\/sites\/5\/2023\/02\/sugestaodepauta.png","width":1020,"height":540},{"@type":"WebSite","@id":"https:\/\/www.manaus.am.gov.br\/semcom\/#website","url":"https:\/\/www.manaus.am.gov.br\/semcom\/","name":"SEMCOM","description":"Secretaria Municipal de Comunica\u00e7\u00e3o","potentialAction":[{"@type":"SearchAction","target":{"@type":"EntryPoint","urlTemplate":"https:\/\/www.manaus.am.gov.br\/semcom\/?s={search_term_string}"},"query-input":"required name=search_term_string"}],"inLanguage":"pt-BR"}]}},"_links":{"self":[{"href":"https:\/\/www.manaus.am.gov.br\/semcom\/wp-json\/wp\/v2\/pautas\/209040"}],"collection":[{"href":"https:\/\/www.manaus.am.gov.br\/semcom\/wp-json\/wp\/v2\/pautas"}],"about":[{"href":"https:\/\/www.manaus.am.gov.br\/semcom\/wp-json\/wp\/v2\/types\/pautas"}],"wp:featuredmedia":[{"embeddable":true,"href":"https:\/\/www.manaus.am.gov.br\/semcom\/wp-json\/wp\/v2\/media\/208729"}],"wp:attachment":[{"href":"https:\/\/www.manaus.am.gov.br\/semcom\/wp-json\/wp\/v2\/media?parent=209040"}],"wp:term":[{"taxonomy":"category","embeddable":true,"href":"https:\/\/www.manaus.am.gov.br\/semcom\/wp-json\/wp\/v2\/categories?post=209040"}],"curies":[{"name":"wp","href":"https:\/\/api.w.org\/{rel}","templated":true}]}}

<strong>Carnaval de Manaus 2023: Prefeitura realiza ação de sensibilização contra a exploração infantil durante festividades de carnaval neste fim de semana</strong>

<p>A Prefeitura de Manaus, por meio da Secretaria Municipal da Mulher, Assistência Social e Cidadania (Semasc), junto com os Conselheiros Tutelares da capital, inicia neste fim de semana, nos dias 11 e 12/2, uma campanha de sensibilização e combate à exploração de crianças e adolescentes durante a realização das tradicionais bandas, blocos e festas de rua de Carnaval.</p>



<p>Neste sábado, 11/2, as equipes se concentrarão prioritariamente na tradicional “Banda da Bica”, realizada na rua 10 de Julho, no Centro; e na “Banda da Difusora”, realizada na avenida Eduardo Ribeiro, também no Centro. No domingo, 12/2, as equipes acompanharão a “Banda do Boulevard”, na avenida Álvaro Maia, zona Centro-Sul de Manaus. Nos dois dias, as equipes permanecerão nas ruas de 16h à 0h.</p>



<p>A ação de fiscalização busca garantir o cumprimento das normas e regras para a participação adequada de crianças e adolescentes em eventos carnavalescos no estado do Amazonas divulgadas pelo Juizado da Infância e Juventude Infracional na última quarta-feira, 8/2.</p>



<p>De acordo com a publicação, crianças de 5 a 12 anos poderão participar de bailes infantojuvenis, desde que acompanhadas dos responsáveis. Já os adolescentes com idades entre 12 e 15 anos poderão participar dos blocos de rua, desde que acompanhados dos responsáveis e ambos portando documento de identificação.</p>



<p><strong>SERVIÇO</strong></p>



<p><strong>O quê &#8211; </strong>Ação desensibilização contra o trabalho infantil durante o Carnaval</p>



<p><strong>Quando – </strong>Sábado, 11/2</p>



<p><strong>Horário –</strong> A partir das16h30</p>



<p><strong>Local &#8211; </strong>Avenida Eduardo Ribeiro e rua 10 de Julho, ambas no Centro de Manaus</p>



<p>&#8212; &#8212; &#8212;</p>



<p>SEMASC &#8211; Secretaria Municipal da Mulher, Assistência Social e Cidadania</p>



<p>Assessor Responsável: Leonardo Fierro&nbsp;(92) 99446-4599</p>



<p>E-mail:&nbsp;<a href="mailto:comunicacao.semasc@gmail.com" target="_blank" rel="noreferrer noopener">comunicacao.semasc@gmail.com</a></p>

<!-- This site is optimized with the Yoast SEO plugin v23.0 - https://yoast.com/wordpress/plugins/seo/ -->
<title>Prefeitura realiza ação de sensibilização contra a exploração infantil durante festividades de carnaval</title>
<meta name="description" content="A Prefeitura de Manaus, por meio da Semasc, junto com os Conselheiros Tutelares da capital, inicia neste fim de semana, uma campanha de sensibilização e combate à exploração de crianças e adolescentes durante a realização das tradicionais bandas, blocos e festas de rua de Carnaval." />
<meta name="robots" content="index, follow, max-snippet:-1, max-image-preview:large, max-video-preview:-1" />
<link rel="canonical" href="https://www.manaus.am.gov.br/semcom/pautas/prefeitura-realiza-acao-de-sensibilizacao-contra-a-exploracao-infantil-neste-fim-de-semana/" />
<meta property="og:locale" content="pt_BR" />
<meta property="og:type" content="article" />
<meta property="og:title" content="Prefeitura realiza ação de sensibilização contra a exploração infantil durante festividades de carnaval" />
<meta property="og:description" content="A Prefeitura de Manaus, por meio da Semasc, junto com os Conselheiros Tutelares da capital, inicia neste fim de semana, uma campanha de sensibilização e combate à exploração de crianças e adolescentes durante a realização das tradicionais bandas, blocos e festas de rua de Carnaval." />
<meta property="og:url" content="https://www.manaus.am.gov.br/semcom/pautas/prefeitura-realiza-acao-de-sensibilizacao-contra-a-exploracao-infantil-neste-fim-de-semana/" />
<meta property="og:site_name" content="SEMCOM" />
<meta property="article:modified_time" content="2023-02-10T22:06:31+00:00" />
<meta property="og:image" content="https://www.manaus.am.gov.br/semcom/wp-content/uploads/sites/5/2023/02/sugestaodepauta.png" />
	<meta property="og:image:width" content="1020" />
	<meta property="og:image:height" content="540" />
	<meta property="og:image:type" content="image/png" />
<meta name="twitter:card" content="summary_large_image" />
<meta name="twitter:label1" content="Est. reading time" />
	<meta name="twitter:data1" content="2 minutos" />
<script type="application/ld+json" class="yoast-schema-graph">{"@context":"https://schema.org","@graph":[{"@type":"WebPage","@id":"https://www.manaus.am.gov.br/semcom/pautas/prefeitura-realiza-acao-de-sensibilizacao-contra-a-exploracao-infantil-neste-fim-de-semana/","url":"https://www.manaus.am.gov.br/semcom/pautas/prefeitura-realiza-acao-de-sensibilizacao-contra-a-exploracao-infantil-neste-fim-de-semana/","name":"Prefeitura realiza ação de sensibilização contra a exploração infantil durante festividades de carnaval","isPartOf":{"@id":"https://www.manaus.am.gov.br/semcom/#website"},"primaryImageOfPage":{"@id":"https://www.manaus.am.gov.br/semcom/pautas/prefeitura-realiza-acao-de-sensibilizacao-contra-a-exploracao-infantil-neste-fim-de-semana/#primaryimage"},"image":{"@id":"https://www.manaus.am.gov.br/semcom/pautas/prefeitura-realiza-acao-de-sensibilizacao-contra-a-exploracao-infantil-neste-fim-de-semana/#primaryimage"},"thumbnailUrl":"https://www.manaus.am.gov.br/semcom/wp-content/uploads/sites/5/2023/02/sugestaodepauta.png","datePublished":"2023-02-10T22:06:30+00:00","dateModified":"2023-02-10T22:06:31+00:00","description":"A Prefeitura de Manaus, por meio da Semasc, junto com os Conselheiros Tutelares da capital, inicia neste fim de semana, uma campanha de sensibilização e combate à exploração de crianças e adolescentes durante a realização das tradicionais bandas, blocos e festas de rua de Carnaval.","inLanguage":"pt-BR","potentialAction":[{"@type":"ReadAction","target":["https://www.manaus.am.gov.br/semcom/pautas/prefeitura-realiza-acao-de-sensibilizacao-contra-a-exploracao-infantil-neste-fim-de-semana/"]}]},{"@type":"ImageObject","inLanguage":"pt-BR","@id":"https://www.manaus.am.gov.br/semcom/pautas/prefeitura-realiza-acao-de-sensibilizacao-contra-a-exploracao-infantil-neste-fim-de-semana/#primaryimage","url":"https://www.manaus.am.gov.br/semcom/wp-content/uploads/sites/5/2023/02/sugestaodepauta.png","contentUrl":"https://www.manaus.am.gov.br/semcom/wp-content/uploads/sites/5/2023/02/sugestaodepauta.png","width":1020,"height":540},{"@type":"WebSite","@id":"https://www.manaus.am.gov.br/semcom/#website","url":"https://www.manaus.am.gov.br/semcom/","name":"SEMCOM","description":"Secretaria Municipal de Comunicação","potentialAction":[{"@type":"SearchAction","target":{"@type":"EntryPoint","urlTemplate":"https://www.manaus.am.gov.br/semcom/?s={search_term_string}"},"query-input":"required name=search_term_string"}],"inLanguage":"pt-BR"}]}</script>
<!-- / Yoast SEO plugin. -->

Prefeitura realiza ação de sensibilização contra a exploração infantil durante festividades de carnaval

A Prefeitura de Manaus, por meio da Semasc, junto com os Conselheiros Tutelares da capital, inicia neste fim de semana, uma campanha de sensibilização e combate à exploração de crianças e adolescentes durante a realização das tradicionais bandas, blocos e festas de rua de Carnaval.

Secretaria Municipal de Comunicação
