{"id":208906,"date":"2023-02-09T17:20:14","date_gmt":"2023-02-09T20:20:14","guid":{"rendered":"https:\/\/www.manaus.am.gov.br\/semcom\/?post_type=pautas&#038;p=208906"},"modified":"2023-02-09T17:20:14","modified_gmt":"2023-02-09T20:20:14","slug":"carnaval-de-manaus-2023-carnaval-do-povao-inicia-nesta-quinta-feira-9-2-com-o-apoio-da-prefeitura-de-manaus","status":"publish","type":"pautas","link":"https:\/\/www.manaus.am.gov.br\/semcom\/pautas\/carnaval-de-manaus-2023-carnaval-do-povao-inicia-nesta-quinta-feira-9-2-com-o-apoio-da-prefeitura-de-manaus\/","title":{"rendered":"<strong>Carnaval de Manaus 2023: \u2018Carnaval do Pov\u00e3o\u2019 inicia nesta quinta-feira, 9\/2, com o apoio da Prefeitura de Manaus<\/strong>"},"content":{"rendered":"\n<p>Com o apoio da Prefeitura de Manaus, por meio da Funda\u00e7\u00e3o Municipal de Cultura, Turismo e Eventos (Manauscult), o \u201cCarnaval do Pov\u00e3o\u201d, projeto criado pelo Instituto de Inova\u00e7\u00e3o Desportiva e Cultural da Amaz\u00f4nia (Idama) e Uni\u00e3o das Escolas de Samba do Estado do Amazonas (Uesam), vai dar a oportunidade do primeiro desfile para cinco novas agremia\u00e7\u00f5es que comp\u00f5em o \u201cGrupo Experimental\u201d. A abertura do espet\u00e1culo carnavalesco ser\u00e1 nesta quinta-feira, 9\/2, a partir das 19h, na pra\u00e7a Mindu Norte, localizada na alameda Alphaville, bairro Novo Aleixo, zona Norte.<\/p>\n\n\n\n<p>A programa\u00e7\u00e3o do \u201cCarnaval do Pov\u00e3o\u201d \u00e9 totalmente gratuita. A \u00e1rea do desfile contar\u00e1 com uma \u201cPassarela do samba\u201d, com desfile dos pavilh\u00f5es das escolas de samba associadas \u00e0 Uesam e bateria da associa\u00e7\u00e3o.<\/p>\n\n\n\n<p><strong>SERVI\u00c7O:<\/strong><\/p>\n\n\n\n<p><strong>O qu\u00ea \u2013&nbsp;<\/strong>\u201cCarnaval do Pov\u00e3o\u201d<\/p>\n\n\n\n<p><strong>Quando \u2013<\/strong>&nbsp;Quinta-feira, 9\/2<\/p>\n\n\n\n<p><strong>Hor\u00e1rio &#8211;<\/strong>&nbsp;19h<\/p>\n\n\n\n<p><strong>Local \u2013<\/strong>&nbsp;Pra\u00e7a do Mindu Norte, localizada na alameda Alphaville, bairro Novo Aleixo, zona Norte<\/p>\n","protected":false},"featured_media":208729,"template":"","categories":[799],"acf":[],"yoast_head":"<!-- This site is optimized with the Yoast SEO plugin v23.0 - https:\/\/yoast.com\/wordpress\/plugins\/seo\/ -->\n<title>Carnaval de Manaus 2023: \u2018Carnaval do Pov\u00e3o\u2019 inicia nesta quinta-feira, 9\/2, com o apoio da prefeitura<\/title>\n<meta name=\"description\" content=\"Com o apoio da Prefeitura de Manaus, por meio da Funda\u00e7\u00e3o Municipal de Cultura, Turismo e Eventos (Manauscult), o \u201cCarnaval do Pov\u00e3o\u201d, projeto criado pelo Instituto de Inova\u00e7\u00e3o Desportiva e Cultural da Amaz\u00f4nia (Idama) e Uni\u00e3o das Escolas de Samba do Estado do Amazonas (Uesam), vai dar a oportunidade do primeiro desfile para cinco novas agremia\u00e7\u00f5es que comp\u00f5em o \u201cGrupo Experimental\u201d\" \/>\n<meta name=\"robots\" content=\"index, follow, max-snippet:-1, max-image-preview:large, max-video-preview:-1\" \/>\n<link rel=\"canonical\" href=\"https:\/\/www.manaus.am.gov.br\/semcom\/pautas\/carnaval-de-manaus-2023-carnaval-do-povao-inicia-nesta-quinta-feira-9-2-com-o-apoio-da-prefeitura-de-manaus\/\" \/>\n<meta property=\"og:locale\" content=\"pt_BR\" \/>\n<meta property=\"og:type\" content=\"article\" \/>\n<meta property=\"og:title\" content=\"Carnaval de Manaus 2023: \u2018Carnaval do Pov\u00e3o\u2019 inicia nesta quinta-feira, 9\/2, com o apoio da prefeitura\" \/>\n<meta property=\"og:description\" content=\"Com o apoio da Prefeitura de Manaus, por meio da Funda\u00e7\u00e3o Municipal de Cultura, Turismo e Eventos (Manauscult), o \u201cCarnaval do Pov\u00e3o\u201d, projeto criado pelo Instituto de Inova\u00e7\u00e3o Desportiva e Cultural da Amaz\u00f4nia (Idama) e Uni\u00e3o das Escolas de Samba do Estado do Amazonas (Uesam), vai dar a oportunidade do primeiro desfile para cinco novas agremia\u00e7\u00f5es que comp\u00f5em o \u201cGrupo Experimental\u201d\" \/>\n<meta property=\"og:url\" content=\"https:\/\/www.manaus.am.gov.br\/semcom\/pautas\/carnaval-de-manaus-2023-carnaval-do-povao-inicia-nesta-quinta-feira-9-2-com-o-apoio-da-prefeitura-de-manaus\/\" \/>\n<meta property=\"og:site_name\" content=\"SEMCOM\" \/>\n<meta property=\"og:image\" content=\"https:\/\/www.manaus.am.gov.br\/semcom\/wp-content\/uploads\/sites\/5\/2023\/02\/sugestaodepauta.png\" \/>\n\t<meta property=\"og:image:width\" content=\"1020\" \/>\n\t<meta property=\"og:image:height\" content=\"540\" \/>\n\t<meta property=\"og:image:type\" content=\"image\/png\" \/>\n<meta name=\"twitter:card\" content=\"summary_large_image\" \/>\n<meta name=\"twitter:label1\" content=\"Est. reading time\" \/>\n\t<meta name=\"twitter:data1\" content=\"1 minuto\" \/>\n<script type=\"application\/ld+json\" class=\"yoast-schema-graph\">{\"@context\":\"https:\/\/schema.org\",\"@graph\":[{\"@type\":\"WebPage\",\"@id\":\"https:\/\/www.manaus.am.gov.br\/semcom\/pautas\/carnaval-de-manaus-2023-carnaval-do-povao-inicia-nesta-quinta-feira-9-2-com-o-apoio-da-prefeitura-de-manaus\/\",\"url\":\"https:\/\/www.manaus.am.gov.br\/semcom\/pautas\/carnaval-de-manaus-2023-carnaval-do-povao-inicia-nesta-quinta-feira-9-2-com-o-apoio-da-prefeitura-de-manaus\/\",\"name\":\"Carnaval de Manaus 2023: \u2018Carnaval do Pov\u00e3o\u2019 inicia nesta quinta-feira, 9\/2, com o apoio da prefeitura\",\"isPartOf\":{\"@id\":\"https:\/\/www.manaus.am.gov.br\/semcom\/#website\"},\"primaryImageOfPage\":{\"@id\":\"https:\/\/www.manaus.am.gov.br\/semcom\/pautas\/carnaval-de-manaus-2023-carnaval-do-povao-inicia-nesta-quinta-feira-9-2-com-o-apoio-da-prefeitura-de-manaus\/#primaryimage\"},\"image\":{\"@id\":\"https:\/\/www.manaus.am.gov.br\/semcom\/pautas\/carnaval-de-manaus-2023-carnaval-do-povao-inicia-nesta-quinta-feira-9-2-com-o-apoio-da-prefeitura-de-manaus\/#primaryimage\"},\"thumbnailUrl\":\"https:\/\/www.manaus.am.gov.br\/semcom\/wp-content\/uploads\/sites\/5\/2023\/02\/sugestaodepauta.png\",\"datePublished\":\"2023-02-09T20:20:14+00:00\",\"dateModified\":\"2023-02-09T20:20:14+00:00\",\"description\":\"Com o apoio da Prefeitura de Manaus, por meio da Funda\u00e7\u00e3o Municipal de Cultura, Turismo e Eventos (Manauscult), o \u201cCarnaval do Pov\u00e3o\u201d, projeto criado pelo Instituto de Inova\u00e7\u00e3o Desportiva e Cultural da Amaz\u00f4nia (Idama) e Uni\u00e3o das Escolas de Samba do Estado do Amazonas (Uesam), vai dar a oportunidade do primeiro desfile para cinco novas agremia\u00e7\u00f5es que comp\u00f5em o \u201cGrupo Experimental\u201d\",\"inLanguage\":\"pt-BR\",\"potentialAction\":[{\"@type\":\"ReadAction\",\"target\":[\"https:\/\/www.manaus.am.gov.br\/semcom\/pautas\/carnaval-de-manaus-2023-carnaval-do-povao-inicia-nesta-quinta-feira-9-2-com-o-apoio-da-prefeitura-de-manaus\/\"]}]},{\"@type\":\"ImageObject\",\"inLanguage\":\"pt-BR\",\"@id\":\"https:\/\/www.manaus.am.gov.br\/semcom\/pautas\/carnaval-de-manaus-2023-carnaval-do-povao-inicia-nesta-quinta-feira-9-2-com-o-apoio-da-prefeitura-de-manaus\/#primaryimage\",\"url\":\"https:\/\/www.manaus.am.gov.br\/semcom\/wp-content\/uploads\/sites\/5\/2023\/02\/sugestaodepauta.png\",\"contentUrl\":\"https:\/\/www.manaus.am.gov.br\/semcom\/wp-content\/uploads\/sites\/5\/2023\/02\/sugestaodepauta.png\",\"width\":1020,\"height\":540},{\"@type\":\"WebSite\",\"@id\":\"https:\/\/www.manaus.am.gov.br\/semcom\/#website\",\"url\":\"https:\/\/www.manaus.am.gov.br\/semcom\/\",\"name\":\"SEMCOM\",\"description\":\"Secretaria Municipal de Comunica\u00e7\u00e3o\",\"potentialAction\":[{\"@type\":\"SearchAction\",\"target\":{\"@type\":\"EntryPoint\",\"urlTemplate\":\"https:\/\/www.manaus.am.gov.br\/semcom\/?s={search_term_string}\"},\"query-input\":\"required name=search_term_string\"}],\"inLanguage\":\"pt-BR\"}]}<\/script>\n<!-- \/ Yoast SEO plugin. -->","yoast_head_json":{"title":"Carnaval de Manaus 2023: \u2018Carnaval do Pov\u00e3o\u2019 inicia nesta quinta-feira, 9\/2, com o apoio da prefeitura","description":"Com o apoio da Prefeitura de Manaus, por meio da Funda\u00e7\u00e3o Municipal de Cultura, Turismo e Eventos (Manauscult), o \u201cCarnaval do Pov\u00e3o\u201d, projeto criado pelo Instituto de Inova\u00e7\u00e3o Desportiva e Cultural da Amaz\u00f4nia (Idama) e Uni\u00e3o das Escolas de Samba do Estado do Amazonas (Uesam), vai dar a oportunidade do primeiro desfile para cinco novas agremia\u00e7\u00f5es que comp\u00f5em o \u201cGrupo Experimental\u201d","robots":{"index":"index","follow":"follow","max-snippet":"max-snippet:-1","max-image-preview":"max-image-preview:large","max-video-preview":"max-video-preview:-1"},"canonical":"https:\/\/www.manaus.am.gov.br\/semcom\/pautas\/carnaval-de-manaus-2023-carnaval-do-povao-inicia-nesta-quinta-feira-9-2-com-o-apoio-da-prefeitura-de-manaus\/","og_locale":"pt_BR","og_type":"article","og_title":"Carnaval de Manaus 2023: \u2018Carnaval do Pov\u00e3o\u2019 inicia nesta quinta-feira, 9\/2, com o apoio da prefeitura","og_description":"Com o apoio da Prefeitura de Manaus, por meio da Funda\u00e7\u00e3o Municipal de Cultura, Turismo e Eventos (Manauscult), o \u201cCarnaval do Pov\u00e3o\u201d, projeto criado pelo Instituto de Inova\u00e7\u00e3o Desportiva e Cultural da Amaz\u00f4nia (Idama) e Uni\u00e3o das Escolas de Samba do Estado do Amazonas (Uesam), vai dar a oportunidade do primeiro desfile para cinco novas agremia\u00e7\u00f5es que comp\u00f5em o \u201cGrupo Experimental\u201d","og_url":"https:\/\/www.manaus.am.gov.br\/semcom\/pautas\/carnaval-de-manaus-2023-carnaval-do-povao-inicia-nesta-quinta-feira-9-2-com-o-apoio-da-prefeitura-de-manaus\/","og_site_name":"SEMCOM","og_image":[{"width":1020,"height":540,"url":"https:\/\/www.manaus.am.gov.br\/semcom\/wp-content\/uploads\/sites\/5\/2023\/02\/sugestaodepauta.png","type":"image\/png"}],"twitter_card":"summary_large_image","twitter_misc":{"Est. reading time":"1 minuto"},"schema":{"@context":"https:\/\/schema.org","@graph":[{"@type":"WebPage","@id":"https:\/\/www.manaus.am.gov.br\/semcom\/pautas\/carnaval-de-manaus-2023-carnaval-do-povao-inicia-nesta-quinta-feira-9-2-com-o-apoio-da-prefeitura-de-manaus\/","url":"https:\/\/www.manaus.am.gov.br\/semcom\/pautas\/carnaval-de-manaus-2023-carnaval-do-povao-inicia-nesta-quinta-feira-9-2-com-o-apoio-da-prefeitura-de-manaus\/","name":"Carnaval de Manaus 2023: \u2018Carnaval do Pov\u00e3o\u2019 inicia nesta quinta-feira, 9\/2, com o apoio da prefeitura","isPartOf":{"@id":"https:\/\/www.manaus.am.gov.br\/semcom\/#website"},"primaryImageOfPage":{"@id":"https:\/\/www.manaus.am.gov.br\/semcom\/pautas\/carnaval-de-manaus-2023-carnaval-do-povao-inicia-nesta-quinta-feira-9-2-com-o-apoio-da-prefeitura-de-manaus\/#primaryimage"},"image":{"@id":"https:\/\/www.manaus.am.gov.br\/semcom\/pautas\/carnaval-de-manaus-2023-carnaval-do-povao-inicia-nesta-quinta-feira-9-2-com-o-apoio-da-prefeitura-de-manaus\/#primaryimage"},"thumbnailUrl":"https:\/\/www.manaus.am.gov.br\/semcom\/wp-content\/uploads\/sites\/5\/2023\/02\/sugestaodepauta.png","datePublished":"2023-02-09T20:20:14+00:00","dateModified":"2023-02-09T20:20:14+00:00","description":"Com o apoio da Prefeitura de Manaus, por meio da Funda\u00e7\u00e3o Municipal de Cultura, Turismo e Eventos (Manauscult), o \u201cCarnaval do Pov\u00e3o\u201d, projeto criado pelo Instituto de Inova\u00e7\u00e3o Desportiva e Cultural da Amaz\u00f4nia (Idama) e Uni\u00e3o das Escolas de Samba do Estado do Amazonas (Uesam), vai dar a oportunidade do primeiro desfile para cinco novas agremia\u00e7\u00f5es que comp\u00f5em o \u201cGrupo Experimental\u201d","inLanguage":"pt-BR","potentialAction":[{"@type":"ReadAction","target":["https:\/\/www.manaus.am.gov.br\/semcom\/pautas\/carnaval-de-manaus-2023-carnaval-do-povao-inicia-nesta-quinta-feira-9-2-com-o-apoio-da-prefeitura-de-manaus\/"]}]},{"@type":"ImageObject","inLanguage":"pt-BR","@id":"https:\/\/www.manaus.am.gov.br\/semcom\/pautas\/carnaval-de-manaus-2023-carnaval-do-povao-inicia-nesta-quinta-feira-9-2-com-o-apoio-da-prefeitura-de-manaus\/#primaryimage","url":"https:\/\/www.manaus.am.gov.br\/semcom\/wp-content\/uploads\/sites\/5\/2023\/02\/sugestaodepauta.png","contentUrl":"https:\/\/www.manaus.am.gov.br\/semcom\/wp-content\/uploads\/sites\/5\/2023\/02\/sugestaodepauta.png","width":1020,"height":540},{"@type":"WebSite","@id":"https:\/\/www.manaus.am.gov.br\/semcom\/#website","url":"https:\/\/www.manaus.am.gov.br\/semcom\/","name":"SEMCOM","description":"Secretaria Municipal de Comunica\u00e7\u00e3o","potentialAction":[{"@type":"SearchAction","target":{"@type":"EntryPoint","urlTemplate":"https:\/\/www.manaus.am.gov.br\/semcom\/?s={search_term_string}"},"query-input":"required name=search_term_string"}],"inLanguage":"pt-BR"}]}},"_links":{"self":[{"href":"https:\/\/www.manaus.am.gov.br\/semcom\/wp-json\/wp\/v2\/pautas\/208906"}],"collection":[{"href":"https:\/\/www.manaus.am.gov.br\/semcom\/wp-json\/wp\/v2\/pautas"}],"about":[{"href":"https:\/\/www.manaus.am.gov.br\/semcom\/wp-json\/wp\/v2\/types\/pautas"}],"wp:featuredmedia":[{"embeddable":true,"href":"https:\/\/www.manaus.am.gov.br\/semcom\/wp-json\/wp\/v2\/media\/208729"}],"wp:attachment":[{"href":"https:\/\/www.manaus.am.gov.br\/semcom\/wp-json\/wp\/v2\/media?parent=208906"}],"wp:term":[{"taxonomy":"category","embeddable":true,"href":"https:\/\/www.manaus.am.gov.br\/semcom\/wp-json\/wp\/v2\/categories?post=208906"}],"curies":[{"name":"wp","href":"https:\/\/api.w.org\/{rel}","templated":true}]}}

<strong>Carnaval de Manaus 2023: ‘Carnaval do Povão’ inicia nesta quinta-feira, 9/2, com o apoio da Prefeitura de Manaus</strong>

<p>Com o apoio da Prefeitura de Manaus, por meio da Fundação Municipal de Cultura, Turismo e Eventos (Manauscult), o “Carnaval do Povão”, projeto criado pelo Instituto de Inovação Desportiva e Cultural da Amazônia (Idama) e União das Escolas de Samba do Estado do Amazonas (Uesam), vai dar a oportunidade do primeiro desfile para cinco novas agremiações que compõem o “Grupo Experimental”. A abertura do espetáculo carnavalesco será nesta quinta-feira, 9/2, a partir das 19h, na praça Mindu Norte, localizada na alameda Alphaville, bairro Novo Aleixo, zona Norte.</p>



<p>A programação do “Carnaval do Povão” é totalmente gratuita. A área do desfile contará com uma “Passarela do samba”, com desfile dos pavilhões das escolas de samba associadas à Uesam e bateria da associação.</p>



<p><strong>SERVIÇO:</strong></p>



<p><strong>O quê –&nbsp;</strong>“Carnaval do Povão”</p>



<p><strong>Quando –</strong>&nbsp;Quinta-feira, 9/2</p>



<p><strong>Horário &#8211;</strong>&nbsp;19h</p>



<p><strong>Local –</strong>&nbsp;Praça do Mindu Norte, localizada na alameda Alphaville, bairro Novo Aleixo, zona Norte</p>

<!-- This site is optimized with the Yoast SEO plugin v23.0 - https://yoast.com/wordpress/plugins/seo/ -->
<title>Carnaval de Manaus 2023: ‘Carnaval do Povão’ inicia nesta quinta-feira, 9/2, com o apoio da prefeitura</title>
<meta name="description" content="Com o apoio da Prefeitura de Manaus, por meio da Fundação Municipal de Cultura, Turismo e Eventos (Manauscult), o “Carnaval do Povão”, projeto criado pelo Instituto de Inovação Desportiva e Cultural da Amazônia (Idama) e União das Escolas de Samba do Estado do Amazonas (Uesam), vai dar a oportunidade do primeiro desfile para cinco novas agremiações que compõem o “Grupo Experimental”" />
<meta name="robots" content="index, follow, max-snippet:-1, max-image-preview:large, max-video-preview:-1" />
<link rel="canonical" href="https://www.manaus.am.gov.br/semcom/pautas/carnaval-de-manaus-2023-carnaval-do-povao-inicia-nesta-quinta-feira-9-2-com-o-apoio-da-prefeitura-de-manaus/" />
<meta property="og:locale" content="pt_BR" />
<meta property="og:type" content="article" />
<meta property="og:title" content="Carnaval de Manaus 2023: ‘Carnaval do Povão’ inicia nesta quinta-feira, 9/2, com o apoio da prefeitura" />
<meta property="og:description" content="Com o apoio da Prefeitura de Manaus, por meio da Fundação Municipal de Cultura, Turismo e Eventos (Manauscult), o “Carnaval do Povão”, projeto criado pelo Instituto de Inovação Desportiva e Cultural da Amazônia (Idama) e União das Escolas de Samba do Estado do Amazonas (Uesam), vai dar a oportunidade do primeiro desfile para cinco novas agremiações que compõem o “Grupo Experimental”" />
<meta property="og:url" content="https://www.manaus.am.gov.br/semcom/pautas/carnaval-de-manaus-2023-carnaval-do-povao-inicia-nesta-quinta-feira-9-2-com-o-apoio-da-prefeitura-de-manaus/" />
<meta property="og:site_name" content="SEMCOM" />
<meta property="og:image" content="https://www.manaus.am.gov.br/semcom/wp-content/uploads/sites/5/2023/02/sugestaodepauta.png" />
	<meta property="og:image:width" content="1020" />
	<meta property="og:image:height" content="540" />
	<meta property="og:image:type" content="image/png" />
<meta name="twitter:card" content="summary_large_image" />
<meta name="twitter:label1" content="Est. reading time" />
	<meta name="twitter:data1" content="1 minuto" />
<script type="application/ld+json" class="yoast-schema-graph">{"@context":"https://schema.org","@graph":[{"@type":"WebPage","@id":"https://www.manaus.am.gov.br/semcom/pautas/carnaval-de-manaus-2023-carnaval-do-povao-inicia-nesta-quinta-feira-9-2-com-o-apoio-da-prefeitura-de-manaus/","url":"https://www.manaus.am.gov.br/semcom/pautas/carnaval-de-manaus-2023-carnaval-do-povao-inicia-nesta-quinta-feira-9-2-com-o-apoio-da-prefeitura-de-manaus/","name":"Carnaval de Manaus 2023: ‘Carnaval do Povão’ inicia nesta quinta-feira, 9/2, com o apoio da prefeitura","isPartOf":{"@id":"https://www.manaus.am.gov.br/semcom/#website"},"primaryImageOfPage":{"@id":"https://www.manaus.am.gov.br/semcom/pautas/carnaval-de-manaus-2023-carnaval-do-povao-inicia-nesta-quinta-feira-9-2-com-o-apoio-da-prefeitura-de-manaus/#primaryimage"},"image":{"@id":"https://www.manaus.am.gov.br/semcom/pautas/carnaval-de-manaus-2023-carnaval-do-povao-inicia-nesta-quinta-feira-9-2-com-o-apoio-da-prefeitura-de-manaus/#primaryimage"},"thumbnailUrl":"https://www.manaus.am.gov.br/semcom/wp-content/uploads/sites/5/2023/02/sugestaodepauta.png","datePublished":"2023-02-09T20:20:14+00:00","dateModified":"2023-02-09T20:20:14+00:00","description":"Com o apoio da Prefeitura de Manaus, por meio da Fundação Municipal de Cultura, Turismo e Eventos (Manauscult), o “Carnaval do Povão”, projeto criado pelo Instituto de Inovação Desportiva e Cultural da Amazônia (Idama) e União das Escolas de Samba do Estado do Amazonas (Uesam), vai dar a oportunidade do primeiro desfile para cinco novas agremiações que compõem o “Grupo Experimental”","inLanguage":"pt-BR","potentialAction":[{"@type":"ReadAction","target":["https://www.manaus.am.gov.br/semcom/pautas/carnaval-de-manaus-2023-carnaval-do-povao-inicia-nesta-quinta-feira-9-2-com-o-apoio-da-prefeitura-de-manaus/"]}]},{"@type":"ImageObject","inLanguage":"pt-BR","@id":"https://www.manaus.am.gov.br/semcom/pautas/carnaval-de-manaus-2023-carnaval-do-povao-inicia-nesta-quinta-feira-9-2-com-o-apoio-da-prefeitura-de-manaus/#primaryimage","url":"https://www.manaus.am.gov.br/semcom/wp-content/uploads/sites/5/2023/02/sugestaodepauta.png","contentUrl":"https://www.manaus.am.gov.br/semcom/wp-content/uploads/sites/5/2023/02/sugestaodepauta.png","width":1020,"height":540},{"@type":"WebSite","@id":"https://www.manaus.am.gov.br/semcom/#website","url":"https://www.manaus.am.gov.br/semcom/","name":"SEMCOM","description":"Secretaria Municipal de Comunicação","potentialAction":[{"@type":"SearchAction","target":{"@type":"EntryPoint","urlTemplate":"https://www.manaus.am.gov.br/semcom/?s={search_term_string}"},"query-input":"required name=search_term_string"}],"inLanguage":"pt-BR"}]}</script>
<!-- / Yoast SEO plugin. -->

Carnaval de Manaus 2023: ‘Carnaval do Povão’ inicia nesta quinta-feira, 9/2, com o apoio da prefeitura

Com o apoio da Prefeitura de Manaus, por meio da Fundação Municipal de Cultura, Turismo e Eventos (Manauscult), o “Carnaval do Povão”, projeto criado pelo Instituto de Inovação Desportiva e Cultural da Amazônia (Idama) e União das Escolas de Samba do Estado do Amazonas (Uesam), vai dar a oportunidade do primeiro desfile para cinco novas agremiações que compõem o “Grupo Experimental”

Secretaria Municipal de Comunicação
