{"id":208747,"date":"2023-02-07T16:27:39","date_gmt":"2023-02-07T19:27:39","guid":{"rendered":"https:\/\/www.manaus.am.gov.br\/semcom\/?post_type=pautas&#038;p=208747"},"modified":"2023-02-08T09:27:57","modified_gmt":"2023-02-08T12:27:57","slug":"prefeito-david-almeida-lanca-matriz-integrada-e-investimento-de-r-5-milhoes-para-o-carnaval-de-manaus-2023","status":"publish","type":"pautas","link":"https:\/\/www.manaus.am.gov.br\/semcom\/pautas\/prefeito-david-almeida-lanca-matriz-integrada-e-investimento-de-r-5-milhoes-para-o-carnaval-de-manaus-2023\/","title":{"rendered":"Prefeito David Almeida lan\u00e7a matriz integrada e investimento de R$ 5 milh\u00f5es para o \u2018Carnaval de Manaus 2023\u2019"},"content":{"rendered":"\n<p>O prefeito de Manaus, David Almeida, lan\u00e7a, nesta quinta-feira, &nbsp;9\/2, \u00e0s 10h, as a\u00e7\u00f5es integradas que ser\u00e3o realizadas durante o per\u00edodo do \u201cCarnaval de Manaus 2023\u201d, previsto para o per\u00edodo de 10 de fevereiro a 25 de mar\u00e7o. A matriz de responsabilidade ser\u00e1 apresentada no audit\u00f3rio Isabel Victoria de Mattos Pereira do Carmo Ribeiro, na sede da prefeitura, no bairro Compensa, zona Oeste.&nbsp;<\/p>\n\n\n\n<p>O caderno de encargos prev\u00ea a\u00e7\u00f5es coordenadas para a \u201cOpera\u00e7\u00e3o Carnaval de Manaus 2023\u201d, em parceria com o governo do Amazonas, nas \u00e1reas de seguran\u00e7a, sa\u00fade, tr\u00e2nsito, social e cultura, al\u00e9m do investimento de mais de R$ 5 milh\u00f5es para o setor cultural, sendo R$ 2,2 milh\u00f5es destinados ao Desfile das Escolas de Samba de Manaus do Grupo Especial \u201cA\u201d e \u201cB\u201d, no Carnaval de 2023, bem como apoio as 109 bandas e blocos de rua contempladas por meio de Edital.<\/p>\n\n\n\n<p><strong>SERVI\u00c7O:<\/strong><\/p>\n\n\n\n<p><strong>O qu\u00ea<\/strong>&nbsp;&#8211; Prefeitura de Manaus lan\u00e7a matriz integrada e investimento de R$ 5 milh\u00f5es para o \u201cCarnaval de Manaus 2023\u201d<\/p>\n\n\n\n<p><strong>Quando<\/strong>&nbsp;\u2013 Quinta-feira, 9\/2<\/p>\n\n\n\n<p><strong>Hor\u00e1rio &#8211;<\/strong>&nbsp;10h<\/p>\n\n\n\n<p><strong>Local<\/strong>&nbsp;&#8211; Audit\u00f3rio Isabel Victoria de Mattos Pereira do Carmo Ribeiro, na sede da prefeitura, n\u00ba 2.971, no bairro Compensa, zona Oeste<\/p>\n","protected":false},"featured_media":208729,"template":"","categories":[799],"acf":[],"yoast_head":"<!-- This site is optimized with the Yoast SEO plugin v23.0 - https:\/\/yoast.com\/wordpress\/plugins\/seo\/ -->\n<title>Prefeito lan\u00e7a matriz integrada e R$ 5 milh\u00f5es para o Carnaval<\/title>\n<meta name=\"description\" content=\"O prefeito lan\u00e7a, nesta quinta-feira, \u00a09\/2, \u00e0s 10h, as a\u00e7\u00f5es integradas que ser\u00e3o realizadas durante o per\u00edodo do \u201cCarnaval de Manaus 2023\u201d\" \/>\n<meta name=\"robots\" content=\"index, follow, max-snippet:-1, max-image-preview:large, max-video-preview:-1\" \/>\n<link rel=\"canonical\" href=\"https:\/\/www.manaus.am.gov.br\/semcom\/pautas\/prefeito-david-almeida-lanca-matriz-integrada-e-investimento-de-r-5-milhoes-para-o-carnaval-de-manaus-2023\/\" \/>\n<meta property=\"og:locale\" content=\"pt_BR\" \/>\n<meta property=\"og:type\" content=\"article\" \/>\n<meta property=\"og:title\" content=\"Prefeito lan\u00e7a matriz integrada e R$ 5 milh\u00f5es para o Carnaval\" \/>\n<meta property=\"og:description\" content=\"O prefeito lan\u00e7a, nesta quinta-feira, \u00a09\/2, \u00e0s 10h, as a\u00e7\u00f5es integradas que ser\u00e3o realizadas durante o per\u00edodo do \u201cCarnaval de Manaus 2023\u201d\" \/>\n<meta property=\"og:url\" content=\"https:\/\/www.manaus.am.gov.br\/semcom\/pautas\/prefeito-david-almeida-lanca-matriz-integrada-e-investimento-de-r-5-milhoes-para-o-carnaval-de-manaus-2023\/\" \/>\n<meta property=\"og:site_name\" content=\"SEMCOM\" \/>\n<meta property=\"article:modified_time\" content=\"2023-02-08T12:27:57+00:00\" \/>\n<meta property=\"og:image\" content=\"https:\/\/www.manaus.am.gov.br\/semcom\/wp-content\/uploads\/sites\/5\/2023\/02\/sugestaodepauta.png\" \/>\n\t<meta property=\"og:image:width\" content=\"1020\" \/>\n\t<meta property=\"og:image:height\" content=\"540\" \/>\n\t<meta property=\"og:image:type\" content=\"image\/png\" \/>\n<meta name=\"twitter:card\" content=\"summary_large_image\" \/>\n<meta name=\"twitter:label1\" content=\"Est. reading time\" \/>\n\t<meta name=\"twitter:data1\" content=\"2 minutos\" \/>\n<script type=\"application\/ld+json\" class=\"yoast-schema-graph\">{\"@context\":\"https:\/\/schema.org\",\"@graph\":[{\"@type\":\"WebPage\",\"@id\":\"https:\/\/www.manaus.am.gov.br\/semcom\/pautas\/prefeito-david-almeida-lanca-matriz-integrada-e-investimento-de-r-5-milhoes-para-o-carnaval-de-manaus-2023\/\",\"url\":\"https:\/\/www.manaus.am.gov.br\/semcom\/pautas\/prefeito-david-almeida-lanca-matriz-integrada-e-investimento-de-r-5-milhoes-para-o-carnaval-de-manaus-2023\/\",\"name\":\"Prefeito lan\u00e7a matriz integrada e R$ 5 milh\u00f5es para o Carnaval\",\"isPartOf\":{\"@id\":\"https:\/\/www.manaus.am.gov.br\/semcom\/#website\"},\"primaryImageOfPage\":{\"@id\":\"https:\/\/www.manaus.am.gov.br\/semcom\/pautas\/prefeito-david-almeida-lanca-matriz-integrada-e-investimento-de-r-5-milhoes-para-o-carnaval-de-manaus-2023\/#primaryimage\"},\"image\":{\"@id\":\"https:\/\/www.manaus.am.gov.br\/semcom\/pautas\/prefeito-david-almeida-lanca-matriz-integrada-e-investimento-de-r-5-milhoes-para-o-carnaval-de-manaus-2023\/#primaryimage\"},\"thumbnailUrl\":\"https:\/\/www.manaus.am.gov.br\/semcom\/wp-content\/uploads\/sites\/5\/2023\/02\/sugestaodepauta.png\",\"datePublished\":\"2023-02-07T19:27:39+00:00\",\"dateModified\":\"2023-02-08T12:27:57+00:00\",\"description\":\"O prefeito lan\u00e7a, nesta quinta-feira, \u00a09\/2, \u00e0s 10h, as a\u00e7\u00f5es integradas que ser\u00e3o realizadas durante o per\u00edodo do \u201cCarnaval de Manaus 2023\u201d\",\"inLanguage\":\"pt-BR\",\"potentialAction\":[{\"@type\":\"ReadAction\",\"target\":[\"https:\/\/www.manaus.am.gov.br\/semcom\/pautas\/prefeito-david-almeida-lanca-matriz-integrada-e-investimento-de-r-5-milhoes-para-o-carnaval-de-manaus-2023\/\"]}]},{\"@type\":\"ImageObject\",\"inLanguage\":\"pt-BR\",\"@id\":\"https:\/\/www.manaus.am.gov.br\/semcom\/pautas\/prefeito-david-almeida-lanca-matriz-integrada-e-investimento-de-r-5-milhoes-para-o-carnaval-de-manaus-2023\/#primaryimage\",\"url\":\"https:\/\/www.manaus.am.gov.br\/semcom\/wp-content\/uploads\/sites\/5\/2023\/02\/sugestaodepauta.png\",\"contentUrl\":\"https:\/\/www.manaus.am.gov.br\/semcom\/wp-content\/uploads\/sites\/5\/2023\/02\/sugestaodepauta.png\",\"width\":1020,\"height\":540},{\"@type\":\"WebSite\",\"@id\":\"https:\/\/www.manaus.am.gov.br\/semcom\/#website\",\"url\":\"https:\/\/www.manaus.am.gov.br\/semcom\/\",\"name\":\"SEMCOM\",\"description\":\"Secretaria Municipal de Comunica\u00e7\u00e3o\",\"potentialAction\":[{\"@type\":\"SearchAction\",\"target\":{\"@type\":\"EntryPoint\",\"urlTemplate\":\"https:\/\/www.manaus.am.gov.br\/semcom\/?s={search_term_string}\"},\"query-input\":\"required name=search_term_string\"}],\"inLanguage\":\"pt-BR\"}]}<\/script>\n<!-- \/ Yoast SEO plugin. -->","yoast_head_json":{"title":"Prefeito lan\u00e7a matriz integrada e R$ 5 milh\u00f5es para o Carnaval","description":"O prefeito lan\u00e7a, nesta quinta-feira, \u00a09\/2, \u00e0s 10h, as a\u00e7\u00f5es integradas que ser\u00e3o realizadas durante o per\u00edodo do \u201cCarnaval de Manaus 2023\u201d","robots":{"index":"index","follow":"follow","max-snippet":"max-snippet:-1","max-image-preview":"max-image-preview:large","max-video-preview":"max-video-preview:-1"},"canonical":"https:\/\/www.manaus.am.gov.br\/semcom\/pautas\/prefeito-david-almeida-lanca-matriz-integrada-e-investimento-de-r-5-milhoes-para-o-carnaval-de-manaus-2023\/","og_locale":"pt_BR","og_type":"article","og_title":"Prefeito lan\u00e7a matriz integrada e R$ 5 milh\u00f5es para o Carnaval","og_description":"O prefeito lan\u00e7a, nesta quinta-feira, \u00a09\/2, \u00e0s 10h, as a\u00e7\u00f5es integradas que ser\u00e3o realizadas durante o per\u00edodo do \u201cCarnaval de Manaus 2023\u201d","og_url":"https:\/\/www.manaus.am.gov.br\/semcom\/pautas\/prefeito-david-almeida-lanca-matriz-integrada-e-investimento-de-r-5-milhoes-para-o-carnaval-de-manaus-2023\/","og_site_name":"SEMCOM","article_modified_time":"2023-02-08T12:27:57+00:00","og_image":[{"width":1020,"height":540,"url":"https:\/\/www.manaus.am.gov.br\/semcom\/wp-content\/uploads\/sites\/5\/2023\/02\/sugestaodepauta.png","type":"image\/png"}],"twitter_card":"summary_large_image","twitter_misc":{"Est. reading time":"2 minutos"},"schema":{"@context":"https:\/\/schema.org","@graph":[{"@type":"WebPage","@id":"https:\/\/www.manaus.am.gov.br\/semcom\/pautas\/prefeito-david-almeida-lanca-matriz-integrada-e-investimento-de-r-5-milhoes-para-o-carnaval-de-manaus-2023\/","url":"https:\/\/www.manaus.am.gov.br\/semcom\/pautas\/prefeito-david-almeida-lanca-matriz-integrada-e-investimento-de-r-5-milhoes-para-o-carnaval-de-manaus-2023\/","name":"Prefeito lan\u00e7a matriz integrada e R$ 5 milh\u00f5es para o Carnaval","isPartOf":{"@id":"https:\/\/www.manaus.am.gov.br\/semcom\/#website"},"primaryImageOfPage":{"@id":"https:\/\/www.manaus.am.gov.br\/semcom\/pautas\/prefeito-david-almeida-lanca-matriz-integrada-e-investimento-de-r-5-milhoes-para-o-carnaval-de-manaus-2023\/#primaryimage"},"image":{"@id":"https:\/\/www.manaus.am.gov.br\/semcom\/pautas\/prefeito-david-almeida-lanca-matriz-integrada-e-investimento-de-r-5-milhoes-para-o-carnaval-de-manaus-2023\/#primaryimage"},"thumbnailUrl":"https:\/\/www.manaus.am.gov.br\/semcom\/wp-content\/uploads\/sites\/5\/2023\/02\/sugestaodepauta.png","datePublished":"2023-02-07T19:27:39+00:00","dateModified":"2023-02-08T12:27:57+00:00","description":"O prefeito lan\u00e7a, nesta quinta-feira, \u00a09\/2, \u00e0s 10h, as a\u00e7\u00f5es integradas que ser\u00e3o realizadas durante o per\u00edodo do \u201cCarnaval de Manaus 2023\u201d","inLanguage":"pt-BR","potentialAction":[{"@type":"ReadAction","target":["https:\/\/www.manaus.am.gov.br\/semcom\/pautas\/prefeito-david-almeida-lanca-matriz-integrada-e-investimento-de-r-5-milhoes-para-o-carnaval-de-manaus-2023\/"]}]},{"@type":"ImageObject","inLanguage":"pt-BR","@id":"https:\/\/www.manaus.am.gov.br\/semcom\/pautas\/prefeito-david-almeida-lanca-matriz-integrada-e-investimento-de-r-5-milhoes-para-o-carnaval-de-manaus-2023\/#primaryimage","url":"https:\/\/www.manaus.am.gov.br\/semcom\/wp-content\/uploads\/sites\/5\/2023\/02\/sugestaodepauta.png","contentUrl":"https:\/\/www.manaus.am.gov.br\/semcom\/wp-content\/uploads\/sites\/5\/2023\/02\/sugestaodepauta.png","width":1020,"height":540},{"@type":"WebSite","@id":"https:\/\/www.manaus.am.gov.br\/semcom\/#website","url":"https:\/\/www.manaus.am.gov.br\/semcom\/","name":"SEMCOM","description":"Secretaria Municipal de Comunica\u00e7\u00e3o","potentialAction":[{"@type":"SearchAction","target":{"@type":"EntryPoint","urlTemplate":"https:\/\/www.manaus.am.gov.br\/semcom\/?s={search_term_string}"},"query-input":"required name=search_term_string"}],"inLanguage":"pt-BR"}]}},"_links":{"self":[{"href":"https:\/\/www.manaus.am.gov.br\/semcom\/wp-json\/wp\/v2\/pautas\/208747"}],"collection":[{"href":"https:\/\/www.manaus.am.gov.br\/semcom\/wp-json\/wp\/v2\/pautas"}],"about":[{"href":"https:\/\/www.manaus.am.gov.br\/semcom\/wp-json\/wp\/v2\/types\/pautas"}],"wp:featuredmedia":[{"embeddable":true,"href":"https:\/\/www.manaus.am.gov.br\/semcom\/wp-json\/wp\/v2\/media\/208729"}],"wp:attachment":[{"href":"https:\/\/www.manaus.am.gov.br\/semcom\/wp-json\/wp\/v2\/media?parent=208747"}],"wp:term":[{"taxonomy":"category","embeddable":true,"href":"https:\/\/www.manaus.am.gov.br\/semcom\/wp-json\/wp\/v2\/categories?post=208747"}],"curies":[{"name":"wp","href":"https:\/\/api.w.org\/{rel}","templated":true}]}}

Prefeito David Almeida lança matriz integrada e investimento de R$ 5 milhões para o ‘Carnaval de Manaus 2023’

<p>O prefeito de Manaus, David Almeida, lança, nesta quinta-feira, &nbsp;9/2, às 10h, as ações integradas que serão realizadas durante o período do “Carnaval de Manaus 2023”, previsto para o período de 10 de fevereiro a 25 de março. A matriz de responsabilidade será apresentada no auditório Isabel Victoria de Mattos Pereira do Carmo Ribeiro, na sede da prefeitura, no bairro Compensa, zona Oeste.&nbsp;</p>



<p>O caderno de encargos prevê ações coordenadas para a “Operação Carnaval de Manaus 2023”, em parceria com o governo do Amazonas, nas áreas de segurança, saúde, trânsito, social e cultura, além do investimento de mais de R$ 5 milhões para o setor cultural, sendo R$ 2,2 milhões destinados ao Desfile das Escolas de Samba de Manaus do Grupo Especial “A” e “B”, no Carnaval de 2023, bem como apoio as 109 bandas e blocos de rua contempladas por meio de Edital.</p>



<p><strong>SERVIÇO:</strong></p>



<p><strong>O quê</strong>&nbsp;&#8211; Prefeitura de Manaus lança matriz integrada e investimento de R$ 5 milhões para o “Carnaval de Manaus 2023”</p>



<p><strong>Quando</strong>&nbsp;– Quinta-feira, 9/2</p>



<p><strong>Horário &#8211;</strong>&nbsp;10h</p>



<p><strong>Local</strong>&nbsp;&#8211; Auditório Isabel Victoria de Mattos Pereira do Carmo Ribeiro, na sede da prefeitura, nº 2.971, no bairro Compensa, zona Oeste</p>

<!-- This site is optimized with the Yoast SEO plugin v23.0 - https://yoast.com/wordpress/plugins/seo/ -->
<title>Prefeito lança matriz integrada e R$ 5 milhões para o Carnaval</title>
<meta name="description" content="O prefeito lança, nesta quinta-feira,  9/2, às 10h, as ações integradas que serão realizadas durante o período do “Carnaval de Manaus 2023”" />
<meta name="robots" content="index, follow, max-snippet:-1, max-image-preview:large, max-video-preview:-1" />
<link rel="canonical" href="https://www.manaus.am.gov.br/semcom/pautas/prefeito-david-almeida-lanca-matriz-integrada-e-investimento-de-r-5-milhoes-para-o-carnaval-de-manaus-2023/" />
<meta property="og:locale" content="pt_BR" />
<meta property="og:type" content="article" />
<meta property="og:title" content="Prefeito lança matriz integrada e R$ 5 milhões para o Carnaval" />
<meta property="og:description" content="O prefeito lança, nesta quinta-feira,  9/2, às 10h, as ações integradas que serão realizadas durante o período do “Carnaval de Manaus 2023”" />
<meta property="og:url" content="https://www.manaus.am.gov.br/semcom/pautas/prefeito-david-almeida-lanca-matriz-integrada-e-investimento-de-r-5-milhoes-para-o-carnaval-de-manaus-2023/" />
<meta property="og:site_name" content="SEMCOM" />
<meta property="article:modified_time" content="2023-02-08T12:27:57+00:00" />
<meta property="og:image" content="https://www.manaus.am.gov.br/semcom/wp-content/uploads/sites/5/2023/02/sugestaodepauta.png" />
	<meta property="og:image:width" content="1020" />
	<meta property="og:image:height" content="540" />
	<meta property="og:image:type" content="image/png" />
<meta name="twitter:card" content="summary_large_image" />
<meta name="twitter:label1" content="Est. reading time" />
	<meta name="twitter:data1" content="2 minutos" />
<script type="application/ld+json" class="yoast-schema-graph">{"@context":"https://schema.org","@graph":[{"@type":"WebPage","@id":"https://www.manaus.am.gov.br/semcom/pautas/prefeito-david-almeida-lanca-matriz-integrada-e-investimento-de-r-5-milhoes-para-o-carnaval-de-manaus-2023/","url":"https://www.manaus.am.gov.br/semcom/pautas/prefeito-david-almeida-lanca-matriz-integrada-e-investimento-de-r-5-milhoes-para-o-carnaval-de-manaus-2023/","name":"Prefeito lança matriz integrada e R$ 5 milhões para o Carnaval","isPartOf":{"@id":"https://www.manaus.am.gov.br/semcom/#website"},"primaryImageOfPage":{"@id":"https://www.manaus.am.gov.br/semcom/pautas/prefeito-david-almeida-lanca-matriz-integrada-e-investimento-de-r-5-milhoes-para-o-carnaval-de-manaus-2023/#primaryimage"},"image":{"@id":"https://www.manaus.am.gov.br/semcom/pautas/prefeito-david-almeida-lanca-matriz-integrada-e-investimento-de-r-5-milhoes-para-o-carnaval-de-manaus-2023/#primaryimage"},"thumbnailUrl":"https://www.manaus.am.gov.br/semcom/wp-content/uploads/sites/5/2023/02/sugestaodepauta.png","datePublished":"2023-02-07T19:27:39+00:00","dateModified":"2023-02-08T12:27:57+00:00","description":"O prefeito lança, nesta quinta-feira,  9/2, às 10h, as ações integradas que serão realizadas durante o período do “Carnaval de Manaus 2023”","inLanguage":"pt-BR","potentialAction":[{"@type":"ReadAction","target":["https://www.manaus.am.gov.br/semcom/pautas/prefeito-david-almeida-lanca-matriz-integrada-e-investimento-de-r-5-milhoes-para-o-carnaval-de-manaus-2023/"]}]},{"@type":"ImageObject","inLanguage":"pt-BR","@id":"https://www.manaus.am.gov.br/semcom/pautas/prefeito-david-almeida-lanca-matriz-integrada-e-investimento-de-r-5-milhoes-para-o-carnaval-de-manaus-2023/#primaryimage","url":"https://www.manaus.am.gov.br/semcom/wp-content/uploads/sites/5/2023/02/sugestaodepauta.png","contentUrl":"https://www.manaus.am.gov.br/semcom/wp-content/uploads/sites/5/2023/02/sugestaodepauta.png","width":1020,"height":540},{"@type":"WebSite","@id":"https://www.manaus.am.gov.br/semcom/#website","url":"https://www.manaus.am.gov.br/semcom/","name":"SEMCOM","description":"Secretaria Municipal de Comunicação","potentialAction":[{"@type":"SearchAction","target":{"@type":"EntryPoint","urlTemplate":"https://www.manaus.am.gov.br/semcom/?s={search_term_string}"},"query-input":"required name=search_term_string"}],"inLanguage":"pt-BR"}]}</script>
<!-- / Yoast SEO plugin. -->

Prefeito lança matriz integrada e R$ 5 milhões para o Carnaval

O prefeito lança, nesta quinta-feira,  9/2, às 10h, as ações integradas que serão realizadas durante o período do “Carnaval de Manaus 2023”

Secretaria Municipal de Comunicação
