{"id":208677,"date":"2023-02-06T15:14:41","date_gmt":"2023-02-06T18:14:41","guid":{"rendered":"https:\/\/www.manaus.am.gov.br\/semcom\/?post_type=pautas&#038;p=208677"},"modified":"2023-02-08T09:16:21","modified_gmt":"2023-02-08T12:16:21","slug":"prefeitura-de-manaus-realiza-operacao-volta-as-aulas","status":"publish","type":"pautas","link":"https:\/\/www.manaus.am.gov.br\/semcom\/pautas\/prefeitura-de-manaus-realiza-operacao-volta-as-aulas\/","title":{"rendered":"Prefeitura de Manaus realiza opera\u00e7\u00e3o \u2018Volta \u00e0s aulas&#8217;"},"content":{"rendered":"\n<p>A Prefeitura de Manaus, por meio do Instituto Municipal de Mobilidade Urbana (IMMU), realiza, nesta ter\u00e7a-feira, 7\/2, a partir das 6h30, a opera\u00e7\u00e3o \u201cVolta \u00e0s aulas\u201d. Agentes atuar\u00e3o na escola estadual Professor Djalma da Cunha Batista, na avenida Rodrigo Ot\u00e1vio Jord\u00e3o Ramos, em frente \u00e0 Universidade Federal do Amazonas (Ufam), bairro Petr\u00f3polis, zona Sul, organizando o tr\u00e2nsito e, em parceria com as equipes de educa\u00e7\u00e3o, abordar\u00e3o condutores e pedestres sobre a import\u00e2ncia do respeito \u00e0s leis de tr\u00e2nsito.<\/p>\n\n\n\n<p>As equipes j\u00e1 est\u00e3o atuando tamb\u00e9m nas \u00e1reas pr\u00f3ximas \u00e0s principais escolas, onde o tr\u00e1fego de ve\u00edculos \u00e9 intenso e onde a travessia de pedestres se torna mais perigosa. As avenidas Constantino Nery, Brasil, Djalma Batista, M\u00e1rio Ypiranga Monteiro, Umberto Calderaro Filho, Cosme Ferreira e Coronel Teixeira, al\u00e9m das rotat\u00f3rias do Coroado, S\u00e3o Jos\u00e9 e Produtor est\u00e3o sendo monitoradas e acompanhadas diariamente pelos agentes.<\/p>\n\n\n\n<p>Com efetivo de 200 agentes, a prefeitura est\u00e1 nas vias da cidade junto com os fiscais de transporte, nas proximidades das escolas e especialmente nos corredores vi\u00e1rios da cidade, ordenando e tamb\u00e9m fiscalizando a circula\u00e7\u00e3o de \u00f4nibus.<\/p>\n\n\n\n<p><strong>SERVI\u00c7O:<\/strong><\/p>\n\n\n\n<p><strong>O qu\u00ea &#8211;&nbsp;<\/strong>Opera\u00e7\u00e3o \u201cVolta \u00e0s aulas\u201d<\/p>\n\n\n\n<p><strong>Quando \u2013&nbsp;<\/strong>Ter\u00e7a-feira, 7\/2<\/p>\n\n\n\n<p><strong>Hor\u00e1rio &#8211;&nbsp;<\/strong>6h30<\/p>\n\n\n\n<p><strong>Local &#8211;&nbsp;<\/strong>Escola estadual Djalma Cunha Batista, avenida Rodrigo Ot\u00e1vio Jord\u00e3o Ramos &#8211; em frente \u00e0 Universidade Federal do Amazonas (Ufam)<\/p>\n","protected":false},"featured_media":208729,"template":"","categories":[797],"acf":[],"yoast_head":"<!-- This site is optimized with the Yoast SEO plugin v23.0 - https:\/\/yoast.com\/wordpress\/plugins\/seo\/ -->\n<title>Prefeitura de Manaus realiza opera\u00e7\u00e3o \u2018Volta \u00e0s aulas&#039;<\/title>\n<meta name=\"description\" content=\"A Prefeitura de Manaus, por meio do IMMU, realiza, nesta ter\u00e7a-feira, 7\/2, a partir das 6h30, a opera\u00e7\u00e3o \u201cVolta \u00e0s aulas\u201d\" \/>\n<meta name=\"robots\" content=\"index, follow, max-snippet:-1, max-image-preview:large, max-video-preview:-1\" \/>\n<link rel=\"canonical\" href=\"https:\/\/www.manaus.am.gov.br\/semcom\/pautas\/prefeitura-de-manaus-realiza-operacao-volta-as-aulas\/\" \/>\n<meta property=\"og:locale\" content=\"pt_BR\" \/>\n<meta property=\"og:type\" content=\"article\" \/>\n<meta property=\"og:title\" content=\"Prefeitura de Manaus realiza opera\u00e7\u00e3o \u2018Volta \u00e0s aulas&#039;\" \/>\n<meta property=\"og:description\" content=\"A Prefeitura de Manaus, por meio do IMMU, realiza, nesta ter\u00e7a-feira, 7\/2, a partir das 6h30, a opera\u00e7\u00e3o \u201cVolta \u00e0s aulas\u201d\" \/>\n<meta property=\"og:url\" content=\"https:\/\/www.manaus.am.gov.br\/semcom\/pautas\/prefeitura-de-manaus-realiza-operacao-volta-as-aulas\/\" \/>\n<meta property=\"og:site_name\" content=\"SEMCOM\" \/>\n<meta property=\"article:modified_time\" content=\"2023-02-08T12:16:21+00:00\" \/>\n<meta property=\"og:image\" content=\"https:\/\/www.manaus.am.gov.br\/semcom\/wp-content\/uploads\/sites\/5\/2023\/02\/sugestaodepauta.png\" \/>\n\t<meta property=\"og:image:width\" content=\"1020\" \/>\n\t<meta property=\"og:image:height\" content=\"540\" \/>\n\t<meta property=\"og:image:type\" content=\"image\/png\" \/>\n<meta name=\"twitter:card\" content=\"summary_large_image\" \/>\n<meta name=\"twitter:label1\" content=\"Est. reading time\" \/>\n\t<meta name=\"twitter:data1\" content=\"2 minutos\" \/>\n<script type=\"application\/ld+json\" class=\"yoast-schema-graph\">{\"@context\":\"https:\/\/schema.org\",\"@graph\":[{\"@type\":\"WebPage\",\"@id\":\"https:\/\/www.manaus.am.gov.br\/semcom\/pautas\/prefeitura-de-manaus-realiza-operacao-volta-as-aulas\/\",\"url\":\"https:\/\/www.manaus.am.gov.br\/semcom\/pautas\/prefeitura-de-manaus-realiza-operacao-volta-as-aulas\/\",\"name\":\"Prefeitura de Manaus realiza opera\u00e7\u00e3o \u2018Volta \u00e0s aulas'\",\"isPartOf\":{\"@id\":\"https:\/\/www.manaus.am.gov.br\/semcom\/#website\"},\"primaryImageOfPage\":{\"@id\":\"https:\/\/www.manaus.am.gov.br\/semcom\/pautas\/prefeitura-de-manaus-realiza-operacao-volta-as-aulas\/#primaryimage\"},\"image\":{\"@id\":\"https:\/\/www.manaus.am.gov.br\/semcom\/pautas\/prefeitura-de-manaus-realiza-operacao-volta-as-aulas\/#primaryimage\"},\"thumbnailUrl\":\"https:\/\/www.manaus.am.gov.br\/semcom\/wp-content\/uploads\/sites\/5\/2023\/02\/sugestaodepauta.png\",\"datePublished\":\"2023-02-06T18:14:41+00:00\",\"dateModified\":\"2023-02-08T12:16:21+00:00\",\"description\":\"A Prefeitura de Manaus, por meio do IMMU, realiza, nesta ter\u00e7a-feira, 7\/2, a partir das 6h30, a opera\u00e7\u00e3o \u201cVolta \u00e0s aulas\u201d\",\"inLanguage\":\"pt-BR\",\"potentialAction\":[{\"@type\":\"ReadAction\",\"target\":[\"https:\/\/www.manaus.am.gov.br\/semcom\/pautas\/prefeitura-de-manaus-realiza-operacao-volta-as-aulas\/\"]}]},{\"@type\":\"ImageObject\",\"inLanguage\":\"pt-BR\",\"@id\":\"https:\/\/www.manaus.am.gov.br\/semcom\/pautas\/prefeitura-de-manaus-realiza-operacao-volta-as-aulas\/#primaryimage\",\"url\":\"https:\/\/www.manaus.am.gov.br\/semcom\/wp-content\/uploads\/sites\/5\/2023\/02\/sugestaodepauta.png\",\"contentUrl\":\"https:\/\/www.manaus.am.gov.br\/semcom\/wp-content\/uploads\/sites\/5\/2023\/02\/sugestaodepauta.png\",\"width\":1020,\"height\":540},{\"@type\":\"WebSite\",\"@id\":\"https:\/\/www.manaus.am.gov.br\/semcom\/#website\",\"url\":\"https:\/\/www.manaus.am.gov.br\/semcom\/\",\"name\":\"SEMCOM\",\"description\":\"Secretaria Municipal de Comunica\u00e7\u00e3o\",\"potentialAction\":[{\"@type\":\"SearchAction\",\"target\":{\"@type\":\"EntryPoint\",\"urlTemplate\":\"https:\/\/www.manaus.am.gov.br\/semcom\/?s={search_term_string}\"},\"query-input\":\"required name=search_term_string\"}],\"inLanguage\":\"pt-BR\"}]}<\/script>\n<!-- \/ Yoast SEO plugin. -->","yoast_head_json":{"title":"Prefeitura de Manaus realiza opera\u00e7\u00e3o \u2018Volta \u00e0s aulas'","description":"A Prefeitura de Manaus, por meio do IMMU, realiza, nesta ter\u00e7a-feira, 7\/2, a partir das 6h30, a opera\u00e7\u00e3o \u201cVolta \u00e0s aulas\u201d","robots":{"index":"index","follow":"follow","max-snippet":"max-snippet:-1","max-image-preview":"max-image-preview:large","max-video-preview":"max-video-preview:-1"},"canonical":"https:\/\/www.manaus.am.gov.br\/semcom\/pautas\/prefeitura-de-manaus-realiza-operacao-volta-as-aulas\/","og_locale":"pt_BR","og_type":"article","og_title":"Prefeitura de Manaus realiza opera\u00e7\u00e3o \u2018Volta \u00e0s aulas'","og_description":"A Prefeitura de Manaus, por meio do IMMU, realiza, nesta ter\u00e7a-feira, 7\/2, a partir das 6h30, a opera\u00e7\u00e3o \u201cVolta \u00e0s aulas\u201d","og_url":"https:\/\/www.manaus.am.gov.br\/semcom\/pautas\/prefeitura-de-manaus-realiza-operacao-volta-as-aulas\/","og_site_name":"SEMCOM","article_modified_time":"2023-02-08T12:16:21+00:00","og_image":[{"width":1020,"height":540,"url":"https:\/\/www.manaus.am.gov.br\/semcom\/wp-content\/uploads\/sites\/5\/2023\/02\/sugestaodepauta.png","type":"image\/png"}],"twitter_card":"summary_large_image","twitter_misc":{"Est. reading time":"2 minutos"},"schema":{"@context":"https:\/\/schema.org","@graph":[{"@type":"WebPage","@id":"https:\/\/www.manaus.am.gov.br\/semcom\/pautas\/prefeitura-de-manaus-realiza-operacao-volta-as-aulas\/","url":"https:\/\/www.manaus.am.gov.br\/semcom\/pautas\/prefeitura-de-manaus-realiza-operacao-volta-as-aulas\/","name":"Prefeitura de Manaus realiza opera\u00e7\u00e3o \u2018Volta \u00e0s aulas'","isPartOf":{"@id":"https:\/\/www.manaus.am.gov.br\/semcom\/#website"},"primaryImageOfPage":{"@id":"https:\/\/www.manaus.am.gov.br\/semcom\/pautas\/prefeitura-de-manaus-realiza-operacao-volta-as-aulas\/#primaryimage"},"image":{"@id":"https:\/\/www.manaus.am.gov.br\/semcom\/pautas\/prefeitura-de-manaus-realiza-operacao-volta-as-aulas\/#primaryimage"},"thumbnailUrl":"https:\/\/www.manaus.am.gov.br\/semcom\/wp-content\/uploads\/sites\/5\/2023\/02\/sugestaodepauta.png","datePublished":"2023-02-06T18:14:41+00:00","dateModified":"2023-02-08T12:16:21+00:00","description":"A Prefeitura de Manaus, por meio do IMMU, realiza, nesta ter\u00e7a-feira, 7\/2, a partir das 6h30, a opera\u00e7\u00e3o \u201cVolta \u00e0s aulas\u201d","inLanguage":"pt-BR","potentialAction":[{"@type":"ReadAction","target":["https:\/\/www.manaus.am.gov.br\/semcom\/pautas\/prefeitura-de-manaus-realiza-operacao-volta-as-aulas\/"]}]},{"@type":"ImageObject","inLanguage":"pt-BR","@id":"https:\/\/www.manaus.am.gov.br\/semcom\/pautas\/prefeitura-de-manaus-realiza-operacao-volta-as-aulas\/#primaryimage","url":"https:\/\/www.manaus.am.gov.br\/semcom\/wp-content\/uploads\/sites\/5\/2023\/02\/sugestaodepauta.png","contentUrl":"https:\/\/www.manaus.am.gov.br\/semcom\/wp-content\/uploads\/sites\/5\/2023\/02\/sugestaodepauta.png","width":1020,"height":540},{"@type":"WebSite","@id":"https:\/\/www.manaus.am.gov.br\/semcom\/#website","url":"https:\/\/www.manaus.am.gov.br\/semcom\/","name":"SEMCOM","description":"Secretaria Municipal de Comunica\u00e7\u00e3o","potentialAction":[{"@type":"SearchAction","target":{"@type":"EntryPoint","urlTemplate":"https:\/\/www.manaus.am.gov.br\/semcom\/?s={search_term_string}"},"query-input":"required name=search_term_string"}],"inLanguage":"pt-BR"}]}},"_links":{"self":[{"href":"https:\/\/www.manaus.am.gov.br\/semcom\/wp-json\/wp\/v2\/pautas\/208677"}],"collection":[{"href":"https:\/\/www.manaus.am.gov.br\/semcom\/wp-json\/wp\/v2\/pautas"}],"about":[{"href":"https:\/\/www.manaus.am.gov.br\/semcom\/wp-json\/wp\/v2\/types\/pautas"}],"wp:featuredmedia":[{"embeddable":true,"href":"https:\/\/www.manaus.am.gov.br\/semcom\/wp-json\/wp\/v2\/media\/208729"}],"wp:attachment":[{"href":"https:\/\/www.manaus.am.gov.br\/semcom\/wp-json\/wp\/v2\/media?parent=208677"}],"wp:term":[{"taxonomy":"category","embeddable":true,"href":"https:\/\/www.manaus.am.gov.br\/semcom\/wp-json\/wp\/v2\/categories?post=208677"}],"curies":[{"name":"wp","href":"https:\/\/api.w.org\/{rel}","templated":true}]}}

Prefeitura de Manaus realiza operação ‘Volta às aulas&#8217;

<p>A Prefeitura de Manaus, por meio do Instituto Municipal de Mobilidade Urbana (IMMU), realiza, nesta terça-feira, 7/2, a partir das 6h30, a operação “Volta às aulas”. Agentes atuarão na escola estadual Professor Djalma da Cunha Batista, na avenida Rodrigo Otávio Jordão Ramos, em frente à Universidade Federal do Amazonas (Ufam), bairro Petrópolis, zona Sul, organizando o trânsito e, em parceria com as equipes de educação, abordarão condutores e pedestres sobre a importância do respeito às leis de trânsito.</p>



<p>As equipes já estão atuando também nas áreas próximas às principais escolas, onde o tráfego de veículos é intenso e onde a travessia de pedestres se torna mais perigosa. As avenidas Constantino Nery, Brasil, Djalma Batista, Mário Ypiranga Monteiro, Umberto Calderaro Filho, Cosme Ferreira e Coronel Teixeira, além das rotatórias do Coroado, São José e Produtor estão sendo monitoradas e acompanhadas diariamente pelos agentes.</p>



<p>Com efetivo de 200 agentes, a prefeitura está nas vias da cidade junto com os fiscais de transporte, nas proximidades das escolas e especialmente nos corredores viários da cidade, ordenando e também fiscalizando a circulação de ônibus.</p>



<p><strong>SERVIÇO:</strong></p>



<p><strong>O quê &#8211;&nbsp;</strong>Operação “Volta às aulas”</p>



<p><strong>Quando –&nbsp;</strong>Terça-feira, 7/2</p>



<p><strong>Horário &#8211;&nbsp;</strong>6h30</p>



<p><strong>Local &#8211;&nbsp;</strong>Escola estadual Djalma Cunha Batista, avenida Rodrigo Otávio Jordão Ramos &#8211; em frente à Universidade Federal do Amazonas (Ufam)</p>

<!-- This site is optimized with the Yoast SEO plugin v23.0 - https://yoast.com/wordpress/plugins/seo/ -->
<title>Prefeitura de Manaus realiza operação ‘Volta às aulas&#039;</title>
<meta name="description" content="A Prefeitura de Manaus, por meio do IMMU, realiza, nesta terça-feira, 7/2, a partir das 6h30, a operação “Volta às aulas”" />
<meta name="robots" content="index, follow, max-snippet:-1, max-image-preview:large, max-video-preview:-1" />
<link rel="canonical" href="https://www.manaus.am.gov.br/semcom/pautas/prefeitura-de-manaus-realiza-operacao-volta-as-aulas/" />
<meta property="og:locale" content="pt_BR" />
<meta property="og:type" content="article" />
<meta property="og:title" content="Prefeitura de Manaus realiza operação ‘Volta às aulas&#039;" />
<meta property="og:description" content="A Prefeitura de Manaus, por meio do IMMU, realiza, nesta terça-feira, 7/2, a partir das 6h30, a operação “Volta às aulas”" />
<meta property="og:url" content="https://www.manaus.am.gov.br/semcom/pautas/prefeitura-de-manaus-realiza-operacao-volta-as-aulas/" />
<meta property="og:site_name" content="SEMCOM" />
<meta property="article:modified_time" content="2023-02-08T12:16:21+00:00" />
<meta property="og:image" content="https://www.manaus.am.gov.br/semcom/wp-content/uploads/sites/5/2023/02/sugestaodepauta.png" />
	<meta property="og:image:width" content="1020" />
	<meta property="og:image:height" content="540" />
	<meta property="og:image:type" content="image/png" />
<meta name="twitter:card" content="summary_large_image" />
<meta name="twitter:label1" content="Est. reading time" />
	<meta name="twitter:data1" content="2 minutos" />
<script type="application/ld+json" class="yoast-schema-graph">{"@context":"https://schema.org","@graph":[{"@type":"WebPage","@id":"https://www.manaus.am.gov.br/semcom/pautas/prefeitura-de-manaus-realiza-operacao-volta-as-aulas/","url":"https://www.manaus.am.gov.br/semcom/pautas/prefeitura-de-manaus-realiza-operacao-volta-as-aulas/","name":"Prefeitura de Manaus realiza operação ‘Volta às aulas'","isPartOf":{"@id":"https://www.manaus.am.gov.br/semcom/#website"},"primaryImageOfPage":{"@id":"https://www.manaus.am.gov.br/semcom/pautas/prefeitura-de-manaus-realiza-operacao-volta-as-aulas/#primaryimage"},"image":{"@id":"https://www.manaus.am.gov.br/semcom/pautas/prefeitura-de-manaus-realiza-operacao-volta-as-aulas/#primaryimage"},"thumbnailUrl":"https://www.manaus.am.gov.br/semcom/wp-content/uploads/sites/5/2023/02/sugestaodepauta.png","datePublished":"2023-02-06T18:14:41+00:00","dateModified":"2023-02-08T12:16:21+00:00","description":"A Prefeitura de Manaus, por meio do IMMU, realiza, nesta terça-feira, 7/2, a partir das 6h30, a operação “Volta às aulas”","inLanguage":"pt-BR","potentialAction":[{"@type":"ReadAction","target":["https://www.manaus.am.gov.br/semcom/pautas/prefeitura-de-manaus-realiza-operacao-volta-as-aulas/"]}]},{"@type":"ImageObject","inLanguage":"pt-BR","@id":"https://www.manaus.am.gov.br/semcom/pautas/prefeitura-de-manaus-realiza-operacao-volta-as-aulas/#primaryimage","url":"https://www.manaus.am.gov.br/semcom/wp-content/uploads/sites/5/2023/02/sugestaodepauta.png","contentUrl":"https://www.manaus.am.gov.br/semcom/wp-content/uploads/sites/5/2023/02/sugestaodepauta.png","width":1020,"height":540},{"@type":"WebSite","@id":"https://www.manaus.am.gov.br/semcom/#website","url":"https://www.manaus.am.gov.br/semcom/","name":"SEMCOM","description":"Secretaria Municipal de Comunicação","potentialAction":[{"@type":"SearchAction","target":{"@type":"EntryPoint","urlTemplate":"https://www.manaus.am.gov.br/semcom/?s={search_term_string}"},"query-input":"required name=search_term_string"}],"inLanguage":"pt-BR"}]}</script>
<!-- / Yoast SEO plugin. -->

Prefeitura de Manaus realiza operação ‘Volta às aulas'

A Prefeitura de Manaus, por meio do IMMU, realiza, nesta terça-feira, 7/2, a partir das 6h30, a operação “Volta às aulas”

Secretaria Municipal de Comunicação
