{"id":208667,"date":"2023-02-05T17:08:02","date_gmt":"2023-02-05T20:08:02","guid":{"rendered":"https:\/\/www.manaus.am.gov.br\/semcom\/?post_type=pautas&#038;p=208667"},"modified":"2023-02-08T09:21:17","modified_gmt":"2023-02-08T12:21:17","slug":"prefeito-david-almeida-reinaugura-cras-colonia-antonio-aleixo","status":"publish","type":"pautas","link":"https:\/\/www.manaus.am.gov.br\/semcom\/pautas\/prefeito-david-almeida-reinaugura-cras-colonia-antonio-aleixo\/","title":{"rendered":"<strong>Prefeito David Almeida reinaugura Cras Col\u00f4nia Ant\u00f4nio Aleixo e lan\u00e7a sistema de agendamento eletr\u00f4nico<\/strong>\u00a0"},"content":{"rendered":"\n<p>O prefeito de Manaus, David Almeida, entrega, totalmente revitalizado, nesta segunda-feira, 6\/2, o Centro de Refer\u00eancia de Assist\u00eancia Social (Cras) Col\u00f4nia Ant\u00f4nio Aleixo, localizado na rua Raul Ribeiro, s\/n\u00ba, comunidade 11 de Maio, zona Leste da cidade.<\/p>\n\n\n\n<p>Com mais de 10 mil fam\u00edlias referenciadas no equipamento, gerenciado pela Secretaria Municipal da Mulher, Assist\u00eancia Social e Cidadania (Semasc), algumas das reformas do pr\u00e9dio contemplaram: revis\u00e3o completa em todas as suas instala\u00e7\u00f5es el\u00e9tricas, hidr\u00e1ulicas, sanit\u00e1rias e de l\u00f3gica, pintura geral em paredes externas e internas, instala\u00e7\u00e3o de uma tubula\u00e7\u00e3o de g\u00e1s e calha de 35 metros, inclusive com condutores de \u00e1guas pluviais, al\u00e9m da revitaliza\u00e7\u00e3o completa de portas, janelas e at\u00e9 da quadra de esportes da unidade.<\/p>\n\n\n\n<p>A partir desta segunda-feira, os usu\u00e1rios poder\u00e3o realizar o agendamento para inser\u00e7\u00e3o ou atualiza\u00e7\u00e3o do Cadastro \u00danico pela internet. Implantado em car\u00e1ter experimental, inicialmente estar\u00e1 dispon\u00edvel para agendamento nos Cras Alfredo Nascimento, Bet\u00e2nia, Crespo e Col\u00f4nia Ant\u00f4nio Aleixo. A previs\u00e3o \u00e9 que ainda no primeiro semestre todos os Cras da capital estejam realizando o agendamento eletr\u00f4nico. O endere\u00e7o \u00e9 https:\/\/agendasemasc.manaus.am.gov.br\/<\/p>\n\n\n\n<p>Esta \u00e9 a quinta unidade do equipamento a ser entregue, de uma s\u00e9rie de reformas oriundas de emenda parlamentar do deputado federal Marcelo Ramos, no valor aproximado de R$ 5 milh\u00f5es, e que abrangeu 17 unidades Cras da capital e 1 Centro de Refer\u00eancia Especializado de Assist\u00eancia Social (Creas).<\/p>\n\n\n\n<p><strong>SERVI\u00c7O<\/strong><\/p>\n\n\n\n<p><strong>O qu\u00ea<\/strong>&nbsp;\u2013 Prefeito David Almeida reinaugura CRAS do bairro Col\u00f4nia Ant\u00f4nio Aleixo<\/p>\n\n\n\n<p><strong>Quando<\/strong>&nbsp;\u2013 Segunda-feira, 6\/2<\/p>\n\n\n\n<p><strong>Hor\u00e1rio<\/strong>&nbsp;&#8211; 15h<\/p>\n\n\n\n<p><strong>Local<\/strong>&nbsp;&#8211; Rua Raul Ribeiro, s\/n, comunidade 11 de Maio, no bairro Col\u00f4nia Ant\u00f4nio Aleixo, zona Leste<\/p>\n","protected":false},"featured_media":208729,"template":"","categories":[802],"acf":[],"yoast_head":"<!-- This site is optimized with the Yoast SEO plugin v23.0 - https:\/\/yoast.com\/wordpress\/plugins\/seo\/ -->\n<title>Prefeito David Almeida reinaugura Cras Col\u00f4nia Ant\u00f4nio Aleixo<\/title>\n<meta name=\"description\" content=\"O prefeito de Manaus, David Almeida, entrega, totalmente revitalizado, nesta segunda-feira, 6\/2, o Cras Col\u00f4nia Ant\u00f4nio Aleixo.\" \/>\n<meta name=\"robots\" content=\"index, follow, max-snippet:-1, max-image-preview:large, max-video-preview:-1\" \/>\n<link rel=\"canonical\" href=\"https:\/\/www.manaus.am.gov.br\/semcom\/pautas\/prefeito-david-almeida-reinaugura-cras-colonia-antonio-aleixo\/\" \/>\n<meta property=\"og:locale\" content=\"pt_BR\" \/>\n<meta property=\"og:type\" content=\"article\" \/>\n<meta property=\"og:title\" content=\"Prefeito David Almeida reinaugura Cras Col\u00f4nia Ant\u00f4nio Aleixo\" \/>\n<meta property=\"og:description\" content=\"O prefeito de Manaus, David Almeida, entrega, totalmente revitalizado, nesta segunda-feira, 6\/2, o Cras Col\u00f4nia Ant\u00f4nio Aleixo.\" \/>\n<meta property=\"og:url\" content=\"https:\/\/www.manaus.am.gov.br\/semcom\/pautas\/prefeito-david-almeida-reinaugura-cras-colonia-antonio-aleixo\/\" \/>\n<meta property=\"og:site_name\" content=\"SEMCOM\" \/>\n<meta property=\"article:modified_time\" content=\"2023-02-08T12:21:17+00:00\" \/>\n<meta property=\"og:image\" content=\"https:\/\/www.manaus.am.gov.br\/semcom\/wp-content\/uploads\/sites\/5\/2023\/02\/sugestaodepauta.png\" \/>\n\t<meta property=\"og:image:width\" content=\"1020\" \/>\n\t<meta property=\"og:image:height\" content=\"540\" \/>\n\t<meta property=\"og:image:type\" content=\"image\/png\" \/>\n<meta name=\"twitter:card\" content=\"summary_large_image\" \/>\n<meta name=\"twitter:label1\" content=\"Est. reading time\" \/>\n\t<meta name=\"twitter:data1\" content=\"2 minutos\" \/>\n<script type=\"application\/ld+json\" class=\"yoast-schema-graph\">{\"@context\":\"https:\/\/schema.org\",\"@graph\":[{\"@type\":\"WebPage\",\"@id\":\"https:\/\/www.manaus.am.gov.br\/semcom\/pautas\/prefeito-david-almeida-reinaugura-cras-colonia-antonio-aleixo\/\",\"url\":\"https:\/\/www.manaus.am.gov.br\/semcom\/pautas\/prefeito-david-almeida-reinaugura-cras-colonia-antonio-aleixo\/\",\"name\":\"Prefeito David Almeida reinaugura Cras Col\u00f4nia Ant\u00f4nio Aleixo\",\"isPartOf\":{\"@id\":\"https:\/\/www.manaus.am.gov.br\/semcom\/#website\"},\"primaryImageOfPage\":{\"@id\":\"https:\/\/www.manaus.am.gov.br\/semcom\/pautas\/prefeito-david-almeida-reinaugura-cras-colonia-antonio-aleixo\/#primaryimage\"},\"image\":{\"@id\":\"https:\/\/www.manaus.am.gov.br\/semcom\/pautas\/prefeito-david-almeida-reinaugura-cras-colonia-antonio-aleixo\/#primaryimage\"},\"thumbnailUrl\":\"https:\/\/www.manaus.am.gov.br\/semcom\/wp-content\/uploads\/sites\/5\/2023\/02\/sugestaodepauta.png\",\"datePublished\":\"2023-02-05T20:08:02+00:00\",\"dateModified\":\"2023-02-08T12:21:17+00:00\",\"description\":\"O prefeito de Manaus, David Almeida, entrega, totalmente revitalizado, nesta segunda-feira, 6\/2, o Cras Col\u00f4nia Ant\u00f4nio Aleixo.\",\"inLanguage\":\"pt-BR\",\"potentialAction\":[{\"@type\":\"ReadAction\",\"target\":[\"https:\/\/www.manaus.am.gov.br\/semcom\/pautas\/prefeito-david-almeida-reinaugura-cras-colonia-antonio-aleixo\/\"]}]},{\"@type\":\"ImageObject\",\"inLanguage\":\"pt-BR\",\"@id\":\"https:\/\/www.manaus.am.gov.br\/semcom\/pautas\/prefeito-david-almeida-reinaugura-cras-colonia-antonio-aleixo\/#primaryimage\",\"url\":\"https:\/\/www.manaus.am.gov.br\/semcom\/wp-content\/uploads\/sites\/5\/2023\/02\/sugestaodepauta.png\",\"contentUrl\":\"https:\/\/www.manaus.am.gov.br\/semcom\/wp-content\/uploads\/sites\/5\/2023\/02\/sugestaodepauta.png\",\"width\":1020,\"height\":540},{\"@type\":\"WebSite\",\"@id\":\"https:\/\/www.manaus.am.gov.br\/semcom\/#website\",\"url\":\"https:\/\/www.manaus.am.gov.br\/semcom\/\",\"name\":\"SEMCOM\",\"description\":\"Secretaria Municipal de Comunica\u00e7\u00e3o\",\"potentialAction\":[{\"@type\":\"SearchAction\",\"target\":{\"@type\":\"EntryPoint\",\"urlTemplate\":\"https:\/\/www.manaus.am.gov.br\/semcom\/?s={search_term_string}\"},\"query-input\":\"required name=search_term_string\"}],\"inLanguage\":\"pt-BR\"}]}<\/script>\n<!-- \/ Yoast SEO plugin. -->","yoast_head_json":{"title":"Prefeito David Almeida reinaugura Cras Col\u00f4nia Ant\u00f4nio Aleixo","description":"O prefeito de Manaus, David Almeida, entrega, totalmente revitalizado, nesta segunda-feira, 6\/2, o Cras Col\u00f4nia Ant\u00f4nio Aleixo.","robots":{"index":"index","follow":"follow","max-snippet":"max-snippet:-1","max-image-preview":"max-image-preview:large","max-video-preview":"max-video-preview:-1"},"canonical":"https:\/\/www.manaus.am.gov.br\/semcom\/pautas\/prefeito-david-almeida-reinaugura-cras-colonia-antonio-aleixo\/","og_locale":"pt_BR","og_type":"article","og_title":"Prefeito David Almeida reinaugura Cras Col\u00f4nia Ant\u00f4nio Aleixo","og_description":"O prefeito de Manaus, David Almeida, entrega, totalmente revitalizado, nesta segunda-feira, 6\/2, o Cras Col\u00f4nia Ant\u00f4nio Aleixo.","og_url":"https:\/\/www.manaus.am.gov.br\/semcom\/pautas\/prefeito-david-almeida-reinaugura-cras-colonia-antonio-aleixo\/","og_site_name":"SEMCOM","article_modified_time":"2023-02-08T12:21:17+00:00","og_image":[{"width":1020,"height":540,"url":"https:\/\/www.manaus.am.gov.br\/semcom\/wp-content\/uploads\/sites\/5\/2023\/02\/sugestaodepauta.png","type":"image\/png"}],"twitter_card":"summary_large_image","twitter_misc":{"Est. reading time":"2 minutos"},"schema":{"@context":"https:\/\/schema.org","@graph":[{"@type":"WebPage","@id":"https:\/\/www.manaus.am.gov.br\/semcom\/pautas\/prefeito-david-almeida-reinaugura-cras-colonia-antonio-aleixo\/","url":"https:\/\/www.manaus.am.gov.br\/semcom\/pautas\/prefeito-david-almeida-reinaugura-cras-colonia-antonio-aleixo\/","name":"Prefeito David Almeida reinaugura Cras Col\u00f4nia Ant\u00f4nio Aleixo","isPartOf":{"@id":"https:\/\/www.manaus.am.gov.br\/semcom\/#website"},"primaryImageOfPage":{"@id":"https:\/\/www.manaus.am.gov.br\/semcom\/pautas\/prefeito-david-almeida-reinaugura-cras-colonia-antonio-aleixo\/#primaryimage"},"image":{"@id":"https:\/\/www.manaus.am.gov.br\/semcom\/pautas\/prefeito-david-almeida-reinaugura-cras-colonia-antonio-aleixo\/#primaryimage"},"thumbnailUrl":"https:\/\/www.manaus.am.gov.br\/semcom\/wp-content\/uploads\/sites\/5\/2023\/02\/sugestaodepauta.png","datePublished":"2023-02-05T20:08:02+00:00","dateModified":"2023-02-08T12:21:17+00:00","description":"O prefeito de Manaus, David Almeida, entrega, totalmente revitalizado, nesta segunda-feira, 6\/2, o Cras Col\u00f4nia Ant\u00f4nio Aleixo.","inLanguage":"pt-BR","potentialAction":[{"@type":"ReadAction","target":["https:\/\/www.manaus.am.gov.br\/semcom\/pautas\/prefeito-david-almeida-reinaugura-cras-colonia-antonio-aleixo\/"]}]},{"@type":"ImageObject","inLanguage":"pt-BR","@id":"https:\/\/www.manaus.am.gov.br\/semcom\/pautas\/prefeito-david-almeida-reinaugura-cras-colonia-antonio-aleixo\/#primaryimage","url":"https:\/\/www.manaus.am.gov.br\/semcom\/wp-content\/uploads\/sites\/5\/2023\/02\/sugestaodepauta.png","contentUrl":"https:\/\/www.manaus.am.gov.br\/semcom\/wp-content\/uploads\/sites\/5\/2023\/02\/sugestaodepauta.png","width":1020,"height":540},{"@type":"WebSite","@id":"https:\/\/www.manaus.am.gov.br\/semcom\/#website","url":"https:\/\/www.manaus.am.gov.br\/semcom\/","name":"SEMCOM","description":"Secretaria Municipal de Comunica\u00e7\u00e3o","potentialAction":[{"@type":"SearchAction","target":{"@type":"EntryPoint","urlTemplate":"https:\/\/www.manaus.am.gov.br\/semcom\/?s={search_term_string}"},"query-input":"required name=search_term_string"}],"inLanguage":"pt-BR"}]}},"_links":{"self":[{"href":"https:\/\/www.manaus.am.gov.br\/semcom\/wp-json\/wp\/v2\/pautas\/208667"}],"collection":[{"href":"https:\/\/www.manaus.am.gov.br\/semcom\/wp-json\/wp\/v2\/pautas"}],"about":[{"href":"https:\/\/www.manaus.am.gov.br\/semcom\/wp-json\/wp\/v2\/types\/pautas"}],"wp:featuredmedia":[{"embeddable":true,"href":"https:\/\/www.manaus.am.gov.br\/semcom\/wp-json\/wp\/v2\/media\/208729"}],"wp:attachment":[{"href":"https:\/\/www.manaus.am.gov.br\/semcom\/wp-json\/wp\/v2\/media?parent=208667"}],"wp:term":[{"taxonomy":"category","embeddable":true,"href":"https:\/\/www.manaus.am.gov.br\/semcom\/wp-json\/wp\/v2\/categories?post=208667"}],"curies":[{"name":"wp","href":"https:\/\/api.w.org\/{rel}","templated":true}]}}

<strong>Prefeito David Almeida reinaugura Cras Colônia Antônio Aleixo e lança sistema de agendamento eletrônico</strong>

<p>O prefeito de Manaus, David Almeida, entrega, totalmente revitalizado, nesta segunda-feira, 6/2, o Centro de Referência de Assistência Social (Cras) Colônia Antônio Aleixo, localizado na rua Raul Ribeiro, s/nº, comunidade 11 de Maio, zona Leste da cidade.</p>



<p>Com mais de 10 mil famílias referenciadas no equipamento, gerenciado pela Secretaria Municipal da Mulher, Assistência Social e Cidadania (Semasc), algumas das reformas do prédio contemplaram: revisão completa em todas as suas instalações elétricas, hidráulicas, sanitárias e de lógica, pintura geral em paredes externas e internas, instalação de uma tubulação de gás e calha de 35 metros, inclusive com condutores de águas pluviais, além da revitalização completa de portas, janelas e até da quadra de esportes da unidade.</p>



<p>A partir desta segunda-feira, os usuários poderão realizar o agendamento para inserção ou atualização do Cadastro Único pela internet. Implantado em caráter experimental, inicialmente estará disponível para agendamento nos Cras Alfredo Nascimento, Betânia, Crespo e Colônia Antônio Aleixo. A previsão é que ainda no primeiro semestre todos os Cras da capital estejam realizando o agendamento eletrônico. O endereço é https://agendasemasc.manaus.am.gov.br/</p>



<p>Esta é a quinta unidade do equipamento a ser entregue, de uma série de reformas oriundas de emenda parlamentar do deputado federal Marcelo Ramos, no valor aproximado de R$ 5 milhões, e que abrangeu 17 unidades Cras da capital e 1 Centro de Referência Especializado de Assistência Social (Creas).</p>



<p><strong>SERVIÇO</strong></p>



<p><strong>O quê</strong>&nbsp;– Prefeito David Almeida reinaugura CRAS do bairro Colônia Antônio Aleixo</p>



<p><strong>Quando</strong>&nbsp;– Segunda-feira, 6/2</p>



<p><strong>Horário</strong>&nbsp;&#8211; 15h</p>



<p><strong>Local</strong>&nbsp;&#8211; Rua Raul Ribeiro, s/n, comunidade 11 de Maio, no bairro Colônia Antônio Aleixo, zona Leste</p>

<!-- This site is optimized with the Yoast SEO plugin v23.0 - https://yoast.com/wordpress/plugins/seo/ -->
<title>Prefeito David Almeida reinaugura Cras Colônia Antônio Aleixo</title>
<meta name="description" content="O prefeito de Manaus, David Almeida, entrega, totalmente revitalizado, nesta segunda-feira, 6/2, o Cras Colônia Antônio Aleixo." />
<meta name="robots" content="index, follow, max-snippet:-1, max-image-preview:large, max-video-preview:-1" />
<link rel="canonical" href="https://www.manaus.am.gov.br/semcom/pautas/prefeito-david-almeida-reinaugura-cras-colonia-antonio-aleixo/" />
<meta property="og:locale" content="pt_BR" />
<meta property="og:type" content="article" />
<meta property="og:title" content="Prefeito David Almeida reinaugura Cras Colônia Antônio Aleixo" />
<meta property="og:description" content="O prefeito de Manaus, David Almeida, entrega, totalmente revitalizado, nesta segunda-feira, 6/2, o Cras Colônia Antônio Aleixo." />
<meta property="og:url" content="https://www.manaus.am.gov.br/semcom/pautas/prefeito-david-almeida-reinaugura-cras-colonia-antonio-aleixo/" />
<meta property="og:site_name" content="SEMCOM" />
<meta property="article:modified_time" content="2023-02-08T12:21:17+00:00" />
<meta property="og:image" content="https://www.manaus.am.gov.br/semcom/wp-content/uploads/sites/5/2023/02/sugestaodepauta.png" />
	<meta property="og:image:width" content="1020" />
	<meta property="og:image:height" content="540" />
	<meta property="og:image:type" content="image/png" />
<meta name="twitter:card" content="summary_large_image" />
<meta name="twitter:label1" content="Est. reading time" />
	<meta name="twitter:data1" content="2 minutos" />
<script type="application/ld+json" class="yoast-schema-graph">{"@context":"https://schema.org","@graph":[{"@type":"WebPage","@id":"https://www.manaus.am.gov.br/semcom/pautas/prefeito-david-almeida-reinaugura-cras-colonia-antonio-aleixo/","url":"https://www.manaus.am.gov.br/semcom/pautas/prefeito-david-almeida-reinaugura-cras-colonia-antonio-aleixo/","name":"Prefeito David Almeida reinaugura Cras Colônia Antônio Aleixo","isPartOf":{"@id":"https://www.manaus.am.gov.br/semcom/#website"},"primaryImageOfPage":{"@id":"https://www.manaus.am.gov.br/semcom/pautas/prefeito-david-almeida-reinaugura-cras-colonia-antonio-aleixo/#primaryimage"},"image":{"@id":"https://www.manaus.am.gov.br/semcom/pautas/prefeito-david-almeida-reinaugura-cras-colonia-antonio-aleixo/#primaryimage"},"thumbnailUrl":"https://www.manaus.am.gov.br/semcom/wp-content/uploads/sites/5/2023/02/sugestaodepauta.png","datePublished":"2023-02-05T20:08:02+00:00","dateModified":"2023-02-08T12:21:17+00:00","description":"O prefeito de Manaus, David Almeida, entrega, totalmente revitalizado, nesta segunda-feira, 6/2, o Cras Colônia Antônio Aleixo.","inLanguage":"pt-BR","potentialAction":[{"@type":"ReadAction","target":["https://www.manaus.am.gov.br/semcom/pautas/prefeito-david-almeida-reinaugura-cras-colonia-antonio-aleixo/"]}]},{"@type":"ImageObject","inLanguage":"pt-BR","@id":"https://www.manaus.am.gov.br/semcom/pautas/prefeito-david-almeida-reinaugura-cras-colonia-antonio-aleixo/#primaryimage","url":"https://www.manaus.am.gov.br/semcom/wp-content/uploads/sites/5/2023/02/sugestaodepauta.png","contentUrl":"https://www.manaus.am.gov.br/semcom/wp-content/uploads/sites/5/2023/02/sugestaodepauta.png","width":1020,"height":540},{"@type":"WebSite","@id":"https://www.manaus.am.gov.br/semcom/#website","url":"https://www.manaus.am.gov.br/semcom/","name":"SEMCOM","description":"Secretaria Municipal de Comunicação","potentialAction":[{"@type":"SearchAction","target":{"@type":"EntryPoint","urlTemplate":"https://www.manaus.am.gov.br/semcom/?s={search_term_string}"},"query-input":"required name=search_term_string"}],"inLanguage":"pt-BR"}]}</script>
<!-- / Yoast SEO plugin. -->

Prefeito David Almeida reinaugura Cras Colônia Antônio Aleixo

O prefeito de Manaus, David Almeida, entrega, totalmente revitalizado, nesta segunda-feira, 6/2, o Cras Colônia Antônio Aleixo.

Secretaria Municipal de Comunicação
