{"id":208661,"date":"2023-02-05T13:11:12","date_gmt":"2023-02-05T16:11:12","guid":{"rendered":"https:\/\/www.manaus.am.gov.br\/semcom\/?post_type=pautas&#038;p=208661"},"modified":"2023-02-08T09:24:25","modified_gmt":"2023-02-08T12:24:25","slug":"prefeito-david-almeida-abre-ano-legislativo-2023-com-leitura-da-mensagem-anual","status":"publish","type":"pautas","link":"https:\/\/www.manaus.am.gov.br\/semcom\/pautas\/prefeito-david-almeida-abre-ano-legislativo-2023-com-leitura-da-mensagem-anual\/","title":{"rendered":"<strong>Prefeito David Almeida abre ano legislativo 2023 com leitura da Mensagem Anual<\/strong>"},"content":{"rendered":"\n<p>O <a href=\"https:\/\/www.manaus.am.gov.br\/noticias\/solenidade\/prefeito-david-almeida-abre-ano-legislativo-2023-com-leitura-da-mensagem-anual\/\">prefeito de Manaus<\/a>, David Almeida, realiza, nesta segunda-feira, 6\/2, a leitura da Mensagem Anual, que oficializa a abertura dos trabalhos da 18\u00aa Legislatura, do bi\u00eanio 2023-2024, da C\u00e2mara Municipal de Manaus (CMM). Na ocasi\u00e3o, ser\u00e1 lida a Mensagem Anual e apresenta\u00e7\u00e3o do plano de metas pelo prefeito, conforme artigo 122, do regimento interno.<\/p>\n\n\n\n<p>A cerim\u00f4nia acontece \u00e0s 9h, no plen\u00e1rio Adriano Jorge, da casa municipal, localizado na avenida Padre Agostinho Caballero Martin, no bairro Santo Ant\u00f4nio, zona Oeste.<\/p>\n\n\n\n<p><strong>SERVI\u00c7O<\/strong><\/p>\n\n\n\n<p><strong>O qu\u00ea &#8211;<\/strong> Prefeito abre ano legislativo com leitura da Mensagem Anual<\/p>\n\n\n\n<p><strong>Quando<\/strong> \u2013 Segunda-feira, 6\/2<\/p>\n\n\n\n<p><strong>Hor\u00e1rio<\/strong> \u2013 9h<\/p>\n\n\n\n<p><strong>Local<\/strong> \u2013 Avenida Padre Agostinho Caballero Martin, no bairro Santo Ant\u00f4nio, zona Oeste<\/p>\n","protected":false},"featured_media":208729,"template":"","categories":[57],"acf":[],"yoast_head":"<!-- This site is optimized with the Yoast SEO plugin v23.0 - https:\/\/yoast.com\/wordpress\/plugins\/seo\/ -->\n<title>Prefeito David Almeida abre ano legislativo 2023<\/title>\n<meta name=\"description\" content=\"O prefeito de Manaus, David Almeida, realiza a leitura da Mensagem Anual, que oficializa a abertura dos trabalhos da 18\u00aa Legislatura.\" \/>\n<meta name=\"robots\" content=\"index, follow, max-snippet:-1, max-image-preview:large, max-video-preview:-1\" \/>\n<link rel=\"canonical\" href=\"https:\/\/www.manaus.am.gov.br\/semcom\/pautas\/prefeito-david-almeida-abre-ano-legislativo-2023-com-leitura-da-mensagem-anual\/\" \/>\n<meta property=\"og:locale\" content=\"pt_BR\" \/>\n<meta property=\"og:type\" content=\"article\" \/>\n<meta property=\"og:title\" content=\"Prefeito David Almeida abre ano legislativo 2023\" \/>\n<meta property=\"og:description\" content=\"O prefeito de Manaus, David Almeida, realiza a leitura da Mensagem Anual, que oficializa a abertura dos trabalhos da 18\u00aa Legislatura.\" \/>\n<meta property=\"og:url\" content=\"https:\/\/www.manaus.am.gov.br\/semcom\/pautas\/prefeito-david-almeida-abre-ano-legislativo-2023-com-leitura-da-mensagem-anual\/\" \/>\n<meta property=\"og:site_name\" content=\"SEMCOM\" \/>\n<meta property=\"article:modified_time\" content=\"2023-02-08T12:24:25+00:00\" \/>\n<meta property=\"og:image\" content=\"https:\/\/www.manaus.am.gov.br\/semcom\/wp-content\/uploads\/sites\/5\/2023\/02\/sugestaodepauta.png\" \/>\n\t<meta property=\"og:image:width\" content=\"1020\" \/>\n\t<meta property=\"og:image:height\" content=\"540\" \/>\n\t<meta property=\"og:image:type\" content=\"image\/png\" \/>\n<meta name=\"twitter:card\" content=\"summary_large_image\" \/>\n<meta name=\"twitter:label1\" content=\"Est. reading time\" \/>\n\t<meta name=\"twitter:data1\" content=\"1 minuto\" \/>\n<script type=\"application\/ld+json\" class=\"yoast-schema-graph\">{\"@context\":\"https:\/\/schema.org\",\"@graph\":[{\"@type\":\"WebPage\",\"@id\":\"https:\/\/www.manaus.am.gov.br\/semcom\/pautas\/prefeito-david-almeida-abre-ano-legislativo-2023-com-leitura-da-mensagem-anual\/\",\"url\":\"https:\/\/www.manaus.am.gov.br\/semcom\/pautas\/prefeito-david-almeida-abre-ano-legislativo-2023-com-leitura-da-mensagem-anual\/\",\"name\":\"Prefeito David Almeida abre ano legislativo 2023\",\"isPartOf\":{\"@id\":\"https:\/\/www.manaus.am.gov.br\/semcom\/#website\"},\"primaryImageOfPage\":{\"@id\":\"https:\/\/www.manaus.am.gov.br\/semcom\/pautas\/prefeito-david-almeida-abre-ano-legislativo-2023-com-leitura-da-mensagem-anual\/#primaryimage\"},\"image\":{\"@id\":\"https:\/\/www.manaus.am.gov.br\/semcom\/pautas\/prefeito-david-almeida-abre-ano-legislativo-2023-com-leitura-da-mensagem-anual\/#primaryimage\"},\"thumbnailUrl\":\"https:\/\/www.manaus.am.gov.br\/semcom\/wp-content\/uploads\/sites\/5\/2023\/02\/sugestaodepauta.png\",\"datePublished\":\"2023-02-05T16:11:12+00:00\",\"dateModified\":\"2023-02-08T12:24:25+00:00\",\"description\":\"O prefeito de Manaus, David Almeida, realiza a leitura da Mensagem Anual, que oficializa a abertura dos trabalhos da 18\u00aa Legislatura.\",\"inLanguage\":\"pt-BR\",\"potentialAction\":[{\"@type\":\"ReadAction\",\"target\":[\"https:\/\/www.manaus.am.gov.br\/semcom\/pautas\/prefeito-david-almeida-abre-ano-legislativo-2023-com-leitura-da-mensagem-anual\/\"]}]},{\"@type\":\"ImageObject\",\"inLanguage\":\"pt-BR\",\"@id\":\"https:\/\/www.manaus.am.gov.br\/semcom\/pautas\/prefeito-david-almeida-abre-ano-legislativo-2023-com-leitura-da-mensagem-anual\/#primaryimage\",\"url\":\"https:\/\/www.manaus.am.gov.br\/semcom\/wp-content\/uploads\/sites\/5\/2023\/02\/sugestaodepauta.png\",\"contentUrl\":\"https:\/\/www.manaus.am.gov.br\/semcom\/wp-content\/uploads\/sites\/5\/2023\/02\/sugestaodepauta.png\",\"width\":1020,\"height\":540},{\"@type\":\"WebSite\",\"@id\":\"https:\/\/www.manaus.am.gov.br\/semcom\/#website\",\"url\":\"https:\/\/www.manaus.am.gov.br\/semcom\/\",\"name\":\"SEMCOM\",\"description\":\"Secretaria Municipal de Comunica\u00e7\u00e3o\",\"potentialAction\":[{\"@type\":\"SearchAction\",\"target\":{\"@type\":\"EntryPoint\",\"urlTemplate\":\"https:\/\/www.manaus.am.gov.br\/semcom\/?s={search_term_string}\"},\"query-input\":\"required name=search_term_string\"}],\"inLanguage\":\"pt-BR\"}]}<\/script>\n<!-- \/ Yoast SEO plugin. -->","yoast_head_json":{"title":"Prefeito David Almeida abre ano legislativo 2023","description":"O prefeito de Manaus, David Almeida, realiza a leitura da Mensagem Anual, que oficializa a abertura dos trabalhos da 18\u00aa Legislatura.","robots":{"index":"index","follow":"follow","max-snippet":"max-snippet:-1","max-image-preview":"max-image-preview:large","max-video-preview":"max-video-preview:-1"},"canonical":"https:\/\/www.manaus.am.gov.br\/semcom\/pautas\/prefeito-david-almeida-abre-ano-legislativo-2023-com-leitura-da-mensagem-anual\/","og_locale":"pt_BR","og_type":"article","og_title":"Prefeito David Almeida abre ano legislativo 2023","og_description":"O prefeito de Manaus, David Almeida, realiza a leitura da Mensagem Anual, que oficializa a abertura dos trabalhos da 18\u00aa Legislatura.","og_url":"https:\/\/www.manaus.am.gov.br\/semcom\/pautas\/prefeito-david-almeida-abre-ano-legislativo-2023-com-leitura-da-mensagem-anual\/","og_site_name":"SEMCOM","article_modified_time":"2023-02-08T12:24:25+00:00","og_image":[{"width":1020,"height":540,"url":"https:\/\/www.manaus.am.gov.br\/semcom\/wp-content\/uploads\/sites\/5\/2023\/02\/sugestaodepauta.png","type":"image\/png"}],"twitter_card":"summary_large_image","twitter_misc":{"Est. reading time":"1 minuto"},"schema":{"@context":"https:\/\/schema.org","@graph":[{"@type":"WebPage","@id":"https:\/\/www.manaus.am.gov.br\/semcom\/pautas\/prefeito-david-almeida-abre-ano-legislativo-2023-com-leitura-da-mensagem-anual\/","url":"https:\/\/www.manaus.am.gov.br\/semcom\/pautas\/prefeito-david-almeida-abre-ano-legislativo-2023-com-leitura-da-mensagem-anual\/","name":"Prefeito David Almeida abre ano legislativo 2023","isPartOf":{"@id":"https:\/\/www.manaus.am.gov.br\/semcom\/#website"},"primaryImageOfPage":{"@id":"https:\/\/www.manaus.am.gov.br\/semcom\/pautas\/prefeito-david-almeida-abre-ano-legislativo-2023-com-leitura-da-mensagem-anual\/#primaryimage"},"image":{"@id":"https:\/\/www.manaus.am.gov.br\/semcom\/pautas\/prefeito-david-almeida-abre-ano-legislativo-2023-com-leitura-da-mensagem-anual\/#primaryimage"},"thumbnailUrl":"https:\/\/www.manaus.am.gov.br\/semcom\/wp-content\/uploads\/sites\/5\/2023\/02\/sugestaodepauta.png","datePublished":"2023-02-05T16:11:12+00:00","dateModified":"2023-02-08T12:24:25+00:00","description":"O prefeito de Manaus, David Almeida, realiza a leitura da Mensagem Anual, que oficializa a abertura dos trabalhos da 18\u00aa Legislatura.","inLanguage":"pt-BR","potentialAction":[{"@type":"ReadAction","target":["https:\/\/www.manaus.am.gov.br\/semcom\/pautas\/prefeito-david-almeida-abre-ano-legislativo-2023-com-leitura-da-mensagem-anual\/"]}]},{"@type":"ImageObject","inLanguage":"pt-BR","@id":"https:\/\/www.manaus.am.gov.br\/semcom\/pautas\/prefeito-david-almeida-abre-ano-legislativo-2023-com-leitura-da-mensagem-anual\/#primaryimage","url":"https:\/\/www.manaus.am.gov.br\/semcom\/wp-content\/uploads\/sites\/5\/2023\/02\/sugestaodepauta.png","contentUrl":"https:\/\/www.manaus.am.gov.br\/semcom\/wp-content\/uploads\/sites\/5\/2023\/02\/sugestaodepauta.png","width":1020,"height":540},{"@type":"WebSite","@id":"https:\/\/www.manaus.am.gov.br\/semcom\/#website","url":"https:\/\/www.manaus.am.gov.br\/semcom\/","name":"SEMCOM","description":"Secretaria Municipal de Comunica\u00e7\u00e3o","potentialAction":[{"@type":"SearchAction","target":{"@type":"EntryPoint","urlTemplate":"https:\/\/www.manaus.am.gov.br\/semcom\/?s={search_term_string}"},"query-input":"required name=search_term_string"}],"inLanguage":"pt-BR"}]}},"_links":{"self":[{"href":"https:\/\/www.manaus.am.gov.br\/semcom\/wp-json\/wp\/v2\/pautas\/208661"}],"collection":[{"href":"https:\/\/www.manaus.am.gov.br\/semcom\/wp-json\/wp\/v2\/pautas"}],"about":[{"href":"https:\/\/www.manaus.am.gov.br\/semcom\/wp-json\/wp\/v2\/types\/pautas"}],"wp:featuredmedia":[{"embeddable":true,"href":"https:\/\/www.manaus.am.gov.br\/semcom\/wp-json\/wp\/v2\/media\/208729"}],"wp:attachment":[{"href":"https:\/\/www.manaus.am.gov.br\/semcom\/wp-json\/wp\/v2\/media?parent=208661"}],"wp:term":[{"taxonomy":"category","embeddable":true,"href":"https:\/\/www.manaus.am.gov.br\/semcom\/wp-json\/wp\/v2\/categories?post=208661"}],"curies":[{"name":"wp","href":"https:\/\/api.w.org\/{rel}","templated":true}]}}

<p>O <a href="https://www.manaus.am.gov.br/noticias/solenidade/prefeito-david-almeida-abre-ano-legislativo-2023-com-leitura-da-mensagem-anual/">prefeito de Manaus</a>, David Almeida, realiza, nesta segunda-feira, 6/2, a leitura da Mensagem Anual, que oficializa a abertura dos trabalhos da 18ª Legislatura, do biênio 2023-2024, da Câmara Municipal de Manaus (CMM). Na ocasião, será lida a Mensagem Anual e apresentação do plano de metas pelo prefeito, conforme artigo 122, do regimento interno.</p>



<p>A cerimônia acontece às 9h, no plenário Adriano Jorge, da casa municipal, localizado na avenida Padre Agostinho Caballero Martin, no bairro Santo Antônio, zona Oeste.</p>



<p><strong>SERVIÇO</strong></p>



<p><strong>O quê &#8211;</strong> Prefeito abre ano legislativo com leitura da Mensagem Anual</p>



<p><strong>Quando</strong> – Segunda-feira, 6/2</p>



<p><strong>Horário</strong> – 9h</p>



<p><strong>Local</strong> – Avenida Padre Agostinho Caballero Martin, no bairro Santo Antônio, zona Oeste</p>

<!-- This site is optimized with the Yoast SEO plugin v23.0 - https://yoast.com/wordpress/plugins/seo/ -->
<title>Prefeito David Almeida abre ano legislativo 2023</title>
<meta name="description" content="O prefeito de Manaus, David Almeida, realiza a leitura da Mensagem Anual, que oficializa a abertura dos trabalhos da 18ª Legislatura." />
<meta name="robots" content="index, follow, max-snippet:-1, max-image-preview:large, max-video-preview:-1" />
<link rel="canonical" href="https://www.manaus.am.gov.br/semcom/pautas/prefeito-david-almeida-abre-ano-legislativo-2023-com-leitura-da-mensagem-anual/" />
<meta property="og:locale" content="pt_BR" />
<meta property="og:type" content="article" />
<meta property="og:title" content="Prefeito David Almeida abre ano legislativo 2023" />
<meta property="og:description" content="O prefeito de Manaus, David Almeida, realiza a leitura da Mensagem Anual, que oficializa a abertura dos trabalhos da 18ª Legislatura." />
<meta property="og:url" content="https://www.manaus.am.gov.br/semcom/pautas/prefeito-david-almeida-abre-ano-legislativo-2023-com-leitura-da-mensagem-anual/" />
<meta property="og:site_name" content="SEMCOM" />
<meta property="article:modified_time" content="2023-02-08T12:24:25+00:00" />
<meta property="og:image" content="https://www.manaus.am.gov.br/semcom/wp-content/uploads/sites/5/2023/02/sugestaodepauta.png" />
	<meta property="og:image:width" content="1020" />
	<meta property="og:image:height" content="540" />
	<meta property="og:image:type" content="image/png" />
<meta name="twitter:card" content="summary_large_image" />
<meta name="twitter:label1" content="Est. reading time" />
	<meta name="twitter:data1" content="1 minuto" />
<script type="application/ld+json" class="yoast-schema-graph">{"@context":"https://schema.org","@graph":[{"@type":"WebPage","@id":"https://www.manaus.am.gov.br/semcom/pautas/prefeito-david-almeida-abre-ano-legislativo-2023-com-leitura-da-mensagem-anual/","url":"https://www.manaus.am.gov.br/semcom/pautas/prefeito-david-almeida-abre-ano-legislativo-2023-com-leitura-da-mensagem-anual/","name":"Prefeito David Almeida abre ano legislativo 2023","isPartOf":{"@id":"https://www.manaus.am.gov.br/semcom/#website"},"primaryImageOfPage":{"@id":"https://www.manaus.am.gov.br/semcom/pautas/prefeito-david-almeida-abre-ano-legislativo-2023-com-leitura-da-mensagem-anual/#primaryimage"},"image":{"@id":"https://www.manaus.am.gov.br/semcom/pautas/prefeito-david-almeida-abre-ano-legislativo-2023-com-leitura-da-mensagem-anual/#primaryimage"},"thumbnailUrl":"https://www.manaus.am.gov.br/semcom/wp-content/uploads/sites/5/2023/02/sugestaodepauta.png","datePublished":"2023-02-05T16:11:12+00:00","dateModified":"2023-02-08T12:24:25+00:00","description":"O prefeito de Manaus, David Almeida, realiza a leitura da Mensagem Anual, que oficializa a abertura dos trabalhos da 18ª Legislatura.","inLanguage":"pt-BR","potentialAction":[{"@type":"ReadAction","target":["https://www.manaus.am.gov.br/semcom/pautas/prefeito-david-almeida-abre-ano-legislativo-2023-com-leitura-da-mensagem-anual/"]}]},{"@type":"ImageObject","inLanguage":"pt-BR","@id":"https://www.manaus.am.gov.br/semcom/pautas/prefeito-david-almeida-abre-ano-legislativo-2023-com-leitura-da-mensagem-anual/#primaryimage","url":"https://www.manaus.am.gov.br/semcom/wp-content/uploads/sites/5/2023/02/sugestaodepauta.png","contentUrl":"https://www.manaus.am.gov.br/semcom/wp-content/uploads/sites/5/2023/02/sugestaodepauta.png","width":1020,"height":540},{"@type":"WebSite","@id":"https://www.manaus.am.gov.br/semcom/#website","url":"https://www.manaus.am.gov.br/semcom/","name":"SEMCOM","description":"Secretaria Municipal de Comunicação","potentialAction":[{"@type":"SearchAction","target":{"@type":"EntryPoint","urlTemplate":"https://www.manaus.am.gov.br/semcom/?s={search_term_string}"},"query-input":"required name=search_term_string"}],"inLanguage":"pt-BR"}]}</script>
<!-- / Yoast SEO plugin. -->

O prefeito de Manaus, David Almeida, realiza a leitura da Mensagem Anual, que oficializa a abertura dos trabalhos da 18ª Legislatura.

Secretaria Municipal de Comunicação
