{"id":208566,"date":"2023-02-02T20:48:27","date_gmt":"2023-02-02T23:48:27","guid":{"rendered":"https:\/\/www.manaus.am.gov.br\/semcom\/?post_type=pautas&#038;p=208566"},"modified":"2023-02-08T09:31:57","modified_gmt":"2023-02-08T12:31:57","slug":"manaus-e-fortaleza-anunciam-roteiro-integrado-com-foco-no-turista-internacional-durante-roadshow","status":"publish","type":"pautas","link":"https:\/\/www.manaus.am.gov.br\/semcom\/pautas\/manaus-e-fortaleza-anunciam-roteiro-integrado-com-foco-no-turista-internacional-durante-roadshow\/","title":{"rendered":"<strong>Manaus e Fortaleza anunciam roteiro integrado com foco no turista internacional durante \u2018Roadshow\u2019<\/strong>"},"content":{"rendered":"\n<p>A Prefeitura de Manaus, por meio da Funda\u00e7\u00e3o Municipal de Cultura, Turismo e Eventos (Manauscult), em parceria com a Secretaria do Turismo de Fortaleza (Setfor), lan\u00e7a nesta segunda-feira, 6\/2, \u00e0s 19h, o roteiro integrado \u201cManaus e Fortaleza \u2013 O Brasil se encontra aqui\u201d com o objetivo de fortalecer os dois destinos no mercado internacional.<\/p>\n\n\n\n<p>Na oportunidade, ser\u00e1 apresentado para operadoras e agentes de viagens em Manaus, em parceria com a Associa\u00e7\u00e3o Brasileira da Ind\u00fastria de Hot\u00e9is (ABHI-CE), o roteiro integrado em que ser\u00e3o definidos os crit\u00e9rios, as obriga\u00e7\u00f5es e as estrat\u00e9gias tur\u00edsticas.<\/p>\n\n\n\n<p>Durante o evento, os dois munic\u00edpios assinar\u00e3o um acordo de coopera\u00e7\u00e3o t\u00e9cnica com as presen\u00e7as confirmadas do secret\u00e1rio de Turismo de Fortaleza, Alexandre Pereira, e da vice-presidente da Manauscult, Oreni Braga.<\/p>\n\n\n\n<p>&#8212; &#8212; &#8212;<\/p>\n\n\n\n<p><strong>SERVI\u00c7O<\/strong><\/p>\n\n\n\n<p><strong>O qu\u00ea &#8211;&nbsp;<\/strong>Manaus e Fortaleza anunciam roteiro integrado com foco no turista internacional durante \u2018Roadshow\u2019<\/p>\n\n\n\n<p><strong>Quando &#8211;&nbsp;<\/strong>Segunda-feira, 6\/2<\/p>\n\n\n\n<p><strong>Hor\u00e1rio &#8211;&nbsp;<\/strong>19h<\/p>\n\n\n\n<p><strong>Local &#8211;&nbsp;<\/strong>Coco Bambu, no shopping Ponta Negra, na avenida Coronel Teixeira, 5.705, bairro Ponta Negra, zona Oeste<\/p>\n\n\n\n<p>&#8212; &#8212; &#8212;<\/p>\n\n\n\n<p>MANAUSCULT &#8211; Funda\u00e7\u00e3o Municipal de Cultura, Turismo e Eventos<\/p>\n\n\n\n<p>Assessor Respons\u00e1vel: Emanuelle Baires &#8211; (92) 98185-5476<\/p>\n\n\n\n<p>E-mail:&nbsp;<a href=\"mailto:comunica.manauscult@gmail.com\" target=\"_blank\" rel=\"noreferrer noopener\">comunica.manauscult@gmail.com<\/a><\/p>\n","protected":false},"featured_media":208729,"template":"","categories":[799],"acf":[],"yoast_head":"<!-- This site is optimized with the Yoast SEO plugin v23.0 - https:\/\/yoast.com\/wordpress\/plugins\/seo\/ -->\n<title>Manaus e Fortaleza anunciam roteiro integrado com foco no turista internacional durante \u2018Roadshow\u2019 - SEMCOM<\/title>\n<meta name=\"robots\" content=\"index, follow, max-snippet:-1, max-image-preview:large, max-video-preview:-1\" \/>\n<link rel=\"canonical\" href=\"https:\/\/www.manaus.am.gov.br\/semcom\/pautas\/manaus-e-fortaleza-anunciam-roteiro-integrado-com-foco-no-turista-internacional-durante-roadshow\/\" \/>\n<meta property=\"og:locale\" content=\"pt_BR\" \/>\n<meta property=\"og:type\" content=\"article\" \/>\n<meta property=\"og:title\" content=\"Manaus e Fortaleza anunciam roteiro integrado com foco no turista internacional durante \u2018Roadshow\u2019 - SEMCOM\" \/>\n<meta property=\"og:url\" content=\"https:\/\/www.manaus.am.gov.br\/semcom\/pautas\/manaus-e-fortaleza-anunciam-roteiro-integrado-com-foco-no-turista-internacional-durante-roadshow\/\" \/>\n<meta property=\"og:site_name\" content=\"SEMCOM\" \/>\n<meta property=\"article:modified_time\" content=\"2023-02-08T12:31:57+00:00\" \/>\n<meta property=\"og:image\" content=\"https:\/\/www.manaus.am.gov.br\/semcom\/wp-content\/uploads\/sites\/5\/2023\/02\/sugestaodepauta.png\" \/>\n\t<meta property=\"og:image:width\" content=\"1020\" \/>\n\t<meta property=\"og:image:height\" content=\"540\" \/>\n\t<meta property=\"og:image:type\" content=\"image\/png\" \/>\n<meta name=\"twitter:card\" content=\"summary_large_image\" \/>\n<meta name=\"twitter:label1\" content=\"Est. reading time\" \/>\n\t<meta name=\"twitter:data1\" content=\"1 minuto\" \/>\n<script type=\"application\/ld+json\" class=\"yoast-schema-graph\">{\"@context\":\"https:\/\/schema.org\",\"@graph\":[{\"@type\":\"WebPage\",\"@id\":\"https:\/\/www.manaus.am.gov.br\/semcom\/pautas\/manaus-e-fortaleza-anunciam-roteiro-integrado-com-foco-no-turista-internacional-durante-roadshow\/\",\"url\":\"https:\/\/www.manaus.am.gov.br\/semcom\/pautas\/manaus-e-fortaleza-anunciam-roteiro-integrado-com-foco-no-turista-internacional-durante-roadshow\/\",\"name\":\"Manaus e Fortaleza anunciam roteiro integrado com foco no turista internacional durante \u2018Roadshow\u2019 - SEMCOM\",\"isPartOf\":{\"@id\":\"https:\/\/www.manaus.am.gov.br\/semcom\/#website\"},\"primaryImageOfPage\":{\"@id\":\"https:\/\/www.manaus.am.gov.br\/semcom\/pautas\/manaus-e-fortaleza-anunciam-roteiro-integrado-com-foco-no-turista-internacional-durante-roadshow\/#primaryimage\"},\"image\":{\"@id\":\"https:\/\/www.manaus.am.gov.br\/semcom\/pautas\/manaus-e-fortaleza-anunciam-roteiro-integrado-com-foco-no-turista-internacional-durante-roadshow\/#primaryimage\"},\"thumbnailUrl\":\"https:\/\/www.manaus.am.gov.br\/semcom\/wp-content\/uploads\/sites\/5\/2023\/02\/sugestaodepauta.png\",\"datePublished\":\"2023-02-02T23:48:27+00:00\",\"dateModified\":\"2023-02-08T12:31:57+00:00\",\"inLanguage\":\"pt-BR\",\"potentialAction\":[{\"@type\":\"ReadAction\",\"target\":[\"https:\/\/www.manaus.am.gov.br\/semcom\/pautas\/manaus-e-fortaleza-anunciam-roteiro-integrado-com-foco-no-turista-internacional-durante-roadshow\/\"]}]},{\"@type\":\"ImageObject\",\"inLanguage\":\"pt-BR\",\"@id\":\"https:\/\/www.manaus.am.gov.br\/semcom\/pautas\/manaus-e-fortaleza-anunciam-roteiro-integrado-com-foco-no-turista-internacional-durante-roadshow\/#primaryimage\",\"url\":\"https:\/\/www.manaus.am.gov.br\/semcom\/wp-content\/uploads\/sites\/5\/2023\/02\/sugestaodepauta.png\",\"contentUrl\":\"https:\/\/www.manaus.am.gov.br\/semcom\/wp-content\/uploads\/sites\/5\/2023\/02\/sugestaodepauta.png\",\"width\":1020,\"height\":540},{\"@type\":\"WebSite\",\"@id\":\"https:\/\/www.manaus.am.gov.br\/semcom\/#website\",\"url\":\"https:\/\/www.manaus.am.gov.br\/semcom\/\",\"name\":\"SEMCOM\",\"description\":\"Secretaria Municipal de Comunica\u00e7\u00e3o\",\"potentialAction\":[{\"@type\":\"SearchAction\",\"target\":{\"@type\":\"EntryPoint\",\"urlTemplate\":\"https:\/\/www.manaus.am.gov.br\/semcom\/?s={search_term_string}\"},\"query-input\":\"required name=search_term_string\"}],\"inLanguage\":\"pt-BR\"}]}<\/script>\n<!-- \/ Yoast SEO plugin. -->","yoast_head_json":{"title":"Manaus e Fortaleza anunciam roteiro integrado com foco no turista internacional durante \u2018Roadshow\u2019 - SEMCOM","robots":{"index":"index","follow":"follow","max-snippet":"max-snippet:-1","max-image-preview":"max-image-preview:large","max-video-preview":"max-video-preview:-1"},"canonical":"https:\/\/www.manaus.am.gov.br\/semcom\/pautas\/manaus-e-fortaleza-anunciam-roteiro-integrado-com-foco-no-turista-internacional-durante-roadshow\/","og_locale":"pt_BR","og_type":"article","og_title":"Manaus e Fortaleza anunciam roteiro integrado com foco no turista internacional durante \u2018Roadshow\u2019 - SEMCOM","og_url":"https:\/\/www.manaus.am.gov.br\/semcom\/pautas\/manaus-e-fortaleza-anunciam-roteiro-integrado-com-foco-no-turista-internacional-durante-roadshow\/","og_site_name":"SEMCOM","article_modified_time":"2023-02-08T12:31:57+00:00","og_image":[{"width":1020,"height":540,"url":"https:\/\/www.manaus.am.gov.br\/semcom\/wp-content\/uploads\/sites\/5\/2023\/02\/sugestaodepauta.png","type":"image\/png"}],"twitter_card":"summary_large_image","twitter_misc":{"Est. reading time":"1 minuto"},"schema":{"@context":"https:\/\/schema.org","@graph":[{"@type":"WebPage","@id":"https:\/\/www.manaus.am.gov.br\/semcom\/pautas\/manaus-e-fortaleza-anunciam-roteiro-integrado-com-foco-no-turista-internacional-durante-roadshow\/","url":"https:\/\/www.manaus.am.gov.br\/semcom\/pautas\/manaus-e-fortaleza-anunciam-roteiro-integrado-com-foco-no-turista-internacional-durante-roadshow\/","name":"Manaus e Fortaleza anunciam roteiro integrado com foco no turista internacional durante \u2018Roadshow\u2019 - SEMCOM","isPartOf":{"@id":"https:\/\/www.manaus.am.gov.br\/semcom\/#website"},"primaryImageOfPage":{"@id":"https:\/\/www.manaus.am.gov.br\/semcom\/pautas\/manaus-e-fortaleza-anunciam-roteiro-integrado-com-foco-no-turista-internacional-durante-roadshow\/#primaryimage"},"image":{"@id":"https:\/\/www.manaus.am.gov.br\/semcom\/pautas\/manaus-e-fortaleza-anunciam-roteiro-integrado-com-foco-no-turista-internacional-durante-roadshow\/#primaryimage"},"thumbnailUrl":"https:\/\/www.manaus.am.gov.br\/semcom\/wp-content\/uploads\/sites\/5\/2023\/02\/sugestaodepauta.png","datePublished":"2023-02-02T23:48:27+00:00","dateModified":"2023-02-08T12:31:57+00:00","inLanguage":"pt-BR","potentialAction":[{"@type":"ReadAction","target":["https:\/\/www.manaus.am.gov.br\/semcom\/pautas\/manaus-e-fortaleza-anunciam-roteiro-integrado-com-foco-no-turista-internacional-durante-roadshow\/"]}]},{"@type":"ImageObject","inLanguage":"pt-BR","@id":"https:\/\/www.manaus.am.gov.br\/semcom\/pautas\/manaus-e-fortaleza-anunciam-roteiro-integrado-com-foco-no-turista-internacional-durante-roadshow\/#primaryimage","url":"https:\/\/www.manaus.am.gov.br\/semcom\/wp-content\/uploads\/sites\/5\/2023\/02\/sugestaodepauta.png","contentUrl":"https:\/\/www.manaus.am.gov.br\/semcom\/wp-content\/uploads\/sites\/5\/2023\/02\/sugestaodepauta.png","width":1020,"height":540},{"@type":"WebSite","@id":"https:\/\/www.manaus.am.gov.br\/semcom\/#website","url":"https:\/\/www.manaus.am.gov.br\/semcom\/","name":"SEMCOM","description":"Secretaria Municipal de Comunica\u00e7\u00e3o","potentialAction":[{"@type":"SearchAction","target":{"@type":"EntryPoint","urlTemplate":"https:\/\/www.manaus.am.gov.br\/semcom\/?s={search_term_string}"},"query-input":"required name=search_term_string"}],"inLanguage":"pt-BR"}]}},"_links":{"self":[{"href":"https:\/\/www.manaus.am.gov.br\/semcom\/wp-json\/wp\/v2\/pautas\/208566"}],"collection":[{"href":"https:\/\/www.manaus.am.gov.br\/semcom\/wp-json\/wp\/v2\/pautas"}],"about":[{"href":"https:\/\/www.manaus.am.gov.br\/semcom\/wp-json\/wp\/v2\/types\/pautas"}],"wp:featuredmedia":[{"embeddable":true,"href":"https:\/\/www.manaus.am.gov.br\/semcom\/wp-json\/wp\/v2\/media\/208729"}],"wp:attachment":[{"href":"https:\/\/www.manaus.am.gov.br\/semcom\/wp-json\/wp\/v2\/media?parent=208566"}],"wp:term":[{"taxonomy":"category","embeddable":true,"href":"https:\/\/www.manaus.am.gov.br\/semcom\/wp-json\/wp\/v2\/categories?post=208566"}],"curies":[{"name":"wp","href":"https:\/\/api.w.org\/{rel}","templated":true}]}}

<p>A Prefeitura de Manaus, por meio da Fundação Municipal de Cultura, Turismo e Eventos (Manauscult), em parceria com a Secretaria do Turismo de Fortaleza (Setfor), lança nesta segunda-feira, 6/2, às 19h, o roteiro integrado “Manaus e Fortaleza – O Brasil se encontra aqui” com o objetivo de fortalecer os dois destinos no mercado internacional.</p>



<p>Na oportunidade, será apresentado para operadoras e agentes de viagens em Manaus, em parceria com a Associação Brasileira da Indústria de Hotéis (ABHI-CE), o roteiro integrado em que serão definidos os critérios, as obrigações e as estratégias turísticas.</p>



<p>Durante o evento, os dois municípios assinarão um acordo de cooperação técnica com as presenças confirmadas do secretário de Turismo de Fortaleza, Alexandre Pereira, e da vice-presidente da Manauscult, Oreni Braga.</p>



<p>&#8212; &#8212; &#8212;</p>



<p><strong>SERVIÇO</strong></p>



<p><strong>O quê &#8211;&nbsp;</strong>Manaus e Fortaleza anunciam roteiro integrado com foco no turista internacional durante ‘Roadshow’</p>



<p><strong>Quando &#8211;&nbsp;</strong>Segunda-feira, 6/2</p>



<p><strong>Horário &#8211;&nbsp;</strong>19h</p>



<p><strong>Local &#8211;&nbsp;</strong>Coco Bambu, no shopping Ponta Negra, na avenida Coronel Teixeira, 5.705, bairro Ponta Negra, zona Oeste</p>



<p>&#8212; &#8212; &#8212;</p>



<p>MANAUSCULT &#8211; Fundação Municipal de Cultura, Turismo e Eventos</p>



<p>Assessor Responsável: Emanuelle Baires &#8211; (92) 98185-5476</p>



<p>E-mail:&nbsp;<a href="mailto:comunica.manauscult@gmail.com" target="_blank" rel="noreferrer noopener">comunica.manauscult@gmail.com</a></p>

<!-- This site is optimized with the Yoast SEO plugin v23.0 - https://yoast.com/wordpress/plugins/seo/ -->
<title>Manaus e Fortaleza anunciam roteiro integrado com foco no turista internacional durante ‘Roadshow’ - SEMCOM</title>
<meta name="robots" content="index, follow, max-snippet:-1, max-image-preview:large, max-video-preview:-1" />
<link rel="canonical" href="https://www.manaus.am.gov.br/semcom/pautas/manaus-e-fortaleza-anunciam-roteiro-integrado-com-foco-no-turista-internacional-durante-roadshow/" />
<meta property="og:locale" content="pt_BR" />
<meta property="og:type" content="article" />
<meta property="og:title" content="Manaus e Fortaleza anunciam roteiro integrado com foco no turista internacional durante ‘Roadshow’ - SEMCOM" />
<meta property="og:url" content="https://www.manaus.am.gov.br/semcom/pautas/manaus-e-fortaleza-anunciam-roteiro-integrado-com-foco-no-turista-internacional-durante-roadshow/" />
<meta property="og:site_name" content="SEMCOM" />
<meta property="article:modified_time" content="2023-02-08T12:31:57+00:00" />
<meta property="og:image" content="https://www.manaus.am.gov.br/semcom/wp-content/uploads/sites/5/2023/02/sugestaodepauta.png" />
	<meta property="og:image:width" content="1020" />
	<meta property="og:image:height" content="540" />
	<meta property="og:image:type" content="image/png" />
<meta name="twitter:card" content="summary_large_image" />
<meta name="twitter:label1" content="Est. reading time" />
	<meta name="twitter:data1" content="1 minuto" />
<script type="application/ld+json" class="yoast-schema-graph">{"@context":"https://schema.org","@graph":[{"@type":"WebPage","@id":"https://www.manaus.am.gov.br/semcom/pautas/manaus-e-fortaleza-anunciam-roteiro-integrado-com-foco-no-turista-internacional-durante-roadshow/","url":"https://www.manaus.am.gov.br/semcom/pautas/manaus-e-fortaleza-anunciam-roteiro-integrado-com-foco-no-turista-internacional-durante-roadshow/","name":"Manaus e Fortaleza anunciam roteiro integrado com foco no turista internacional durante ‘Roadshow’ - SEMCOM","isPartOf":{"@id":"https://www.manaus.am.gov.br/semcom/#website"},"primaryImageOfPage":{"@id":"https://www.manaus.am.gov.br/semcom/pautas/manaus-e-fortaleza-anunciam-roteiro-integrado-com-foco-no-turista-internacional-durante-roadshow/#primaryimage"},"image":{"@id":"https://www.manaus.am.gov.br/semcom/pautas/manaus-e-fortaleza-anunciam-roteiro-integrado-com-foco-no-turista-internacional-durante-roadshow/#primaryimage"},"thumbnailUrl":"https://www.manaus.am.gov.br/semcom/wp-content/uploads/sites/5/2023/02/sugestaodepauta.png","datePublished":"2023-02-02T23:48:27+00:00","dateModified":"2023-02-08T12:31:57+00:00","inLanguage":"pt-BR","potentialAction":[{"@type":"ReadAction","target":["https://www.manaus.am.gov.br/semcom/pautas/manaus-e-fortaleza-anunciam-roteiro-integrado-com-foco-no-turista-internacional-durante-roadshow/"]}]},{"@type":"ImageObject","inLanguage":"pt-BR","@id":"https://www.manaus.am.gov.br/semcom/pautas/manaus-e-fortaleza-anunciam-roteiro-integrado-com-foco-no-turista-internacional-durante-roadshow/#primaryimage","url":"https://www.manaus.am.gov.br/semcom/wp-content/uploads/sites/5/2023/02/sugestaodepauta.png","contentUrl":"https://www.manaus.am.gov.br/semcom/wp-content/uploads/sites/5/2023/02/sugestaodepauta.png","width":1020,"height":540},{"@type":"WebSite","@id":"https://www.manaus.am.gov.br/semcom/#website","url":"https://www.manaus.am.gov.br/semcom/","name":"SEMCOM","description":"Secretaria Municipal de Comunicação","potentialAction":[{"@type":"SearchAction","target":{"@type":"EntryPoint","urlTemplate":"https://www.manaus.am.gov.br/semcom/?s={search_term_string}"},"query-input":"required name=search_term_string"}],"inLanguage":"pt-BR"}]}</script>
<!-- / Yoast SEO plugin. -->

Secretaria Municipal de Comunicação
