{"id":208539,"date":"2023-02-02T15:53:07","date_gmt":"2023-02-02T18:53:07","guid":{"rendered":"https:\/\/www.manaus.am.gov.br\/semcom\/?post_type=pautas&#038;p=208539"},"modified":"2023-02-08T09:32:28","modified_gmt":"2023-02-08T12:32:28","slug":"dia-d-recolhimento-de-pneus","status":"publish","type":"pautas","link":"https:\/\/www.manaus.am.gov.br\/semcom\/pautas\/dia-d-recolhimento-de-pneus\/","title":{"rendered":"Prefeitura realiza o &#8216;Dia D de recolhimento de pneus&#8217; na cidade"},"content":{"rendered":"\n<p>A Prefeitura de Manaus, por meio da Secretaria Municipal de Limpeza Urbana (Semulsp), realiza, nesta sexta-feira, 3\/2, \u00e0s 8h, \u201cO Dia D de recolhimento de pneus\u201d, onde ser\u00e3o recolhidos pneus velhos que estiverem jogados nas ruas da cidade e assim impedir que essa mat\u00e9ria-prima cause danos ao meio ambiente. Ap\u00f3s a remo\u00e7\u00e3o, todo material recolhido ser\u00e1 encaminhado \u00e0 secretaria, que ir\u00e1 us\u00e1-los no paisagismo da cidade.<\/p>\n\n\n\n<p><strong>SERVI\u00c7O<\/strong><\/p>\n\n\n\n<p><strong>O qu\u00ea<\/strong>&nbsp;\u2013 Prefeitura realiza Dia D de pneus na cidade<\/p>\n\n\n\n<p><strong>Data&nbsp;<\/strong>\u2013 Sexta-feira, 3\/2<\/p>\n\n\n\n<p><strong>Hor\u00e1rio<\/strong>&nbsp;\u2013 8h<\/p>\n\n\n\n<p><strong>Local<\/strong>&nbsp;&#8211; Ponto de encontro na sede da Semulsp, na avenida Brasil, 1.335, Compensa, zona Oeste<\/p>\n","protected":false},"featured_media":208729,"template":"","categories":[805],"acf":[],"yoast_head":"<!-- This site is optimized with the Yoast SEO plugin v23.0 - https:\/\/yoast.com\/wordpress\/plugins\/seo\/ -->\n<title>Prefeitura realiza o &#039;Dia D de recolhimento de pneus&#039; na cidade<\/title>\n<meta name=\"description\" content=\"A Prefeitura de Manaus, por meio da Semulsp, realiza, nesta sexta-feira, 3\/2, \u00e0s 8h, \u201cO Dia D de recolhimento de pneus\u201d\" \/>\n<meta name=\"robots\" content=\"index, follow, max-snippet:-1, max-image-preview:large, max-video-preview:-1\" \/>\n<link rel=\"canonical\" href=\"https:\/\/www.manaus.am.gov.br\/semcom\/pautas\/dia-d-recolhimento-de-pneus\/\" \/>\n<meta property=\"og:locale\" content=\"pt_BR\" \/>\n<meta property=\"og:type\" content=\"article\" \/>\n<meta property=\"og:title\" content=\"Prefeitura realiza o &#039;Dia D de recolhimento de pneus&#039; na cidade\" \/>\n<meta property=\"og:description\" content=\"A Prefeitura de Manaus, por meio da Semulsp, realiza, nesta sexta-feira, 3\/2, \u00e0s 8h, \u201cO Dia D de recolhimento de pneus\u201d\" \/>\n<meta property=\"og:url\" content=\"https:\/\/www.manaus.am.gov.br\/semcom\/pautas\/dia-d-recolhimento-de-pneus\/\" \/>\n<meta property=\"og:site_name\" content=\"SEMCOM\" \/>\n<meta property=\"article:modified_time\" content=\"2023-02-08T12:32:28+00:00\" \/>\n<meta property=\"og:image\" content=\"https:\/\/www.manaus.am.gov.br\/semcom\/wp-content\/uploads\/sites\/5\/2023\/02\/sugestaodepauta.png\" \/>\n\t<meta property=\"og:image:width\" content=\"1020\" \/>\n\t<meta property=\"og:image:height\" content=\"540\" \/>\n\t<meta property=\"og:image:type\" content=\"image\/png\" \/>\n<meta name=\"twitter:card\" content=\"summary_large_image\" \/>\n<meta name=\"twitter:label1\" content=\"Est. reading time\" \/>\n\t<meta name=\"twitter:data1\" content=\"1 minuto\" \/>\n<script type=\"application\/ld+json\" class=\"yoast-schema-graph\">{\"@context\":\"https:\/\/schema.org\",\"@graph\":[{\"@type\":\"WebPage\",\"@id\":\"https:\/\/www.manaus.am.gov.br\/semcom\/pautas\/dia-d-recolhimento-de-pneus\/\",\"url\":\"https:\/\/www.manaus.am.gov.br\/semcom\/pautas\/dia-d-recolhimento-de-pneus\/\",\"name\":\"Prefeitura realiza o 'Dia D de recolhimento de pneus' na cidade\",\"isPartOf\":{\"@id\":\"https:\/\/www.manaus.am.gov.br\/semcom\/#website\"},\"primaryImageOfPage\":{\"@id\":\"https:\/\/www.manaus.am.gov.br\/semcom\/pautas\/dia-d-recolhimento-de-pneus\/#primaryimage\"},\"image\":{\"@id\":\"https:\/\/www.manaus.am.gov.br\/semcom\/pautas\/dia-d-recolhimento-de-pneus\/#primaryimage\"},\"thumbnailUrl\":\"https:\/\/www.manaus.am.gov.br\/semcom\/wp-content\/uploads\/sites\/5\/2023\/02\/sugestaodepauta.png\",\"datePublished\":\"2023-02-02T18:53:07+00:00\",\"dateModified\":\"2023-02-08T12:32:28+00:00\",\"description\":\"A Prefeitura de Manaus, por meio da Semulsp, realiza, nesta sexta-feira, 3\/2, \u00e0s 8h, \u201cO Dia D de recolhimento de pneus\u201d\",\"inLanguage\":\"pt-BR\",\"potentialAction\":[{\"@type\":\"ReadAction\",\"target\":[\"https:\/\/www.manaus.am.gov.br\/semcom\/pautas\/dia-d-recolhimento-de-pneus\/\"]}]},{\"@type\":\"ImageObject\",\"inLanguage\":\"pt-BR\",\"@id\":\"https:\/\/www.manaus.am.gov.br\/semcom\/pautas\/dia-d-recolhimento-de-pneus\/#primaryimage\",\"url\":\"https:\/\/www.manaus.am.gov.br\/semcom\/wp-content\/uploads\/sites\/5\/2023\/02\/sugestaodepauta.png\",\"contentUrl\":\"https:\/\/www.manaus.am.gov.br\/semcom\/wp-content\/uploads\/sites\/5\/2023\/02\/sugestaodepauta.png\",\"width\":1020,\"height\":540},{\"@type\":\"WebSite\",\"@id\":\"https:\/\/www.manaus.am.gov.br\/semcom\/#website\",\"url\":\"https:\/\/www.manaus.am.gov.br\/semcom\/\",\"name\":\"SEMCOM\",\"description\":\"Secretaria Municipal de Comunica\u00e7\u00e3o\",\"potentialAction\":[{\"@type\":\"SearchAction\",\"target\":{\"@type\":\"EntryPoint\",\"urlTemplate\":\"https:\/\/www.manaus.am.gov.br\/semcom\/?s={search_term_string}\"},\"query-input\":\"required name=search_term_string\"}],\"inLanguage\":\"pt-BR\"}]}<\/script>\n<!-- \/ Yoast SEO plugin. -->","yoast_head_json":{"title":"Prefeitura realiza o 'Dia D de recolhimento de pneus' na cidade","description":"A Prefeitura de Manaus, por meio da Semulsp, realiza, nesta sexta-feira, 3\/2, \u00e0s 8h, \u201cO Dia D de recolhimento de pneus\u201d","robots":{"index":"index","follow":"follow","max-snippet":"max-snippet:-1","max-image-preview":"max-image-preview:large","max-video-preview":"max-video-preview:-1"},"canonical":"https:\/\/www.manaus.am.gov.br\/semcom\/pautas\/dia-d-recolhimento-de-pneus\/","og_locale":"pt_BR","og_type":"article","og_title":"Prefeitura realiza o 'Dia D de recolhimento de pneus' na cidade","og_description":"A Prefeitura de Manaus, por meio da Semulsp, realiza, nesta sexta-feira, 3\/2, \u00e0s 8h, \u201cO Dia D de recolhimento de pneus\u201d","og_url":"https:\/\/www.manaus.am.gov.br\/semcom\/pautas\/dia-d-recolhimento-de-pneus\/","og_site_name":"SEMCOM","article_modified_time":"2023-02-08T12:32:28+00:00","og_image":[{"width":1020,"height":540,"url":"https:\/\/www.manaus.am.gov.br\/semcom\/wp-content\/uploads\/sites\/5\/2023\/02\/sugestaodepauta.png","type":"image\/png"}],"twitter_card":"summary_large_image","twitter_misc":{"Est. reading time":"1 minuto"},"schema":{"@context":"https:\/\/schema.org","@graph":[{"@type":"WebPage","@id":"https:\/\/www.manaus.am.gov.br\/semcom\/pautas\/dia-d-recolhimento-de-pneus\/","url":"https:\/\/www.manaus.am.gov.br\/semcom\/pautas\/dia-d-recolhimento-de-pneus\/","name":"Prefeitura realiza o 'Dia D de recolhimento de pneus' na cidade","isPartOf":{"@id":"https:\/\/www.manaus.am.gov.br\/semcom\/#website"},"primaryImageOfPage":{"@id":"https:\/\/www.manaus.am.gov.br\/semcom\/pautas\/dia-d-recolhimento-de-pneus\/#primaryimage"},"image":{"@id":"https:\/\/www.manaus.am.gov.br\/semcom\/pautas\/dia-d-recolhimento-de-pneus\/#primaryimage"},"thumbnailUrl":"https:\/\/www.manaus.am.gov.br\/semcom\/wp-content\/uploads\/sites\/5\/2023\/02\/sugestaodepauta.png","datePublished":"2023-02-02T18:53:07+00:00","dateModified":"2023-02-08T12:32:28+00:00","description":"A Prefeitura de Manaus, por meio da Semulsp, realiza, nesta sexta-feira, 3\/2, \u00e0s 8h, \u201cO Dia D de recolhimento de pneus\u201d","inLanguage":"pt-BR","potentialAction":[{"@type":"ReadAction","target":["https:\/\/www.manaus.am.gov.br\/semcom\/pautas\/dia-d-recolhimento-de-pneus\/"]}]},{"@type":"ImageObject","inLanguage":"pt-BR","@id":"https:\/\/www.manaus.am.gov.br\/semcom\/pautas\/dia-d-recolhimento-de-pneus\/#primaryimage","url":"https:\/\/www.manaus.am.gov.br\/semcom\/wp-content\/uploads\/sites\/5\/2023\/02\/sugestaodepauta.png","contentUrl":"https:\/\/www.manaus.am.gov.br\/semcom\/wp-content\/uploads\/sites\/5\/2023\/02\/sugestaodepauta.png","width":1020,"height":540},{"@type":"WebSite","@id":"https:\/\/www.manaus.am.gov.br\/semcom\/#website","url":"https:\/\/www.manaus.am.gov.br\/semcom\/","name":"SEMCOM","description":"Secretaria Municipal de Comunica\u00e7\u00e3o","potentialAction":[{"@type":"SearchAction","target":{"@type":"EntryPoint","urlTemplate":"https:\/\/www.manaus.am.gov.br\/semcom\/?s={search_term_string}"},"query-input":"required name=search_term_string"}],"inLanguage":"pt-BR"}]}},"_links":{"self":[{"href":"https:\/\/www.manaus.am.gov.br\/semcom\/wp-json\/wp\/v2\/pautas\/208539"}],"collection":[{"href":"https:\/\/www.manaus.am.gov.br\/semcom\/wp-json\/wp\/v2\/pautas"}],"about":[{"href":"https:\/\/www.manaus.am.gov.br\/semcom\/wp-json\/wp\/v2\/types\/pautas"}],"wp:featuredmedia":[{"embeddable":true,"href":"https:\/\/www.manaus.am.gov.br\/semcom\/wp-json\/wp\/v2\/media\/208729"}],"wp:attachment":[{"href":"https:\/\/www.manaus.am.gov.br\/semcom\/wp-json\/wp\/v2\/media?parent=208539"}],"wp:term":[{"taxonomy":"category","embeddable":true,"href":"https:\/\/www.manaus.am.gov.br\/semcom\/wp-json\/wp\/v2\/categories?post=208539"}],"curies":[{"name":"wp","href":"https:\/\/api.w.org\/{rel}","templated":true}]}}

<p>A Prefeitura de Manaus, por meio da Secretaria Municipal de Limpeza Urbana (Semulsp), realiza, nesta sexta-feira, 3/2, às 8h, “O Dia D de recolhimento de pneus”, onde serão recolhidos pneus velhos que estiverem jogados nas ruas da cidade e assim impedir que essa matéria-prima cause danos ao meio ambiente. Após a remoção, todo material recolhido será encaminhado à secretaria, que irá usá-los no paisagismo da cidade.</p>



<p><strong>SERVIÇO</strong></p>



<p><strong>O quê</strong>&nbsp;– Prefeitura realiza Dia D de pneus na cidade</p>



<p><strong>Data&nbsp;</strong>– Sexta-feira, 3/2</p>



<p><strong>Horário</strong>&nbsp;– 8h</p>



<p><strong>Local</strong>&nbsp;&#8211; Ponto de encontro na sede da Semulsp, na avenida Brasil, 1.335, Compensa, zona Oeste</p>

<!-- This site is optimized with the Yoast SEO plugin v23.0 - https://yoast.com/wordpress/plugins/seo/ -->
<title>Prefeitura realiza o &#039;Dia D de recolhimento de pneus&#039; na cidade</title>
<meta name="description" content="A Prefeitura de Manaus, por meio da Semulsp, realiza, nesta sexta-feira, 3/2, às 8h, “O Dia D de recolhimento de pneus”" />
<meta name="robots" content="index, follow, max-snippet:-1, max-image-preview:large, max-video-preview:-1" />
<link rel="canonical" href="https://www.manaus.am.gov.br/semcom/pautas/dia-d-recolhimento-de-pneus/" />
<meta property="og:locale" content="pt_BR" />
<meta property="og:type" content="article" />
<meta property="og:title" content="Prefeitura realiza o &#039;Dia D de recolhimento de pneus&#039; na cidade" />
<meta property="og:description" content="A Prefeitura de Manaus, por meio da Semulsp, realiza, nesta sexta-feira, 3/2, às 8h, “O Dia D de recolhimento de pneus”" />
<meta property="og:url" content="https://www.manaus.am.gov.br/semcom/pautas/dia-d-recolhimento-de-pneus/" />
<meta property="og:site_name" content="SEMCOM" />
<meta property="article:modified_time" content="2023-02-08T12:32:28+00:00" />
<meta property="og:image" content="https://www.manaus.am.gov.br/semcom/wp-content/uploads/sites/5/2023/02/sugestaodepauta.png" />
	<meta property="og:image:width" content="1020" />
	<meta property="og:image:height" content="540" />
	<meta property="og:image:type" content="image/png" />
<meta name="twitter:card" content="summary_large_image" />
<meta name="twitter:label1" content="Est. reading time" />
	<meta name="twitter:data1" content="1 minuto" />
<script type="application/ld+json" class="yoast-schema-graph">{"@context":"https://schema.org","@graph":[{"@type":"WebPage","@id":"https://www.manaus.am.gov.br/semcom/pautas/dia-d-recolhimento-de-pneus/","url":"https://www.manaus.am.gov.br/semcom/pautas/dia-d-recolhimento-de-pneus/","name":"Prefeitura realiza o 'Dia D de recolhimento de pneus' na cidade","isPartOf":{"@id":"https://www.manaus.am.gov.br/semcom/#website"},"primaryImageOfPage":{"@id":"https://www.manaus.am.gov.br/semcom/pautas/dia-d-recolhimento-de-pneus/#primaryimage"},"image":{"@id":"https://www.manaus.am.gov.br/semcom/pautas/dia-d-recolhimento-de-pneus/#primaryimage"},"thumbnailUrl":"https://www.manaus.am.gov.br/semcom/wp-content/uploads/sites/5/2023/02/sugestaodepauta.png","datePublished":"2023-02-02T18:53:07+00:00","dateModified":"2023-02-08T12:32:28+00:00","description":"A Prefeitura de Manaus, por meio da Semulsp, realiza, nesta sexta-feira, 3/2, às 8h, “O Dia D de recolhimento de pneus”","inLanguage":"pt-BR","potentialAction":[{"@type":"ReadAction","target":["https://www.manaus.am.gov.br/semcom/pautas/dia-d-recolhimento-de-pneus/"]}]},{"@type":"ImageObject","inLanguage":"pt-BR","@id":"https://www.manaus.am.gov.br/semcom/pautas/dia-d-recolhimento-de-pneus/#primaryimage","url":"https://www.manaus.am.gov.br/semcom/wp-content/uploads/sites/5/2023/02/sugestaodepauta.png","contentUrl":"https://www.manaus.am.gov.br/semcom/wp-content/uploads/sites/5/2023/02/sugestaodepauta.png","width":1020,"height":540},{"@type":"WebSite","@id":"https://www.manaus.am.gov.br/semcom/#website","url":"https://www.manaus.am.gov.br/semcom/","name":"SEMCOM","description":"Secretaria Municipal de Comunicação","potentialAction":[{"@type":"SearchAction","target":{"@type":"EntryPoint","urlTemplate":"https://www.manaus.am.gov.br/semcom/?s={search_term_string}"},"query-input":"required name=search_term_string"}],"inLanguage":"pt-BR"}]}</script>
<!-- / Yoast SEO plugin. -->

A Prefeitura de Manaus, por meio da Semulsp, realiza, nesta sexta-feira, 3/2, às 8h, “O Dia D de recolhimento de pneus”

Secretaria Municipal de Comunicação
