{"id":208400,"date":"2023-01-31T14:28:44","date_gmt":"2023-01-31T17:28:44","guid":{"rendered":"https:\/\/www.manaus.am.gov.br\/semcom\/?post_type=pautas&#038;p=208400"},"modified":"2023-02-08T09:59:19","modified_gmt":"2023-02-08T12:59:19","slug":"prefeitura-de-manaus-realiza-abertura-do-ano-letivo-e-lancamento-do-programa-educa-manaus-nesta-quinta-feira-2-2","status":"publish","type":"pautas","link":"https:\/\/www.manaus.am.gov.br\/semcom\/pautas\/prefeitura-de-manaus-realiza-abertura-do-ano-letivo-e-lancamento-do-programa-educa-manaus-nesta-quinta-feira-2-2\/","title":{"rendered":"<strong>Prefeitura de Manaus realiza abertura do ano letivo e lan\u00e7amento do programa \u2018Educa + Manaus\u2019, nesta quinta-feira, 2\/2<\/strong>"},"content":{"rendered":"\n<p>A Prefeitura de Manaus realiza, nesta quinta-feira, 2\/2, a abertura do ano letivo de 2023, destinada a professores do 5\u00ba ao 9\u00ba anos do ensino fundamental da rede municipal de ensino. O evento inicia a partir das 7h30, no audit\u00f3rio da Secretaria Municipal de Educa\u00e7\u00e3o (Semed).&nbsp; Em 2023, o tema do ano letivo \u00e9 &#8220;Educa\u00e7\u00e3o: Compromisso de todos potencializando a forma\u00e7\u00e3o integral do ser humano&#8221;.&nbsp;<\/p>\n\n\n\n<p>Na oportunidade, ser\u00e1 lan\u00e7ado o programa \u201cEduca + Manaus\u201d. A Iniciativa busca, por meio de estrat\u00e9gias pedag\u00f3gicas, melhorar o desempenho dos alunos nas avalia\u00e7\u00f5es que comp\u00f5em o Sistema Nacional de Avalia\u00e7\u00e3o da Educa\u00e7\u00e3o B\u00e1sica (Saeb).<\/p>\n\n\n\n<p><strong>SERVI\u00c7O:<\/strong><\/p>\n\n\n\n<p><strong>O qu\u00ea &#8211;&nbsp;<\/strong>Abertura do ano letivo da rede municipal de ensino&nbsp;<\/p>\n\n\n\n<p><strong>Quando &#8211;<\/strong>&nbsp;Quinta-feira, 2\/2&nbsp;<\/p>\n\n\n\n<p><strong>Hor\u00e1rio &#8211;&nbsp;<\/strong>7h30<\/p>\n\n\n\n<p><strong>Local &#8211;&nbsp;<\/strong>Audit\u00f3rio da Semed, na avenida Macei\u00f3, n\u00ba 2.358, bairro Parque 10 de Novembro<\/p>\n","protected":false},"featured_media":208729,"template":"","categories":[788],"acf":[],"yoast_head":"<!-- This site is optimized with the Yoast SEO plugin v23.0 - https:\/\/yoast.com\/wordpress\/plugins\/seo\/ -->\n<title>Prefeitura de Manaus realiza abertura do ano letivo e lan\u00e7amento do programa \u2018Educa + Manaus\u2019, nesta quinta-feira, 2\/2 - SEMCOM<\/title>\n<meta name=\"description\" content=\"A Prefeitura de Manaus realiza, nesta quinta-feira, 2\/2, a abertura do ano letivo de 2023, destinada a professores do 5\u00ba a 9\u00ba anos\" \/>\n<meta name=\"robots\" content=\"index, follow, max-snippet:-1, max-image-preview:large, max-video-preview:-1\" \/>\n<link rel=\"canonical\" href=\"https:\/\/www.manaus.am.gov.br\/semcom\/pautas\/prefeitura-de-manaus-realiza-abertura-do-ano-letivo-e-lancamento-do-programa-educa-manaus-nesta-quinta-feira-2-2\/\" \/>\n<meta property=\"og:locale\" content=\"pt_BR\" \/>\n<meta property=\"og:type\" content=\"article\" \/>\n<meta property=\"og:title\" content=\"Prefeitura de Manaus realiza abertura do ano letivo e lan\u00e7amento do programa \u2018Educa + Manaus\u2019, nesta quinta-feira, 2\/2 - SEMCOM\" \/>\n<meta property=\"og:description\" content=\"A Prefeitura de Manaus realiza, nesta quinta-feira, 2\/2, a abertura do ano letivo de 2023, destinada a professores do 5\u00ba a 9\u00ba anos\" \/>\n<meta property=\"og:url\" content=\"https:\/\/www.manaus.am.gov.br\/semcom\/pautas\/prefeitura-de-manaus-realiza-abertura-do-ano-letivo-e-lancamento-do-programa-educa-manaus-nesta-quinta-feira-2-2\/\" \/>\n<meta property=\"og:site_name\" content=\"SEMCOM\" \/>\n<meta property=\"article:modified_time\" content=\"2023-02-08T12:59:19+00:00\" \/>\n<meta property=\"og:image\" content=\"https:\/\/www.manaus.am.gov.br\/semcom\/wp-content\/uploads\/sites\/5\/2023\/02\/sugestaodepauta.png\" \/>\n\t<meta property=\"og:image:width\" content=\"1020\" \/>\n\t<meta property=\"og:image:height\" content=\"540\" \/>\n\t<meta property=\"og:image:type\" content=\"image\/png\" \/>\n<meta name=\"twitter:card\" content=\"summary_large_image\" \/>\n<meta name=\"twitter:label1\" content=\"Est. reading time\" \/>\n\t<meta name=\"twitter:data1\" content=\"1 minuto\" \/>\n<script type=\"application\/ld+json\" class=\"yoast-schema-graph\">{\"@context\":\"https:\/\/schema.org\",\"@graph\":[{\"@type\":\"WebPage\",\"@id\":\"https:\/\/www.manaus.am.gov.br\/semcom\/pautas\/prefeitura-de-manaus-realiza-abertura-do-ano-letivo-e-lancamento-do-programa-educa-manaus-nesta-quinta-feira-2-2\/\",\"url\":\"https:\/\/www.manaus.am.gov.br\/semcom\/pautas\/prefeitura-de-manaus-realiza-abertura-do-ano-letivo-e-lancamento-do-programa-educa-manaus-nesta-quinta-feira-2-2\/\",\"name\":\"Prefeitura de Manaus realiza abertura do ano letivo e lan\u00e7amento do programa \u2018Educa + Manaus\u2019, nesta quinta-feira, 2\/2 - SEMCOM\",\"isPartOf\":{\"@id\":\"https:\/\/www.manaus.am.gov.br\/semcom\/#website\"},\"primaryImageOfPage\":{\"@id\":\"https:\/\/www.manaus.am.gov.br\/semcom\/pautas\/prefeitura-de-manaus-realiza-abertura-do-ano-letivo-e-lancamento-do-programa-educa-manaus-nesta-quinta-feira-2-2\/#primaryimage\"},\"image\":{\"@id\":\"https:\/\/www.manaus.am.gov.br\/semcom\/pautas\/prefeitura-de-manaus-realiza-abertura-do-ano-letivo-e-lancamento-do-programa-educa-manaus-nesta-quinta-feira-2-2\/#primaryimage\"},\"thumbnailUrl\":\"https:\/\/www.manaus.am.gov.br\/semcom\/wp-content\/uploads\/sites\/5\/2023\/02\/sugestaodepauta.png\",\"datePublished\":\"2023-01-31T17:28:44+00:00\",\"dateModified\":\"2023-02-08T12:59:19+00:00\",\"description\":\"A Prefeitura de Manaus realiza, nesta quinta-feira, 2\/2, a abertura do ano letivo de 2023, destinada a professores do 5\u00ba a 9\u00ba anos\",\"inLanguage\":\"pt-BR\",\"potentialAction\":[{\"@type\":\"ReadAction\",\"target\":[\"https:\/\/www.manaus.am.gov.br\/semcom\/pautas\/prefeitura-de-manaus-realiza-abertura-do-ano-letivo-e-lancamento-do-programa-educa-manaus-nesta-quinta-feira-2-2\/\"]}]},{\"@type\":\"ImageObject\",\"inLanguage\":\"pt-BR\",\"@id\":\"https:\/\/www.manaus.am.gov.br\/semcom\/pautas\/prefeitura-de-manaus-realiza-abertura-do-ano-letivo-e-lancamento-do-programa-educa-manaus-nesta-quinta-feira-2-2\/#primaryimage\",\"url\":\"https:\/\/www.manaus.am.gov.br\/semcom\/wp-content\/uploads\/sites\/5\/2023\/02\/sugestaodepauta.png\",\"contentUrl\":\"https:\/\/www.manaus.am.gov.br\/semcom\/wp-content\/uploads\/sites\/5\/2023\/02\/sugestaodepauta.png\",\"width\":1020,\"height\":540},{\"@type\":\"WebSite\",\"@id\":\"https:\/\/www.manaus.am.gov.br\/semcom\/#website\",\"url\":\"https:\/\/www.manaus.am.gov.br\/semcom\/\",\"name\":\"SEMCOM\",\"description\":\"Secretaria Municipal de Comunica\u00e7\u00e3o\",\"potentialAction\":[{\"@type\":\"SearchAction\",\"target\":{\"@type\":\"EntryPoint\",\"urlTemplate\":\"https:\/\/www.manaus.am.gov.br\/semcom\/?s={search_term_string}\"},\"query-input\":\"required name=search_term_string\"}],\"inLanguage\":\"pt-BR\"}]}<\/script>\n<!-- \/ Yoast SEO plugin. -->","yoast_head_json":{"title":"Prefeitura de Manaus realiza abertura do ano letivo e lan\u00e7amento do programa \u2018Educa + Manaus\u2019, nesta quinta-feira, 2\/2 - SEMCOM","description":"A Prefeitura de Manaus realiza, nesta quinta-feira, 2\/2, a abertura do ano letivo de 2023, destinada a professores do 5\u00ba a 9\u00ba anos","robots":{"index":"index","follow":"follow","max-snippet":"max-snippet:-1","max-image-preview":"max-image-preview:large","max-video-preview":"max-video-preview:-1"},"canonical":"https:\/\/www.manaus.am.gov.br\/semcom\/pautas\/prefeitura-de-manaus-realiza-abertura-do-ano-letivo-e-lancamento-do-programa-educa-manaus-nesta-quinta-feira-2-2\/","og_locale":"pt_BR","og_type":"article","og_title":"Prefeitura de Manaus realiza abertura do ano letivo e lan\u00e7amento do programa \u2018Educa + Manaus\u2019, nesta quinta-feira, 2\/2 - SEMCOM","og_description":"A Prefeitura de Manaus realiza, nesta quinta-feira, 2\/2, a abertura do ano letivo de 2023, destinada a professores do 5\u00ba a 9\u00ba anos","og_url":"https:\/\/www.manaus.am.gov.br\/semcom\/pautas\/prefeitura-de-manaus-realiza-abertura-do-ano-letivo-e-lancamento-do-programa-educa-manaus-nesta-quinta-feira-2-2\/","og_site_name":"SEMCOM","article_modified_time":"2023-02-08T12:59:19+00:00","og_image":[{"width":1020,"height":540,"url":"https:\/\/www.manaus.am.gov.br\/semcom\/wp-content\/uploads\/sites\/5\/2023\/02\/sugestaodepauta.png","type":"image\/png"}],"twitter_card":"summary_large_image","twitter_misc":{"Est. reading time":"1 minuto"},"schema":{"@context":"https:\/\/schema.org","@graph":[{"@type":"WebPage","@id":"https:\/\/www.manaus.am.gov.br\/semcom\/pautas\/prefeitura-de-manaus-realiza-abertura-do-ano-letivo-e-lancamento-do-programa-educa-manaus-nesta-quinta-feira-2-2\/","url":"https:\/\/www.manaus.am.gov.br\/semcom\/pautas\/prefeitura-de-manaus-realiza-abertura-do-ano-letivo-e-lancamento-do-programa-educa-manaus-nesta-quinta-feira-2-2\/","name":"Prefeitura de Manaus realiza abertura do ano letivo e lan\u00e7amento do programa \u2018Educa + Manaus\u2019, nesta quinta-feira, 2\/2 - SEMCOM","isPartOf":{"@id":"https:\/\/www.manaus.am.gov.br\/semcom\/#website"},"primaryImageOfPage":{"@id":"https:\/\/www.manaus.am.gov.br\/semcom\/pautas\/prefeitura-de-manaus-realiza-abertura-do-ano-letivo-e-lancamento-do-programa-educa-manaus-nesta-quinta-feira-2-2\/#primaryimage"},"image":{"@id":"https:\/\/www.manaus.am.gov.br\/semcom\/pautas\/prefeitura-de-manaus-realiza-abertura-do-ano-letivo-e-lancamento-do-programa-educa-manaus-nesta-quinta-feira-2-2\/#primaryimage"},"thumbnailUrl":"https:\/\/www.manaus.am.gov.br\/semcom\/wp-content\/uploads\/sites\/5\/2023\/02\/sugestaodepauta.png","datePublished":"2023-01-31T17:28:44+00:00","dateModified":"2023-02-08T12:59:19+00:00","description":"A Prefeitura de Manaus realiza, nesta quinta-feira, 2\/2, a abertura do ano letivo de 2023, destinada a professores do 5\u00ba a 9\u00ba anos","inLanguage":"pt-BR","potentialAction":[{"@type":"ReadAction","target":["https:\/\/www.manaus.am.gov.br\/semcom\/pautas\/prefeitura-de-manaus-realiza-abertura-do-ano-letivo-e-lancamento-do-programa-educa-manaus-nesta-quinta-feira-2-2\/"]}]},{"@type":"ImageObject","inLanguage":"pt-BR","@id":"https:\/\/www.manaus.am.gov.br\/semcom\/pautas\/prefeitura-de-manaus-realiza-abertura-do-ano-letivo-e-lancamento-do-programa-educa-manaus-nesta-quinta-feira-2-2\/#primaryimage","url":"https:\/\/www.manaus.am.gov.br\/semcom\/wp-content\/uploads\/sites\/5\/2023\/02\/sugestaodepauta.png","contentUrl":"https:\/\/www.manaus.am.gov.br\/semcom\/wp-content\/uploads\/sites\/5\/2023\/02\/sugestaodepauta.png","width":1020,"height":540},{"@type":"WebSite","@id":"https:\/\/www.manaus.am.gov.br\/semcom\/#website","url":"https:\/\/www.manaus.am.gov.br\/semcom\/","name":"SEMCOM","description":"Secretaria Municipal de Comunica\u00e7\u00e3o","potentialAction":[{"@type":"SearchAction","target":{"@type":"EntryPoint","urlTemplate":"https:\/\/www.manaus.am.gov.br\/semcom\/?s={search_term_string}"},"query-input":"required name=search_term_string"}],"inLanguage":"pt-BR"}]}},"_links":{"self":[{"href":"https:\/\/www.manaus.am.gov.br\/semcom\/wp-json\/wp\/v2\/pautas\/208400"}],"collection":[{"href":"https:\/\/www.manaus.am.gov.br\/semcom\/wp-json\/wp\/v2\/pautas"}],"about":[{"href":"https:\/\/www.manaus.am.gov.br\/semcom\/wp-json\/wp\/v2\/types\/pautas"}],"wp:featuredmedia":[{"embeddable":true,"href":"https:\/\/www.manaus.am.gov.br\/semcom\/wp-json\/wp\/v2\/media\/208729"}],"wp:attachment":[{"href":"https:\/\/www.manaus.am.gov.br\/semcom\/wp-json\/wp\/v2\/media?parent=208400"}],"wp:term":[{"taxonomy":"category","embeddable":true,"href":"https:\/\/www.manaus.am.gov.br\/semcom\/wp-json\/wp\/v2\/categories?post=208400"}],"curies":[{"name":"wp","href":"https:\/\/api.w.org\/{rel}","templated":true}]}}

<strong>Prefeitura de Manaus realiza abertura do ano letivo e lançamento do programa ‘Educa + Manaus’, nesta quinta-feira, 2/2</strong>

<p>A Prefeitura de Manaus realiza, nesta quinta-feira, 2/2, a abertura do ano letivo de 2023, destinada a professores do 5º ao 9º anos do ensino fundamental da rede municipal de ensino. O evento inicia a partir das 7h30, no auditório da Secretaria Municipal de Educação (Semed).&nbsp; Em 2023, o tema do ano letivo é &#8220;Educação: Compromisso de todos potencializando a formação integral do ser humano&#8221;.&nbsp;</p>



<p>Na oportunidade, será lançado o programa “Educa + Manaus”. A Iniciativa busca, por meio de estratégias pedagógicas, melhorar o desempenho dos alunos nas avaliações que compõem o Sistema Nacional de Avaliação da Educação Básica (Saeb).</p>



<p><strong>SERVIÇO:</strong></p>



<p><strong>O quê &#8211;&nbsp;</strong>Abertura do ano letivo da rede municipal de ensino&nbsp;</p>



<p><strong>Quando &#8211;</strong>&nbsp;Quinta-feira, 2/2&nbsp;</p>



<p><strong>Horário &#8211;&nbsp;</strong>7h30</p>



<p><strong>Local &#8211;&nbsp;</strong>Auditório da Semed, na avenida Maceió, nº 2.358, bairro Parque 10 de Novembro</p>

<!-- This site is optimized with the Yoast SEO plugin v23.0 - https://yoast.com/wordpress/plugins/seo/ -->
<title>Prefeitura de Manaus realiza abertura do ano letivo e lançamento do programa ‘Educa + Manaus’, nesta quinta-feira, 2/2 - SEMCOM</title>
<meta name="description" content="A Prefeitura de Manaus realiza, nesta quinta-feira, 2/2, a abertura do ano letivo de 2023, destinada a professores do 5º a 9º anos" />
<meta name="robots" content="index, follow, max-snippet:-1, max-image-preview:large, max-video-preview:-1" />
<link rel="canonical" href="https://www.manaus.am.gov.br/semcom/pautas/prefeitura-de-manaus-realiza-abertura-do-ano-letivo-e-lancamento-do-programa-educa-manaus-nesta-quinta-feira-2-2/" />
<meta property="og:locale" content="pt_BR" />
<meta property="og:type" content="article" />
<meta property="og:title" content="Prefeitura de Manaus realiza abertura do ano letivo e lançamento do programa ‘Educa + Manaus’, nesta quinta-feira, 2/2 - SEMCOM" />
<meta property="og:description" content="A Prefeitura de Manaus realiza, nesta quinta-feira, 2/2, a abertura do ano letivo de 2023, destinada a professores do 5º a 9º anos" />
<meta property="og:url" content="https://www.manaus.am.gov.br/semcom/pautas/prefeitura-de-manaus-realiza-abertura-do-ano-letivo-e-lancamento-do-programa-educa-manaus-nesta-quinta-feira-2-2/" />
<meta property="og:site_name" content="SEMCOM" />
<meta property="article:modified_time" content="2023-02-08T12:59:19+00:00" />
<meta property="og:image" content="https://www.manaus.am.gov.br/semcom/wp-content/uploads/sites/5/2023/02/sugestaodepauta.png" />
	<meta property="og:image:width" content="1020" />
	<meta property="og:image:height" content="540" />
	<meta property="og:image:type" content="image/png" />
<meta name="twitter:card" content="summary_large_image" />
<meta name="twitter:label1" content="Est. reading time" />
	<meta name="twitter:data1" content="1 minuto" />
<script type="application/ld+json" class="yoast-schema-graph">{"@context":"https://schema.org","@graph":[{"@type":"WebPage","@id":"https://www.manaus.am.gov.br/semcom/pautas/prefeitura-de-manaus-realiza-abertura-do-ano-letivo-e-lancamento-do-programa-educa-manaus-nesta-quinta-feira-2-2/","url":"https://www.manaus.am.gov.br/semcom/pautas/prefeitura-de-manaus-realiza-abertura-do-ano-letivo-e-lancamento-do-programa-educa-manaus-nesta-quinta-feira-2-2/","name":"Prefeitura de Manaus realiza abertura do ano letivo e lançamento do programa ‘Educa + Manaus’, nesta quinta-feira, 2/2 - SEMCOM","isPartOf":{"@id":"https://www.manaus.am.gov.br/semcom/#website"},"primaryImageOfPage":{"@id":"https://www.manaus.am.gov.br/semcom/pautas/prefeitura-de-manaus-realiza-abertura-do-ano-letivo-e-lancamento-do-programa-educa-manaus-nesta-quinta-feira-2-2/#primaryimage"},"image":{"@id":"https://www.manaus.am.gov.br/semcom/pautas/prefeitura-de-manaus-realiza-abertura-do-ano-letivo-e-lancamento-do-programa-educa-manaus-nesta-quinta-feira-2-2/#primaryimage"},"thumbnailUrl":"https://www.manaus.am.gov.br/semcom/wp-content/uploads/sites/5/2023/02/sugestaodepauta.png","datePublished":"2023-01-31T17:28:44+00:00","dateModified":"2023-02-08T12:59:19+00:00","description":"A Prefeitura de Manaus realiza, nesta quinta-feira, 2/2, a abertura do ano letivo de 2023, destinada a professores do 5º a 9º anos","inLanguage":"pt-BR","potentialAction":[{"@type":"ReadAction","target":["https://www.manaus.am.gov.br/semcom/pautas/prefeitura-de-manaus-realiza-abertura-do-ano-letivo-e-lancamento-do-programa-educa-manaus-nesta-quinta-feira-2-2/"]}]},{"@type":"ImageObject","inLanguage":"pt-BR","@id":"https://www.manaus.am.gov.br/semcom/pautas/prefeitura-de-manaus-realiza-abertura-do-ano-letivo-e-lancamento-do-programa-educa-manaus-nesta-quinta-feira-2-2/#primaryimage","url":"https://www.manaus.am.gov.br/semcom/wp-content/uploads/sites/5/2023/02/sugestaodepauta.png","contentUrl":"https://www.manaus.am.gov.br/semcom/wp-content/uploads/sites/5/2023/02/sugestaodepauta.png","width":1020,"height":540},{"@type":"WebSite","@id":"https://www.manaus.am.gov.br/semcom/#website","url":"https://www.manaus.am.gov.br/semcom/","name":"SEMCOM","description":"Secretaria Municipal de Comunicação","potentialAction":[{"@type":"SearchAction","target":{"@type":"EntryPoint","urlTemplate":"https://www.manaus.am.gov.br/semcom/?s={search_term_string}"},"query-input":"required name=search_term_string"}],"inLanguage":"pt-BR"}]}</script>
<!-- / Yoast SEO plugin. -->

Prefeitura de Manaus realiza abertura do ano letivo e lançamento do programa ‘Educa + Manaus’, nesta quinta-feira, 2/2 - SEMCOM

A Prefeitura de Manaus realiza, nesta quinta-feira, 2/2, a abertura do ano letivo de 2023, destinada a professores do 5º a 9º anos

Secretaria Municipal de Comunicação
