{"id":208277,"date":"2023-01-27T20:43:16","date_gmt":"2023-01-27T23:43:16","guid":{"rendered":"https:\/\/www.manaus.am.gov.br\/semcom\/?post_type=pautas&#038;p=208277"},"modified":"2023-02-08T11:23:56","modified_gmt":"2023-02-08T14:23:56","slug":"com-entrada-franca-manaus-volei-tectoy-recebe-o-minas-tenis-para-o-primeiro-desafio-em-casa-na-superliga-b","status":"publish","type":"pautas","link":"https:\/\/www.manaus.am.gov.br\/semcom\/pautas\/com-entrada-franca-manaus-volei-tectoy-recebe-o-minas-tenis-para-o-primeiro-desafio-em-casa-na-superliga-b\/","title":{"rendered":"Com entrada franca, Manaus V\u00f4lei\/TecToy recebe o Minas T\u00eanis para o primeiro desafio em casa na Superliga B"},"content":{"rendered":"<p>O Manaus V\u00f4lei\/TecToy encara o primeiro jogo como mandante na disputa da Superliga B de voleibol masculino, neste s\u00e1bado, 28\/1. Apoiada pela Prefeitura de Manaus, por meio da Funda\u00e7\u00e3o Manaus Esporte (FME), a equipe recebe o Minas T\u00eanis Clube, pela segunda rodada da competi\u00e7\u00e3o nacional.<\/p>\n<p>A partida acontece a partir das 19h30, na Arena Poliesportiva Amadeu Teixeira, na zona Centro-Oeste, com entrada gratuita ao p\u00fablico em geral. Os port\u00f5es ser\u00e3o abertos \u00e0s 18h.<\/p>\n<p>Superado pelo Goi\u00e1s na estreia por 3 sets a 0, fora de casa, o Manaus V\u00f4lei\/TecToy vai em busca da recupera\u00e7\u00e3o no torneio, atuando diante do torcedor local.<\/p>\n<p>&#8212; &#8212; &#8212;<\/p>\n<p><strong>SERVI\u00c7O<\/strong><\/p>\n<p><strong>O qu\u00ea<\/strong>\u00a0\u2013 Partida entre Manaus V\u00f4lei\/TecToy x Minas T\u00eanis, pela segunda rodada da Superliga B de voleibol masculino<\/p>\n<p><strong>Quando<\/strong>\u00a0&#8211; S\u00e1bado, 28\/1<\/p>\n<p><strong>Hor\u00e1rio<\/strong>\u00a0&#8211; 19h30<\/p>\n<p><strong>Local<\/strong>\u00a0&#8211; Arena Poliesportiva Amadeu Teixeira, na avenida Constantino Nery, bairro de Flores, zona Centro-Oeste.<\/p>\n","protected":false},"featured_media":208729,"template":"","categories":[829],"acf":[],"yoast_head":"<!-- This site is optimized with the Yoast SEO plugin v23.0 - https:\/\/yoast.com\/wordpress\/plugins\/seo\/ -->\n<title>Com entrada franca, Manaus V\u00f4lei\/TecToy recebe o Minas T\u00eanis para o primeiro desafio em casa na Superliga B - SEMCOM<\/title>\n<meta name=\"robots\" content=\"index, follow, max-snippet:-1, max-image-preview:large, max-video-preview:-1\" \/>\n<link rel=\"canonical\" href=\"https:\/\/www.manaus.am.gov.br\/semcom\/pautas\/com-entrada-franca-manaus-volei-tectoy-recebe-o-minas-tenis-para-o-primeiro-desafio-em-casa-na-superliga-b\/\" \/>\n<meta property=\"og:locale\" content=\"pt_BR\" \/>\n<meta property=\"og:type\" content=\"article\" \/>\n<meta property=\"og:title\" content=\"Com entrada franca, Manaus V\u00f4lei\/TecToy recebe o Minas T\u00eanis para o primeiro desafio em casa na Superliga B - SEMCOM\" \/>\n<meta property=\"og:url\" content=\"https:\/\/www.manaus.am.gov.br\/semcom\/pautas\/com-entrada-franca-manaus-volei-tectoy-recebe-o-minas-tenis-para-o-primeiro-desafio-em-casa-na-superliga-b\/\" \/>\n<meta property=\"og:site_name\" content=\"SEMCOM\" \/>\n<meta property=\"article:modified_time\" content=\"2023-02-08T14:23:56+00:00\" \/>\n<meta property=\"og:image\" content=\"https:\/\/www.manaus.am.gov.br\/semcom\/wp-content\/uploads\/sites\/5\/2023\/02\/sugestaodepauta.png\" \/>\n\t<meta property=\"og:image:width\" content=\"1020\" \/>\n\t<meta property=\"og:image:height\" content=\"540\" \/>\n\t<meta property=\"og:image:type\" content=\"image\/png\" \/>\n<meta name=\"twitter:card\" content=\"summary_large_image\" \/>\n<meta name=\"twitter:label1\" content=\"Est. reading time\" \/>\n\t<meta name=\"twitter:data1\" content=\"1 minuto\" \/>\n<script type=\"application\/ld+json\" class=\"yoast-schema-graph\">{\"@context\":\"https:\/\/schema.org\",\"@graph\":[{\"@type\":\"WebPage\",\"@id\":\"https:\/\/www.manaus.am.gov.br\/semcom\/pautas\/com-entrada-franca-manaus-volei-tectoy-recebe-o-minas-tenis-para-o-primeiro-desafio-em-casa-na-superliga-b\/\",\"url\":\"https:\/\/www.manaus.am.gov.br\/semcom\/pautas\/com-entrada-franca-manaus-volei-tectoy-recebe-o-minas-tenis-para-o-primeiro-desafio-em-casa-na-superliga-b\/\",\"name\":\"Com entrada franca, Manaus V\u00f4lei\/TecToy recebe o Minas T\u00eanis para o primeiro desafio em casa na Superliga B - SEMCOM\",\"isPartOf\":{\"@id\":\"https:\/\/www.manaus.am.gov.br\/semcom\/#website\"},\"primaryImageOfPage\":{\"@id\":\"https:\/\/www.manaus.am.gov.br\/semcom\/pautas\/com-entrada-franca-manaus-volei-tectoy-recebe-o-minas-tenis-para-o-primeiro-desafio-em-casa-na-superliga-b\/#primaryimage\"},\"image\":{\"@id\":\"https:\/\/www.manaus.am.gov.br\/semcom\/pautas\/com-entrada-franca-manaus-volei-tectoy-recebe-o-minas-tenis-para-o-primeiro-desafio-em-casa-na-superliga-b\/#primaryimage\"},\"thumbnailUrl\":\"https:\/\/www.manaus.am.gov.br\/semcom\/wp-content\/uploads\/sites\/5\/2023\/02\/sugestaodepauta.png\",\"datePublished\":\"2023-01-27T23:43:16+00:00\",\"dateModified\":\"2023-02-08T14:23:56+00:00\",\"inLanguage\":\"pt-BR\",\"potentialAction\":[{\"@type\":\"ReadAction\",\"target\":[\"https:\/\/www.manaus.am.gov.br\/semcom\/pautas\/com-entrada-franca-manaus-volei-tectoy-recebe-o-minas-tenis-para-o-primeiro-desafio-em-casa-na-superliga-b\/\"]}]},{\"@type\":\"ImageObject\",\"inLanguage\":\"pt-BR\",\"@id\":\"https:\/\/www.manaus.am.gov.br\/semcom\/pautas\/com-entrada-franca-manaus-volei-tectoy-recebe-o-minas-tenis-para-o-primeiro-desafio-em-casa-na-superliga-b\/#primaryimage\",\"url\":\"https:\/\/www.manaus.am.gov.br\/semcom\/wp-content\/uploads\/sites\/5\/2023\/02\/sugestaodepauta.png\",\"contentUrl\":\"https:\/\/www.manaus.am.gov.br\/semcom\/wp-content\/uploads\/sites\/5\/2023\/02\/sugestaodepauta.png\",\"width\":1020,\"height\":540},{\"@type\":\"WebSite\",\"@id\":\"https:\/\/www.manaus.am.gov.br\/semcom\/#website\",\"url\":\"https:\/\/www.manaus.am.gov.br\/semcom\/\",\"name\":\"SEMCOM\",\"description\":\"Secretaria Municipal de Comunica\u00e7\u00e3o\",\"potentialAction\":[{\"@type\":\"SearchAction\",\"target\":{\"@type\":\"EntryPoint\",\"urlTemplate\":\"https:\/\/www.manaus.am.gov.br\/semcom\/?s={search_term_string}\"},\"query-input\":\"required name=search_term_string\"}],\"inLanguage\":\"pt-BR\"}]}<\/script>\n<!-- \/ Yoast SEO plugin. -->","yoast_head_json":{"title":"Com entrada franca, Manaus V\u00f4lei\/TecToy recebe o Minas T\u00eanis para o primeiro desafio em casa na Superliga B - SEMCOM","robots":{"index":"index","follow":"follow","max-snippet":"max-snippet:-1","max-image-preview":"max-image-preview:large","max-video-preview":"max-video-preview:-1"},"canonical":"https:\/\/www.manaus.am.gov.br\/semcom\/pautas\/com-entrada-franca-manaus-volei-tectoy-recebe-o-minas-tenis-para-o-primeiro-desafio-em-casa-na-superliga-b\/","og_locale":"pt_BR","og_type":"article","og_title":"Com entrada franca, Manaus V\u00f4lei\/TecToy recebe o Minas T\u00eanis para o primeiro desafio em casa na Superliga B - SEMCOM","og_url":"https:\/\/www.manaus.am.gov.br\/semcom\/pautas\/com-entrada-franca-manaus-volei-tectoy-recebe-o-minas-tenis-para-o-primeiro-desafio-em-casa-na-superliga-b\/","og_site_name":"SEMCOM","article_modified_time":"2023-02-08T14:23:56+00:00","og_image":[{"width":1020,"height":540,"url":"https:\/\/www.manaus.am.gov.br\/semcom\/wp-content\/uploads\/sites\/5\/2023\/02\/sugestaodepauta.png","type":"image\/png"}],"twitter_card":"summary_large_image","twitter_misc":{"Est. reading time":"1 minuto"},"schema":{"@context":"https:\/\/schema.org","@graph":[{"@type":"WebPage","@id":"https:\/\/www.manaus.am.gov.br\/semcom\/pautas\/com-entrada-franca-manaus-volei-tectoy-recebe-o-minas-tenis-para-o-primeiro-desafio-em-casa-na-superliga-b\/","url":"https:\/\/www.manaus.am.gov.br\/semcom\/pautas\/com-entrada-franca-manaus-volei-tectoy-recebe-o-minas-tenis-para-o-primeiro-desafio-em-casa-na-superliga-b\/","name":"Com entrada franca, Manaus V\u00f4lei\/TecToy recebe o Minas T\u00eanis para o primeiro desafio em casa na Superliga B - SEMCOM","isPartOf":{"@id":"https:\/\/www.manaus.am.gov.br\/semcom\/#website"},"primaryImageOfPage":{"@id":"https:\/\/www.manaus.am.gov.br\/semcom\/pautas\/com-entrada-franca-manaus-volei-tectoy-recebe-o-minas-tenis-para-o-primeiro-desafio-em-casa-na-superliga-b\/#primaryimage"},"image":{"@id":"https:\/\/www.manaus.am.gov.br\/semcom\/pautas\/com-entrada-franca-manaus-volei-tectoy-recebe-o-minas-tenis-para-o-primeiro-desafio-em-casa-na-superliga-b\/#primaryimage"},"thumbnailUrl":"https:\/\/www.manaus.am.gov.br\/semcom\/wp-content\/uploads\/sites\/5\/2023\/02\/sugestaodepauta.png","datePublished":"2023-01-27T23:43:16+00:00","dateModified":"2023-02-08T14:23:56+00:00","inLanguage":"pt-BR","potentialAction":[{"@type":"ReadAction","target":["https:\/\/www.manaus.am.gov.br\/semcom\/pautas\/com-entrada-franca-manaus-volei-tectoy-recebe-o-minas-tenis-para-o-primeiro-desafio-em-casa-na-superliga-b\/"]}]},{"@type":"ImageObject","inLanguage":"pt-BR","@id":"https:\/\/www.manaus.am.gov.br\/semcom\/pautas\/com-entrada-franca-manaus-volei-tectoy-recebe-o-minas-tenis-para-o-primeiro-desafio-em-casa-na-superliga-b\/#primaryimage","url":"https:\/\/www.manaus.am.gov.br\/semcom\/wp-content\/uploads\/sites\/5\/2023\/02\/sugestaodepauta.png","contentUrl":"https:\/\/www.manaus.am.gov.br\/semcom\/wp-content\/uploads\/sites\/5\/2023\/02\/sugestaodepauta.png","width":1020,"height":540},{"@type":"WebSite","@id":"https:\/\/www.manaus.am.gov.br\/semcom\/#website","url":"https:\/\/www.manaus.am.gov.br\/semcom\/","name":"SEMCOM","description":"Secretaria Municipal de Comunica\u00e7\u00e3o","potentialAction":[{"@type":"SearchAction","target":{"@type":"EntryPoint","urlTemplate":"https:\/\/www.manaus.am.gov.br\/semcom\/?s={search_term_string}"},"query-input":"required name=search_term_string"}],"inLanguage":"pt-BR"}]}},"_links":{"self":[{"href":"https:\/\/www.manaus.am.gov.br\/semcom\/wp-json\/wp\/v2\/pautas\/208277"}],"collection":[{"href":"https:\/\/www.manaus.am.gov.br\/semcom\/wp-json\/wp\/v2\/pautas"}],"about":[{"href":"https:\/\/www.manaus.am.gov.br\/semcom\/wp-json\/wp\/v2\/types\/pautas"}],"wp:featuredmedia":[{"embeddable":true,"href":"https:\/\/www.manaus.am.gov.br\/semcom\/wp-json\/wp\/v2\/media\/208729"}],"wp:attachment":[{"href":"https:\/\/www.manaus.am.gov.br\/semcom\/wp-json\/wp\/v2\/media?parent=208277"}],"wp:term":[{"taxonomy":"category","embeddable":true,"href":"https:\/\/www.manaus.am.gov.br\/semcom\/wp-json\/wp\/v2\/categories?post=208277"}],"curies":[{"name":"wp","href":"https:\/\/api.w.org\/{rel}","templated":true}]}}

Com entrada franca, Manaus Vôlei/TecToy recebe o Minas Tênis para o primeiro desafio em casa na Superliga B

<p>O Manaus Vôlei/TecToy encara o primeiro jogo como mandante na disputa da Superliga B de voleibol masculino, neste sábado, 28/1. Apoiada pela Prefeitura de Manaus, por meio da Fundação Manaus Esporte (FME), a equipe recebe o Minas Tênis Clube, pela segunda rodada da competição nacional.</p>
<p>A partida acontece a partir das 19h30, na Arena Poliesportiva Amadeu Teixeira, na zona Centro-Oeste, com entrada gratuita ao público em geral. Os portões serão abertos às 18h.</p>
<p>Superado pelo Goiás na estreia por 3 sets a 0, fora de casa, o Manaus Vôlei/TecToy vai em busca da recuperação no torneio, atuando diante do torcedor local.</p>
<p>&#8212; &#8212; &#8212;</p>
<p><strong>SERVIÇO</strong></p>
<p><strong>O quê</strong> – Partida entre Manaus Vôlei/TecToy x Minas Tênis, pela segunda rodada da Superliga B de voleibol masculino</p>
<p><strong>Quando</strong> &#8211; Sábado, 28/1</p>
<p><strong>Horário</strong> &#8211; 19h30</p>
<p><strong>Local</strong> &#8211; Arena Poliesportiva Amadeu Teixeira, na avenida Constantino Nery, bairro de Flores, zona Centro-Oeste.</p>

<!-- This site is optimized with the Yoast SEO plugin v23.0 - https://yoast.com/wordpress/plugins/seo/ -->
<title>Com entrada franca, Manaus Vôlei/TecToy recebe o Minas Tênis para o primeiro desafio em casa na Superliga B - SEMCOM</title>
<meta name="robots" content="index, follow, max-snippet:-1, max-image-preview:large, max-video-preview:-1" />
<link rel="canonical" href="https://www.manaus.am.gov.br/semcom/pautas/com-entrada-franca-manaus-volei-tectoy-recebe-o-minas-tenis-para-o-primeiro-desafio-em-casa-na-superliga-b/" />
<meta property="og:locale" content="pt_BR" />
<meta property="og:type" content="article" />
<meta property="og:title" content="Com entrada franca, Manaus Vôlei/TecToy recebe o Minas Tênis para o primeiro desafio em casa na Superliga B - SEMCOM" />
<meta property="og:url" content="https://www.manaus.am.gov.br/semcom/pautas/com-entrada-franca-manaus-volei-tectoy-recebe-o-minas-tenis-para-o-primeiro-desafio-em-casa-na-superliga-b/" />
<meta property="og:site_name" content="SEMCOM" />
<meta property="article:modified_time" content="2023-02-08T14:23:56+00:00" />
<meta property="og:image" content="https://www.manaus.am.gov.br/semcom/wp-content/uploads/sites/5/2023/02/sugestaodepauta.png" />
	<meta property="og:image:width" content="1020" />
	<meta property="og:image:height" content="540" />
	<meta property="og:image:type" content="image/png" />
<meta name="twitter:card" content="summary_large_image" />
<meta name="twitter:label1" content="Est. reading time" />
	<meta name="twitter:data1" content="1 minuto" />
<script type="application/ld+json" class="yoast-schema-graph">{"@context":"https://schema.org","@graph":[{"@type":"WebPage","@id":"https://www.manaus.am.gov.br/semcom/pautas/com-entrada-franca-manaus-volei-tectoy-recebe-o-minas-tenis-para-o-primeiro-desafio-em-casa-na-superliga-b/","url":"https://www.manaus.am.gov.br/semcom/pautas/com-entrada-franca-manaus-volei-tectoy-recebe-o-minas-tenis-para-o-primeiro-desafio-em-casa-na-superliga-b/","name":"Com entrada franca, Manaus Vôlei/TecToy recebe o Minas Tênis para o primeiro desafio em casa na Superliga B - SEMCOM","isPartOf":{"@id":"https://www.manaus.am.gov.br/semcom/#website"},"primaryImageOfPage":{"@id":"https://www.manaus.am.gov.br/semcom/pautas/com-entrada-franca-manaus-volei-tectoy-recebe-o-minas-tenis-para-o-primeiro-desafio-em-casa-na-superliga-b/#primaryimage"},"image":{"@id":"https://www.manaus.am.gov.br/semcom/pautas/com-entrada-franca-manaus-volei-tectoy-recebe-o-minas-tenis-para-o-primeiro-desafio-em-casa-na-superliga-b/#primaryimage"},"thumbnailUrl":"https://www.manaus.am.gov.br/semcom/wp-content/uploads/sites/5/2023/02/sugestaodepauta.png","datePublished":"2023-01-27T23:43:16+00:00","dateModified":"2023-02-08T14:23:56+00:00","inLanguage":"pt-BR","potentialAction":[{"@type":"ReadAction","target":["https://www.manaus.am.gov.br/semcom/pautas/com-entrada-franca-manaus-volei-tectoy-recebe-o-minas-tenis-para-o-primeiro-desafio-em-casa-na-superliga-b/"]}]},{"@type":"ImageObject","inLanguage":"pt-BR","@id":"https://www.manaus.am.gov.br/semcom/pautas/com-entrada-franca-manaus-volei-tectoy-recebe-o-minas-tenis-para-o-primeiro-desafio-em-casa-na-superliga-b/#primaryimage","url":"https://www.manaus.am.gov.br/semcom/wp-content/uploads/sites/5/2023/02/sugestaodepauta.png","contentUrl":"https://www.manaus.am.gov.br/semcom/wp-content/uploads/sites/5/2023/02/sugestaodepauta.png","width":1020,"height":540},{"@type":"WebSite","@id":"https://www.manaus.am.gov.br/semcom/#website","url":"https://www.manaus.am.gov.br/semcom/","name":"SEMCOM","description":"Secretaria Municipal de Comunicação","potentialAction":[{"@type":"SearchAction","target":{"@type":"EntryPoint","urlTemplate":"https://www.manaus.am.gov.br/semcom/?s={search_term_string}"},"query-input":"required name=search_term_string"}],"inLanguage":"pt-BR"}]}</script>
<!-- / Yoast SEO plugin. -->

Com entrada franca, Manaus Vôlei/TecToy recebe o Minas Tênis para o primeiro desafio em casa na Superliga B - SEMCOM

Secretaria Municipal de Comunicação
