{"id":208275,"date":"2023-01-27T20:16:42","date_gmt":"2023-01-27T23:16:42","guid":{"rendered":"https:\/\/www.manaus.am.gov.br\/semcom\/?post_type=pautas&#038;p=208275"},"modified":"2023-02-08T11:22:59","modified_gmt":"2023-02-08T14:22:59","slug":"semana-do-quadrinho-nacional-de-manaus-inicia-neste-sabado-com-o-apoio-da-prefeitura","status":"publish","type":"pautas","link":"https:\/\/www.manaus.am.gov.br\/semcom\/pautas\/semana-do-quadrinho-nacional-de-manaus-inicia-neste-sabado-com-o-apoio-da-prefeitura\/","title":{"rendered":"\u2018Semana do Quadrinho Nacional de Manaus\u2019 inicia neste s\u00e1bado com o apoio da prefeitura"},"content":{"rendered":"<p>A 5\u00aa edi\u00e7\u00e3o da \u201cSemana do Quadrinho Nacional de Manaus\u201d, evento que celebra artistas brasileiros e suas obras, e que conta com o apoio da Prefeitura de Manaus, por meio da Funda\u00e7\u00e3o Municipal de Cultura, Turismo e Eventos (Manauscult), inicia neste s\u00e1bado, 28\/1, a partir das 16h at\u00e9 \u00e0s 20h, na Biblioteca P\u00fablica do Amazonas, localizada na rua Barroso, 57, no Centro. O evento, neste ano, acontecer\u00e1 nos dias 28, 29 e 30\/1, e 4 e 5 de fevereiro, sendo gratuito e aberto ao p\u00fablico em geral.<\/p>\n<p>Realizado desde 2019, o evento foi idealizado em comemora\u00e7\u00e3o ao \u201cDia do Quadrinho Nacional\u201d, celebrado em 30\/1. O primeiro dia do evento ter\u00e1 atividades como: oficina de No\u00e7\u00f5es de Roteiro para Quadrinhos com Daniel Esteves; eventos editoriais na Amaz\u00f4nia &#8211; palestra com a participa\u00e7\u00e3o dos produtores Evaldo Vasconcelos, Rhafa Porto, a professora Claudia Menezes Martins e do editor Rapha Pinheiro; lan\u00e7amento e mesa de aut\u00f3grafo do quadrinho Death Hunt de Stan Lee, com a editora S\u00e2mela Hidalgo e as artistas Tai Silva e Raquel Teixeira; al\u00e9m de plataformas on-line para quadrinhos &#8211; palestra on-line com Luiz Andrade e Carol Peacemaker.<\/p>\n<p>&#8212; &#8212; &#8212;<\/p>\n<p><strong>SERVI\u00c7O<\/strong><\/p>\n<p><strong>O qu\u00ea<\/strong> \u2013 5\u00aa edi\u00e7\u00e3o da \u201cSemana do Quadrinho Nacional de Manaus\u201d<\/p>\n<p><strong>Quando<\/strong> \u2013 S\u00e1bado, 28\/1.<\/p>\n<p><strong>Hor\u00e1rio<\/strong> \u2013 16h<\/p>\n<p><strong>Local<\/strong> &#8211; Biblioteca P\u00fablica do Amazonas, localizada na rua Barroso, 57, Centro.<\/p>\n","protected":false},"featured_media":208729,"template":"","categories":[799],"acf":[],"yoast_head":"<!-- This site is optimized with the Yoast SEO plugin v23.0 - https:\/\/yoast.com\/wordpress\/plugins\/seo\/ -->\n<title>\u2018Semana do Quadrinho Nacional de Manaus\u2019 inicia neste s\u00e1bado com o apoio da prefeitura - SEMCOM<\/title>\n<meta name=\"robots\" content=\"index, follow, max-snippet:-1, max-image-preview:large, max-video-preview:-1\" \/>\n<link rel=\"canonical\" href=\"https:\/\/www.manaus.am.gov.br\/semcom\/pautas\/semana-do-quadrinho-nacional-de-manaus-inicia-neste-sabado-com-o-apoio-da-prefeitura\/\" \/>\n<meta property=\"og:locale\" content=\"pt_BR\" \/>\n<meta property=\"og:type\" content=\"article\" \/>\n<meta property=\"og:title\" content=\"\u2018Semana do Quadrinho Nacional de Manaus\u2019 inicia neste s\u00e1bado com o apoio da prefeitura - SEMCOM\" \/>\n<meta property=\"og:url\" content=\"https:\/\/www.manaus.am.gov.br\/semcom\/pautas\/semana-do-quadrinho-nacional-de-manaus-inicia-neste-sabado-com-o-apoio-da-prefeitura\/\" \/>\n<meta property=\"og:site_name\" content=\"SEMCOM\" \/>\n<meta property=\"article:modified_time\" content=\"2023-02-08T14:22:59+00:00\" \/>\n<meta property=\"og:image\" content=\"https:\/\/www.manaus.am.gov.br\/semcom\/wp-content\/uploads\/sites\/5\/2023\/02\/sugestaodepauta.png\" \/>\n\t<meta property=\"og:image:width\" content=\"1020\" \/>\n\t<meta property=\"og:image:height\" content=\"540\" \/>\n\t<meta property=\"og:image:type\" content=\"image\/png\" \/>\n<meta name=\"twitter:card\" content=\"summary_large_image\" \/>\n<meta name=\"twitter:label1\" content=\"Est. reading time\" \/>\n\t<meta name=\"twitter:data1\" content=\"2 minutos\" \/>\n<script type=\"application\/ld+json\" class=\"yoast-schema-graph\">{\"@context\":\"https:\/\/schema.org\",\"@graph\":[{\"@type\":\"WebPage\",\"@id\":\"https:\/\/www.manaus.am.gov.br\/semcom\/pautas\/semana-do-quadrinho-nacional-de-manaus-inicia-neste-sabado-com-o-apoio-da-prefeitura\/\",\"url\":\"https:\/\/www.manaus.am.gov.br\/semcom\/pautas\/semana-do-quadrinho-nacional-de-manaus-inicia-neste-sabado-com-o-apoio-da-prefeitura\/\",\"name\":\"\u2018Semana do Quadrinho Nacional de Manaus\u2019 inicia neste s\u00e1bado com o apoio da prefeitura - SEMCOM\",\"isPartOf\":{\"@id\":\"https:\/\/www.manaus.am.gov.br\/semcom\/#website\"},\"primaryImageOfPage\":{\"@id\":\"https:\/\/www.manaus.am.gov.br\/semcom\/pautas\/semana-do-quadrinho-nacional-de-manaus-inicia-neste-sabado-com-o-apoio-da-prefeitura\/#primaryimage\"},\"image\":{\"@id\":\"https:\/\/www.manaus.am.gov.br\/semcom\/pautas\/semana-do-quadrinho-nacional-de-manaus-inicia-neste-sabado-com-o-apoio-da-prefeitura\/#primaryimage\"},\"thumbnailUrl\":\"https:\/\/www.manaus.am.gov.br\/semcom\/wp-content\/uploads\/sites\/5\/2023\/02\/sugestaodepauta.png\",\"datePublished\":\"2023-01-27T23:16:42+00:00\",\"dateModified\":\"2023-02-08T14:22:59+00:00\",\"inLanguage\":\"pt-BR\",\"potentialAction\":[{\"@type\":\"ReadAction\",\"target\":[\"https:\/\/www.manaus.am.gov.br\/semcom\/pautas\/semana-do-quadrinho-nacional-de-manaus-inicia-neste-sabado-com-o-apoio-da-prefeitura\/\"]}]},{\"@type\":\"ImageObject\",\"inLanguage\":\"pt-BR\",\"@id\":\"https:\/\/www.manaus.am.gov.br\/semcom\/pautas\/semana-do-quadrinho-nacional-de-manaus-inicia-neste-sabado-com-o-apoio-da-prefeitura\/#primaryimage\",\"url\":\"https:\/\/www.manaus.am.gov.br\/semcom\/wp-content\/uploads\/sites\/5\/2023\/02\/sugestaodepauta.png\",\"contentUrl\":\"https:\/\/www.manaus.am.gov.br\/semcom\/wp-content\/uploads\/sites\/5\/2023\/02\/sugestaodepauta.png\",\"width\":1020,\"height\":540},{\"@type\":\"WebSite\",\"@id\":\"https:\/\/www.manaus.am.gov.br\/semcom\/#website\",\"url\":\"https:\/\/www.manaus.am.gov.br\/semcom\/\",\"name\":\"SEMCOM\",\"description\":\"Secretaria Municipal de Comunica\u00e7\u00e3o\",\"potentialAction\":[{\"@type\":\"SearchAction\",\"target\":{\"@type\":\"EntryPoint\",\"urlTemplate\":\"https:\/\/www.manaus.am.gov.br\/semcom\/?s={search_term_string}\"},\"query-input\":\"required name=search_term_string\"}],\"inLanguage\":\"pt-BR\"}]}<\/script>\n<!-- \/ Yoast SEO plugin. -->","yoast_head_json":{"title":"\u2018Semana do Quadrinho Nacional de Manaus\u2019 inicia neste s\u00e1bado com o apoio da prefeitura - SEMCOM","robots":{"index":"index","follow":"follow","max-snippet":"max-snippet:-1","max-image-preview":"max-image-preview:large","max-video-preview":"max-video-preview:-1"},"canonical":"https:\/\/www.manaus.am.gov.br\/semcom\/pautas\/semana-do-quadrinho-nacional-de-manaus-inicia-neste-sabado-com-o-apoio-da-prefeitura\/","og_locale":"pt_BR","og_type":"article","og_title":"\u2018Semana do Quadrinho Nacional de Manaus\u2019 inicia neste s\u00e1bado com o apoio da prefeitura - SEMCOM","og_url":"https:\/\/www.manaus.am.gov.br\/semcom\/pautas\/semana-do-quadrinho-nacional-de-manaus-inicia-neste-sabado-com-o-apoio-da-prefeitura\/","og_site_name":"SEMCOM","article_modified_time":"2023-02-08T14:22:59+00:00","og_image":[{"width":1020,"height":540,"url":"https:\/\/www.manaus.am.gov.br\/semcom\/wp-content\/uploads\/sites\/5\/2023\/02\/sugestaodepauta.png","type":"image\/png"}],"twitter_card":"summary_large_image","twitter_misc":{"Est. reading time":"2 minutos"},"schema":{"@context":"https:\/\/schema.org","@graph":[{"@type":"WebPage","@id":"https:\/\/www.manaus.am.gov.br\/semcom\/pautas\/semana-do-quadrinho-nacional-de-manaus-inicia-neste-sabado-com-o-apoio-da-prefeitura\/","url":"https:\/\/www.manaus.am.gov.br\/semcom\/pautas\/semana-do-quadrinho-nacional-de-manaus-inicia-neste-sabado-com-o-apoio-da-prefeitura\/","name":"\u2018Semana do Quadrinho Nacional de Manaus\u2019 inicia neste s\u00e1bado com o apoio da prefeitura - SEMCOM","isPartOf":{"@id":"https:\/\/www.manaus.am.gov.br\/semcom\/#website"},"primaryImageOfPage":{"@id":"https:\/\/www.manaus.am.gov.br\/semcom\/pautas\/semana-do-quadrinho-nacional-de-manaus-inicia-neste-sabado-com-o-apoio-da-prefeitura\/#primaryimage"},"image":{"@id":"https:\/\/www.manaus.am.gov.br\/semcom\/pautas\/semana-do-quadrinho-nacional-de-manaus-inicia-neste-sabado-com-o-apoio-da-prefeitura\/#primaryimage"},"thumbnailUrl":"https:\/\/www.manaus.am.gov.br\/semcom\/wp-content\/uploads\/sites\/5\/2023\/02\/sugestaodepauta.png","datePublished":"2023-01-27T23:16:42+00:00","dateModified":"2023-02-08T14:22:59+00:00","inLanguage":"pt-BR","potentialAction":[{"@type":"ReadAction","target":["https:\/\/www.manaus.am.gov.br\/semcom\/pautas\/semana-do-quadrinho-nacional-de-manaus-inicia-neste-sabado-com-o-apoio-da-prefeitura\/"]}]},{"@type":"ImageObject","inLanguage":"pt-BR","@id":"https:\/\/www.manaus.am.gov.br\/semcom\/pautas\/semana-do-quadrinho-nacional-de-manaus-inicia-neste-sabado-com-o-apoio-da-prefeitura\/#primaryimage","url":"https:\/\/www.manaus.am.gov.br\/semcom\/wp-content\/uploads\/sites\/5\/2023\/02\/sugestaodepauta.png","contentUrl":"https:\/\/www.manaus.am.gov.br\/semcom\/wp-content\/uploads\/sites\/5\/2023\/02\/sugestaodepauta.png","width":1020,"height":540},{"@type":"WebSite","@id":"https:\/\/www.manaus.am.gov.br\/semcom\/#website","url":"https:\/\/www.manaus.am.gov.br\/semcom\/","name":"SEMCOM","description":"Secretaria Municipal de Comunica\u00e7\u00e3o","potentialAction":[{"@type":"SearchAction","target":{"@type":"EntryPoint","urlTemplate":"https:\/\/www.manaus.am.gov.br\/semcom\/?s={search_term_string}"},"query-input":"required name=search_term_string"}],"inLanguage":"pt-BR"}]}},"_links":{"self":[{"href":"https:\/\/www.manaus.am.gov.br\/semcom\/wp-json\/wp\/v2\/pautas\/208275"}],"collection":[{"href":"https:\/\/www.manaus.am.gov.br\/semcom\/wp-json\/wp\/v2\/pautas"}],"about":[{"href":"https:\/\/www.manaus.am.gov.br\/semcom\/wp-json\/wp\/v2\/types\/pautas"}],"wp:featuredmedia":[{"embeddable":true,"href":"https:\/\/www.manaus.am.gov.br\/semcom\/wp-json\/wp\/v2\/media\/208729"}],"wp:attachment":[{"href":"https:\/\/www.manaus.am.gov.br\/semcom\/wp-json\/wp\/v2\/media?parent=208275"}],"wp:term":[{"taxonomy":"category","embeddable":true,"href":"https:\/\/www.manaus.am.gov.br\/semcom\/wp-json\/wp\/v2\/categories?post=208275"}],"curies":[{"name":"wp","href":"https:\/\/api.w.org\/{rel}","templated":true}]}}

‘Semana do Quadrinho Nacional de Manaus’ inicia neste sábado com o apoio da prefeitura

<p>A 5ª edição da “Semana do Quadrinho Nacional de Manaus”, evento que celebra artistas brasileiros e suas obras, e que conta com o apoio da Prefeitura de Manaus, por meio da Fundação Municipal de Cultura, Turismo e Eventos (Manauscult), inicia neste sábado, 28/1, a partir das 16h até às 20h, na Biblioteca Pública do Amazonas, localizada na rua Barroso, 57, no Centro. O evento, neste ano, acontecerá nos dias 28, 29 e 30/1, e 4 e 5 de fevereiro, sendo gratuito e aberto ao público em geral.</p>
<p>Realizado desde 2019, o evento foi idealizado em comemoração ao “Dia do Quadrinho Nacional”, celebrado em 30/1. O primeiro dia do evento terá atividades como: oficina de Noções de Roteiro para Quadrinhos com Daniel Esteves; eventos editoriais na Amazônia &#8211; palestra com a participação dos produtores Evaldo Vasconcelos, Rhafa Porto, a professora Claudia Menezes Martins e do editor Rapha Pinheiro; lançamento e mesa de autógrafo do quadrinho Death Hunt de Stan Lee, com a editora Sâmela Hidalgo e as artistas Tai Silva e Raquel Teixeira; além de plataformas on-line para quadrinhos &#8211; palestra on-line com Luiz Andrade e Carol Peacemaker.</p>
<p>&#8212; &#8212; &#8212;</p>
<p><strong>SERVIÇO</strong></p>
<p><strong>O quê</strong> – 5ª edição da “Semana do Quadrinho Nacional de Manaus”</p>
<p><strong>Quando</strong> – Sábado, 28/1.</p>
<p><strong>Horário</strong> – 16h</p>
<p><strong>Local</strong> &#8211; Biblioteca Pública do Amazonas, localizada na rua Barroso, 57, Centro.</p>

<!-- This site is optimized with the Yoast SEO plugin v23.0 - https://yoast.com/wordpress/plugins/seo/ -->
<title>‘Semana do Quadrinho Nacional de Manaus’ inicia neste sábado com o apoio da prefeitura - SEMCOM</title>
<meta name="robots" content="index, follow, max-snippet:-1, max-image-preview:large, max-video-preview:-1" />
<link rel="canonical" href="https://www.manaus.am.gov.br/semcom/pautas/semana-do-quadrinho-nacional-de-manaus-inicia-neste-sabado-com-o-apoio-da-prefeitura/" />
<meta property="og:locale" content="pt_BR" />
<meta property="og:type" content="article" />
<meta property="og:title" content="‘Semana do Quadrinho Nacional de Manaus’ inicia neste sábado com o apoio da prefeitura - SEMCOM" />
<meta property="og:url" content="https://www.manaus.am.gov.br/semcom/pautas/semana-do-quadrinho-nacional-de-manaus-inicia-neste-sabado-com-o-apoio-da-prefeitura/" />
<meta property="og:site_name" content="SEMCOM" />
<meta property="article:modified_time" content="2023-02-08T14:22:59+00:00" />
<meta property="og:image" content="https://www.manaus.am.gov.br/semcom/wp-content/uploads/sites/5/2023/02/sugestaodepauta.png" />
	<meta property="og:image:width" content="1020" />
	<meta property="og:image:height" content="540" />
	<meta property="og:image:type" content="image/png" />
<meta name="twitter:card" content="summary_large_image" />
<meta name="twitter:label1" content="Est. reading time" />
	<meta name="twitter:data1" content="2 minutos" />
<script type="application/ld+json" class="yoast-schema-graph">{"@context":"https://schema.org","@graph":[{"@type":"WebPage","@id":"https://www.manaus.am.gov.br/semcom/pautas/semana-do-quadrinho-nacional-de-manaus-inicia-neste-sabado-com-o-apoio-da-prefeitura/","url":"https://www.manaus.am.gov.br/semcom/pautas/semana-do-quadrinho-nacional-de-manaus-inicia-neste-sabado-com-o-apoio-da-prefeitura/","name":"‘Semana do Quadrinho Nacional de Manaus’ inicia neste sábado com o apoio da prefeitura - SEMCOM","isPartOf":{"@id":"https://www.manaus.am.gov.br/semcom/#website"},"primaryImageOfPage":{"@id":"https://www.manaus.am.gov.br/semcom/pautas/semana-do-quadrinho-nacional-de-manaus-inicia-neste-sabado-com-o-apoio-da-prefeitura/#primaryimage"},"image":{"@id":"https://www.manaus.am.gov.br/semcom/pautas/semana-do-quadrinho-nacional-de-manaus-inicia-neste-sabado-com-o-apoio-da-prefeitura/#primaryimage"},"thumbnailUrl":"https://www.manaus.am.gov.br/semcom/wp-content/uploads/sites/5/2023/02/sugestaodepauta.png","datePublished":"2023-01-27T23:16:42+00:00","dateModified":"2023-02-08T14:22:59+00:00","inLanguage":"pt-BR","potentialAction":[{"@type":"ReadAction","target":["https://www.manaus.am.gov.br/semcom/pautas/semana-do-quadrinho-nacional-de-manaus-inicia-neste-sabado-com-o-apoio-da-prefeitura/"]}]},{"@type":"ImageObject","inLanguage":"pt-BR","@id":"https://www.manaus.am.gov.br/semcom/pautas/semana-do-quadrinho-nacional-de-manaus-inicia-neste-sabado-com-o-apoio-da-prefeitura/#primaryimage","url":"https://www.manaus.am.gov.br/semcom/wp-content/uploads/sites/5/2023/02/sugestaodepauta.png","contentUrl":"https://www.manaus.am.gov.br/semcom/wp-content/uploads/sites/5/2023/02/sugestaodepauta.png","width":1020,"height":540},{"@type":"WebSite","@id":"https://www.manaus.am.gov.br/semcom/#website","url":"https://www.manaus.am.gov.br/semcom/","name":"SEMCOM","description":"Secretaria Municipal de Comunicação","potentialAction":[{"@type":"SearchAction","target":{"@type":"EntryPoint","urlTemplate":"https://www.manaus.am.gov.br/semcom/?s={search_term_string}"},"query-input":"required name=search_term_string"}],"inLanguage":"pt-BR"}]}</script>
<!-- / Yoast SEO plugin. -->

‘Semana do Quadrinho Nacional de Manaus’ inicia neste sábado com o apoio da prefeitura - SEMCOM

Secretaria Municipal de Comunicação
