{"id":208176,"date":"2023-01-26T20:01:10","date_gmt":"2023-01-26T23:01:10","guid":{"rendered":"https:\/\/www.manaus.am.gov.br\/semcom\/?post_type=pautas&#038;p=208176"},"modified":"2023-02-08T11:22:05","modified_gmt":"2023-02-08T14:22:05","slug":"prefeitura-de-manaus-realiza-sorteio-das-vagas-destinadas-as-creches-municipais-em-2023","status":"publish","type":"pautas","link":"https:\/\/www.manaus.am.gov.br\/semcom\/pautas\/prefeitura-de-manaus-realiza-sorteio-das-vagas-destinadas-as-creches-municipais-em-2023\/","title":{"rendered":"<strong>Prefeitura de Manaus realiza sorteio das vagas destinadas \u00e0s creches municipais em 2023<\/strong>"},"content":{"rendered":"<div class=\"wp-block-image\">\n<div class=\"wp-block-image\">A Prefeitura de Manaus realiza o sorteio das vagas destinadas \u00e0s creches municipais da rede municipal de ensino em 2023, nesta sexta-feira, 27\/1, no audit\u00f3rio da Secretaria Municipal de Educa\u00e7\u00e3o (Semed), \u00e0s 9h.&nbsp; O processo ser\u00e1 transmitido pela p\u00e1gina oficial do Facebook da prefeitura e coordenado pela empresa Processamento de Dados Amazonas S\/A (Prodam).<\/div>\n<\/div>\n<p>&nbsp;<\/p>\n<p>Das vagas sorteadas, 60% ser\u00e3o destinadas aos inscritos no Cadastro \u00danico (CAD) e 40% para os que n\u00e3o participam. Os crit\u00e9rios seguem as recomenda\u00e7\u00f5es do Minist\u00e9rio do P\u00fablico do Amazonas (MP-AM), considerando o of\u00edcio n\u00ba 0012\/2021\/27 PJ, que estabelece a rede municipal de ensino sobre o sorteio das vagas das creches, priorizando o crit\u00e9rio de vulnerabilidade social das fam\u00edlias inscritas.<\/p>\n<p>&nbsp;<\/p>\n<p>A transmiss\u00e3o ao vivo demonstra a lisura do processo de matr\u00edcula das unidades que atendem crian\u00e7as de 1 a 3 anos.&nbsp; Atualmente, a rede municipal atende esse p\u00fablico infantil em 24 unidades.<\/p>\n<p>&nbsp;<\/p>\n<p>&nbsp;<\/p>\n<p>&#8212; &#8212; &#8212;<\/p>\n<p><strong>SERVI\u00c7O&nbsp; <\/strong><\/p>\n<p>&nbsp;<\/p>\n<p><strong>O qu\u00ea<\/strong> &#8211; Sorteio de vagas das creches municipais em 2023<\/p>\n<p><strong>Quando<\/strong> &#8211; Sexta-feira, 27\/1<\/p>\n<p><strong>Local<\/strong> &#8211; Audit\u00f3rio da Semed, na avenida&nbsp;M\u00e1rio Ypiranga, 2.358, bairro Parque Dez de Novembro, zona Centro-Sul<\/p>\n<p><strong>Hor\u00e1rio<\/strong> \u2013 9h\u200b<\/p>\n<p>&nbsp;<\/p>\n","protected":false},"featured_media":208729,"template":"","categories":[788],"acf":[],"yoast_head":"<!-- This site is optimized with the Yoast SEO plugin v23.0 - https:\/\/yoast.com\/wordpress\/plugins\/seo\/ -->\n<title>Prefeitura de Manaus realiza sorteio das vagas destinadas \u00e0s creches municipais em 2023 - SEMCOM<\/title>\n<meta name=\"robots\" content=\"index, follow, max-snippet:-1, max-image-preview:large, max-video-preview:-1\" \/>\n<link rel=\"canonical\" href=\"https:\/\/www.manaus.am.gov.br\/semcom\/pautas\/prefeitura-de-manaus-realiza-sorteio-das-vagas-destinadas-as-creches-municipais-em-2023\/\" \/>\n<meta property=\"og:locale\" content=\"pt_BR\" \/>\n<meta property=\"og:type\" content=\"article\" \/>\n<meta property=\"og:title\" content=\"Prefeitura de Manaus realiza sorteio das vagas destinadas \u00e0s creches municipais em 2023 - SEMCOM\" \/>\n<meta property=\"og:url\" content=\"https:\/\/www.manaus.am.gov.br\/semcom\/pautas\/prefeitura-de-manaus-realiza-sorteio-das-vagas-destinadas-as-creches-municipais-em-2023\/\" \/>\n<meta property=\"og:site_name\" content=\"SEMCOM\" \/>\n<meta property=\"article:modified_time\" content=\"2023-02-08T14:22:05+00:00\" \/>\n<meta property=\"og:image\" content=\"https:\/\/www.manaus.am.gov.br\/semcom\/wp-content\/uploads\/sites\/5\/2023\/02\/sugestaodepauta.png\" \/>\n\t<meta property=\"og:image:width\" content=\"1020\" \/>\n\t<meta property=\"og:image:height\" content=\"540\" \/>\n\t<meta property=\"og:image:type\" content=\"image\/png\" \/>\n<meta name=\"twitter:card\" content=\"summary_large_image\" \/>\n<meta name=\"twitter:label1\" content=\"Est. reading time\" \/>\n\t<meta name=\"twitter:data1\" content=\"1 minuto\" \/>\n<script type=\"application\/ld+json\" class=\"yoast-schema-graph\">{\"@context\":\"https:\/\/schema.org\",\"@graph\":[{\"@type\":\"WebPage\",\"@id\":\"https:\/\/www.manaus.am.gov.br\/semcom\/pautas\/prefeitura-de-manaus-realiza-sorteio-das-vagas-destinadas-as-creches-municipais-em-2023\/\",\"url\":\"https:\/\/www.manaus.am.gov.br\/semcom\/pautas\/prefeitura-de-manaus-realiza-sorteio-das-vagas-destinadas-as-creches-municipais-em-2023\/\",\"name\":\"Prefeitura de Manaus realiza sorteio das vagas destinadas \u00e0s creches municipais em 2023 - SEMCOM\",\"isPartOf\":{\"@id\":\"https:\/\/www.manaus.am.gov.br\/semcom\/#website\"},\"primaryImageOfPage\":{\"@id\":\"https:\/\/www.manaus.am.gov.br\/semcom\/pautas\/prefeitura-de-manaus-realiza-sorteio-das-vagas-destinadas-as-creches-municipais-em-2023\/#primaryimage\"},\"image\":{\"@id\":\"https:\/\/www.manaus.am.gov.br\/semcom\/pautas\/prefeitura-de-manaus-realiza-sorteio-das-vagas-destinadas-as-creches-municipais-em-2023\/#primaryimage\"},\"thumbnailUrl\":\"https:\/\/www.manaus.am.gov.br\/semcom\/wp-content\/uploads\/sites\/5\/2023\/02\/sugestaodepauta.png\",\"datePublished\":\"2023-01-26T23:01:10+00:00\",\"dateModified\":\"2023-02-08T14:22:05+00:00\",\"inLanguage\":\"pt-BR\",\"potentialAction\":[{\"@type\":\"ReadAction\",\"target\":[\"https:\/\/www.manaus.am.gov.br\/semcom\/pautas\/prefeitura-de-manaus-realiza-sorteio-das-vagas-destinadas-as-creches-municipais-em-2023\/\"]}]},{\"@type\":\"ImageObject\",\"inLanguage\":\"pt-BR\",\"@id\":\"https:\/\/www.manaus.am.gov.br\/semcom\/pautas\/prefeitura-de-manaus-realiza-sorteio-das-vagas-destinadas-as-creches-municipais-em-2023\/#primaryimage\",\"url\":\"https:\/\/www.manaus.am.gov.br\/semcom\/wp-content\/uploads\/sites\/5\/2023\/02\/sugestaodepauta.png\",\"contentUrl\":\"https:\/\/www.manaus.am.gov.br\/semcom\/wp-content\/uploads\/sites\/5\/2023\/02\/sugestaodepauta.png\",\"width\":1020,\"height\":540},{\"@type\":\"WebSite\",\"@id\":\"https:\/\/www.manaus.am.gov.br\/semcom\/#website\",\"url\":\"https:\/\/www.manaus.am.gov.br\/semcom\/\",\"name\":\"SEMCOM\",\"description\":\"Secretaria Municipal de Comunica\u00e7\u00e3o\",\"potentialAction\":[{\"@type\":\"SearchAction\",\"target\":{\"@type\":\"EntryPoint\",\"urlTemplate\":\"https:\/\/www.manaus.am.gov.br\/semcom\/?s={search_term_string}\"},\"query-input\":\"required name=search_term_string\"}],\"inLanguage\":\"pt-BR\"}]}<\/script>\n<!-- \/ Yoast SEO plugin. -->","yoast_head_json":{"title":"Prefeitura de Manaus realiza sorteio das vagas destinadas \u00e0s creches municipais em 2023 - SEMCOM","robots":{"index":"index","follow":"follow","max-snippet":"max-snippet:-1","max-image-preview":"max-image-preview:large","max-video-preview":"max-video-preview:-1"},"canonical":"https:\/\/www.manaus.am.gov.br\/semcom\/pautas\/prefeitura-de-manaus-realiza-sorteio-das-vagas-destinadas-as-creches-municipais-em-2023\/","og_locale":"pt_BR","og_type":"article","og_title":"Prefeitura de Manaus realiza sorteio das vagas destinadas \u00e0s creches municipais em 2023 - SEMCOM","og_url":"https:\/\/www.manaus.am.gov.br\/semcom\/pautas\/prefeitura-de-manaus-realiza-sorteio-das-vagas-destinadas-as-creches-municipais-em-2023\/","og_site_name":"SEMCOM","article_modified_time":"2023-02-08T14:22:05+00:00","og_image":[{"width":1020,"height":540,"url":"https:\/\/www.manaus.am.gov.br\/semcom\/wp-content\/uploads\/sites\/5\/2023\/02\/sugestaodepauta.png","type":"image\/png"}],"twitter_card":"summary_large_image","twitter_misc":{"Est. reading time":"1 minuto"},"schema":{"@context":"https:\/\/schema.org","@graph":[{"@type":"WebPage","@id":"https:\/\/www.manaus.am.gov.br\/semcom\/pautas\/prefeitura-de-manaus-realiza-sorteio-das-vagas-destinadas-as-creches-municipais-em-2023\/","url":"https:\/\/www.manaus.am.gov.br\/semcom\/pautas\/prefeitura-de-manaus-realiza-sorteio-das-vagas-destinadas-as-creches-municipais-em-2023\/","name":"Prefeitura de Manaus realiza sorteio das vagas destinadas \u00e0s creches municipais em 2023 - SEMCOM","isPartOf":{"@id":"https:\/\/www.manaus.am.gov.br\/semcom\/#website"},"primaryImageOfPage":{"@id":"https:\/\/www.manaus.am.gov.br\/semcom\/pautas\/prefeitura-de-manaus-realiza-sorteio-das-vagas-destinadas-as-creches-municipais-em-2023\/#primaryimage"},"image":{"@id":"https:\/\/www.manaus.am.gov.br\/semcom\/pautas\/prefeitura-de-manaus-realiza-sorteio-das-vagas-destinadas-as-creches-municipais-em-2023\/#primaryimage"},"thumbnailUrl":"https:\/\/www.manaus.am.gov.br\/semcom\/wp-content\/uploads\/sites\/5\/2023\/02\/sugestaodepauta.png","datePublished":"2023-01-26T23:01:10+00:00","dateModified":"2023-02-08T14:22:05+00:00","inLanguage":"pt-BR","potentialAction":[{"@type":"ReadAction","target":["https:\/\/www.manaus.am.gov.br\/semcom\/pautas\/prefeitura-de-manaus-realiza-sorteio-das-vagas-destinadas-as-creches-municipais-em-2023\/"]}]},{"@type":"ImageObject","inLanguage":"pt-BR","@id":"https:\/\/www.manaus.am.gov.br\/semcom\/pautas\/prefeitura-de-manaus-realiza-sorteio-das-vagas-destinadas-as-creches-municipais-em-2023\/#primaryimage","url":"https:\/\/www.manaus.am.gov.br\/semcom\/wp-content\/uploads\/sites\/5\/2023\/02\/sugestaodepauta.png","contentUrl":"https:\/\/www.manaus.am.gov.br\/semcom\/wp-content\/uploads\/sites\/5\/2023\/02\/sugestaodepauta.png","width":1020,"height":540},{"@type":"WebSite","@id":"https:\/\/www.manaus.am.gov.br\/semcom\/#website","url":"https:\/\/www.manaus.am.gov.br\/semcom\/","name":"SEMCOM","description":"Secretaria Municipal de Comunica\u00e7\u00e3o","potentialAction":[{"@type":"SearchAction","target":{"@type":"EntryPoint","urlTemplate":"https:\/\/www.manaus.am.gov.br\/semcom\/?s={search_term_string}"},"query-input":"required name=search_term_string"}],"inLanguage":"pt-BR"}]}},"_links":{"self":[{"href":"https:\/\/www.manaus.am.gov.br\/semcom\/wp-json\/wp\/v2\/pautas\/208176"}],"collection":[{"href":"https:\/\/www.manaus.am.gov.br\/semcom\/wp-json\/wp\/v2\/pautas"}],"about":[{"href":"https:\/\/www.manaus.am.gov.br\/semcom\/wp-json\/wp\/v2\/types\/pautas"}],"wp:featuredmedia":[{"embeddable":true,"href":"https:\/\/www.manaus.am.gov.br\/semcom\/wp-json\/wp\/v2\/media\/208729"}],"wp:attachment":[{"href":"https:\/\/www.manaus.am.gov.br\/semcom\/wp-json\/wp\/v2\/media?parent=208176"}],"wp:term":[{"taxonomy":"category","embeddable":true,"href":"https:\/\/www.manaus.am.gov.br\/semcom\/wp-json\/wp\/v2\/categories?post=208176"}],"curies":[{"name":"wp","href":"https:\/\/api.w.org\/{rel}","templated":true}]}}

<strong>Prefeitura de Manaus realiza sorteio das vagas destinadas às creches municipais em 2023</strong>

<div class="wp-block-image">
<div class="wp-block-image">A Prefeitura de Manaus realiza o sorteio das vagas destinadas às creches municipais da rede municipal de ensino em 2023, nesta sexta-feira, 27/1, no auditório da Secretaria Municipal de Educação (Semed), às 9h.&nbsp; O processo será transmitido pela página oficial do Facebook da prefeitura e coordenado pela empresa Processamento de Dados Amazonas S/A (Prodam).</div>
</div>
<p>&nbsp;</p>
<p>Das vagas sorteadas, 60% serão destinadas aos inscritos no Cadastro Único (CAD) e 40% para os que não participam. Os critérios seguem as recomendações do Ministério do Público do Amazonas (MP-AM), considerando o ofício nº 0012/2021/27 PJ, que estabelece a rede municipal de ensino sobre o sorteio das vagas das creches, priorizando o critério de vulnerabilidade social das famílias inscritas.</p>
<p>&nbsp;</p>
<p>A transmissão ao vivo demonstra a lisura do processo de matrícula das unidades que atendem crianças de 1 a 3 anos.&nbsp; Atualmente, a rede municipal atende esse público infantil em 24 unidades.</p>
<p>&nbsp;</p>
<p>&nbsp;</p>
<p>&#8212; &#8212; &#8212;</p>
<p><strong>SERVIÇO&nbsp; </strong></p>
<p>&nbsp;</p>
<p><strong>O quê</strong> &#8211; Sorteio de vagas das creches municipais em 2023</p>
<p><strong>Quando</strong> &#8211; Sexta-feira, 27/1</p>
<p><strong>Local</strong> &#8211; Auditório da Semed, na avenida&nbsp;Mário Ypiranga, 2.358, bairro Parque Dez de Novembro, zona Centro-Sul</p>
<p><strong>Horário</strong> – 9h​</p>
<p>&nbsp;</p>

<!-- This site is optimized with the Yoast SEO plugin v23.0 - https://yoast.com/wordpress/plugins/seo/ -->
<title>Prefeitura de Manaus realiza sorteio das vagas destinadas às creches municipais em 2023 - SEMCOM</title>
<meta name="robots" content="index, follow, max-snippet:-1, max-image-preview:large, max-video-preview:-1" />
<link rel="canonical" href="https://www.manaus.am.gov.br/semcom/pautas/prefeitura-de-manaus-realiza-sorteio-das-vagas-destinadas-as-creches-municipais-em-2023/" />
<meta property="og:locale" content="pt_BR" />
<meta property="og:type" content="article" />
<meta property="og:title" content="Prefeitura de Manaus realiza sorteio das vagas destinadas às creches municipais em 2023 - SEMCOM" />
<meta property="og:url" content="https://www.manaus.am.gov.br/semcom/pautas/prefeitura-de-manaus-realiza-sorteio-das-vagas-destinadas-as-creches-municipais-em-2023/" />
<meta property="og:site_name" content="SEMCOM" />
<meta property="article:modified_time" content="2023-02-08T14:22:05+00:00" />
<meta property="og:image" content="https://www.manaus.am.gov.br/semcom/wp-content/uploads/sites/5/2023/02/sugestaodepauta.png" />
	<meta property="og:image:width" content="1020" />
	<meta property="og:image:height" content="540" />
	<meta property="og:image:type" content="image/png" />
<meta name="twitter:card" content="summary_large_image" />
<meta name="twitter:label1" content="Est. reading time" />
	<meta name="twitter:data1" content="1 minuto" />
<script type="application/ld+json" class="yoast-schema-graph">{"@context":"https://schema.org","@graph":[{"@type":"WebPage","@id":"https://www.manaus.am.gov.br/semcom/pautas/prefeitura-de-manaus-realiza-sorteio-das-vagas-destinadas-as-creches-municipais-em-2023/","url":"https://www.manaus.am.gov.br/semcom/pautas/prefeitura-de-manaus-realiza-sorteio-das-vagas-destinadas-as-creches-municipais-em-2023/","name":"Prefeitura de Manaus realiza sorteio das vagas destinadas às creches municipais em 2023 - SEMCOM","isPartOf":{"@id":"https://www.manaus.am.gov.br/semcom/#website"},"primaryImageOfPage":{"@id":"https://www.manaus.am.gov.br/semcom/pautas/prefeitura-de-manaus-realiza-sorteio-das-vagas-destinadas-as-creches-municipais-em-2023/#primaryimage"},"image":{"@id":"https://www.manaus.am.gov.br/semcom/pautas/prefeitura-de-manaus-realiza-sorteio-das-vagas-destinadas-as-creches-municipais-em-2023/#primaryimage"},"thumbnailUrl":"https://www.manaus.am.gov.br/semcom/wp-content/uploads/sites/5/2023/02/sugestaodepauta.png","datePublished":"2023-01-26T23:01:10+00:00","dateModified":"2023-02-08T14:22:05+00:00","inLanguage":"pt-BR","potentialAction":[{"@type":"ReadAction","target":["https://www.manaus.am.gov.br/semcom/pautas/prefeitura-de-manaus-realiza-sorteio-das-vagas-destinadas-as-creches-municipais-em-2023/"]}]},{"@type":"ImageObject","inLanguage":"pt-BR","@id":"https://www.manaus.am.gov.br/semcom/pautas/prefeitura-de-manaus-realiza-sorteio-das-vagas-destinadas-as-creches-municipais-em-2023/#primaryimage","url":"https://www.manaus.am.gov.br/semcom/wp-content/uploads/sites/5/2023/02/sugestaodepauta.png","contentUrl":"https://www.manaus.am.gov.br/semcom/wp-content/uploads/sites/5/2023/02/sugestaodepauta.png","width":1020,"height":540},{"@type":"WebSite","@id":"https://www.manaus.am.gov.br/semcom/#website","url":"https://www.manaus.am.gov.br/semcom/","name":"SEMCOM","description":"Secretaria Municipal de Comunicação","potentialAction":[{"@type":"SearchAction","target":{"@type":"EntryPoint","urlTemplate":"https://www.manaus.am.gov.br/semcom/?s={search_term_string}"},"query-input":"required name=search_term_string"}],"inLanguage":"pt-BR"}]}</script>
<!-- / Yoast SEO plugin. -->

Prefeitura de Manaus realiza sorteio das vagas destinadas às creches municipais em 2023 - SEMCOM

Secretaria Municipal de Comunicação
