{"id":208121,"date":"2023-01-26T15:51:58","date_gmt":"2023-01-26T18:51:58","guid":{"rendered":"https:\/\/www.manaus.am.gov.br\/semcom\/?post_type=pautas&#038;p=208121"},"modified":"2023-02-08T11:20:57","modified_gmt":"2023-02-08T14:20:57","slug":"prefeitura-de-manaus-promove-capacitacao-com-profissionais-do-suas-nesta-sexta-feira-27-1","status":"publish","type":"pautas","link":"https:\/\/www.manaus.am.gov.br\/semcom\/pautas\/prefeitura-de-manaus-promove-capacitacao-com-profissionais-do-suas-nesta-sexta-feira-27-1\/","title":{"rendered":"<strong>Prefeitura\u00a0de Manaus\u00a0promove capacita\u00e7\u00e3o com profissionais do Suas nesta sexta-feira, 27\/1<\/strong>"},"content":{"rendered":"<p style=\"font-weight: 400\">A Prefeitura de Manaus, por meio do Conselho Municipal de Assist\u00eancia Social (Cmas), promove, nesta sexta-feira, 27\/1, a oficina de capacita\u00e7\u00e3o \u201cCh\u00e1 com o Suas\u201d, voltada para Organiza\u00e7\u00f5es da Sociedade Civil (OSCs) atuantes na cidade.<\/p>\n<p style=\"font-weight: 400\">Com o objetivo de capacitar os t\u00e9cnicos e assistentes sociais que atuam diretamente na execu\u00e7\u00e3o de programas, projetos e servi\u00e7os em suas organiza\u00e7\u00f5es sociais e da rede complementar do Sistema \u00danico de Assist\u00eancia Social (Suas) no munic\u00edpio de Manaus, o evento receber\u00e1 mais de cem profissionais no Parque Municipal do Idoso, localizado no bairro Nossa Senhora das Gra\u00e7as, zona Centro-Sul, a partir das 9h.<\/p>\n<p style=\"font-weight: 400\">Durante a oficina, os participantes ser\u00e3o organizados em quatro grupos, que discutir\u00e3o os temas \u201cLegisla\u00e7\u00e3o aplic\u00e1vel \u00e0 execu\u00e7\u00e3o da pol\u00edtica de Assist\u00eancia Social\u201d e \u201cPlano de A\u00e7\u00e3o que identifica os programas, projetos e servi\u00e7os ofertados\u201d, al\u00e9m de participarem da elabora\u00e7\u00e3o de um plano de a\u00e7\u00e3o ao fim das discuss\u00f5es.<\/p>\n<p style=\"font-weight: 400\"><strong>SERVI\u00c7O:<\/strong><\/p>\n<p style=\"font-weight: 400\"><strong>O qu\u00ea &#8211;&nbsp;<\/strong>Oficina de capacita\u00e7\u00e3o \u201cCh\u00e1 com o Suas\u201d<\/p>\n<p style=\"font-weight: 400\"><strong>Quando \u2013<\/strong>&nbsp;Sexta-feira, 27\/1<\/p>\n<p style=\"font-weight: 400\"><strong>Hor\u00e1rio &#8211;<\/strong>&nbsp;9h<\/p>\n<p style=\"font-weight: 400\"><strong>Local &#8211;&nbsp;<\/strong>Parque Municipal do Idoso, rua Rio Mar, n\u00ba 1.324, bairro Nossa Senhora das Gra\u00e7as<\/p>\n","protected":false},"featured_media":208729,"template":"","categories":[802],"acf":[],"yoast_head":"<!-- This site is optimized with the Yoast SEO plugin v23.0 - https:\/\/yoast.com\/wordpress\/plugins\/seo\/ -->\n<title>Prefeitura\u00a0de Manaus\u00a0promove capacita\u00e7\u00e3o com profissionais do Suas nesta sexta-feira, 27\/1<\/title>\n<meta name=\"description\" content=\"A Prefeitura de Manaus, por meio do Conselho Municipal de Assist\u00eancia Social (Cmas), promove, nesta sexta-feira, 27\/1,\" \/>\n<meta name=\"robots\" content=\"index, follow, max-snippet:-1, max-image-preview:large, max-video-preview:-1\" \/>\n<link rel=\"canonical\" href=\"https:\/\/www.manaus.am.gov.br\/semcom\/pautas\/prefeitura-de-manaus-promove-capacitacao-com-profissionais-do-suas-nesta-sexta-feira-27-1\/\" \/>\n<meta property=\"og:locale\" content=\"pt_BR\" \/>\n<meta property=\"og:type\" content=\"article\" \/>\n<meta property=\"og:title\" content=\"Prefeitura\u00a0de Manaus\u00a0promove capacita\u00e7\u00e3o com profissionais do Suas nesta sexta-feira, 27\/1\" \/>\n<meta property=\"og:description\" content=\"A Prefeitura de Manaus, por meio do Conselho Municipal de Assist\u00eancia Social (Cmas), promove, nesta sexta-feira, 27\/1,\" \/>\n<meta property=\"og:url\" content=\"https:\/\/www.manaus.am.gov.br\/semcom\/pautas\/prefeitura-de-manaus-promove-capacitacao-com-profissionais-do-suas-nesta-sexta-feira-27-1\/\" \/>\n<meta property=\"og:site_name\" content=\"SEMCOM\" \/>\n<meta property=\"article:modified_time\" content=\"2023-02-08T14:20:57+00:00\" \/>\n<meta property=\"og:image\" content=\"https:\/\/www.manaus.am.gov.br\/semcom\/wp-content\/uploads\/sites\/5\/2023\/02\/sugestaodepauta.png\" \/>\n\t<meta property=\"og:image:width\" content=\"1020\" \/>\n\t<meta property=\"og:image:height\" content=\"540\" \/>\n\t<meta property=\"og:image:type\" content=\"image\/png\" \/>\n<meta name=\"twitter:card\" content=\"summary_large_image\" \/>\n<meta name=\"twitter:label1\" content=\"Est. reading time\" \/>\n\t<meta name=\"twitter:data1\" content=\"1 minuto\" \/>\n<script type=\"application\/ld+json\" class=\"yoast-schema-graph\">{\"@context\":\"https:\/\/schema.org\",\"@graph\":[{\"@type\":\"WebPage\",\"@id\":\"https:\/\/www.manaus.am.gov.br\/semcom\/pautas\/prefeitura-de-manaus-promove-capacitacao-com-profissionais-do-suas-nesta-sexta-feira-27-1\/\",\"url\":\"https:\/\/www.manaus.am.gov.br\/semcom\/pautas\/prefeitura-de-manaus-promove-capacitacao-com-profissionais-do-suas-nesta-sexta-feira-27-1\/\",\"name\":\"Prefeitura\u00a0de Manaus\u00a0promove capacita\u00e7\u00e3o com profissionais do Suas nesta sexta-feira, 27\/1\",\"isPartOf\":{\"@id\":\"https:\/\/www.manaus.am.gov.br\/semcom\/#website\"},\"primaryImageOfPage\":{\"@id\":\"https:\/\/www.manaus.am.gov.br\/semcom\/pautas\/prefeitura-de-manaus-promove-capacitacao-com-profissionais-do-suas-nesta-sexta-feira-27-1\/#primaryimage\"},\"image\":{\"@id\":\"https:\/\/www.manaus.am.gov.br\/semcom\/pautas\/prefeitura-de-manaus-promove-capacitacao-com-profissionais-do-suas-nesta-sexta-feira-27-1\/#primaryimage\"},\"thumbnailUrl\":\"https:\/\/www.manaus.am.gov.br\/semcom\/wp-content\/uploads\/sites\/5\/2023\/02\/sugestaodepauta.png\",\"datePublished\":\"2023-01-26T18:51:58+00:00\",\"dateModified\":\"2023-02-08T14:20:57+00:00\",\"description\":\"A Prefeitura de Manaus, por meio do Conselho Municipal de Assist\u00eancia Social (Cmas), promove, nesta sexta-feira, 27\/1,\",\"inLanguage\":\"pt-BR\",\"potentialAction\":[{\"@type\":\"ReadAction\",\"target\":[\"https:\/\/www.manaus.am.gov.br\/semcom\/pautas\/prefeitura-de-manaus-promove-capacitacao-com-profissionais-do-suas-nesta-sexta-feira-27-1\/\"]}]},{\"@type\":\"ImageObject\",\"inLanguage\":\"pt-BR\",\"@id\":\"https:\/\/www.manaus.am.gov.br\/semcom\/pautas\/prefeitura-de-manaus-promove-capacitacao-com-profissionais-do-suas-nesta-sexta-feira-27-1\/#primaryimage\",\"url\":\"https:\/\/www.manaus.am.gov.br\/semcom\/wp-content\/uploads\/sites\/5\/2023\/02\/sugestaodepauta.png\",\"contentUrl\":\"https:\/\/www.manaus.am.gov.br\/semcom\/wp-content\/uploads\/sites\/5\/2023\/02\/sugestaodepauta.png\",\"width\":1020,\"height\":540},{\"@type\":\"WebSite\",\"@id\":\"https:\/\/www.manaus.am.gov.br\/semcom\/#website\",\"url\":\"https:\/\/www.manaus.am.gov.br\/semcom\/\",\"name\":\"SEMCOM\",\"description\":\"Secretaria Municipal de Comunica\u00e7\u00e3o\",\"potentialAction\":[{\"@type\":\"SearchAction\",\"target\":{\"@type\":\"EntryPoint\",\"urlTemplate\":\"https:\/\/www.manaus.am.gov.br\/semcom\/?s={search_term_string}\"},\"query-input\":\"required name=search_term_string\"}],\"inLanguage\":\"pt-BR\"}]}<\/script>\n<!-- \/ Yoast SEO plugin. -->","yoast_head_json":{"title":"Prefeitura\u00a0de Manaus\u00a0promove capacita\u00e7\u00e3o com profissionais do Suas nesta sexta-feira, 27\/1","description":"A Prefeitura de Manaus, por meio do Conselho Municipal de Assist\u00eancia Social (Cmas), promove, nesta sexta-feira, 27\/1,","robots":{"index":"index","follow":"follow","max-snippet":"max-snippet:-1","max-image-preview":"max-image-preview:large","max-video-preview":"max-video-preview:-1"},"canonical":"https:\/\/www.manaus.am.gov.br\/semcom\/pautas\/prefeitura-de-manaus-promove-capacitacao-com-profissionais-do-suas-nesta-sexta-feira-27-1\/","og_locale":"pt_BR","og_type":"article","og_title":"Prefeitura\u00a0de Manaus\u00a0promove capacita\u00e7\u00e3o com profissionais do Suas nesta sexta-feira, 27\/1","og_description":"A Prefeitura de Manaus, por meio do Conselho Municipal de Assist\u00eancia Social (Cmas), promove, nesta sexta-feira, 27\/1,","og_url":"https:\/\/www.manaus.am.gov.br\/semcom\/pautas\/prefeitura-de-manaus-promove-capacitacao-com-profissionais-do-suas-nesta-sexta-feira-27-1\/","og_site_name":"SEMCOM","article_modified_time":"2023-02-08T14:20:57+00:00","og_image":[{"width":1020,"height":540,"url":"https:\/\/www.manaus.am.gov.br\/semcom\/wp-content\/uploads\/sites\/5\/2023\/02\/sugestaodepauta.png","type":"image\/png"}],"twitter_card":"summary_large_image","twitter_misc":{"Est. reading time":"1 minuto"},"schema":{"@context":"https:\/\/schema.org","@graph":[{"@type":"WebPage","@id":"https:\/\/www.manaus.am.gov.br\/semcom\/pautas\/prefeitura-de-manaus-promove-capacitacao-com-profissionais-do-suas-nesta-sexta-feira-27-1\/","url":"https:\/\/www.manaus.am.gov.br\/semcom\/pautas\/prefeitura-de-manaus-promove-capacitacao-com-profissionais-do-suas-nesta-sexta-feira-27-1\/","name":"Prefeitura\u00a0de Manaus\u00a0promove capacita\u00e7\u00e3o com profissionais do Suas nesta sexta-feira, 27\/1","isPartOf":{"@id":"https:\/\/www.manaus.am.gov.br\/semcom\/#website"},"primaryImageOfPage":{"@id":"https:\/\/www.manaus.am.gov.br\/semcom\/pautas\/prefeitura-de-manaus-promove-capacitacao-com-profissionais-do-suas-nesta-sexta-feira-27-1\/#primaryimage"},"image":{"@id":"https:\/\/www.manaus.am.gov.br\/semcom\/pautas\/prefeitura-de-manaus-promove-capacitacao-com-profissionais-do-suas-nesta-sexta-feira-27-1\/#primaryimage"},"thumbnailUrl":"https:\/\/www.manaus.am.gov.br\/semcom\/wp-content\/uploads\/sites\/5\/2023\/02\/sugestaodepauta.png","datePublished":"2023-01-26T18:51:58+00:00","dateModified":"2023-02-08T14:20:57+00:00","description":"A Prefeitura de Manaus, por meio do Conselho Municipal de Assist\u00eancia Social (Cmas), promove, nesta sexta-feira, 27\/1,","inLanguage":"pt-BR","potentialAction":[{"@type":"ReadAction","target":["https:\/\/www.manaus.am.gov.br\/semcom\/pautas\/prefeitura-de-manaus-promove-capacitacao-com-profissionais-do-suas-nesta-sexta-feira-27-1\/"]}]},{"@type":"ImageObject","inLanguage":"pt-BR","@id":"https:\/\/www.manaus.am.gov.br\/semcom\/pautas\/prefeitura-de-manaus-promove-capacitacao-com-profissionais-do-suas-nesta-sexta-feira-27-1\/#primaryimage","url":"https:\/\/www.manaus.am.gov.br\/semcom\/wp-content\/uploads\/sites\/5\/2023\/02\/sugestaodepauta.png","contentUrl":"https:\/\/www.manaus.am.gov.br\/semcom\/wp-content\/uploads\/sites\/5\/2023\/02\/sugestaodepauta.png","width":1020,"height":540},{"@type":"WebSite","@id":"https:\/\/www.manaus.am.gov.br\/semcom\/#website","url":"https:\/\/www.manaus.am.gov.br\/semcom\/","name":"SEMCOM","description":"Secretaria Municipal de Comunica\u00e7\u00e3o","potentialAction":[{"@type":"SearchAction","target":{"@type":"EntryPoint","urlTemplate":"https:\/\/www.manaus.am.gov.br\/semcom\/?s={search_term_string}"},"query-input":"required name=search_term_string"}],"inLanguage":"pt-BR"}]}},"_links":{"self":[{"href":"https:\/\/www.manaus.am.gov.br\/semcom\/wp-json\/wp\/v2\/pautas\/208121"}],"collection":[{"href":"https:\/\/www.manaus.am.gov.br\/semcom\/wp-json\/wp\/v2\/pautas"}],"about":[{"href":"https:\/\/www.manaus.am.gov.br\/semcom\/wp-json\/wp\/v2\/types\/pautas"}],"wp:featuredmedia":[{"embeddable":true,"href":"https:\/\/www.manaus.am.gov.br\/semcom\/wp-json\/wp\/v2\/media\/208729"}],"wp:attachment":[{"href":"https:\/\/www.manaus.am.gov.br\/semcom\/wp-json\/wp\/v2\/media?parent=208121"}],"wp:term":[{"taxonomy":"category","embeddable":true,"href":"https:\/\/www.manaus.am.gov.br\/semcom\/wp-json\/wp\/v2\/categories?post=208121"}],"curies":[{"name":"wp","href":"https:\/\/api.w.org\/{rel}","templated":true}]}}

<strong>Prefeitura de Manaus promove capacitação com profissionais do Suas nesta sexta-feira, 27/1</strong>

<p style="font-weight: 400">A Prefeitura de Manaus, por meio do Conselho Municipal de Assistência Social (Cmas), promove, nesta sexta-feira, 27/1, a oficina de capacitação “Chá com o Suas”, voltada para Organizações da Sociedade Civil (OSCs) atuantes na cidade.</p>
<p style="font-weight: 400">Com o objetivo de capacitar os técnicos e assistentes sociais que atuam diretamente na execução de programas, projetos e serviços em suas organizações sociais e da rede complementar do Sistema Único de Assistência Social (Suas) no município de Manaus, o evento receberá mais de cem profissionais no Parque Municipal do Idoso, localizado no bairro Nossa Senhora das Graças, zona Centro-Sul, a partir das 9h.</p>
<p style="font-weight: 400">Durante a oficina, os participantes serão organizados em quatro grupos, que discutirão os temas “Legislação aplicável à execução da política de Assistência Social” e “Plano de Ação que identifica os programas, projetos e serviços ofertados”, além de participarem da elaboração de um plano de ação ao fim das discussões.</p>
<p style="font-weight: 400"><strong>SERVIÇO:</strong></p>
<p style="font-weight: 400"><strong>O quê &#8211;&nbsp;</strong>Oficina de capacitação “Chá com o Suas”</p>
<p style="font-weight: 400"><strong>Quando –</strong>&nbsp;Sexta-feira, 27/1</p>
<p style="font-weight: 400"><strong>Horário &#8211;</strong>&nbsp;9h</p>
<p style="font-weight: 400"><strong>Local &#8211;&nbsp;</strong>Parque Municipal do Idoso, rua Rio Mar, nº 1.324, bairro Nossa Senhora das Graças</p>

<!-- This site is optimized with the Yoast SEO plugin v23.0 - https://yoast.com/wordpress/plugins/seo/ -->
<title>Prefeitura de Manaus promove capacitação com profissionais do Suas nesta sexta-feira, 27/1</title>
<meta name="description" content="A Prefeitura de Manaus, por meio do Conselho Municipal de Assistência Social (Cmas), promove, nesta sexta-feira, 27/1," />
<meta name="robots" content="index, follow, max-snippet:-1, max-image-preview:large, max-video-preview:-1" />
<link rel="canonical" href="https://www.manaus.am.gov.br/semcom/pautas/prefeitura-de-manaus-promove-capacitacao-com-profissionais-do-suas-nesta-sexta-feira-27-1/" />
<meta property="og:locale" content="pt_BR" />
<meta property="og:type" content="article" />
<meta property="og:title" content="Prefeitura de Manaus promove capacitação com profissionais do Suas nesta sexta-feira, 27/1" />
<meta property="og:description" content="A Prefeitura de Manaus, por meio do Conselho Municipal de Assistência Social (Cmas), promove, nesta sexta-feira, 27/1," />
<meta property="og:url" content="https://www.manaus.am.gov.br/semcom/pautas/prefeitura-de-manaus-promove-capacitacao-com-profissionais-do-suas-nesta-sexta-feira-27-1/" />
<meta property="og:site_name" content="SEMCOM" />
<meta property="article:modified_time" content="2023-02-08T14:20:57+00:00" />
<meta property="og:image" content="https://www.manaus.am.gov.br/semcom/wp-content/uploads/sites/5/2023/02/sugestaodepauta.png" />
	<meta property="og:image:width" content="1020" />
	<meta property="og:image:height" content="540" />
	<meta property="og:image:type" content="image/png" />
<meta name="twitter:card" content="summary_large_image" />
<meta name="twitter:label1" content="Est. reading time" />
	<meta name="twitter:data1" content="1 minuto" />
<script type="application/ld+json" class="yoast-schema-graph">{"@context":"https://schema.org","@graph":[{"@type":"WebPage","@id":"https://www.manaus.am.gov.br/semcom/pautas/prefeitura-de-manaus-promove-capacitacao-com-profissionais-do-suas-nesta-sexta-feira-27-1/","url":"https://www.manaus.am.gov.br/semcom/pautas/prefeitura-de-manaus-promove-capacitacao-com-profissionais-do-suas-nesta-sexta-feira-27-1/","name":"Prefeitura de Manaus promove capacitação com profissionais do Suas nesta sexta-feira, 27/1","isPartOf":{"@id":"https://www.manaus.am.gov.br/semcom/#website"},"primaryImageOfPage":{"@id":"https://www.manaus.am.gov.br/semcom/pautas/prefeitura-de-manaus-promove-capacitacao-com-profissionais-do-suas-nesta-sexta-feira-27-1/#primaryimage"},"image":{"@id":"https://www.manaus.am.gov.br/semcom/pautas/prefeitura-de-manaus-promove-capacitacao-com-profissionais-do-suas-nesta-sexta-feira-27-1/#primaryimage"},"thumbnailUrl":"https://www.manaus.am.gov.br/semcom/wp-content/uploads/sites/5/2023/02/sugestaodepauta.png","datePublished":"2023-01-26T18:51:58+00:00","dateModified":"2023-02-08T14:20:57+00:00","description":"A Prefeitura de Manaus, por meio do Conselho Municipal de Assistência Social (Cmas), promove, nesta sexta-feira, 27/1,","inLanguage":"pt-BR","potentialAction":[{"@type":"ReadAction","target":["https://www.manaus.am.gov.br/semcom/pautas/prefeitura-de-manaus-promove-capacitacao-com-profissionais-do-suas-nesta-sexta-feira-27-1/"]}]},{"@type":"ImageObject","inLanguage":"pt-BR","@id":"https://www.manaus.am.gov.br/semcom/pautas/prefeitura-de-manaus-promove-capacitacao-com-profissionais-do-suas-nesta-sexta-feira-27-1/#primaryimage","url":"https://www.manaus.am.gov.br/semcom/wp-content/uploads/sites/5/2023/02/sugestaodepauta.png","contentUrl":"https://www.manaus.am.gov.br/semcom/wp-content/uploads/sites/5/2023/02/sugestaodepauta.png","width":1020,"height":540},{"@type":"WebSite","@id":"https://www.manaus.am.gov.br/semcom/#website","url":"https://www.manaus.am.gov.br/semcom/","name":"SEMCOM","description":"Secretaria Municipal de Comunicação","potentialAction":[{"@type":"SearchAction","target":{"@type":"EntryPoint","urlTemplate":"https://www.manaus.am.gov.br/semcom/?s={search_term_string}"},"query-input":"required name=search_term_string"}],"inLanguage":"pt-BR"}]}</script>
<!-- / Yoast SEO plugin. -->

Prefeitura de Manaus promove capacitação com profissionais do Suas nesta sexta-feira, 27/1

A Prefeitura de Manaus, por meio do Conselho Municipal de Assistência Social (Cmas), promove, nesta sexta-feira, 27/1,

Secretaria Municipal de Comunicação
