{"id":207857,"date":"2023-01-24T17:15:45","date_gmt":"2023-01-24T20:15:45","guid":{"rendered":"https:\/\/www.manaus.am.gov.br\/semcom\/?post_type=pautas&#038;p=207857"},"modified":"2023-02-08T11:14:26","modified_gmt":"2023-02-08T14:14:26","slug":"prefeitura-de-manaus-entrega-cras-do-bairro-crespo-totalmente-revitalizado-2","status":"publish","type":"pautas","link":"https:\/\/www.manaus.am.gov.br\/semcom\/pautas\/prefeitura-de-manaus-entrega-cras-do-bairro-crespo-totalmente-revitalizado-2\/","title":{"rendered":"<strong>Prefeitura de Manaus entrega Cras do bairro Crespo totalmente revitalizado<\/strong>"},"content":{"rendered":"\n<p>A Prefeitura de Manaus, por meio da Secretaria Municipal da Mulher, Assist\u00eancia Social e Cidadania (Semasc), entrega, totalmente revitalizado, o Centro de Refer\u00eancia de Assist\u00eancia Social (Cras) do bairro Crespo, nesta sexta-feira, 20\/1, na rua Magalh\u00e3es Barata, na zona Sul.<\/p>\n\n\n\n<p>A atual revitaliza\u00e7\u00e3o busca adequar os ambientes para melhor atender as orienta\u00e7\u00f5es t\u00e9cnicas do Cras e proporcionar atendimento qualificado para as 12.249 fam\u00edlias referenciadas e residentes dos bairros de abrang\u00eancia da unidade: Crespo, S\u00e3o L\u00e1zaro, Lagoa Verde, Col\u00f4nia Oliveira Machado, Aterro (Igarap\u00e9) do 40, Distrito Industrial I, Mauazinho I e II, Parque Mau\u00e1, Jardim Mau\u00e1, Vila da Felicidade, Manaus 2000, Vila Buriti e comunidade Vila Nova.<\/p>\n\n\n\n<p>Foram reformados ambientes internos e externos, com a otimiza\u00e7\u00e3o dos espa\u00e7os das salas existentes, revis\u00e3o de telhados e de todas as esquadrias, troca de forros e telhas, troca de mobili\u00e1rios, bem como a troca de revestimento cer\u00e2mico de banheiros, lou\u00e7as sanit\u00e1rias, metais e acess\u00f3rios, instala\u00e7\u00e3o de equipamentos de combate a inc\u00eandio, reforma dos gradis e port\u00f5es, al\u00e9m da revis\u00e3o geral das instala\u00e7\u00f5es el\u00e9tricas, hidrossanit\u00e1rias e de l\u00f3gica.<\/p>\n\n\n\n<p>&#8212; &#8212; &#8212;<\/p>\n\n\n\n<p><strong>SERVI\u00c7O<\/strong><\/p>\n\n\n\n<p><strong>O qu\u00ea<\/strong> &#8211; Prefeitura entrega Cras do bairro Crespo totalmente revitalizado<\/p>\n\n\n\n<p><strong>Quando<\/strong> \u2013 Sexta-feira, 20\/1<\/p>\n\n\n\n<p><strong>Hor\u00e1rio<\/strong> &#8211; 9h<\/p>\n\n\n\n<p><strong>Local<\/strong> &#8211; Rua Magalh\u00e3es Barata, no beco Olaria, bairro Crespo, zona Sul.<\/p>\n","protected":false},"featured_media":208729,"template":"","categories":[802],"acf":[],"yoast_head":"<!-- This site is optimized with the Yoast SEO plugin v23.0 - https:\/\/yoast.com\/wordpress\/plugins\/seo\/ -->\n<title>Prefeitura de Manaus entrega Cras do bairro Crespo totalmente revitalizado - SEMCOM<\/title>\n<meta name=\"robots\" content=\"index, follow, max-snippet:-1, max-image-preview:large, max-video-preview:-1\" \/>\n<link rel=\"canonical\" href=\"https:\/\/www.manaus.am.gov.br\/semcom\/pautas\/prefeitura-de-manaus-entrega-cras-do-bairro-crespo-totalmente-revitalizado-2\/\" \/>\n<meta property=\"og:locale\" content=\"pt_BR\" \/>\n<meta property=\"og:type\" content=\"article\" \/>\n<meta property=\"og:title\" content=\"Prefeitura de Manaus entrega Cras do bairro Crespo totalmente revitalizado - SEMCOM\" \/>\n<meta property=\"og:url\" content=\"https:\/\/www.manaus.am.gov.br\/semcom\/pautas\/prefeitura-de-manaus-entrega-cras-do-bairro-crespo-totalmente-revitalizado-2\/\" \/>\n<meta property=\"og:site_name\" content=\"SEMCOM\" \/>\n<meta property=\"article:modified_time\" content=\"2023-02-08T14:14:26+00:00\" \/>\n<meta property=\"og:image\" content=\"https:\/\/www.manaus.am.gov.br\/semcom\/wp-content\/uploads\/sites\/5\/2023\/02\/sugestaodepauta.png\" \/>\n\t<meta property=\"og:image:width\" content=\"1020\" \/>\n\t<meta property=\"og:image:height\" content=\"540\" \/>\n\t<meta property=\"og:image:type\" content=\"image\/png\" \/>\n<meta name=\"twitter:card\" content=\"summary_large_image\" \/>\n<meta name=\"twitter:label1\" content=\"Est. reading time\" \/>\n\t<meta name=\"twitter:data1\" content=\"2 minutos\" \/>\n<script type=\"application\/ld+json\" class=\"yoast-schema-graph\">{\"@context\":\"https:\/\/schema.org\",\"@graph\":[{\"@type\":\"WebPage\",\"@id\":\"https:\/\/www.manaus.am.gov.br\/semcom\/pautas\/prefeitura-de-manaus-entrega-cras-do-bairro-crespo-totalmente-revitalizado-2\/\",\"url\":\"https:\/\/www.manaus.am.gov.br\/semcom\/pautas\/prefeitura-de-manaus-entrega-cras-do-bairro-crespo-totalmente-revitalizado-2\/\",\"name\":\"Prefeitura de Manaus entrega Cras do bairro Crespo totalmente revitalizado - SEMCOM\",\"isPartOf\":{\"@id\":\"https:\/\/www.manaus.am.gov.br\/semcom\/#website\"},\"primaryImageOfPage\":{\"@id\":\"https:\/\/www.manaus.am.gov.br\/semcom\/pautas\/prefeitura-de-manaus-entrega-cras-do-bairro-crespo-totalmente-revitalizado-2\/#primaryimage\"},\"image\":{\"@id\":\"https:\/\/www.manaus.am.gov.br\/semcom\/pautas\/prefeitura-de-manaus-entrega-cras-do-bairro-crespo-totalmente-revitalizado-2\/#primaryimage\"},\"thumbnailUrl\":\"https:\/\/www.manaus.am.gov.br\/semcom\/wp-content\/uploads\/sites\/5\/2023\/02\/sugestaodepauta.png\",\"datePublished\":\"2023-01-24T20:15:45+00:00\",\"dateModified\":\"2023-02-08T14:14:26+00:00\",\"inLanguage\":\"pt-BR\",\"potentialAction\":[{\"@type\":\"ReadAction\",\"target\":[\"https:\/\/www.manaus.am.gov.br\/semcom\/pautas\/prefeitura-de-manaus-entrega-cras-do-bairro-crespo-totalmente-revitalizado-2\/\"]}]},{\"@type\":\"ImageObject\",\"inLanguage\":\"pt-BR\",\"@id\":\"https:\/\/www.manaus.am.gov.br\/semcom\/pautas\/prefeitura-de-manaus-entrega-cras-do-bairro-crespo-totalmente-revitalizado-2\/#primaryimage\",\"url\":\"https:\/\/www.manaus.am.gov.br\/semcom\/wp-content\/uploads\/sites\/5\/2023\/02\/sugestaodepauta.png\",\"contentUrl\":\"https:\/\/www.manaus.am.gov.br\/semcom\/wp-content\/uploads\/sites\/5\/2023\/02\/sugestaodepauta.png\",\"width\":1020,\"height\":540},{\"@type\":\"WebSite\",\"@id\":\"https:\/\/www.manaus.am.gov.br\/semcom\/#website\",\"url\":\"https:\/\/www.manaus.am.gov.br\/semcom\/\",\"name\":\"SEMCOM\",\"description\":\"Secretaria Municipal de Comunica\u00e7\u00e3o\",\"potentialAction\":[{\"@type\":\"SearchAction\",\"target\":{\"@type\":\"EntryPoint\",\"urlTemplate\":\"https:\/\/www.manaus.am.gov.br\/semcom\/?s={search_term_string}\"},\"query-input\":\"required name=search_term_string\"}],\"inLanguage\":\"pt-BR\"}]}<\/script>\n<!-- \/ Yoast SEO plugin. -->","yoast_head_json":{"title":"Prefeitura de Manaus entrega Cras do bairro Crespo totalmente revitalizado - SEMCOM","robots":{"index":"index","follow":"follow","max-snippet":"max-snippet:-1","max-image-preview":"max-image-preview:large","max-video-preview":"max-video-preview:-1"},"canonical":"https:\/\/www.manaus.am.gov.br\/semcom\/pautas\/prefeitura-de-manaus-entrega-cras-do-bairro-crespo-totalmente-revitalizado-2\/","og_locale":"pt_BR","og_type":"article","og_title":"Prefeitura de Manaus entrega Cras do bairro Crespo totalmente revitalizado - SEMCOM","og_url":"https:\/\/www.manaus.am.gov.br\/semcom\/pautas\/prefeitura-de-manaus-entrega-cras-do-bairro-crespo-totalmente-revitalizado-2\/","og_site_name":"SEMCOM","article_modified_time":"2023-02-08T14:14:26+00:00","og_image":[{"width":1020,"height":540,"url":"https:\/\/www.manaus.am.gov.br\/semcom\/wp-content\/uploads\/sites\/5\/2023\/02\/sugestaodepauta.png","type":"image\/png"}],"twitter_card":"summary_large_image","twitter_misc":{"Est. reading time":"2 minutos"},"schema":{"@context":"https:\/\/schema.org","@graph":[{"@type":"WebPage","@id":"https:\/\/www.manaus.am.gov.br\/semcom\/pautas\/prefeitura-de-manaus-entrega-cras-do-bairro-crespo-totalmente-revitalizado-2\/","url":"https:\/\/www.manaus.am.gov.br\/semcom\/pautas\/prefeitura-de-manaus-entrega-cras-do-bairro-crespo-totalmente-revitalizado-2\/","name":"Prefeitura de Manaus entrega Cras do bairro Crespo totalmente revitalizado - SEMCOM","isPartOf":{"@id":"https:\/\/www.manaus.am.gov.br\/semcom\/#website"},"primaryImageOfPage":{"@id":"https:\/\/www.manaus.am.gov.br\/semcom\/pautas\/prefeitura-de-manaus-entrega-cras-do-bairro-crespo-totalmente-revitalizado-2\/#primaryimage"},"image":{"@id":"https:\/\/www.manaus.am.gov.br\/semcom\/pautas\/prefeitura-de-manaus-entrega-cras-do-bairro-crespo-totalmente-revitalizado-2\/#primaryimage"},"thumbnailUrl":"https:\/\/www.manaus.am.gov.br\/semcom\/wp-content\/uploads\/sites\/5\/2023\/02\/sugestaodepauta.png","datePublished":"2023-01-24T20:15:45+00:00","dateModified":"2023-02-08T14:14:26+00:00","inLanguage":"pt-BR","potentialAction":[{"@type":"ReadAction","target":["https:\/\/www.manaus.am.gov.br\/semcom\/pautas\/prefeitura-de-manaus-entrega-cras-do-bairro-crespo-totalmente-revitalizado-2\/"]}]},{"@type":"ImageObject","inLanguage":"pt-BR","@id":"https:\/\/www.manaus.am.gov.br\/semcom\/pautas\/prefeitura-de-manaus-entrega-cras-do-bairro-crespo-totalmente-revitalizado-2\/#primaryimage","url":"https:\/\/www.manaus.am.gov.br\/semcom\/wp-content\/uploads\/sites\/5\/2023\/02\/sugestaodepauta.png","contentUrl":"https:\/\/www.manaus.am.gov.br\/semcom\/wp-content\/uploads\/sites\/5\/2023\/02\/sugestaodepauta.png","width":1020,"height":540},{"@type":"WebSite","@id":"https:\/\/www.manaus.am.gov.br\/semcom\/#website","url":"https:\/\/www.manaus.am.gov.br\/semcom\/","name":"SEMCOM","description":"Secretaria Municipal de Comunica\u00e7\u00e3o","potentialAction":[{"@type":"SearchAction","target":{"@type":"EntryPoint","urlTemplate":"https:\/\/www.manaus.am.gov.br\/semcom\/?s={search_term_string}"},"query-input":"required name=search_term_string"}],"inLanguage":"pt-BR"}]}},"_links":{"self":[{"href":"https:\/\/www.manaus.am.gov.br\/semcom\/wp-json\/wp\/v2\/pautas\/207857"}],"collection":[{"href":"https:\/\/www.manaus.am.gov.br\/semcom\/wp-json\/wp\/v2\/pautas"}],"about":[{"href":"https:\/\/www.manaus.am.gov.br\/semcom\/wp-json\/wp\/v2\/types\/pautas"}],"wp:featuredmedia":[{"embeddable":true,"href":"https:\/\/www.manaus.am.gov.br\/semcom\/wp-json\/wp\/v2\/media\/208729"}],"wp:attachment":[{"href":"https:\/\/www.manaus.am.gov.br\/semcom\/wp-json\/wp\/v2\/media?parent=207857"}],"wp:term":[{"taxonomy":"category","embeddable":true,"href":"https:\/\/www.manaus.am.gov.br\/semcom\/wp-json\/wp\/v2\/categories?post=207857"}],"curies":[{"name":"wp","href":"https:\/\/api.w.org\/{rel}","templated":true}]}}

<p>A Prefeitura de Manaus, por meio da Secretaria Municipal da Mulher, Assistência Social e Cidadania (Semasc), entrega, totalmente revitalizado, o Centro de Referência de Assistência Social (Cras) do bairro Crespo, nesta sexta-feira, 20/1, na rua Magalhães Barata, na zona Sul.</p>



<p>A atual revitalização busca adequar os ambientes para melhor atender as orientações técnicas do Cras e proporcionar atendimento qualificado para as 12.249 famílias referenciadas e residentes dos bairros de abrangência da unidade: Crespo, São Lázaro, Lagoa Verde, Colônia Oliveira Machado, Aterro (Igarapé) do 40, Distrito Industrial I, Mauazinho I e II, Parque Mauá, Jardim Mauá, Vila da Felicidade, Manaus 2000, Vila Buriti e comunidade Vila Nova.</p>



<p>Foram reformados ambientes internos e externos, com a otimização dos espaços das salas existentes, revisão de telhados e de todas as esquadrias, troca de forros e telhas, troca de mobiliários, bem como a troca de revestimento cerâmico de banheiros, louças sanitárias, metais e acessórios, instalação de equipamentos de combate a incêndio, reforma dos gradis e portões, além da revisão geral das instalações elétricas, hidrossanitárias e de lógica.</p>



<p>&#8212; &#8212; &#8212;</p>



<p><strong>SERVIÇO</strong></p>



<p><strong>O quê</strong> &#8211; Prefeitura entrega Cras do bairro Crespo totalmente revitalizado</p>



<p><strong>Quando</strong> – Sexta-feira, 20/1</p>



<p><strong>Horário</strong> &#8211; 9h</p>



<p><strong>Local</strong> &#8211; Rua Magalhães Barata, no beco Olaria, bairro Crespo, zona Sul.</p>

<!-- This site is optimized with the Yoast SEO plugin v23.0 - https://yoast.com/wordpress/plugins/seo/ -->
<title>Prefeitura de Manaus entrega Cras do bairro Crespo totalmente revitalizado - SEMCOM</title>
<meta name="robots" content="index, follow, max-snippet:-1, max-image-preview:large, max-video-preview:-1" />
<link rel="canonical" href="https://www.manaus.am.gov.br/semcom/pautas/prefeitura-de-manaus-entrega-cras-do-bairro-crespo-totalmente-revitalizado-2/" />
<meta property="og:locale" content="pt_BR" />
<meta property="og:type" content="article" />
<meta property="og:title" content="Prefeitura de Manaus entrega Cras do bairro Crespo totalmente revitalizado - SEMCOM" />
<meta property="og:url" content="https://www.manaus.am.gov.br/semcom/pautas/prefeitura-de-manaus-entrega-cras-do-bairro-crespo-totalmente-revitalizado-2/" />
<meta property="og:site_name" content="SEMCOM" />
<meta property="article:modified_time" content="2023-02-08T14:14:26+00:00" />
<meta property="og:image" content="https://www.manaus.am.gov.br/semcom/wp-content/uploads/sites/5/2023/02/sugestaodepauta.png" />
	<meta property="og:image:width" content="1020" />
	<meta property="og:image:height" content="540" />
	<meta property="og:image:type" content="image/png" />
<meta name="twitter:card" content="summary_large_image" />
<meta name="twitter:label1" content="Est. reading time" />
	<meta name="twitter:data1" content="2 minutos" />
<script type="application/ld+json" class="yoast-schema-graph">{"@context":"https://schema.org","@graph":[{"@type":"WebPage","@id":"https://www.manaus.am.gov.br/semcom/pautas/prefeitura-de-manaus-entrega-cras-do-bairro-crespo-totalmente-revitalizado-2/","url":"https://www.manaus.am.gov.br/semcom/pautas/prefeitura-de-manaus-entrega-cras-do-bairro-crespo-totalmente-revitalizado-2/","name":"Prefeitura de Manaus entrega Cras do bairro Crespo totalmente revitalizado - SEMCOM","isPartOf":{"@id":"https://www.manaus.am.gov.br/semcom/#website"},"primaryImageOfPage":{"@id":"https://www.manaus.am.gov.br/semcom/pautas/prefeitura-de-manaus-entrega-cras-do-bairro-crespo-totalmente-revitalizado-2/#primaryimage"},"image":{"@id":"https://www.manaus.am.gov.br/semcom/pautas/prefeitura-de-manaus-entrega-cras-do-bairro-crespo-totalmente-revitalizado-2/#primaryimage"},"thumbnailUrl":"https://www.manaus.am.gov.br/semcom/wp-content/uploads/sites/5/2023/02/sugestaodepauta.png","datePublished":"2023-01-24T20:15:45+00:00","dateModified":"2023-02-08T14:14:26+00:00","inLanguage":"pt-BR","potentialAction":[{"@type":"ReadAction","target":["https://www.manaus.am.gov.br/semcom/pautas/prefeitura-de-manaus-entrega-cras-do-bairro-crespo-totalmente-revitalizado-2/"]}]},{"@type":"ImageObject","inLanguage":"pt-BR","@id":"https://www.manaus.am.gov.br/semcom/pautas/prefeitura-de-manaus-entrega-cras-do-bairro-crespo-totalmente-revitalizado-2/#primaryimage","url":"https://www.manaus.am.gov.br/semcom/wp-content/uploads/sites/5/2023/02/sugestaodepauta.png","contentUrl":"https://www.manaus.am.gov.br/semcom/wp-content/uploads/sites/5/2023/02/sugestaodepauta.png","width":1020,"height":540},{"@type":"WebSite","@id":"https://www.manaus.am.gov.br/semcom/#website","url":"https://www.manaus.am.gov.br/semcom/","name":"SEMCOM","description":"Secretaria Municipal de Comunicação","potentialAction":[{"@type":"SearchAction","target":{"@type":"EntryPoint","urlTemplate":"https://www.manaus.am.gov.br/semcom/?s={search_term_string}"},"query-input":"required name=search_term_string"}],"inLanguage":"pt-BR"}]}</script>
<!-- / Yoast SEO plugin. -->

Secretaria Municipal de Comunicação
