{"id":207850,"date":"2023-01-24T17:11:07","date_gmt":"2023-01-24T20:11:07","guid":{"rendered":"https:\/\/www.manaus.am.gov.br\/semcom\/?post_type=pautas&#038;p=207850"},"modified":"2023-03-29T15:46:24","modified_gmt":"2023-03-29T18:46:24","slug":"com-apoio-da-prefeitura-de-manaus-manaus-volei-faz-treino-aberto-a-imprensa-nesta-quinta-feira-12-1","status":"publish","type":"pautas","link":"https:\/\/www.manaus.am.gov.br\/semcom\/pautas\/com-apoio-da-prefeitura-de-manaus-manaus-volei-faz-treino-aberto-a-imprensa-nesta-quinta-feira-12-1\/","title":{"rendered":"Com apoio da Prefeitura de Manaus, Manaus V\u00f4lei faz treino aberto \u00e0 imprensa nesta quinta-feira, 12\/1"},"content":{"rendered":"\n<p>Apoiado pela Prefeitura de Manaus, por meio da Funda\u00e7\u00e3o Manaus Esporte (FME), o Manaus V\u00f4lei vive a expectativa de estrear na Superliga B de voleibol masculino e iniciar a caminhada rumo \u00e0 elite. A equipe amazonense realiza nesta quinta-feira, 12\/1, \u00e0s 16h30, um treinamento aberto no gin\u00e1sio da minivila ol\u00edmpica do Coroado, zona Leste.<\/p>\n\n\n\n<p>Na oportunidade, a imprensa estar\u00e1 liberada para conversar com atletas e o novo t\u00e9cnico Talmo Oliveira, multicampe\u00e3o e medalhista ol\u00edmpico com o Brasil enquanto atleta. O primeiro desafio da equipe amazonense ser\u00e1 contra o Goi\u00e1s V\u00f4lei no dia 21\/1, fora de casa, \u00e0s 19h (hor\u00e1rio de Manaus).<\/p>\n\n\n\n<p>A Superliga B vai at\u00e9 o dia 30\/3 e ter\u00e1 a participa\u00e7\u00e3o de 10 clubes. Os dois finalistas garantem vaga na elite do voleibol brasileiro em 2024.<\/p>\n\n\n\n<p>O Manaus V\u00f4lei vai disputar pela primeira vez o segundo escal\u00e3o nacional, ap\u00f3s ter sido campe\u00e3o invicto da Superliga C, em novembro de 2022. O elenco para a nova temporada foi reformulado e contar\u00e1 com 16 atletas. O capit\u00e3o Thiago Alves, campe\u00e3o ol\u00edmpico com a Sele\u00e7\u00e3o Brasileira, segue no projeto.<\/p>\n\n\n\n<p><strong>SERVI\u00c7O:<\/strong><\/p>\n\n\n\n<p><strong>O qu\u00ea<\/strong> &#8211; Treino aberto do Manaus V\u00f4lei, em prepara\u00e7\u00e3o para a Superliga B de voleibol masculino<\/p>\n\n\n\n<p><strong>Quando<\/strong> &#8211; Quinta-feira, 12\/1<\/p>\n\n\n\n<p><strong>Hor\u00e1rio<\/strong> &#8211; 16h30<\/p>\n\n\n\n<p><strong>Local<\/strong> &#8211; Gin\u00e1sio da minivila ol\u00edmpica do Coroado, na avenida Cosme Ferreira, n\u00ba 829, bairro Coroado<\/p>\n","protected":false},"featured_media":208729,"template":"","categories":[829],"acf":[],"yoast_head":"<!-- This site is optimized with the Yoast SEO plugin v23.0 - https:\/\/yoast.com\/wordpress\/plugins\/seo\/ -->\n<title>Com apoio da Prefeitura de Manaus, Manaus V\u00f4lei faz treino aberto \u00e0 imprensa nesta quinta-feira, 12\/1 - SEMCOM<\/title>\n<meta name=\"robots\" content=\"index, follow, max-snippet:-1, max-image-preview:large, max-video-preview:-1\" \/>\n<link rel=\"canonical\" href=\"https:\/\/www.manaus.am.gov.br\/semcom\/pautas\/com-apoio-da-prefeitura-de-manaus-manaus-volei-faz-treino-aberto-a-imprensa-nesta-quinta-feira-12-1\/\" \/>\n<meta property=\"og:locale\" content=\"pt_BR\" \/>\n<meta property=\"og:type\" content=\"article\" \/>\n<meta property=\"og:title\" content=\"Com apoio da Prefeitura de Manaus, Manaus V\u00f4lei faz treino aberto \u00e0 imprensa nesta quinta-feira, 12\/1 - SEMCOM\" \/>\n<meta property=\"og:url\" content=\"https:\/\/www.manaus.am.gov.br\/semcom\/pautas\/com-apoio-da-prefeitura-de-manaus-manaus-volei-faz-treino-aberto-a-imprensa-nesta-quinta-feira-12-1\/\" \/>\n<meta property=\"og:site_name\" content=\"SEMCOM\" \/>\n<meta property=\"article:modified_time\" content=\"2023-03-29T18:46:24+00:00\" \/>\n<meta property=\"og:image\" content=\"https:\/\/www.manaus.am.gov.br\/semcom\/wp-content\/uploads\/sites\/5\/2023\/02\/sugestaodepauta.png\" \/>\n\t<meta property=\"og:image:width\" content=\"1020\" \/>\n\t<meta property=\"og:image:height\" content=\"540\" \/>\n\t<meta property=\"og:image:type\" content=\"image\/png\" \/>\n<meta name=\"twitter:card\" content=\"summary_large_image\" \/>\n<meta name=\"twitter:label1\" content=\"Est. reading time\" \/>\n\t<meta name=\"twitter:data1\" content=\"2 minutos\" \/>\n<script type=\"application\/ld+json\" class=\"yoast-schema-graph\">{\"@context\":\"https:\/\/schema.org\",\"@graph\":[{\"@type\":\"WebPage\",\"@id\":\"https:\/\/www.manaus.am.gov.br\/semcom\/pautas\/com-apoio-da-prefeitura-de-manaus-manaus-volei-faz-treino-aberto-a-imprensa-nesta-quinta-feira-12-1\/\",\"url\":\"https:\/\/www.manaus.am.gov.br\/semcom\/pautas\/com-apoio-da-prefeitura-de-manaus-manaus-volei-faz-treino-aberto-a-imprensa-nesta-quinta-feira-12-1\/\",\"name\":\"Com apoio da Prefeitura de Manaus, Manaus V\u00f4lei faz treino aberto \u00e0 imprensa nesta quinta-feira, 12\/1 - SEMCOM\",\"isPartOf\":{\"@id\":\"https:\/\/www.manaus.am.gov.br\/semcom\/#website\"},\"primaryImageOfPage\":{\"@id\":\"https:\/\/www.manaus.am.gov.br\/semcom\/pautas\/com-apoio-da-prefeitura-de-manaus-manaus-volei-faz-treino-aberto-a-imprensa-nesta-quinta-feira-12-1\/#primaryimage\"},\"image\":{\"@id\":\"https:\/\/www.manaus.am.gov.br\/semcom\/pautas\/com-apoio-da-prefeitura-de-manaus-manaus-volei-faz-treino-aberto-a-imprensa-nesta-quinta-feira-12-1\/#primaryimage\"},\"thumbnailUrl\":\"https:\/\/www.manaus.am.gov.br\/semcom\/wp-content\/uploads\/sites\/5\/2023\/02\/sugestaodepauta.png\",\"datePublished\":\"2023-01-24T20:11:07+00:00\",\"dateModified\":\"2023-03-29T18:46:24+00:00\",\"inLanguage\":\"pt-BR\",\"potentialAction\":[{\"@type\":\"ReadAction\",\"target\":[\"https:\/\/www.manaus.am.gov.br\/semcom\/pautas\/com-apoio-da-prefeitura-de-manaus-manaus-volei-faz-treino-aberto-a-imprensa-nesta-quinta-feira-12-1\/\"]}]},{\"@type\":\"ImageObject\",\"inLanguage\":\"pt-BR\",\"@id\":\"https:\/\/www.manaus.am.gov.br\/semcom\/pautas\/com-apoio-da-prefeitura-de-manaus-manaus-volei-faz-treino-aberto-a-imprensa-nesta-quinta-feira-12-1\/#primaryimage\",\"url\":\"https:\/\/www.manaus.am.gov.br\/semcom\/wp-content\/uploads\/sites\/5\/2023\/02\/sugestaodepauta.png\",\"contentUrl\":\"https:\/\/www.manaus.am.gov.br\/semcom\/wp-content\/uploads\/sites\/5\/2023\/02\/sugestaodepauta.png\",\"width\":1020,\"height\":540},{\"@type\":\"WebSite\",\"@id\":\"https:\/\/www.manaus.am.gov.br\/semcom\/#website\",\"url\":\"https:\/\/www.manaus.am.gov.br\/semcom\/\",\"name\":\"SEMCOM\",\"description\":\"Secretaria Municipal de Comunica\u00e7\u00e3o\",\"potentialAction\":[{\"@type\":\"SearchAction\",\"target\":{\"@type\":\"EntryPoint\",\"urlTemplate\":\"https:\/\/www.manaus.am.gov.br\/semcom\/?s={search_term_string}\"},\"query-input\":\"required name=search_term_string\"}],\"inLanguage\":\"pt-BR\"}]}<\/script>\n<!-- \/ Yoast SEO plugin. -->","yoast_head_json":{"title":"Com apoio da Prefeitura de Manaus, Manaus V\u00f4lei faz treino aberto \u00e0 imprensa nesta quinta-feira, 12\/1 - SEMCOM","robots":{"index":"index","follow":"follow","max-snippet":"max-snippet:-1","max-image-preview":"max-image-preview:large","max-video-preview":"max-video-preview:-1"},"canonical":"https:\/\/www.manaus.am.gov.br\/semcom\/pautas\/com-apoio-da-prefeitura-de-manaus-manaus-volei-faz-treino-aberto-a-imprensa-nesta-quinta-feira-12-1\/","og_locale":"pt_BR","og_type":"article","og_title":"Com apoio da Prefeitura de Manaus, Manaus V\u00f4lei faz treino aberto \u00e0 imprensa nesta quinta-feira, 12\/1 - SEMCOM","og_url":"https:\/\/www.manaus.am.gov.br\/semcom\/pautas\/com-apoio-da-prefeitura-de-manaus-manaus-volei-faz-treino-aberto-a-imprensa-nesta-quinta-feira-12-1\/","og_site_name":"SEMCOM","article_modified_time":"2023-03-29T18:46:24+00:00","og_image":[{"width":1020,"height":540,"url":"https:\/\/www.manaus.am.gov.br\/semcom\/wp-content\/uploads\/sites\/5\/2023\/02\/sugestaodepauta.png","type":"image\/png"}],"twitter_card":"summary_large_image","twitter_misc":{"Est. reading time":"2 minutos"},"schema":{"@context":"https:\/\/schema.org","@graph":[{"@type":"WebPage","@id":"https:\/\/www.manaus.am.gov.br\/semcom\/pautas\/com-apoio-da-prefeitura-de-manaus-manaus-volei-faz-treino-aberto-a-imprensa-nesta-quinta-feira-12-1\/","url":"https:\/\/www.manaus.am.gov.br\/semcom\/pautas\/com-apoio-da-prefeitura-de-manaus-manaus-volei-faz-treino-aberto-a-imprensa-nesta-quinta-feira-12-1\/","name":"Com apoio da Prefeitura de Manaus, Manaus V\u00f4lei faz treino aberto \u00e0 imprensa nesta quinta-feira, 12\/1 - SEMCOM","isPartOf":{"@id":"https:\/\/www.manaus.am.gov.br\/semcom\/#website"},"primaryImageOfPage":{"@id":"https:\/\/www.manaus.am.gov.br\/semcom\/pautas\/com-apoio-da-prefeitura-de-manaus-manaus-volei-faz-treino-aberto-a-imprensa-nesta-quinta-feira-12-1\/#primaryimage"},"image":{"@id":"https:\/\/www.manaus.am.gov.br\/semcom\/pautas\/com-apoio-da-prefeitura-de-manaus-manaus-volei-faz-treino-aberto-a-imprensa-nesta-quinta-feira-12-1\/#primaryimage"},"thumbnailUrl":"https:\/\/www.manaus.am.gov.br\/semcom\/wp-content\/uploads\/sites\/5\/2023\/02\/sugestaodepauta.png","datePublished":"2023-01-24T20:11:07+00:00","dateModified":"2023-03-29T18:46:24+00:00","inLanguage":"pt-BR","potentialAction":[{"@type":"ReadAction","target":["https:\/\/www.manaus.am.gov.br\/semcom\/pautas\/com-apoio-da-prefeitura-de-manaus-manaus-volei-faz-treino-aberto-a-imprensa-nesta-quinta-feira-12-1\/"]}]},{"@type":"ImageObject","inLanguage":"pt-BR","@id":"https:\/\/www.manaus.am.gov.br\/semcom\/pautas\/com-apoio-da-prefeitura-de-manaus-manaus-volei-faz-treino-aberto-a-imprensa-nesta-quinta-feira-12-1\/#primaryimage","url":"https:\/\/www.manaus.am.gov.br\/semcom\/wp-content\/uploads\/sites\/5\/2023\/02\/sugestaodepauta.png","contentUrl":"https:\/\/www.manaus.am.gov.br\/semcom\/wp-content\/uploads\/sites\/5\/2023\/02\/sugestaodepauta.png","width":1020,"height":540},{"@type":"WebSite","@id":"https:\/\/www.manaus.am.gov.br\/semcom\/#website","url":"https:\/\/www.manaus.am.gov.br\/semcom\/","name":"SEMCOM","description":"Secretaria Municipal de Comunica\u00e7\u00e3o","potentialAction":[{"@type":"SearchAction","target":{"@type":"EntryPoint","urlTemplate":"https:\/\/www.manaus.am.gov.br\/semcom\/?s={search_term_string}"},"query-input":"required name=search_term_string"}],"inLanguage":"pt-BR"}]}},"_links":{"self":[{"href":"https:\/\/www.manaus.am.gov.br\/semcom\/wp-json\/wp\/v2\/pautas\/207850"}],"collection":[{"href":"https:\/\/www.manaus.am.gov.br\/semcom\/wp-json\/wp\/v2\/pautas"}],"about":[{"href":"https:\/\/www.manaus.am.gov.br\/semcom\/wp-json\/wp\/v2\/types\/pautas"}],"wp:featuredmedia":[{"embeddable":true,"href":"https:\/\/www.manaus.am.gov.br\/semcom\/wp-json\/wp\/v2\/media\/208729"}],"wp:attachment":[{"href":"https:\/\/www.manaus.am.gov.br\/semcom\/wp-json\/wp\/v2\/media?parent=207850"}],"wp:term":[{"taxonomy":"category","embeddable":true,"href":"https:\/\/www.manaus.am.gov.br\/semcom\/wp-json\/wp\/v2\/categories?post=207850"}],"curies":[{"name":"wp","href":"https:\/\/api.w.org\/{rel}","templated":true}]}}

Com apoio da Prefeitura de Manaus, Manaus Vôlei faz treino aberto à imprensa nesta quinta-feira, 12/1

<p>Apoiado pela Prefeitura de Manaus, por meio da Fundação Manaus Esporte (FME), o Manaus Vôlei vive a expectativa de estrear na Superliga B de voleibol masculino e iniciar a caminhada rumo à elite. A equipe amazonense realiza nesta quinta-feira, 12/1, às 16h30, um treinamento aberto no ginásio da minivila olímpica do Coroado, zona Leste.</p>



<p>Na oportunidade, a imprensa estará liberada para conversar com atletas e o novo técnico Talmo Oliveira, multicampeão e medalhista olímpico com o Brasil enquanto atleta. O primeiro desafio da equipe amazonense será contra o Goiás Vôlei no dia 21/1, fora de casa, às 19h (horário de Manaus).</p>



<p>A Superliga B vai até o dia 30/3 e terá a participação de 10 clubes. Os dois finalistas garantem vaga na elite do voleibol brasileiro em 2024.</p>



<p>O Manaus Vôlei vai disputar pela primeira vez o segundo escalão nacional, após ter sido campeão invicto da Superliga C, em novembro de 2022. O elenco para a nova temporada foi reformulado e contará com 16 atletas. O capitão Thiago Alves, campeão olímpico com a Seleção Brasileira, segue no projeto.</p>



<p><strong>SERVIÇO:</strong></p>



<p><strong>O quê</strong> &#8211; Treino aberto do Manaus Vôlei, em preparação para a Superliga B de voleibol masculino</p>



<p><strong>Quando</strong> &#8211; Quinta-feira, 12/1</p>



<p><strong>Horário</strong> &#8211; 16h30</p>



<p><strong>Local</strong> &#8211; Ginásio da minivila olímpica do Coroado, na avenida Cosme Ferreira, nº 829, bairro Coroado</p>

<!-- This site is optimized with the Yoast SEO plugin v23.0 - https://yoast.com/wordpress/plugins/seo/ -->
<title>Com apoio da Prefeitura de Manaus, Manaus Vôlei faz treino aberto à imprensa nesta quinta-feira, 12/1 - SEMCOM</title>
<meta name="robots" content="index, follow, max-snippet:-1, max-image-preview:large, max-video-preview:-1" />
<link rel="canonical" href="https://www.manaus.am.gov.br/semcom/pautas/com-apoio-da-prefeitura-de-manaus-manaus-volei-faz-treino-aberto-a-imprensa-nesta-quinta-feira-12-1/" />
<meta property="og:locale" content="pt_BR" />
<meta property="og:type" content="article" />
<meta property="og:title" content="Com apoio da Prefeitura de Manaus, Manaus Vôlei faz treino aberto à imprensa nesta quinta-feira, 12/1 - SEMCOM" />
<meta property="og:url" content="https://www.manaus.am.gov.br/semcom/pautas/com-apoio-da-prefeitura-de-manaus-manaus-volei-faz-treino-aberto-a-imprensa-nesta-quinta-feira-12-1/" />
<meta property="og:site_name" content="SEMCOM" />
<meta property="article:modified_time" content="2023-03-29T18:46:24+00:00" />
<meta property="og:image" content="https://www.manaus.am.gov.br/semcom/wp-content/uploads/sites/5/2023/02/sugestaodepauta.png" />
	<meta property="og:image:width" content="1020" />
	<meta property="og:image:height" content="540" />
	<meta property="og:image:type" content="image/png" />
<meta name="twitter:card" content="summary_large_image" />
<meta name="twitter:label1" content="Est. reading time" />
	<meta name="twitter:data1" content="2 minutos" />
<script type="application/ld+json" class="yoast-schema-graph">{"@context":"https://schema.org","@graph":[{"@type":"WebPage","@id":"https://www.manaus.am.gov.br/semcom/pautas/com-apoio-da-prefeitura-de-manaus-manaus-volei-faz-treino-aberto-a-imprensa-nesta-quinta-feira-12-1/","url":"https://www.manaus.am.gov.br/semcom/pautas/com-apoio-da-prefeitura-de-manaus-manaus-volei-faz-treino-aberto-a-imprensa-nesta-quinta-feira-12-1/","name":"Com apoio da Prefeitura de Manaus, Manaus Vôlei faz treino aberto à imprensa nesta quinta-feira, 12/1 - SEMCOM","isPartOf":{"@id":"https://www.manaus.am.gov.br/semcom/#website"},"primaryImageOfPage":{"@id":"https://www.manaus.am.gov.br/semcom/pautas/com-apoio-da-prefeitura-de-manaus-manaus-volei-faz-treino-aberto-a-imprensa-nesta-quinta-feira-12-1/#primaryimage"},"image":{"@id":"https://www.manaus.am.gov.br/semcom/pautas/com-apoio-da-prefeitura-de-manaus-manaus-volei-faz-treino-aberto-a-imprensa-nesta-quinta-feira-12-1/#primaryimage"},"thumbnailUrl":"https://www.manaus.am.gov.br/semcom/wp-content/uploads/sites/5/2023/02/sugestaodepauta.png","datePublished":"2023-01-24T20:11:07+00:00","dateModified":"2023-03-29T18:46:24+00:00","inLanguage":"pt-BR","potentialAction":[{"@type":"ReadAction","target":["https://www.manaus.am.gov.br/semcom/pautas/com-apoio-da-prefeitura-de-manaus-manaus-volei-faz-treino-aberto-a-imprensa-nesta-quinta-feira-12-1/"]}]},{"@type":"ImageObject","inLanguage":"pt-BR","@id":"https://www.manaus.am.gov.br/semcom/pautas/com-apoio-da-prefeitura-de-manaus-manaus-volei-faz-treino-aberto-a-imprensa-nesta-quinta-feira-12-1/#primaryimage","url":"https://www.manaus.am.gov.br/semcom/wp-content/uploads/sites/5/2023/02/sugestaodepauta.png","contentUrl":"https://www.manaus.am.gov.br/semcom/wp-content/uploads/sites/5/2023/02/sugestaodepauta.png","width":1020,"height":540},{"@type":"WebSite","@id":"https://www.manaus.am.gov.br/semcom/#website","url":"https://www.manaus.am.gov.br/semcom/","name":"SEMCOM","description":"Secretaria Municipal de Comunicação","potentialAction":[{"@type":"SearchAction","target":{"@type":"EntryPoint","urlTemplate":"https://www.manaus.am.gov.br/semcom/?s={search_term_string}"},"query-input":"required name=search_term_string"}],"inLanguage":"pt-BR"}]}</script>
<!-- / Yoast SEO plugin. -->

Com apoio da Prefeitura de Manaus, Manaus Vôlei faz treino aberto à imprensa nesta quinta-feira, 12/1 - SEMCOM

Secretaria Municipal de Comunicação
