{"id":207847,"date":"2023-01-24T17:08:07","date_gmt":"2023-01-24T20:08:07","guid":{"rendered":"https:\/\/www.manaus.am.gov.br\/semcom\/?post_type=pautas&#038;p=207847"},"modified":"2023-02-08T11:04:15","modified_gmt":"2023-02-08T14:04:15","slug":"abertura-da-campanha-janeiro-roxo-contra-a-hanseniase-sera-realizada-pela-prefeitura-de-manaus-nesta-quarta-11-1","status":"publish","type":"pautas","link":"https:\/\/www.manaus.am.gov.br\/semcom\/pautas\/abertura-da-campanha-janeiro-roxo-contra-a-hanseniase-sera-realizada-pela-prefeitura-de-manaus-nesta-quarta-11-1\/","title":{"rendered":"<strong>Abertura da campanha \u2018Janeiro Roxo\u2019 contra a hansen\u00edase ser\u00e1 realizada pela Prefeitura de Manaus nesta quarta, 11\/1<\/strong>"},"content":{"rendered":"\n<p>A Prefeitura de Manaus, por meio da Secretaria Municipal de Sa\u00fade (Semsa), promover\u00e1, nesta quarta-feira, 11\/1, \u00e0s 9h, a abertura oficial da campanha \u201cJaneiro Roxo\u201d, que busca a preven\u00e7\u00e3o e o controle da hansen\u00edase no munic\u00edpio.<\/p>\n\n\n\n<p>A cerim\u00f4nia ser\u00e1 realizada no audit\u00f3rio da Universidade Paulista (Unip), na avenida M\u00e1rio Ypiranga, bairro Parque 10 de Novembro, zona Centro-Sul, e contar\u00e1 com a participa\u00e7\u00e3o da secret\u00e1ria municipal de Sa\u00fade, Sh\u00e1dia Fraxe, al\u00e9m de demais gestores e profissionais da Semsa e representantes de institui\u00e7\u00f5es parceiras.<\/p>\n\n\n\n<p>A abertura da campanha \u201cJaneiro Roxo\u201d, coordenada pelo N\u00facleo de Controle da Hansen\u00edase da Semsa, contar\u00e1 com uma exposi\u00e7\u00e3o sobre o cen\u00e1rio epidemiol\u00f3gico da hansen\u00edase no munic\u00edpio de Manaus e apresenta\u00e7\u00e3o das a\u00e7\u00f5es exitosas implementadas na preven\u00e7\u00e3o e controle da doen\u00e7a.<\/p>\n\n\n\n<p>&#8212; &#8212; &#8212;<\/p>\n\n\n\n<p><strong>SERVI\u00c7O<\/strong><\/p>\n\n\n\n<p><strong>O qu\u00ea<\/strong> \u2013 Abertura oficial da campanha Janeiro Roxo<\/p>\n\n\n\n<p><strong>Quando<\/strong> \u2013 Quarta-feira, 11\/1<\/p>\n\n\n\n<p><strong>Hor\u00e1rio<\/strong> \u2013 9h<\/p>\n\n\n\n<p><strong>Local<\/strong> \u2013 audit\u00f3rio da Universidade Paulista (Unip), na avenida M\u00e1rio Ypiranga, Parque 10 de Novembro, zona Centro-Sul<\/p>\n","protected":false},"featured_media":208729,"template":"","categories":[787],"acf":[],"yoast_head":"<!-- This site is optimized with the Yoast SEO plugin v23.0 - https:\/\/yoast.com\/wordpress\/plugins\/seo\/ -->\n<title>Abertura da campanha \u2018Janeiro Roxo\u2019 contra a hansen\u00edase ser\u00e1 realizada pela Prefeitura de Manaus nesta quarta, 11\/1 - SEMCOM<\/title>\n<meta name=\"robots\" content=\"index, follow, max-snippet:-1, max-image-preview:large, max-video-preview:-1\" \/>\n<link rel=\"canonical\" href=\"https:\/\/www.manaus.am.gov.br\/semcom\/pautas\/abertura-da-campanha-janeiro-roxo-contra-a-hanseniase-sera-realizada-pela-prefeitura-de-manaus-nesta-quarta-11-1\/\" \/>\n<meta property=\"og:locale\" content=\"pt_BR\" \/>\n<meta property=\"og:type\" content=\"article\" \/>\n<meta property=\"og:title\" content=\"Abertura da campanha \u2018Janeiro Roxo\u2019 contra a hansen\u00edase ser\u00e1 realizada pela Prefeitura de Manaus nesta quarta, 11\/1 - SEMCOM\" \/>\n<meta property=\"og:url\" content=\"https:\/\/www.manaus.am.gov.br\/semcom\/pautas\/abertura-da-campanha-janeiro-roxo-contra-a-hanseniase-sera-realizada-pela-prefeitura-de-manaus-nesta-quarta-11-1\/\" \/>\n<meta property=\"og:site_name\" content=\"SEMCOM\" \/>\n<meta property=\"article:modified_time\" content=\"2023-02-08T14:04:15+00:00\" \/>\n<meta property=\"og:image\" content=\"https:\/\/www.manaus.am.gov.br\/semcom\/wp-content\/uploads\/sites\/5\/2023\/02\/sugestaodepauta.png\" \/>\n\t<meta property=\"og:image:width\" content=\"1020\" \/>\n\t<meta property=\"og:image:height\" content=\"540\" \/>\n\t<meta property=\"og:image:type\" content=\"image\/png\" \/>\n<meta name=\"twitter:card\" content=\"summary_large_image\" \/>\n<meta name=\"twitter:label1\" content=\"Est. reading time\" \/>\n\t<meta name=\"twitter:data1\" content=\"1 minuto\" \/>\n<script type=\"application\/ld+json\" class=\"yoast-schema-graph\">{\"@context\":\"https:\/\/schema.org\",\"@graph\":[{\"@type\":\"WebPage\",\"@id\":\"https:\/\/www.manaus.am.gov.br\/semcom\/pautas\/abertura-da-campanha-janeiro-roxo-contra-a-hanseniase-sera-realizada-pela-prefeitura-de-manaus-nesta-quarta-11-1\/\",\"url\":\"https:\/\/www.manaus.am.gov.br\/semcom\/pautas\/abertura-da-campanha-janeiro-roxo-contra-a-hanseniase-sera-realizada-pela-prefeitura-de-manaus-nesta-quarta-11-1\/\",\"name\":\"Abertura da campanha \u2018Janeiro Roxo\u2019 contra a hansen\u00edase ser\u00e1 realizada pela Prefeitura de Manaus nesta quarta, 11\/1 - SEMCOM\",\"isPartOf\":{\"@id\":\"https:\/\/www.manaus.am.gov.br\/semcom\/#website\"},\"primaryImageOfPage\":{\"@id\":\"https:\/\/www.manaus.am.gov.br\/semcom\/pautas\/abertura-da-campanha-janeiro-roxo-contra-a-hanseniase-sera-realizada-pela-prefeitura-de-manaus-nesta-quarta-11-1\/#primaryimage\"},\"image\":{\"@id\":\"https:\/\/www.manaus.am.gov.br\/semcom\/pautas\/abertura-da-campanha-janeiro-roxo-contra-a-hanseniase-sera-realizada-pela-prefeitura-de-manaus-nesta-quarta-11-1\/#primaryimage\"},\"thumbnailUrl\":\"https:\/\/www.manaus.am.gov.br\/semcom\/wp-content\/uploads\/sites\/5\/2023\/02\/sugestaodepauta.png\",\"datePublished\":\"2023-01-24T20:08:07+00:00\",\"dateModified\":\"2023-02-08T14:04:15+00:00\",\"inLanguage\":\"pt-BR\",\"potentialAction\":[{\"@type\":\"ReadAction\",\"target\":[\"https:\/\/www.manaus.am.gov.br\/semcom\/pautas\/abertura-da-campanha-janeiro-roxo-contra-a-hanseniase-sera-realizada-pela-prefeitura-de-manaus-nesta-quarta-11-1\/\"]}]},{\"@type\":\"ImageObject\",\"inLanguage\":\"pt-BR\",\"@id\":\"https:\/\/www.manaus.am.gov.br\/semcom\/pautas\/abertura-da-campanha-janeiro-roxo-contra-a-hanseniase-sera-realizada-pela-prefeitura-de-manaus-nesta-quarta-11-1\/#primaryimage\",\"url\":\"https:\/\/www.manaus.am.gov.br\/semcom\/wp-content\/uploads\/sites\/5\/2023\/02\/sugestaodepauta.png\",\"contentUrl\":\"https:\/\/www.manaus.am.gov.br\/semcom\/wp-content\/uploads\/sites\/5\/2023\/02\/sugestaodepauta.png\",\"width\":1020,\"height\":540},{\"@type\":\"WebSite\",\"@id\":\"https:\/\/www.manaus.am.gov.br\/semcom\/#website\",\"url\":\"https:\/\/www.manaus.am.gov.br\/semcom\/\",\"name\":\"SEMCOM\",\"description\":\"Secretaria Municipal de Comunica\u00e7\u00e3o\",\"potentialAction\":[{\"@type\":\"SearchAction\",\"target\":{\"@type\":\"EntryPoint\",\"urlTemplate\":\"https:\/\/www.manaus.am.gov.br\/semcom\/?s={search_term_string}\"},\"query-input\":\"required name=search_term_string\"}],\"inLanguage\":\"pt-BR\"}]}<\/script>\n<!-- \/ Yoast SEO plugin. -->","yoast_head_json":{"title":"Abertura da campanha \u2018Janeiro Roxo\u2019 contra a hansen\u00edase ser\u00e1 realizada pela Prefeitura de Manaus nesta quarta, 11\/1 - SEMCOM","robots":{"index":"index","follow":"follow","max-snippet":"max-snippet:-1","max-image-preview":"max-image-preview:large","max-video-preview":"max-video-preview:-1"},"canonical":"https:\/\/www.manaus.am.gov.br\/semcom\/pautas\/abertura-da-campanha-janeiro-roxo-contra-a-hanseniase-sera-realizada-pela-prefeitura-de-manaus-nesta-quarta-11-1\/","og_locale":"pt_BR","og_type":"article","og_title":"Abertura da campanha \u2018Janeiro Roxo\u2019 contra a hansen\u00edase ser\u00e1 realizada pela Prefeitura de Manaus nesta quarta, 11\/1 - SEMCOM","og_url":"https:\/\/www.manaus.am.gov.br\/semcom\/pautas\/abertura-da-campanha-janeiro-roxo-contra-a-hanseniase-sera-realizada-pela-prefeitura-de-manaus-nesta-quarta-11-1\/","og_site_name":"SEMCOM","article_modified_time":"2023-02-08T14:04:15+00:00","og_image":[{"width":1020,"height":540,"url":"https:\/\/www.manaus.am.gov.br\/semcom\/wp-content\/uploads\/sites\/5\/2023\/02\/sugestaodepauta.png","type":"image\/png"}],"twitter_card":"summary_large_image","twitter_misc":{"Est. reading time":"1 minuto"},"schema":{"@context":"https:\/\/schema.org","@graph":[{"@type":"WebPage","@id":"https:\/\/www.manaus.am.gov.br\/semcom\/pautas\/abertura-da-campanha-janeiro-roxo-contra-a-hanseniase-sera-realizada-pela-prefeitura-de-manaus-nesta-quarta-11-1\/","url":"https:\/\/www.manaus.am.gov.br\/semcom\/pautas\/abertura-da-campanha-janeiro-roxo-contra-a-hanseniase-sera-realizada-pela-prefeitura-de-manaus-nesta-quarta-11-1\/","name":"Abertura da campanha \u2018Janeiro Roxo\u2019 contra a hansen\u00edase ser\u00e1 realizada pela Prefeitura de Manaus nesta quarta, 11\/1 - SEMCOM","isPartOf":{"@id":"https:\/\/www.manaus.am.gov.br\/semcom\/#website"},"primaryImageOfPage":{"@id":"https:\/\/www.manaus.am.gov.br\/semcom\/pautas\/abertura-da-campanha-janeiro-roxo-contra-a-hanseniase-sera-realizada-pela-prefeitura-de-manaus-nesta-quarta-11-1\/#primaryimage"},"image":{"@id":"https:\/\/www.manaus.am.gov.br\/semcom\/pautas\/abertura-da-campanha-janeiro-roxo-contra-a-hanseniase-sera-realizada-pela-prefeitura-de-manaus-nesta-quarta-11-1\/#primaryimage"},"thumbnailUrl":"https:\/\/www.manaus.am.gov.br\/semcom\/wp-content\/uploads\/sites\/5\/2023\/02\/sugestaodepauta.png","datePublished":"2023-01-24T20:08:07+00:00","dateModified":"2023-02-08T14:04:15+00:00","inLanguage":"pt-BR","potentialAction":[{"@type":"ReadAction","target":["https:\/\/www.manaus.am.gov.br\/semcom\/pautas\/abertura-da-campanha-janeiro-roxo-contra-a-hanseniase-sera-realizada-pela-prefeitura-de-manaus-nesta-quarta-11-1\/"]}]},{"@type":"ImageObject","inLanguage":"pt-BR","@id":"https:\/\/www.manaus.am.gov.br\/semcom\/pautas\/abertura-da-campanha-janeiro-roxo-contra-a-hanseniase-sera-realizada-pela-prefeitura-de-manaus-nesta-quarta-11-1\/#primaryimage","url":"https:\/\/www.manaus.am.gov.br\/semcom\/wp-content\/uploads\/sites\/5\/2023\/02\/sugestaodepauta.png","contentUrl":"https:\/\/www.manaus.am.gov.br\/semcom\/wp-content\/uploads\/sites\/5\/2023\/02\/sugestaodepauta.png","width":1020,"height":540},{"@type":"WebSite","@id":"https:\/\/www.manaus.am.gov.br\/semcom\/#website","url":"https:\/\/www.manaus.am.gov.br\/semcom\/","name":"SEMCOM","description":"Secretaria Municipal de Comunica\u00e7\u00e3o","potentialAction":[{"@type":"SearchAction","target":{"@type":"EntryPoint","urlTemplate":"https:\/\/www.manaus.am.gov.br\/semcom\/?s={search_term_string}"},"query-input":"required name=search_term_string"}],"inLanguage":"pt-BR"}]}},"_links":{"self":[{"href":"https:\/\/www.manaus.am.gov.br\/semcom\/wp-json\/wp\/v2\/pautas\/207847"}],"collection":[{"href":"https:\/\/www.manaus.am.gov.br\/semcom\/wp-json\/wp\/v2\/pautas"}],"about":[{"href":"https:\/\/www.manaus.am.gov.br\/semcom\/wp-json\/wp\/v2\/types\/pautas"}],"wp:featuredmedia":[{"embeddable":true,"href":"https:\/\/www.manaus.am.gov.br\/semcom\/wp-json\/wp\/v2\/media\/208729"}],"wp:attachment":[{"href":"https:\/\/www.manaus.am.gov.br\/semcom\/wp-json\/wp\/v2\/media?parent=207847"}],"wp:term":[{"taxonomy":"category","embeddable":true,"href":"https:\/\/www.manaus.am.gov.br\/semcom\/wp-json\/wp\/v2\/categories?post=207847"}],"curies":[{"name":"wp","href":"https:\/\/api.w.org\/{rel}","templated":true}]}}

<strong>Abertura da campanha ‘Janeiro Roxo’ contra a hanseníase será realizada pela Prefeitura de Manaus nesta quarta, 11/1</strong>

<p>A Prefeitura de Manaus, por meio da Secretaria Municipal de Saúde (Semsa), promoverá, nesta quarta-feira, 11/1, às 9h, a abertura oficial da campanha “Janeiro Roxo”, que busca a prevenção e o controle da hanseníase no município.</p>



<p>A cerimônia será realizada no auditório da Universidade Paulista (Unip), na avenida Mário Ypiranga, bairro Parque 10 de Novembro, zona Centro-Sul, e contará com a participação da secretária municipal de Saúde, Shádia Fraxe, além de demais gestores e profissionais da Semsa e representantes de instituições parceiras.</p>



<p>A abertura da campanha “Janeiro Roxo”, coordenada pelo Núcleo de Controle da Hanseníase da Semsa, contará com uma exposição sobre o cenário epidemiológico da hanseníase no município de Manaus e apresentação das ações exitosas implementadas na prevenção e controle da doença.</p>



<p>&#8212; &#8212; &#8212;</p>



<p><strong>SERVIÇO</strong></p>



<p><strong>O quê</strong> – Abertura oficial da campanha Janeiro Roxo</p>



<p><strong>Quando</strong> – Quarta-feira, 11/1</p>



<p><strong>Horário</strong> – 9h</p>



<p><strong>Local</strong> – auditório da Universidade Paulista (Unip), na avenida Mário Ypiranga, Parque 10 de Novembro, zona Centro-Sul</p>

<!-- This site is optimized with the Yoast SEO plugin v23.0 - https://yoast.com/wordpress/plugins/seo/ -->
<title>Abertura da campanha ‘Janeiro Roxo’ contra a hanseníase será realizada pela Prefeitura de Manaus nesta quarta, 11/1 - SEMCOM</title>
<meta name="robots" content="index, follow, max-snippet:-1, max-image-preview:large, max-video-preview:-1" />
<link rel="canonical" href="https://www.manaus.am.gov.br/semcom/pautas/abertura-da-campanha-janeiro-roxo-contra-a-hanseniase-sera-realizada-pela-prefeitura-de-manaus-nesta-quarta-11-1/" />
<meta property="og:locale" content="pt_BR" />
<meta property="og:type" content="article" />
<meta property="og:title" content="Abertura da campanha ‘Janeiro Roxo’ contra a hanseníase será realizada pela Prefeitura de Manaus nesta quarta, 11/1 - SEMCOM" />
<meta property="og:url" content="https://www.manaus.am.gov.br/semcom/pautas/abertura-da-campanha-janeiro-roxo-contra-a-hanseniase-sera-realizada-pela-prefeitura-de-manaus-nesta-quarta-11-1/" />
<meta property="og:site_name" content="SEMCOM" />
<meta property="article:modified_time" content="2023-02-08T14:04:15+00:00" />
<meta property="og:image" content="https://www.manaus.am.gov.br/semcom/wp-content/uploads/sites/5/2023/02/sugestaodepauta.png" />
	<meta property="og:image:width" content="1020" />
	<meta property="og:image:height" content="540" />
	<meta property="og:image:type" content="image/png" />
<meta name="twitter:card" content="summary_large_image" />
<meta name="twitter:label1" content="Est. reading time" />
	<meta name="twitter:data1" content="1 minuto" />
<script type="application/ld+json" class="yoast-schema-graph">{"@context":"https://schema.org","@graph":[{"@type":"WebPage","@id":"https://www.manaus.am.gov.br/semcom/pautas/abertura-da-campanha-janeiro-roxo-contra-a-hanseniase-sera-realizada-pela-prefeitura-de-manaus-nesta-quarta-11-1/","url":"https://www.manaus.am.gov.br/semcom/pautas/abertura-da-campanha-janeiro-roxo-contra-a-hanseniase-sera-realizada-pela-prefeitura-de-manaus-nesta-quarta-11-1/","name":"Abertura da campanha ‘Janeiro Roxo’ contra a hanseníase será realizada pela Prefeitura de Manaus nesta quarta, 11/1 - SEMCOM","isPartOf":{"@id":"https://www.manaus.am.gov.br/semcom/#website"},"primaryImageOfPage":{"@id":"https://www.manaus.am.gov.br/semcom/pautas/abertura-da-campanha-janeiro-roxo-contra-a-hanseniase-sera-realizada-pela-prefeitura-de-manaus-nesta-quarta-11-1/#primaryimage"},"image":{"@id":"https://www.manaus.am.gov.br/semcom/pautas/abertura-da-campanha-janeiro-roxo-contra-a-hanseniase-sera-realizada-pela-prefeitura-de-manaus-nesta-quarta-11-1/#primaryimage"},"thumbnailUrl":"https://www.manaus.am.gov.br/semcom/wp-content/uploads/sites/5/2023/02/sugestaodepauta.png","datePublished":"2023-01-24T20:08:07+00:00","dateModified":"2023-02-08T14:04:15+00:00","inLanguage":"pt-BR","potentialAction":[{"@type":"ReadAction","target":["https://www.manaus.am.gov.br/semcom/pautas/abertura-da-campanha-janeiro-roxo-contra-a-hanseniase-sera-realizada-pela-prefeitura-de-manaus-nesta-quarta-11-1/"]}]},{"@type":"ImageObject","inLanguage":"pt-BR","@id":"https://www.manaus.am.gov.br/semcom/pautas/abertura-da-campanha-janeiro-roxo-contra-a-hanseniase-sera-realizada-pela-prefeitura-de-manaus-nesta-quarta-11-1/#primaryimage","url":"https://www.manaus.am.gov.br/semcom/wp-content/uploads/sites/5/2023/02/sugestaodepauta.png","contentUrl":"https://www.manaus.am.gov.br/semcom/wp-content/uploads/sites/5/2023/02/sugestaodepauta.png","width":1020,"height":540},{"@type":"WebSite","@id":"https://www.manaus.am.gov.br/semcom/#website","url":"https://www.manaus.am.gov.br/semcom/","name":"SEMCOM","description":"Secretaria Municipal de Comunicação","potentialAction":[{"@type":"SearchAction","target":{"@type":"EntryPoint","urlTemplate":"https://www.manaus.am.gov.br/semcom/?s={search_term_string}"},"query-input":"required name=search_term_string"}],"inLanguage":"pt-BR"}]}</script>
<!-- / Yoast SEO plugin. -->

Abertura da campanha ‘Janeiro Roxo’ contra a hanseníase será realizada pela Prefeitura de Manaus nesta quarta, 11/1 - SEMCOM

Secretaria Municipal de Comunicação
