{"id":207845,"date":"2023-01-24T17:03:44","date_gmt":"2023-01-24T20:03:44","guid":{"rendered":"https:\/\/www.manaus.am.gov.br\/semcom\/?post_type=pautas&#038;p=207845"},"modified":"2023-02-08T11:03:00","modified_gmt":"2023-02-08T14:03:00","slug":"prefeitura-de-manaus-e-uea-realizam-aula-inaugural-do-curso-de-especializacao-em-saude-publica","status":"publish","type":"pautas","link":"https:\/\/www.manaus.am.gov.br\/semcom\/pautas\/prefeitura-de-manaus-e-uea-realizam-aula-inaugural-do-curso-de-especializacao-em-saude-publica\/","title":{"rendered":"<strong>Prefeitura de Manaus e UEA realizam aula inaugural do curso de especializa\u00e7\u00e3o em Sa\u00fade P\u00fablica<\/strong>"},"content":{"rendered":"\n<p>A Prefeitura de Manaus, por meio da Escola de Sa\u00fade P\u00fablica (Esap) da Secretaria Municipal de Sa\u00fade (Semsa), promove, a partir das 9h desta segunda-feira, 9\/1, a aula inaugural do Curso de Especializa\u00e7\u00e3o em Sa\u00fade P\u00fablica com \u00eanfase na Estrat\u00e9gia Sa\u00fade da Fam\u00edlia, realizado em parceria com a Universidade do Estado do Amazonas (UEA).<\/p>\n\n\n\n<p>A abertura do evento vai contar com a presen\u00e7a da secret\u00e1ria municipal de Sa\u00fade, Sh\u00e1dia Fraxe, e a aula inaugural ser\u00e1 ministrada pela professora doutora Maria Paula Gomes Mour\u00e3o, com o tema \u201cPandemia de Covid-19 e Sa\u00fade P\u00fablica: o que aprendemos\u201d.<\/p>\n\n\n\n<p>O curso de especializa\u00e7\u00e3o ter\u00e1 dura\u00e7\u00e3o de 18 meses, contemplando 20 alunos das \u00e1reas de Servi\u00e7o Social, Fisioterapia, Nutri\u00e7\u00e3o, Educa\u00e7\u00e3o F\u00edsica e Psicologia, e visa promover a melhoria cont\u00ednua do processo de trabalho na Aten\u00e7\u00e3o Prim\u00e1ria em Sa\u00fade, por meio da integra\u00e7\u00e3o entre gest\u00e3o, ensino, servi\u00e7o e comunidade.<\/p>\n\n\n\n<p><strong>SERVI\u00c7O:<\/strong><\/p>\n\n\n\n<p><strong>O qu\u00ea<\/strong> \u2013 Aula inaugural do Curso de Especializa\u00e7\u00e3o em Sa\u00fade P\u00fablica com \u00eanfase na Estrat\u00e9gia Sa\u00fade da Fam\u00edlia<\/p>\n\n\n\n<p><strong>Quando<\/strong> &#8211; Segunda-feira, 9\/1<\/p>\n\n\n\n<p><strong>Hor\u00e1rio <\/strong>\u2013 9h<\/p>\n\n\n\n<p><strong>Local <\/strong>&#8211; Audit\u00f3rio da Reitoria da UEA, na avenida Djalma Batista, n\u00ba 3.578, Chapada<\/p>\n","protected":false},"featured_media":208729,"template":"","categories":[787],"acf":[],"yoast_head":"<!-- This site is optimized with the Yoast SEO plugin v23.0 - https:\/\/yoast.com\/wordpress\/plugins\/seo\/ -->\n<title>Prefeitura de Manaus e UEA realizam aula inaugural do curso de especializa\u00e7\u00e3o em Sa\u00fade P\u00fablica - SEMCOM<\/title>\n<meta name=\"robots\" content=\"index, follow, max-snippet:-1, max-image-preview:large, max-video-preview:-1\" \/>\n<link rel=\"canonical\" href=\"https:\/\/www.manaus.am.gov.br\/semcom\/pautas\/prefeitura-de-manaus-e-uea-realizam-aula-inaugural-do-curso-de-especializacao-em-saude-publica\/\" \/>\n<meta property=\"og:locale\" content=\"pt_BR\" \/>\n<meta property=\"og:type\" content=\"article\" \/>\n<meta property=\"og:title\" content=\"Prefeitura de Manaus e UEA realizam aula inaugural do curso de especializa\u00e7\u00e3o em Sa\u00fade P\u00fablica - SEMCOM\" \/>\n<meta property=\"og:url\" content=\"https:\/\/www.manaus.am.gov.br\/semcom\/pautas\/prefeitura-de-manaus-e-uea-realizam-aula-inaugural-do-curso-de-especializacao-em-saude-publica\/\" \/>\n<meta property=\"og:site_name\" content=\"SEMCOM\" \/>\n<meta property=\"article:modified_time\" content=\"2023-02-08T14:03:00+00:00\" \/>\n<meta property=\"og:image\" content=\"https:\/\/www.manaus.am.gov.br\/semcom\/wp-content\/uploads\/sites\/5\/2023\/02\/sugestaodepauta.png\" \/>\n\t<meta property=\"og:image:width\" content=\"1020\" \/>\n\t<meta property=\"og:image:height\" content=\"540\" \/>\n\t<meta property=\"og:image:type\" content=\"image\/png\" \/>\n<meta name=\"twitter:card\" content=\"summary_large_image\" \/>\n<meta name=\"twitter:label1\" content=\"Est. reading time\" \/>\n\t<meta name=\"twitter:data1\" content=\"1 minuto\" \/>\n<script type=\"application\/ld+json\" class=\"yoast-schema-graph\">{\"@context\":\"https:\/\/schema.org\",\"@graph\":[{\"@type\":\"WebPage\",\"@id\":\"https:\/\/www.manaus.am.gov.br\/semcom\/pautas\/prefeitura-de-manaus-e-uea-realizam-aula-inaugural-do-curso-de-especializacao-em-saude-publica\/\",\"url\":\"https:\/\/www.manaus.am.gov.br\/semcom\/pautas\/prefeitura-de-manaus-e-uea-realizam-aula-inaugural-do-curso-de-especializacao-em-saude-publica\/\",\"name\":\"Prefeitura de Manaus e UEA realizam aula inaugural do curso de especializa\u00e7\u00e3o em Sa\u00fade P\u00fablica - SEMCOM\",\"isPartOf\":{\"@id\":\"https:\/\/www.manaus.am.gov.br\/semcom\/#website\"},\"primaryImageOfPage\":{\"@id\":\"https:\/\/www.manaus.am.gov.br\/semcom\/pautas\/prefeitura-de-manaus-e-uea-realizam-aula-inaugural-do-curso-de-especializacao-em-saude-publica\/#primaryimage\"},\"image\":{\"@id\":\"https:\/\/www.manaus.am.gov.br\/semcom\/pautas\/prefeitura-de-manaus-e-uea-realizam-aula-inaugural-do-curso-de-especializacao-em-saude-publica\/#primaryimage\"},\"thumbnailUrl\":\"https:\/\/www.manaus.am.gov.br\/semcom\/wp-content\/uploads\/sites\/5\/2023\/02\/sugestaodepauta.png\",\"datePublished\":\"2023-01-24T20:03:44+00:00\",\"dateModified\":\"2023-02-08T14:03:00+00:00\",\"inLanguage\":\"pt-BR\",\"potentialAction\":[{\"@type\":\"ReadAction\",\"target\":[\"https:\/\/www.manaus.am.gov.br\/semcom\/pautas\/prefeitura-de-manaus-e-uea-realizam-aula-inaugural-do-curso-de-especializacao-em-saude-publica\/\"]}]},{\"@type\":\"ImageObject\",\"inLanguage\":\"pt-BR\",\"@id\":\"https:\/\/www.manaus.am.gov.br\/semcom\/pautas\/prefeitura-de-manaus-e-uea-realizam-aula-inaugural-do-curso-de-especializacao-em-saude-publica\/#primaryimage\",\"url\":\"https:\/\/www.manaus.am.gov.br\/semcom\/wp-content\/uploads\/sites\/5\/2023\/02\/sugestaodepauta.png\",\"contentUrl\":\"https:\/\/www.manaus.am.gov.br\/semcom\/wp-content\/uploads\/sites\/5\/2023\/02\/sugestaodepauta.png\",\"width\":1020,\"height\":540},{\"@type\":\"WebSite\",\"@id\":\"https:\/\/www.manaus.am.gov.br\/semcom\/#website\",\"url\":\"https:\/\/www.manaus.am.gov.br\/semcom\/\",\"name\":\"SEMCOM\",\"description\":\"Secretaria Municipal de Comunica\u00e7\u00e3o\",\"potentialAction\":[{\"@type\":\"SearchAction\",\"target\":{\"@type\":\"EntryPoint\",\"urlTemplate\":\"https:\/\/www.manaus.am.gov.br\/semcom\/?s={search_term_string}\"},\"query-input\":\"required name=search_term_string\"}],\"inLanguage\":\"pt-BR\"}]}<\/script>\n<!-- \/ Yoast SEO plugin. -->","yoast_head_json":{"title":"Prefeitura de Manaus e UEA realizam aula inaugural do curso de especializa\u00e7\u00e3o em Sa\u00fade P\u00fablica - SEMCOM","robots":{"index":"index","follow":"follow","max-snippet":"max-snippet:-1","max-image-preview":"max-image-preview:large","max-video-preview":"max-video-preview:-1"},"canonical":"https:\/\/www.manaus.am.gov.br\/semcom\/pautas\/prefeitura-de-manaus-e-uea-realizam-aula-inaugural-do-curso-de-especializacao-em-saude-publica\/","og_locale":"pt_BR","og_type":"article","og_title":"Prefeitura de Manaus e UEA realizam aula inaugural do curso de especializa\u00e7\u00e3o em Sa\u00fade P\u00fablica - SEMCOM","og_url":"https:\/\/www.manaus.am.gov.br\/semcom\/pautas\/prefeitura-de-manaus-e-uea-realizam-aula-inaugural-do-curso-de-especializacao-em-saude-publica\/","og_site_name":"SEMCOM","article_modified_time":"2023-02-08T14:03:00+00:00","og_image":[{"width":1020,"height":540,"url":"https:\/\/www.manaus.am.gov.br\/semcom\/wp-content\/uploads\/sites\/5\/2023\/02\/sugestaodepauta.png","type":"image\/png"}],"twitter_card":"summary_large_image","twitter_misc":{"Est. reading time":"1 minuto"},"schema":{"@context":"https:\/\/schema.org","@graph":[{"@type":"WebPage","@id":"https:\/\/www.manaus.am.gov.br\/semcom\/pautas\/prefeitura-de-manaus-e-uea-realizam-aula-inaugural-do-curso-de-especializacao-em-saude-publica\/","url":"https:\/\/www.manaus.am.gov.br\/semcom\/pautas\/prefeitura-de-manaus-e-uea-realizam-aula-inaugural-do-curso-de-especializacao-em-saude-publica\/","name":"Prefeitura de Manaus e UEA realizam aula inaugural do curso de especializa\u00e7\u00e3o em Sa\u00fade P\u00fablica - SEMCOM","isPartOf":{"@id":"https:\/\/www.manaus.am.gov.br\/semcom\/#website"},"primaryImageOfPage":{"@id":"https:\/\/www.manaus.am.gov.br\/semcom\/pautas\/prefeitura-de-manaus-e-uea-realizam-aula-inaugural-do-curso-de-especializacao-em-saude-publica\/#primaryimage"},"image":{"@id":"https:\/\/www.manaus.am.gov.br\/semcom\/pautas\/prefeitura-de-manaus-e-uea-realizam-aula-inaugural-do-curso-de-especializacao-em-saude-publica\/#primaryimage"},"thumbnailUrl":"https:\/\/www.manaus.am.gov.br\/semcom\/wp-content\/uploads\/sites\/5\/2023\/02\/sugestaodepauta.png","datePublished":"2023-01-24T20:03:44+00:00","dateModified":"2023-02-08T14:03:00+00:00","inLanguage":"pt-BR","potentialAction":[{"@type":"ReadAction","target":["https:\/\/www.manaus.am.gov.br\/semcom\/pautas\/prefeitura-de-manaus-e-uea-realizam-aula-inaugural-do-curso-de-especializacao-em-saude-publica\/"]}]},{"@type":"ImageObject","inLanguage":"pt-BR","@id":"https:\/\/www.manaus.am.gov.br\/semcom\/pautas\/prefeitura-de-manaus-e-uea-realizam-aula-inaugural-do-curso-de-especializacao-em-saude-publica\/#primaryimage","url":"https:\/\/www.manaus.am.gov.br\/semcom\/wp-content\/uploads\/sites\/5\/2023\/02\/sugestaodepauta.png","contentUrl":"https:\/\/www.manaus.am.gov.br\/semcom\/wp-content\/uploads\/sites\/5\/2023\/02\/sugestaodepauta.png","width":1020,"height":540},{"@type":"WebSite","@id":"https:\/\/www.manaus.am.gov.br\/semcom\/#website","url":"https:\/\/www.manaus.am.gov.br\/semcom\/","name":"SEMCOM","description":"Secretaria Municipal de Comunica\u00e7\u00e3o","potentialAction":[{"@type":"SearchAction","target":{"@type":"EntryPoint","urlTemplate":"https:\/\/www.manaus.am.gov.br\/semcom\/?s={search_term_string}"},"query-input":"required name=search_term_string"}],"inLanguage":"pt-BR"}]}},"_links":{"self":[{"href":"https:\/\/www.manaus.am.gov.br\/semcom\/wp-json\/wp\/v2\/pautas\/207845"}],"collection":[{"href":"https:\/\/www.manaus.am.gov.br\/semcom\/wp-json\/wp\/v2\/pautas"}],"about":[{"href":"https:\/\/www.manaus.am.gov.br\/semcom\/wp-json\/wp\/v2\/types\/pautas"}],"wp:featuredmedia":[{"embeddable":true,"href":"https:\/\/www.manaus.am.gov.br\/semcom\/wp-json\/wp\/v2\/media\/208729"}],"wp:attachment":[{"href":"https:\/\/www.manaus.am.gov.br\/semcom\/wp-json\/wp\/v2\/media?parent=207845"}],"wp:term":[{"taxonomy":"category","embeddable":true,"href":"https:\/\/www.manaus.am.gov.br\/semcom\/wp-json\/wp\/v2\/categories?post=207845"}],"curies":[{"name":"wp","href":"https:\/\/api.w.org\/{rel}","templated":true}]}}

<strong>Prefeitura de Manaus e UEA realizam aula inaugural do curso de especialização em Saúde Pública</strong>

<p>A Prefeitura de Manaus, por meio da Escola de Saúde Pública (Esap) da Secretaria Municipal de Saúde (Semsa), promove, a partir das 9h desta segunda-feira, 9/1, a aula inaugural do Curso de Especialização em Saúde Pública com ênfase na Estratégia Saúde da Família, realizado em parceria com a Universidade do Estado do Amazonas (UEA).</p>



<p>A abertura do evento vai contar com a presença da secretária municipal de Saúde, Shádia Fraxe, e a aula inaugural será ministrada pela professora doutora Maria Paula Gomes Mourão, com o tema “Pandemia de Covid-19 e Saúde Pública: o que aprendemos”.</p>



<p>O curso de especialização terá duração de 18 meses, contemplando 20 alunos das áreas de Serviço Social, Fisioterapia, Nutrição, Educação Física e Psicologia, e visa promover a melhoria contínua do processo de trabalho na Atenção Primária em Saúde, por meio da integração entre gestão, ensino, serviço e comunidade.</p>



<p><strong>SERVIÇO:</strong></p>



<p><strong>O quê</strong> – Aula inaugural do Curso de Especialização em Saúde Pública com ênfase na Estratégia Saúde da Família</p>



<p><strong>Quando</strong> &#8211; Segunda-feira, 9/1</p>



<p><strong>Horário </strong>– 9h</p>



<p><strong>Local </strong>&#8211; Auditório da Reitoria da UEA, na avenida Djalma Batista, nº 3.578, Chapada</p>

<!-- This site is optimized with the Yoast SEO plugin v23.0 - https://yoast.com/wordpress/plugins/seo/ -->
<title>Prefeitura de Manaus e UEA realizam aula inaugural do curso de especialização em Saúde Pública - SEMCOM</title>
<meta name="robots" content="index, follow, max-snippet:-1, max-image-preview:large, max-video-preview:-1" />
<link rel="canonical" href="https://www.manaus.am.gov.br/semcom/pautas/prefeitura-de-manaus-e-uea-realizam-aula-inaugural-do-curso-de-especializacao-em-saude-publica/" />
<meta property="og:locale" content="pt_BR" />
<meta property="og:type" content="article" />
<meta property="og:title" content="Prefeitura de Manaus e UEA realizam aula inaugural do curso de especialização em Saúde Pública - SEMCOM" />
<meta property="og:url" content="https://www.manaus.am.gov.br/semcom/pautas/prefeitura-de-manaus-e-uea-realizam-aula-inaugural-do-curso-de-especializacao-em-saude-publica/" />
<meta property="og:site_name" content="SEMCOM" />
<meta property="article:modified_time" content="2023-02-08T14:03:00+00:00" />
<meta property="og:image" content="https://www.manaus.am.gov.br/semcom/wp-content/uploads/sites/5/2023/02/sugestaodepauta.png" />
	<meta property="og:image:width" content="1020" />
	<meta property="og:image:height" content="540" />
	<meta property="og:image:type" content="image/png" />
<meta name="twitter:card" content="summary_large_image" />
<meta name="twitter:label1" content="Est. reading time" />
	<meta name="twitter:data1" content="1 minuto" />
<script type="application/ld+json" class="yoast-schema-graph">{"@context":"https://schema.org","@graph":[{"@type":"WebPage","@id":"https://www.manaus.am.gov.br/semcom/pautas/prefeitura-de-manaus-e-uea-realizam-aula-inaugural-do-curso-de-especializacao-em-saude-publica/","url":"https://www.manaus.am.gov.br/semcom/pautas/prefeitura-de-manaus-e-uea-realizam-aula-inaugural-do-curso-de-especializacao-em-saude-publica/","name":"Prefeitura de Manaus e UEA realizam aula inaugural do curso de especialização em Saúde Pública - SEMCOM","isPartOf":{"@id":"https://www.manaus.am.gov.br/semcom/#website"},"primaryImageOfPage":{"@id":"https://www.manaus.am.gov.br/semcom/pautas/prefeitura-de-manaus-e-uea-realizam-aula-inaugural-do-curso-de-especializacao-em-saude-publica/#primaryimage"},"image":{"@id":"https://www.manaus.am.gov.br/semcom/pautas/prefeitura-de-manaus-e-uea-realizam-aula-inaugural-do-curso-de-especializacao-em-saude-publica/#primaryimage"},"thumbnailUrl":"https://www.manaus.am.gov.br/semcom/wp-content/uploads/sites/5/2023/02/sugestaodepauta.png","datePublished":"2023-01-24T20:03:44+00:00","dateModified":"2023-02-08T14:03:00+00:00","inLanguage":"pt-BR","potentialAction":[{"@type":"ReadAction","target":["https://www.manaus.am.gov.br/semcom/pautas/prefeitura-de-manaus-e-uea-realizam-aula-inaugural-do-curso-de-especializacao-em-saude-publica/"]}]},{"@type":"ImageObject","inLanguage":"pt-BR","@id":"https://www.manaus.am.gov.br/semcom/pautas/prefeitura-de-manaus-e-uea-realizam-aula-inaugural-do-curso-de-especializacao-em-saude-publica/#primaryimage","url":"https://www.manaus.am.gov.br/semcom/wp-content/uploads/sites/5/2023/02/sugestaodepauta.png","contentUrl":"https://www.manaus.am.gov.br/semcom/wp-content/uploads/sites/5/2023/02/sugestaodepauta.png","width":1020,"height":540},{"@type":"WebSite","@id":"https://www.manaus.am.gov.br/semcom/#website","url":"https://www.manaus.am.gov.br/semcom/","name":"SEMCOM","description":"Secretaria Municipal de Comunicação","potentialAction":[{"@type":"SearchAction","target":{"@type":"EntryPoint","urlTemplate":"https://www.manaus.am.gov.br/semcom/?s={search_term_string}"},"query-input":"required name=search_term_string"}],"inLanguage":"pt-BR"}]}</script>
<!-- / Yoast SEO plugin. -->

Prefeitura de Manaus e UEA realizam aula inaugural do curso de especialização em Saúde Pública - SEMCOM

Secretaria Municipal de Comunicação
