{"id":151,"date":"2022-12-21T16:02:16","date_gmt":"2022-12-21T19:02:16","guid":{"rendered":"https:\/\/www.manaus.am.gov.br\/semcom\/?page_id=151"},"modified":"2025-06-23T15:08:32","modified_gmt":"2025-06-23T18:08:32","slug":"legislacao","status":"publish","type":"page","link":"https:\/\/www.manaus.am.gov.br\/semcom\/legislacao\/","title":{"rendered":"Legisla\u00e7\u00e3o"},"content":{"rendered":"\n<h2 class=\"wp-block-heading\"><a href=\"https:\/\/www.manaus.am.gov.br\/semcom\/wp-content\/uploads\/sites\/5\/2025\/06\/Regimento-Interno-Semcom.pdf\" target=\"_blank\" rel=\"noreferrer noopener\">REGIMENTO INTERNO<\/a><\/h2>\n\n\n\n<p><\/p>\n\n\n\n<h2 class=\"wp-block-heading\"><a href=\"https:\/\/www.planalto.gov.br\/ccivil_03\/leis\/l8666cons.htm\" target=\"_blank\" rel=\"noreferrer noopener\">LEI N\u00ba 8.666, DE 21 DE JUNHO DE 1993<\/a><\/h2>\n\n\n\n<p>Regulamenta o art. 37, inciso XXI, da Constitui\u00e7\u00e3o Federal, institui normas para licita\u00e7\u00f5es e contratos da Administra\u00e7\u00e3o P\u00fablica e d\u00e1 outras provid\u00eancias.<\/p>\n\n\n\n<h2 class=\"wp-block-heading\" style=\"text-transform:uppercase\"><a href=\"https:\/\/www.planalto.gov.br\/ccivil_03\/_ato2007-2010\/2010\/lei\/l12232.htm\" target=\"_blank\" rel=\"noreferrer noopener\">Lei Federal n\u00ba 12.232, DE 29 DE ABRIL DE 2010<\/a><\/h2>\n\n\n\n<p>Disp\u00f5e sobre as normas gerais para licita\u00e7\u00e3o e contrata\u00e7\u00e3o pela administra\u00e7\u00e3o p\u00fablica de servi\u00e7os de publicidade prestados por interm\u00e9dio de ag\u00eancias de propaganda e d\u00e1 outras provid\u00eancias.&nbsp;<\/p>\n\n\n\n<h2 class=\"wp-block-heading\" style=\"text-transform:uppercase\"><a href=\"https:\/\/leismunicipais.com.br\/a\/am\/m\/manaus\/lei-delegada\/2013\/0\/6\/lei-delegada-n-6-2013-dispoe-sobre-a-estrutura-organizacional-da-secretaria-municipal-de-comunicacao-semcom-suas-finalidades-e-competencias-fixa-seu-quadro-de-cargos-comissionados-e-da-outras-providencias\" target=\"_blank\" rel=\"noreferrer noopener\">LEI DELEGADA N\u00ba 6, DE 31 DE JULHO DE 2013<\/a><\/h2>\n\n\n\n<p>Disp\u00f5e sobre a estrutura organizacional da SECRETARIA MUNICIPAL DE COMUNICA\u00c7\u00c3O &#8211; SEMCOM, suas finalidades e compet\u00eancias, fixa seu quadro de cargos comissionados e d\u00e1 outras provid\u00eancias.<\/p>\n\n\n\n<h2 class=\"wp-block-heading\" style=\"text-transform:uppercase\"><a href=\"https:\/\/www.planalto.gov.br\/ccivil_03\/_ato2019-2022\/2021\/lei\/l14133.htm\" target=\"_blank\" rel=\"noreferrer noopener\">Lei Federal n\u00b0 14.133, de 1 de abril de 2021<\/a><\/h2>\n\n\n\n<p>Lei de Licita\u00e7\u00f5es e Contratos Administrativos.<\/p>\n\n\n\n<h2 class=\"wp-block-heading\" style=\"text-transform:uppercase\"><a href=\"https:\/\/leismunicipais.com.br\/a\/am\/m\/manaus\/decreto\/2013\/258\/2574\/decreto-n-2574-2013-dispoe-sobre-o-regimento-interno-da-secretaria-municipal-de-comunicacao-semcom-e-da-outras-providencias\" target=\"_blank\" rel=\"noreferrer noopener\">Decreto N\u00ba 2.574, DE 22 DE OUTUBRO DE 2013<\/a><\/h2>\n\n\n\n<p>Disp\u00f5e sobre o Regimento Interno da SECRETARIA MUNICIPAL DE COMUNICA\u00c7\u00c3O &#8211; SEMCOM, e d\u00e1 outras provid\u00eancias.<\/p>\n\n\n\n<div style=\"height:94px\" aria-hidden=\"true\" class=\"wp-block-spacer\"><\/div>\n","protected":false},"excerpt":{"rendered":"","protected":false},"author":27,"featured_media":0,"parent":0,"menu_order":0,"comment_status":"closed","ping_status":"closed","template":"templates\/prefeitura.php","meta":{"footnotes":""},"acf":[],"yoast_head":"<!-- This site is optimized with the Yoast SEO plugin v23.0 - https:\/\/yoast.com\/wordpress\/plugins\/seo\/ -->\n<title>Legisla\u00e7\u00e3o - SEMCOM<\/title>\n<meta name=\"robots\" content=\"index, follow, max-snippet:-1, max-image-preview:large, max-video-preview:-1\" \/>\n<link rel=\"canonical\" href=\"https:\/\/www.manaus.am.gov.br\/semcom\/legislacao\/\" \/>\n<meta property=\"og:locale\" content=\"pt_BR\" \/>\n<meta property=\"og:type\" content=\"article\" \/>\n<meta property=\"og:title\" content=\"Legisla\u00e7\u00e3o - SEMCOM\" \/>\n<meta property=\"og:url\" content=\"https:\/\/www.manaus.am.gov.br\/semcom\/legislacao\/\" \/>\n<meta property=\"og:site_name\" content=\"SEMCOM\" \/>\n<meta property=\"article:modified_time\" content=\"2025-06-23T18:08:32+00:00\" \/>\n<meta property=\"og:image\" content=\"https:\/\/www.manaus.am.gov.br\/semcom\/wp-content\/uploads\/sites\/5\/2024\/07\/thumb-default-2.png\" \/>\n\t<meta property=\"og:image:width\" content=\"966\" \/>\n\t<meta property=\"og:image:height\" content=\"520\" \/>\n\t<meta property=\"og:image:type\" content=\"image\/png\" \/>\n<meta name=\"twitter:card\" content=\"summary_large_image\" \/>\n<meta name=\"twitter:label1\" content=\"Est. reading time\" \/>\n\t<meta name=\"twitter:data1\" content=\"1 minuto\" \/>\n<script type=\"application\/ld+json\" class=\"yoast-schema-graph\">{\"@context\":\"https:\/\/schema.org\",\"@graph\":[{\"@type\":\"WebPage\",\"@id\":\"https:\/\/www.manaus.am.gov.br\/semcom\/legislacao\/\",\"url\":\"https:\/\/www.manaus.am.gov.br\/semcom\/legislacao\/\",\"name\":\"Legisla\u00e7\u00e3o - SEMCOM\",\"isPartOf\":{\"@id\":\"https:\/\/www.manaus.am.gov.br\/semcom\/#website\"},\"datePublished\":\"2022-12-21T19:02:16+00:00\",\"dateModified\":\"2025-06-23T18:08:32+00:00\",\"inLanguage\":\"pt-BR\",\"potentialAction\":[{\"@type\":\"ReadAction\",\"target\":[\"https:\/\/www.manaus.am.gov.br\/semcom\/legislacao\/\"]}]},{\"@type\":\"WebSite\",\"@id\":\"https:\/\/www.manaus.am.gov.br\/semcom\/#website\",\"url\":\"https:\/\/www.manaus.am.gov.br\/semcom\/\",\"name\":\"SEMCOM\",\"description\":\"Secretaria Municipal de Comunica\u00e7\u00e3o\",\"potentialAction\":[{\"@type\":\"SearchAction\",\"target\":{\"@type\":\"EntryPoint\",\"urlTemplate\":\"https:\/\/www.manaus.am.gov.br\/semcom\/?s={search_term_string}\"},\"query-input\":\"required name=search_term_string\"}],\"inLanguage\":\"pt-BR\"}]}<\/script>\n<!-- \/ Yoast SEO plugin. -->","yoast_head_json":{"title":"Legisla\u00e7\u00e3o - SEMCOM","robots":{"index":"index","follow":"follow","max-snippet":"max-snippet:-1","max-image-preview":"max-image-preview:large","max-video-preview":"max-video-preview:-1"},"canonical":"https:\/\/www.manaus.am.gov.br\/semcom\/legislacao\/","og_locale":"pt_BR","og_type":"article","og_title":"Legisla\u00e7\u00e3o - SEMCOM","og_url":"https:\/\/www.manaus.am.gov.br\/semcom\/legislacao\/","og_site_name":"SEMCOM","article_modified_time":"2025-06-23T18:08:32+00:00","og_image":[{"width":966,"height":520,"url":"https:\/\/www.manaus.am.gov.br\/semcom\/wp-content\/uploads\/sites\/5\/2024\/07\/thumb-default-2.png","type":"image\/png"}],"twitter_card":"summary_large_image","twitter_misc":{"Est. reading time":"1 minuto"},"schema":{"@context":"https:\/\/schema.org","@graph":[{"@type":"WebPage","@id":"https:\/\/www.manaus.am.gov.br\/semcom\/legislacao\/","url":"https:\/\/www.manaus.am.gov.br\/semcom\/legislacao\/","name":"Legisla\u00e7\u00e3o - SEMCOM","isPartOf":{"@id":"https:\/\/www.manaus.am.gov.br\/semcom\/#website"},"datePublished":"2022-12-21T19:02:16+00:00","dateModified":"2025-06-23T18:08:32+00:00","inLanguage":"pt-BR","potentialAction":[{"@type":"ReadAction","target":["https:\/\/www.manaus.am.gov.br\/semcom\/legislacao\/"]}]},{"@type":"WebSite","@id":"https:\/\/www.manaus.am.gov.br\/semcom\/#website","url":"https:\/\/www.manaus.am.gov.br\/semcom\/","name":"SEMCOM","description":"Secretaria Municipal de Comunica\u00e7\u00e3o","potentialAction":[{"@type":"SearchAction","target":{"@type":"EntryPoint","urlTemplate":"https:\/\/www.manaus.am.gov.br\/semcom\/?s={search_term_string}"},"query-input":"required name=search_term_string"}],"inLanguage":"pt-BR"}]}},"_links":{"self":[{"href":"https:\/\/www.manaus.am.gov.br\/semcom\/wp-json\/wp\/v2\/pages\/151"}],"collection":[{"href":"https:\/\/www.manaus.am.gov.br\/semcom\/wp-json\/wp\/v2\/pages"}],"about":[{"href":"https:\/\/www.manaus.am.gov.br\/semcom\/wp-json\/wp\/v2\/types\/page"}],"author":[{"embeddable":true,"href":"https:\/\/www.manaus.am.gov.br\/semcom\/wp-json\/wp\/v2\/users\/27"}],"replies":[{"embeddable":true,"href":"https:\/\/www.manaus.am.gov.br\/semcom\/wp-json\/wp\/v2\/comments?post=151"}],"version-history":[{"count":8,"href":"https:\/\/www.manaus.am.gov.br\/semcom\/wp-json\/wp\/v2\/pages\/151\/revisions"}],"predecessor-version":[{"id":241053,"href":"https:\/\/www.manaus.am.gov.br\/semcom\/wp-json\/wp\/v2\/pages\/151\/revisions\/241053"}],"wp:attachment":[{"href":"https:\/\/www.manaus.am.gov.br\/semcom\/wp-json\/wp\/v2\/media?parent=151"}],"curies":[{"name":"wp","href":"https:\/\/api.w.org\/{rel}","templated":true}]}}