{"id":121,"date":"2024-07-15T09:49:17","date_gmt":"2024-07-15T12:49:17","guid":{"rendered":"https:\/\/www.manaus.am.gov.br\/semcom\/?page_id=121"},"modified":"2024-07-15T10:37:53","modified_gmt":"2024-07-15T13:37:53","slug":"a-semcom","status":"publish","type":"page","link":"https:\/\/www.manaus.am.gov.br\/semcom\/a-semcom\/","title":{"rendered":"A SEMCOM"},"content":{"rendered":"\n<p>A Secretaria Municipal de Comunica\u00e7\u00e3o \u2013 SEMCOM integra a Administra\u00e7\u00e3o Direta do Poder Executivo para cumprimento das seguintes finalidades:<\/p>\n\n\n\n<p>I \u2013 planejar e implementar a Pol\u00edtica Municipal de Comunica\u00e7\u00e3o Social, mediante a coordena\u00e7\u00e3o e o controle das a\u00e7\u00f5es de comunica\u00e7\u00e3o;<br>II \u2013 divulgar as a\u00e7\u00f5es municipais de governo e promover a publicidade institucional, em articula\u00e7\u00e3o com os diversos meios de comunica\u00e7\u00e3o.<\/p>\n\n\n\n<h2 class=\"wp-block-heading\">Miss\u00e3o<\/h2>\n\n\n\n<p>Contribuir para o exerc\u00edcio pleno da cidadania por meio de uma pol\u00edtica de comunica\u00e7\u00e3o comprometida com a verdade, com princ\u00edpios democr\u00e1ticos, com a inova\u00e7\u00e3o e transpar\u00eancia da Prefeitura de Manaus, facilitando a aproxima\u00e7\u00e3o com a sociedade.<\/p>\n\n\n\n<h2 class=\"wp-block-heading\">Vis\u00e3o<\/h2>\n\n\n\n<p>Ser refer\u00eancia em comunica\u00e7\u00e3o p\u00fablica, promovendo o di\u00e1logo com a sociedade de forma abrangente, respons\u00e1vel e participativa, de forma a ampliar os mecanismos de promo\u00e7\u00e3o do bem-estar da popula\u00e7\u00e3o de Manaus.<\/p>\n\n\n\n<h2 class=\"wp-block-heading\">Valores e princ\u00edpios<\/h2>\n\n\n\n<ul>\n<li>\u00c9tica e responsabilidade;<\/li>\n\n\n\n<li>Compromisso com a verdade;<\/li>\n\n\n\n<li>Valoriza\u00e7\u00e3o profissional;<\/li>\n\n\n\n<li>Transpar\u00eancia;<\/li>\n\n\n\n<li>Di\u00e1logo e colabora\u00e7\u00e3o.<\/li>\n<\/ul>\n","protected":false},"excerpt":{"rendered":"","protected":false},"author":27,"featured_media":0,"parent":0,"menu_order":0,"comment_status":"closed","ping_status":"closed","template":"templates\/turismo.php","meta":{"footnotes":""},"acf":[],"yoast_head":"<!-- This site is optimized with the Yoast SEO plugin v23.0 - https:\/\/yoast.com\/wordpress\/plugins\/seo\/ -->\n<title>A SEMCOM - SEMCOM<\/title>\n<meta name=\"robots\" content=\"index, follow, max-snippet:-1, max-image-preview:large, max-video-preview:-1\" \/>\n<link rel=\"canonical\" href=\"https:\/\/www.manaus.am.gov.br\/semcom\/a-semcom\/\" \/>\n<meta property=\"og:locale\" content=\"pt_BR\" \/>\n<meta property=\"og:type\" content=\"article\" \/>\n<meta property=\"og:title\" content=\"A SEMCOM - SEMCOM\" \/>\n<meta property=\"og:url\" content=\"https:\/\/www.manaus.am.gov.br\/semcom\/a-semcom\/\" \/>\n<meta property=\"og:site_name\" content=\"SEMCOM\" \/>\n<meta property=\"article:modified_time\" content=\"2024-07-15T13:37:53+00:00\" \/>\n<meta property=\"og:image\" content=\"https:\/\/www.manaus.am.gov.br\/semcom\/wp-content\/uploads\/sites\/5\/2024\/07\/thumb-default-2.png\" \/>\n\t<meta property=\"og:image:width\" content=\"966\" \/>\n\t<meta property=\"og:image:height\" content=\"520\" \/>\n\t<meta property=\"og:image:type\" content=\"image\/png\" \/>\n<meta name=\"twitter:card\" content=\"summary_large_image\" \/>\n<meta name=\"twitter:label1\" content=\"Est. reading time\" \/>\n\t<meta name=\"twitter:data1\" content=\"1 minuto\" \/>\n<script type=\"application\/ld+json\" class=\"yoast-schema-graph\">{\"@context\":\"https:\/\/schema.org\",\"@graph\":[{\"@type\":\"WebPage\",\"@id\":\"https:\/\/www.manaus.am.gov.br\/semcom\/a-semcom\/\",\"url\":\"https:\/\/www.manaus.am.gov.br\/semcom\/a-semcom\/\",\"name\":\"A SEMCOM - SEMCOM\",\"isPartOf\":{\"@id\":\"https:\/\/www.manaus.am.gov.br\/semcom\/#website\"},\"datePublished\":\"2024-07-15T12:49:17+00:00\",\"dateModified\":\"2024-07-15T13:37:53+00:00\",\"inLanguage\":\"pt-BR\",\"potentialAction\":[{\"@type\":\"ReadAction\",\"target\":[\"https:\/\/www.manaus.am.gov.br\/semcom\/a-semcom\/\"]}]},{\"@type\":\"WebSite\",\"@id\":\"https:\/\/www.manaus.am.gov.br\/semcom\/#website\",\"url\":\"https:\/\/www.manaus.am.gov.br\/semcom\/\",\"name\":\"SEMCOM\",\"description\":\"Secretaria Municipal de Comunica\u00e7\u00e3o\",\"potentialAction\":[{\"@type\":\"SearchAction\",\"target\":{\"@type\":\"EntryPoint\",\"urlTemplate\":\"https:\/\/www.manaus.am.gov.br\/semcom\/?s={search_term_string}\"},\"query-input\":\"required name=search_term_string\"}],\"inLanguage\":\"pt-BR\"}]}<\/script>\n<!-- \/ Yoast SEO plugin. -->","yoast_head_json":{"title":"A SEMCOM - SEMCOM","robots":{"index":"index","follow":"follow","max-snippet":"max-snippet:-1","max-image-preview":"max-image-preview:large","max-video-preview":"max-video-preview:-1"},"canonical":"https:\/\/www.manaus.am.gov.br\/semcom\/a-semcom\/","og_locale":"pt_BR","og_type":"article","og_title":"A SEMCOM - SEMCOM","og_url":"https:\/\/www.manaus.am.gov.br\/semcom\/a-semcom\/","og_site_name":"SEMCOM","article_modified_time":"2024-07-15T13:37:53+00:00","og_image":[{"width":966,"height":520,"url":"https:\/\/www.manaus.am.gov.br\/semcom\/wp-content\/uploads\/sites\/5\/2024\/07\/thumb-default-2.png","type":"image\/png"}],"twitter_card":"summary_large_image","twitter_misc":{"Est. reading time":"1 minuto"},"schema":{"@context":"https:\/\/schema.org","@graph":[{"@type":"WebPage","@id":"https:\/\/www.manaus.am.gov.br\/semcom\/a-semcom\/","url":"https:\/\/www.manaus.am.gov.br\/semcom\/a-semcom\/","name":"A SEMCOM - SEMCOM","isPartOf":{"@id":"https:\/\/www.manaus.am.gov.br\/semcom\/#website"},"datePublished":"2024-07-15T12:49:17+00:00","dateModified":"2024-07-15T13:37:53+00:00","inLanguage":"pt-BR","potentialAction":[{"@type":"ReadAction","target":["https:\/\/www.manaus.am.gov.br\/semcom\/a-semcom\/"]}]},{"@type":"WebSite","@id":"https:\/\/www.manaus.am.gov.br\/semcom\/#website","url":"https:\/\/www.manaus.am.gov.br\/semcom\/","name":"SEMCOM","description":"Secretaria Municipal de Comunica\u00e7\u00e3o","potentialAction":[{"@type":"SearchAction","target":{"@type":"EntryPoint","urlTemplate":"https:\/\/www.manaus.am.gov.br\/semcom\/?s={search_term_string}"},"query-input":"required name=search_term_string"}],"inLanguage":"pt-BR"}]}},"_links":{"self":[{"href":"https:\/\/www.manaus.am.gov.br\/semcom\/wp-json\/wp\/v2\/pages\/121"}],"collection":[{"href":"https:\/\/www.manaus.am.gov.br\/semcom\/wp-json\/wp\/v2\/pages"}],"about":[{"href":"https:\/\/www.manaus.am.gov.br\/semcom\/wp-json\/wp\/v2\/types\/page"}],"author":[{"embeddable":true,"href":"https:\/\/www.manaus.am.gov.br\/semcom\/wp-json\/wp\/v2\/users\/27"}],"replies":[{"embeddable":true,"href":"https:\/\/www.manaus.am.gov.br\/semcom\/wp-json\/wp\/v2\/comments?post=121"}],"version-history":[{"count":3,"href":"https:\/\/www.manaus.am.gov.br\/semcom\/wp-json\/wp\/v2\/pages\/121\/revisions"}],"predecessor-version":[{"id":231190,"href":"https:\/\/www.manaus.am.gov.br\/semcom\/wp-json\/wp\/v2\/pages\/121\/revisions\/231190"}],"wp:attachment":[{"href":"https:\/\/www.manaus.am.gov.br\/semcom\/wp-json\/wp\/v2\/media?parent=121"}],"curies":[{"name":"wp","href":"https:\/\/api.w.org\/{rel}","templated":true}]}}

<p>A Secretaria Municipal de Comunicação – SEMCOM integra a Administração Direta do Poder Executivo para cumprimento das seguintes finalidades:</p>



<p>I – planejar e implementar a Política Municipal de Comunicação Social, mediante a coordenação e o controle das ações de comunicação;<br>II – divulgar as ações municipais de governo e promover a publicidade institucional, em articulação com os diversos meios de comunicação.</p>



<h2 class="wp-block-heading">Missão</h2>



<p>Contribuir para o exercício pleno da cidadania por meio de uma política de comunicação comprometida com a verdade, com princípios democráticos, com a inovação e transparência da Prefeitura de Manaus, facilitando a aproximação com a sociedade.</p>



<h2 class="wp-block-heading">Visão</h2>



<p>Ser referência em comunicação pública, promovendo o diálogo com a sociedade de forma abrangente, responsável e participativa, de forma a ampliar os mecanismos de promoção do bem-estar da população de Manaus.</p>



<h2 class="wp-block-heading">Valores e princípios</h2>



<ul>
<li>Ética e responsabilidade;</li>



<li>Compromisso com a verdade;</li>



<li>Valorização profissional;</li>



<li>Transparência;</li>



<li>Diálogo e colaboração.</li>
</ul>

<!-- This site is optimized with the Yoast SEO plugin v23.0 - https://yoast.com/wordpress/plugins/seo/ -->
<title>A SEMCOM - SEMCOM</title>
<meta name="robots" content="index, follow, max-snippet:-1, max-image-preview:large, max-video-preview:-1" />
<link rel="canonical" href="https://www.manaus.am.gov.br/semcom/a-semcom/" />
<meta property="og:locale" content="pt_BR" />
<meta property="og:type" content="article" />
<meta property="og:title" content="A SEMCOM - SEMCOM" />
<meta property="og:url" content="https://www.manaus.am.gov.br/semcom/a-semcom/" />
<meta property="og:site_name" content="SEMCOM" />
<meta property="article:modified_time" content="2024-07-15T13:37:53+00:00" />
<meta property="og:image" content="https://www.manaus.am.gov.br/semcom/wp-content/uploads/sites/5/2024/07/thumb-default-2.png" />
	<meta property="og:image:width" content="966" />
	<meta property="og:image:height" content="520" />
	<meta property="og:image:type" content="image/png" />
<meta name="twitter:card" content="summary_large_image" />
<meta name="twitter:label1" content="Est. reading time" />
	<meta name="twitter:data1" content="1 minuto" />
<script type="application/ld+json" class="yoast-schema-graph">{"@context":"https://schema.org","@graph":[{"@type":"WebPage","@id":"https://www.manaus.am.gov.br/semcom/a-semcom/","url":"https://www.manaus.am.gov.br/semcom/a-semcom/","name":"A SEMCOM - SEMCOM","isPartOf":{"@id":"https://www.manaus.am.gov.br/semcom/#website"},"datePublished":"2024-07-15T12:49:17+00:00","dateModified":"2024-07-15T13:37:53+00:00","inLanguage":"pt-BR","potentialAction":[{"@type":"ReadAction","target":["https://www.manaus.am.gov.br/semcom/a-semcom/"]}]},{"@type":"WebSite","@id":"https://www.manaus.am.gov.br/semcom/#website","url":"https://www.manaus.am.gov.br/semcom/","name":"SEMCOM","description":"Secretaria Municipal de Comunicação","potentialAction":[{"@type":"SearchAction","target":{"@type":"EntryPoint","urlTemplate":"https://www.manaus.am.gov.br/semcom/?s={search_term_string}"},"query-input":"required name=search_term_string"}],"inLanguage":"pt-BR"}]}</script>
<!-- / Yoast SEO plugin. -->

Secretaria Municipal de Comunicação
