{"version":"1.0","provider_name":"SEMCOM","provider_url":"https:\/\/www.manaus.am.gov.br\/semcom","title":"Prefeitura conclui levantamento em campo para atualiza\u00e7\u00e3o de listagem do Centro Hist\u00f3rico de Manaus","type":"rich","width":600,"height":338,"html":"<blockquote class=\"wp-embedded-content\" data-secret=\"QEgsfUl83J\"><a href=\"https:\/\/www.manaus.am.gov.br\/semcom\/prefeitura-implurb-atualizacao-imoveis-centro\/\">Prefeitura conclui levantamento em campo para atualiza\u00e7\u00e3o de listagem do Centro Hist\u00f3rico de Manaus<\/a><\/blockquote><iframe sandbox=\"allow-scripts\" security=\"restricted\" src=\"https:\/\/www.manaus.am.gov.br\/semcom\/prefeitura-implurb-atualizacao-imoveis-centro\/embed\/#?secret=QEgsfUl83J\" width=\"600\" height=\"338\" title=\"&#8220;Prefeitura conclui levantamento em campo para atualiza\u00e7\u00e3o de listagem do Centro Hist\u00f3rico de Manaus&#8221; &#8212; SEMCOM\" data-secret=\"QEgsfUl83J\" frameborder=\"0\" marginwidth=\"0\" marginheight=\"0\" scrolling=\"no\" class=\"wp-embedded-content\"><\/iframe><script type=\"text\/javascript\">\n\/* <![CDATA[ *\/\n\/*! This file is auto-generated *\/\n!function(d,l){\"use strict\";l.querySelector&&d.addEventListener&&\"undefined\"!=typeof URL&&(d.wp=d.wp||{},d.wp.receiveEmbedMessage||(d.wp.receiveEmbedMessage=function(e){var t=e.data;if((t||t.secret||t.message||t.value)&&!\/[^a-zA-Z0-9]\/.test(t.secret)){for(var s,r,n,a=l.querySelectorAll('iframe[data-secret=\"'+t.secret+'\"]'),o=l.querySelectorAll('blockquote[data-secret=\"'+t.secret+'\"]'),c=new RegExp(\"^https?:$\",\"i\"),i=0;i<o.length;i++)o[i].style.display=\"none\";for(i=0;i<a.length;i++)s=a[i],e.source===s.contentWindow&&(s.removeAttribute(\"style\"),\"height\"===t.message?(1e3<(r=parseInt(t.value,10))?r=1e3:~~r<200&&(r=200),s.height=r):\"link\"===t.message&&(r=new URL(s.getAttribute(\"src\")),n=new URL(t.value),c.test(n.protocol))&&n.host===r.host&&l.activeElement===s&&(d.top.location.href=t.value))}},d.addEventListener(\"message\",d.wp.receiveEmbedMessage,!1),l.addEventListener(\"DOMContentLoaded\",function(){for(var e,t,s=l.querySelectorAll(\"iframe.wp-embedded-content\"),r=0;r<s.length;r++)(t=(e=s[r]).getAttribute(\"data-secret\"))||(t=Math.random().toString(36).substring(2,12),e.src+=\"#?secret=\"+t,e.setAttribute(\"data-secret\",t)),e.contentWindow.postMessage({message:\"ready\",secret:t},\"*\")},!1)))}(window,document);\n\/* ]]> *\/\n<\/script>\n","thumbnail_url":"https:\/\/www.manaus.am.gov.br\/semcom\/wp-content\/uploads\/sites\/5\/2025\/12\/GPHdez2.jpeg","thumbnail_width":1280,"thumbnail_height":960,"description":"Pra\u00e7as e pontes hist\u00f3ricas s\u00e3o as camadas georreferenciadas criadas pela Prefeitura de Manaus, via Instituto Municipal de Planejamento Urbano (Implurb), na etapa final dos trabalhos de atualiza\u00e7\u00e3o dos bens listados pelo Decreto Municipal n\u00ba 7.176\/2004."}

Prefeitura conclui levantamento em campo para atualização de listagem do Centro Histórico de Manaus

<blockquote class="wp-embedded-content" data-secret="QEgsfUl83J"><a href="https://www.manaus.am.gov.br/semcom/prefeitura-implurb-atualizacao-imoveis-centro/">Prefeitura conclui levantamento em campo para atualização de listagem do Centro Histórico de Manaus</a></blockquote><iframe sandbox="allow-scripts" security="restricted" src="https://www.manaus.am.gov.br/semcom/prefeitura-implurb-atualizacao-imoveis-centro/embed/#?secret=QEgsfUl83J" width="600" height="338" title="&#8220;Prefeitura conclui levantamento em campo para atualização de listagem do Centro Histórico de Manaus&#8221; &#8212; SEMCOM" data-secret="QEgsfUl83J" frameborder="0" marginwidth="0" marginheight="0" scrolling="no" class="wp-embedded-content"></iframe><script type="text/javascript">
/* <![CDATA[ */
/*! This file is auto-generated */
!function(d,l){"use strict";l.querySelector&&d.addEventListener&&"undefined"!=typeof URL&&(d.wp=d.wp||{},d.wp.receiveEmbedMessage||(d.wp.receiveEmbedMessage=function(e){var t=e.data;if((t||t.secret||t.message||t.value)&&!/[^a-zA-Z0-9]/.test(t.secret)){for(var s,r,n,a=l.querySelectorAll('iframe[data-secret="'+t.secret+'"]'),o=l.querySelectorAll('blockquote[data-secret="'+t.secret+'"]'),c=new RegExp("^https?:$","i"),i=0;i<o.length;i++)o[i].style.display="none";for(i=0;i<a.length;i++)s=a[i],e.source===s.contentWindow&&(s.removeAttribute("style"),"height"===t.message?(1e3<(r=parseInt(t.value,10))?r=1e3:~~r<200&&(r=200),s.height=r):"link"===t.message&&(r=new URL(s.getAttribute("src")),n=new URL(t.value),c.test(n.protocol))&&n.host===r.host&&l.activeElement===s&&(d.top.location.href=t.value))}},d.addEventListener("message",d.wp.receiveEmbedMessage,!1),l.addEventListener("DOMContentLoaded",function(){for(var e,t,s=l.querySelectorAll("iframe.wp-embedded-content"),r=0;r<s.length;r++)(t=(e=s[r]).getAttribute("data-secret"))||(t=Math.random().toString(36).substring(2,12),e.src+="#?secret="+t,e.setAttribute("data-secret",t)),e.contentWindow.postMessage({message:"ready",secret:t},"*")},!1)))}(window,document);
/* ]]> */
</script>

Praças e pontes históricas são as camadas georreferenciadas criadas pela Prefeitura de Manaus, via Instituto Municipal de Planejamento Urbano (Implurb), na etapa final dos trabalhos de atualização dos bens listados pelo Decreto Municipal nº 7.176/2004.
