{"version":"1.0","provider_name":"SEMCOM","provider_url":"https:\/\/www.manaus.am.gov.br\/semcom","title":"Prefeitura elimina mais de 230 lixeiras irregulares em Manaus na primeira semana de setembro","type":"rich","width":600,"height":338,"html":"<blockquote class=\"wp-embedded-content\" data-secret=\"Jmp0t7nYAx\"><a href=\"https:\/\/www.manaus.am.gov.br\/semcom\/eliminacao-lixeiras-irregulares\/\">Prefeitura elimina mais de 230 lixeiras irregulares em Manaus na primeira semana de setembro<\/a><\/blockquote><iframe sandbox=\"allow-scripts\" security=\"restricted\" src=\"https:\/\/www.manaus.am.gov.br\/semcom\/eliminacao-lixeiras-irregulares\/embed\/#?secret=Jmp0t7nYAx\" width=\"600\" height=\"338\" title=\"&#8220;Prefeitura elimina mais de 230 lixeiras irregulares em Manaus na primeira semana de setembro&#8221; &#8212; SEMCOM\" data-secret=\"Jmp0t7nYAx\" frameborder=\"0\" marginwidth=\"0\" marginheight=\"0\" scrolling=\"no\" class=\"wp-embedded-content\"><\/iframe><script type=\"text\/javascript\">\n\/* <![CDATA[ *\/\n\/*! This file is auto-generated *\/\n!function(d,l){\"use strict\";l.querySelector&&d.addEventListener&&\"undefined\"!=typeof URL&&(d.wp=d.wp||{},d.wp.receiveEmbedMessage||(d.wp.receiveEmbedMessage=function(e){var t=e.data;if((t||t.secret||t.message||t.value)&&!\/[^a-zA-Z0-9]\/.test(t.secret)){for(var s,r,n,a=l.querySelectorAll('iframe[data-secret=\"'+t.secret+'\"]'),o=l.querySelectorAll('blockquote[data-secret=\"'+t.secret+'\"]'),c=new RegExp(\"^https?:$\",\"i\"),i=0;i<o.length;i++)o[i].style.display=\"none\";for(i=0;i<a.length;i++)s=a[i],e.source===s.contentWindow&&(s.removeAttribute(\"style\"),\"height\"===t.message?(1e3<(r=parseInt(t.value,10))?r=1e3:~~r<200&&(r=200),s.height=r):\"link\"===t.message&&(r=new URL(s.getAttribute(\"src\")),n=new URL(t.value),c.test(n.protocol))&&n.host===r.host&&l.activeElement===s&&(d.top.location.href=t.value))}},d.addEventListener(\"message\",d.wp.receiveEmbedMessage,!1),l.addEventListener(\"DOMContentLoaded\",function(){for(var e,t,s=l.querySelectorAll(\"iframe.wp-embedded-content\"),r=0;r<s.length;r++)(t=(e=s[r]).getAttribute(\"data-secret\"))||(t=Math.random().toString(36).substring(2,12),e.src+=\"#?secret=\"+t,e.setAttribute(\"data-secret\",t)),e.contentWindow.postMessage({message:\"ready\",secret:t},\"*\")},!1)))}(window,document);\n\/* ]]> *\/\n<\/script>\n","thumbnail_url":"https:\/\/www.manaus.am.gov.br\/semcom\/wp-content\/uploads\/sites\/5\/2025\/09\/Prefeitura-elimina-mais-de-230-lixeiras-irregulares-em-Manaus-na-primeira-semana-de-setembro-4.jpeg","thumbnail_width":1599,"thumbnail_height":899,"description":"A Prefeitura de Manaus, por meio da Secretaria Municipal de Limpeza Urbana (Semulsp), intensificou, desde julho, as a\u00e7\u00f5es de combate ao descarte irregular de lixo em todas as zonas da capital. Apenas na primeira semana de setembro, j\u00e1 foram eliminadas 230 lixeiras irregulares, com a retirada de mais de 600 toneladas de res\u00edduos que foram destinados corretamente ao aterro sanit\u00e1rio municipal. Nesta quarta-feira, 10\/9, a for\u00e7a-tarefa alcan\u00e7ou diferentes \u00e1reas da cidade."}

A Prefeitura de Manaus, por meio da Secretaria Municipal de Limpeza Urbana (Semulsp), intensificou, desde julho, as ações de combate ao descarte irregular de lixo em todas as zonas da capital. Apenas na primeira semana de setembro, já foram eliminadas 230 lixeiras irregulares, com a retirada de mais de 600 toneladas de resíduos que foram destinados corretamente ao aterro sanitário municipal. Nesta quarta-feira, 10/9, a força-tarefa alcançou diferentes áreas da cidade.
