{"id":209074,"date":"2023-11-10T09:42:27","date_gmt":"2023-11-10T13:42:27","guid":{"rendered":"https:\/\/www.manaus.am.gov.br\/semasc\/?page_id=209074"},"modified":"2023-11-10T09:42:27","modified_gmt":"2023-11-10T13:42:27","slug":"sos-funeral","status":"publish","type":"page","link":"https:\/\/www.manaus.am.gov.br\/semasc\/unidades\/sos-funeral\/","title":{"rendered":"SOS Funeral"},"content":{"rendered":"\n<p>Oferece gratuitamente cortejo, remo\u00e7\u00e3o, translado f\u00fanebre, urna funer\u00e1ria, isen\u00e7\u00e3o da taxa de sepultamento e o atendimento psicossocial \u00e0s fam\u00edlias no perfil de vulnerabilidade social e econ\u00f4mica, que n\u00e3o podem arcar com os custos, nos casos de mortes ocorridas em qualquer circunst\u00e2ncia no munic\u00edpio de Manaus. O servi\u00e7o funciona 24 horas, todos os dias.<\/p>\n\n\n\n<p><strong>Como buscar o servi\u00e7o?<\/strong><\/p>\n\n\n\n<p>Pode-se entrar em contato com o SOS Funeral pelos n\u00fameros: 0800 280 8087 \/&nbsp; 3215-2649 \/ 3631-9983 ou 98842-2963. A solicita\u00e7\u00e3o do servi\u00e7o tamb\u00e9m pode ser feita na sede da Semasc (Av. Ayr\u00e3o com Av. Ferreira Pena, Centro).<\/p>\n\n\n\n<p><strong>Documentos necess\u00e1rios<\/strong><\/p>\n\n\n\n<p>\u00c9 necess\u00e1rio ter originais e c\u00f3pias do Registro Geral (RG) e Cadastro de Pessoa F\u00edsica (CPF) do respons\u00e1vel legal do falecido. Os documentos da pessoa que faleceu tamb\u00e9m devem ser apresentados (RG e CPF) com os originais e c\u00f3pias. A declara\u00e7\u00e3o de \u00f3bito \u00e9 um documento exigido e deve-se apresentar quatro c\u00f3pias e o documento original.<\/p>\n\n\n\n<p><strong>Documenta\u00e7\u00e3o necess\u00e1ria para o cart\u00f3rio<\/strong><\/p>\n\n\n\n<p><strong>Documentos&nbsp;do respons\u00e1vel:<\/strong>&nbsp;RG, CPF e comprovante de resid\u00eancia (original e c\u00f3pias).<\/p>\n\n\n\n<p><strong>Documentos do falecido:<\/strong>&nbsp;RG, CPF, T\u00edtulo de Eleitor, certid\u00e3o de casamento (caso seja casado) ou certid\u00e3o de nascimento (no caso de solteiros), al\u00e9m da declara\u00e7\u00e3o de \u00f3bito (guia amarela) e comprovante de resid\u00eancia.<\/p>\n\n\n\n<p><strong>Em caso de morte em casa<\/strong><\/p>\n\n\n\n<p>O familiar respons\u00e1vel deve primeiro&nbsp;realizar um Boletim de Ocorr\u00eancia (B.O) na delegacia. Depois disso, deve ligar para o Servi\u00e7o de Emiss\u00e3o de Declara\u00e7\u00e3o de \u00d3bito, oferecido pela Semsa, no n\u00famero 98842-8437. Ap\u00f3s isto, deve-se ligar para o SOS&nbsp;Funeral, pois o corpo j\u00e1 estar\u00e1 liberado para o translado com a devida autoriza\u00e7\u00e3o da fam\u00edlia.<\/p>\n\n\n\n<p><strong>No cemit\u00e9rio<\/strong><\/p>\n\n\n\n<p>O respons\u00e1vel deve levar&nbsp;todos os documentos para o sepultamento ou crema\u00e7\u00e3o na administra\u00e7\u00e3o do&nbsp;cemit\u00e9rio. \u00c9 importante citar que caso a fam\u00edlia j\u00e1 tenha sepultura, ela dever\u00e1&nbsp;ir com o respons\u00e1vel do jazigo na administra\u00e7\u00e3o do cemit\u00e9rio para os tramites&nbsp;de abertura de sepultura familiar. Caso os familiares n\u00e3o tenham essa esp\u00e9cie&nbsp;de sepultura, o pr\u00f3prio cemit\u00e9rio define o espa\u00e7o para o sepultamento.<\/p>\n","protected":false},"excerpt":{"rendered":"","protected":false},"author":27,"featured_media":0,"parent":207842,"menu_order":0,"comment_status":"closed","ping_status":"closed","template":"templates\/turismo.php","meta":{"footnotes":""},"acf":[],"yoast_head":"<!-- This site is optimized with the Yoast SEO plugin v23.0 - https:\/\/yoast.com\/wordpress\/plugins\/seo\/ -->\n<title>SOS Funeral - SEMASC<\/title>\n<meta name=\"robots\" content=\"noindex, follow\" \/>\n<meta property=\"og:locale\" content=\"pt_BR\" \/>\n<meta property=\"og:type\" content=\"article\" \/>\n<meta property=\"og:title\" content=\"SOS Funeral - SEMASC\" \/>\n<meta property=\"og:url\" content=\"https:\/\/www.manaus.am.gov.br\/semasc\/unidades\/sos-funeral\/\" \/>\n<meta property=\"og:site_name\" content=\"SEMASC\" \/>\n<meta property=\"article:publisher\" content=\"https:\/\/www.facebook.com\/semascmanaus\" \/>\n<meta property=\"og:image\" content=\"https:\/\/www.manaus.am.gov.br\/semasc\/wp-content\/uploads\/sites\/17\/2024\/07\/thumb-default-2.png\" \/>\n\t<meta property=\"og:image:width\" content=\"966\" \/>\n\t<meta property=\"og:image:height\" content=\"520\" \/>\n\t<meta property=\"og:image:type\" content=\"image\/png\" \/>\n<meta name=\"twitter:card\" content=\"summary_large_image\" \/>\n<meta name=\"twitter:label1\" content=\"Est. reading time\" \/>\n\t<meta name=\"twitter:data1\" content=\"2 minutos\" \/>\n<script type=\"application\/ld+json\" class=\"yoast-schema-graph\">{\"@context\":\"https:\/\/schema.org\",\"@graph\":[{\"@type\":\"WebPage\",\"@id\":\"https:\/\/www.manaus.am.gov.br\/semasc\/unidades\/sos-funeral\/\",\"url\":\"https:\/\/www.manaus.am.gov.br\/semasc\/unidades\/sos-funeral\/\",\"name\":\"SOS Funeral - SEMASC\",\"isPartOf\":{\"@id\":\"https:\/\/www.manaus.am.gov.br\/semasc\/#website\"},\"datePublished\":\"2023-11-10T13:42:27+00:00\",\"dateModified\":\"2023-11-10T13:42:27+00:00\",\"breadcrumb\":{\"@id\":\"https:\/\/www.manaus.am.gov.br\/semasc\/unidades\/sos-funeral\/#breadcrumb\"},\"inLanguage\":\"pt-BR\",\"potentialAction\":[{\"@type\":\"ReadAction\",\"target\":[\"https:\/\/www.manaus.am.gov.br\/semasc\/unidades\/sos-funeral\/\"]}]},{\"@type\":\"BreadcrumbList\",\"@id\":\"https:\/\/www.manaus.am.gov.br\/semasc\/unidades\/sos-funeral\/#breadcrumb\",\"itemListElement\":[{\"@type\":\"ListItem\",\"position\":1,\"name\":\"Home\",\"item\":\"https:\/\/www.manaus.am.gov.br\/semasc\/\"},{\"@type\":\"ListItem\",\"position\":2,\"name\":\"Unidades\",\"item\":\"https:\/\/www.manaus.am.gov.br\/semasc\/unidades\/\"},{\"@type\":\"ListItem\",\"position\":3,\"name\":\"SOS Funeral\"}]},{\"@type\":\"WebSite\",\"@id\":\"https:\/\/www.manaus.am.gov.br\/semasc\/#website\",\"url\":\"https:\/\/www.manaus.am.gov.br\/semasc\/\",\"name\":\"SEMASC\",\"description\":\"Secretaria Municipal da Mulher, Assist\u00eancia Social e Cidadania.\",\"publisher\":{\"@id\":\"https:\/\/www.manaus.am.gov.br\/semasc\/#organization\"},\"alternateName\":\"Secretaria Municipal da Mulher, Assist\u00eancia Social e Cidadania\",\"potentialAction\":[{\"@type\":\"SearchAction\",\"target\":{\"@type\":\"EntryPoint\",\"urlTemplate\":\"https:\/\/www.manaus.am.gov.br\/semasc\/?s={search_term_string}\"},\"query-input\":\"required name=search_term_string\"}],\"inLanguage\":\"pt-BR\"},{\"@type\":\"Organization\",\"@id\":\"https:\/\/www.manaus.am.gov.br\/semasc\/#organization\",\"name\":\"Prefeitura de Manaus\",\"alternateName\":\"Prefeitura Municipal de Manaus\",\"url\":\"https:\/\/www.manaus.am.gov.br\/semasc\/\",\"logo\":{\"@type\":\"ImageObject\",\"inLanguage\":\"pt-BR\",\"@id\":\"https:\/\/www.manaus.am.gov.br\/semasc\/#\/schema\/logo\/image\/\",\"url\":\"https:\/\/www.manaus.am.gov.br\/semasc\/wp-content\/uploads\/sites\/17\/2024\/07\/favicon.png\",\"contentUrl\":\"https:\/\/www.manaus.am.gov.br\/semasc\/wp-content\/uploads\/sites\/17\/2024\/07\/favicon.png\",\"width\":300,\"height\":300,\"caption\":\"Prefeitura de Manaus\"},\"image\":{\"@id\":\"https:\/\/www.manaus.am.gov.br\/semasc\/#\/schema\/logo\/image\/\"},\"sameAs\":[\"https:\/\/www.facebook.com\/semascmanaus\",\"https:\/\/www.instagram.com\/semascmanaus\/\"]}]}<\/script>\n<!-- \/ Yoast SEO plugin. -->","yoast_head_json":{"title":"SOS Funeral - SEMASC","robots":{"index":"noindex","follow":"follow"},"og_locale":"pt_BR","og_type":"article","og_title":"SOS Funeral - SEMASC","og_url":"https:\/\/www.manaus.am.gov.br\/semasc\/unidades\/sos-funeral\/","og_site_name":"SEMASC","article_publisher":"https:\/\/www.facebook.com\/semascmanaus","og_image":[{"width":966,"height":520,"url":"https:\/\/www.manaus.am.gov.br\/semasc\/wp-content\/uploads\/sites\/17\/2024\/07\/thumb-default-2.png","type":"image\/png"}],"twitter_card":"summary_large_image","twitter_misc":{"Est. reading time":"2 minutos"},"schema":{"@context":"https:\/\/schema.org","@graph":[{"@type":"WebPage","@id":"https:\/\/www.manaus.am.gov.br\/semasc\/unidades\/sos-funeral\/","url":"https:\/\/www.manaus.am.gov.br\/semasc\/unidades\/sos-funeral\/","name":"SOS Funeral - SEMASC","isPartOf":{"@id":"https:\/\/www.manaus.am.gov.br\/semasc\/#website"},"datePublished":"2023-11-10T13:42:27+00:00","dateModified":"2023-11-10T13:42:27+00:00","breadcrumb":{"@id":"https:\/\/www.manaus.am.gov.br\/semasc\/unidades\/sos-funeral\/#breadcrumb"},"inLanguage":"pt-BR","potentialAction":[{"@type":"ReadAction","target":["https:\/\/www.manaus.am.gov.br\/semasc\/unidades\/sos-funeral\/"]}]},{"@type":"BreadcrumbList","@id":"https:\/\/www.manaus.am.gov.br\/semasc\/unidades\/sos-funeral\/#breadcrumb","itemListElement":[{"@type":"ListItem","position":1,"name":"Home","item":"https:\/\/www.manaus.am.gov.br\/semasc\/"},{"@type":"ListItem","position":2,"name":"Unidades","item":"https:\/\/www.manaus.am.gov.br\/semasc\/unidades\/"},{"@type":"ListItem","position":3,"name":"SOS Funeral"}]},{"@type":"WebSite","@id":"https:\/\/www.manaus.am.gov.br\/semasc\/#website","url":"https:\/\/www.manaus.am.gov.br\/semasc\/","name":"SEMASC","description":"Secretaria Municipal da Mulher, Assist\u00eancia Social e Cidadania.","publisher":{"@id":"https:\/\/www.manaus.am.gov.br\/semasc\/#organization"},"alternateName":"Secretaria Municipal da Mulher, Assist\u00eancia Social e Cidadania","potentialAction":[{"@type":"SearchAction","target":{"@type":"EntryPoint","urlTemplate":"https:\/\/www.manaus.am.gov.br\/semasc\/?s={search_term_string}"},"query-input":"required name=search_term_string"}],"inLanguage":"pt-BR"},{"@type":"Organization","@id":"https:\/\/www.manaus.am.gov.br\/semasc\/#organization","name":"Prefeitura de Manaus","alternateName":"Prefeitura Municipal de Manaus","url":"https:\/\/www.manaus.am.gov.br\/semasc\/","logo":{"@type":"ImageObject","inLanguage":"pt-BR","@id":"https:\/\/www.manaus.am.gov.br\/semasc\/#\/schema\/logo\/image\/","url":"https:\/\/www.manaus.am.gov.br\/semasc\/wp-content\/uploads\/sites\/17\/2024\/07\/favicon.png","contentUrl":"https:\/\/www.manaus.am.gov.br\/semasc\/wp-content\/uploads\/sites\/17\/2024\/07\/favicon.png","width":300,"height":300,"caption":"Prefeitura de Manaus"},"image":{"@id":"https:\/\/www.manaus.am.gov.br\/semasc\/#\/schema\/logo\/image\/"},"sameAs":["https:\/\/www.facebook.com\/semascmanaus","https:\/\/www.instagram.com\/semascmanaus\/"]}]}},"_links":{"self":[{"href":"https:\/\/www.manaus.am.gov.br\/semasc\/wp-json\/wp\/v2\/pages\/209074"}],"collection":[{"href":"https:\/\/www.manaus.am.gov.br\/semasc\/wp-json\/wp\/v2\/pages"}],"about":[{"href":"https:\/\/www.manaus.am.gov.br\/semasc\/wp-json\/wp\/v2\/types\/page"}],"author":[{"embeddable":true,"href":"https:\/\/www.manaus.am.gov.br\/semasc\/wp-json\/wp\/v2\/users\/27"}],"replies":[{"embeddable":true,"href":"https:\/\/www.manaus.am.gov.br\/semasc\/wp-json\/wp\/v2\/comments?post=209074"}],"version-history":[{"count":2,"href":"https:\/\/www.manaus.am.gov.br\/semasc\/wp-json\/wp\/v2\/pages\/209074\/revisions"}],"predecessor-version":[{"id":209076,"href":"https:\/\/www.manaus.am.gov.br\/semasc\/wp-json\/wp\/v2\/pages\/209074\/revisions\/209076"}],"up":[{"embeddable":true,"href":"https:\/\/www.manaus.am.gov.br\/semasc\/wp-json\/wp\/v2\/pages\/207842"}],"wp:attachment":[{"href":"https:\/\/www.manaus.am.gov.br\/semasc\/wp-json\/wp\/v2\/media?parent=209074"}],"curies":[{"name":"wp","href":"https:\/\/api.w.org\/{rel}","templated":true}]}}

<p>Oferece gratuitamente cortejo, remoção, translado fúnebre, urna funerária, isenção da taxa de sepultamento e o atendimento psicossocial às famílias no perfil de vulnerabilidade social e econômica, que não podem arcar com os custos, nos casos de mortes ocorridas em qualquer circunstância no município de Manaus. O serviço funciona 24 horas, todos os dias.</p>



<p><strong>Como buscar o serviço?</strong></p>



<p>Pode-se entrar em contato com o SOS Funeral pelos números: 0800 280 8087 /&nbsp; 3215-2649 / 3631-9983 ou 98842-2963. A solicitação do serviço também pode ser feita na sede da Semasc (Av. Ayrão com Av. Ferreira Pena, Centro).</p>



<p><strong>Documentos necessários</strong></p>



<p>É necessário ter originais e cópias do Registro Geral (RG) e Cadastro de Pessoa Física (CPF) do responsável legal do falecido. Os documentos da pessoa que faleceu também devem ser apresentados (RG e CPF) com os originais e cópias. A declaração de óbito é um documento exigido e deve-se apresentar quatro cópias e o documento original.</p>



<p><strong>Documentação necessária para o cartório</strong></p>



<p><strong>Documentos&nbsp;do responsável:</strong>&nbsp;RG, CPF e comprovante de residência (original e cópias).</p>



<p><strong>Documentos do falecido:</strong>&nbsp;RG, CPF, Título de Eleitor, certidão de casamento (caso seja casado) ou certidão de nascimento (no caso de solteiros), além da declaração de óbito (guia amarela) e comprovante de residência.</p>



<p><strong>Em caso de morte em casa</strong></p>



<p>O familiar responsável deve primeiro&nbsp;realizar um Boletim de Ocorrência (B.O) na delegacia. Depois disso, deve ligar para o Serviço de Emissão de Declaração de Óbito, oferecido pela Semsa, no número 98842-8437. Após isto, deve-se ligar para o SOS&nbsp;Funeral, pois o corpo já estará liberado para o translado com a devida autorização da família.</p>



<p><strong>No cemitério</strong></p>



<p>O responsável deve levar&nbsp;todos os documentos para o sepultamento ou cremação na administração do&nbsp;cemitério. É importante citar que caso a família já tenha sepultura, ela deverá&nbsp;ir com o responsável do jazigo na administração do cemitério para os tramites&nbsp;de abertura de sepultura familiar. Caso os familiares não tenham essa espécie&nbsp;de sepultura, o próprio cemitério define o espaço para o sepultamento.</p>

<!-- This site is optimized with the Yoast SEO plugin v23.0 - https://yoast.com/wordpress/plugins/seo/ -->
<title>SOS Funeral - SEMASC</title>
<meta name="robots" content="noindex, follow" />
<meta property="og:locale" content="pt_BR" />
<meta property="og:type" content="article" />
<meta property="og:title" content="SOS Funeral - SEMASC" />
<meta property="og:url" content="https://www.manaus.am.gov.br/semasc/unidades/sos-funeral/" />
<meta property="og:site_name" content="SEMASC" />
<meta property="article:publisher" content="https://www.facebook.com/semascmanaus" />
<meta property="og:image" content="https://www.manaus.am.gov.br/semasc/wp-content/uploads/sites/17/2024/07/thumb-default-2.png" />
	<meta property="og:image:width" content="966" />
	<meta property="og:image:height" content="520" />
	<meta property="og:image:type" content="image/png" />
<meta name="twitter:card" content="summary_large_image" />
<meta name="twitter:label1" content="Est. reading time" />
	<meta name="twitter:data1" content="2 minutos" />
<script type="application/ld+json" class="yoast-schema-graph">{"@context":"https://schema.org","@graph":[{"@type":"WebPage","@id":"https://www.manaus.am.gov.br/semasc/unidades/sos-funeral/","url":"https://www.manaus.am.gov.br/semasc/unidades/sos-funeral/","name":"SOS Funeral - SEMASC","isPartOf":{"@id":"https://www.manaus.am.gov.br/semasc/#website"},"datePublished":"2023-11-10T13:42:27+00:00","dateModified":"2023-11-10T13:42:27+00:00","breadcrumb":{"@id":"https://www.manaus.am.gov.br/semasc/unidades/sos-funeral/#breadcrumb"},"inLanguage":"pt-BR","potentialAction":[{"@type":"ReadAction","target":["https://www.manaus.am.gov.br/semasc/unidades/sos-funeral/"]}]},{"@type":"BreadcrumbList","@id":"https://www.manaus.am.gov.br/semasc/unidades/sos-funeral/#breadcrumb","itemListElement":[{"@type":"ListItem","position":1,"name":"Home","item":"https://www.manaus.am.gov.br/semasc/"},{"@type":"ListItem","position":2,"name":"Unidades","item":"https://www.manaus.am.gov.br/semasc/unidades/"},{"@type":"ListItem","position":3,"name":"SOS Funeral"}]},{"@type":"WebSite","@id":"https://www.manaus.am.gov.br/semasc/#website","url":"https://www.manaus.am.gov.br/semasc/","name":"SEMASC","description":"Secretaria Municipal da Mulher, Assistência Social e Cidadania.","publisher":{"@id":"https://www.manaus.am.gov.br/semasc/#organization"},"alternateName":"Secretaria Municipal da Mulher, Assistência Social e Cidadania","potentialAction":[{"@type":"SearchAction","target":{"@type":"EntryPoint","urlTemplate":"https://www.manaus.am.gov.br/semasc/?s={search_term_string}"},"query-input":"required name=search_term_string"}],"inLanguage":"pt-BR"},{"@type":"Organization","@id":"https://www.manaus.am.gov.br/semasc/#organization","name":"Prefeitura de Manaus","alternateName":"Prefeitura Municipal de Manaus","url":"https://www.manaus.am.gov.br/semasc/","logo":{"@type":"ImageObject","inLanguage":"pt-BR","@id":"https://www.manaus.am.gov.br/semasc/#/schema/logo/image/","url":"https://www.manaus.am.gov.br/semasc/wp-content/uploads/sites/17/2024/07/favicon.png","contentUrl":"https://www.manaus.am.gov.br/semasc/wp-content/uploads/sites/17/2024/07/favicon.png","width":300,"height":300,"caption":"Prefeitura de Manaus"},"image":{"@id":"https://www.manaus.am.gov.br/semasc/#/schema/logo/image/"},"sameAs":["https://www.facebook.com/semascmanaus","https://www.instagram.com/semascmanaus/"]}]}</script>
<!-- / Yoast SEO plugin. -->

Secretaria Municipal da Mulher, Assistência Social e Cidadania.

Secretaria Municipal da Mulher, Assistência Social e Cidadania
