{"id":209071,"date":"2023-11-10T09:41:30","date_gmt":"2023-11-10T13:41:30","guid":{"rendered":"https:\/\/www.manaus.am.gov.br\/semasc\/?page_id=209071"},"modified":"2023-11-10T09:41:30","modified_gmt":"2023-11-10T13:41:30","slug":"casa-de-acolhimento-para-mulheres-ycamiabas","status":"publish","type":"page","link":"https:\/\/www.manaus.am.gov.br\/semasc\/unidades\/casa-de-acolhimento-para-mulheres-ycamiabas\/","title":{"rendered":"Casa de Acolhimento para Mulheres &#8211; Ycamiabas"},"content":{"rendered":"\n<p>Com o objetivo de fornecer abrigo e assist\u00eancia necess\u00e1ria para mulheres e seus filhos que estejam em situa\u00e7\u00e3o de viol\u00eancia ou de vulnerabilidade social, o local tem a capacidade de atender 30 pessoas que necessitam de prote\u00e7\u00e3o imediata.<\/p>\n\n\n\n<p>A unidade n\u00e3o funciona no sistema \u201cportas abertas\u201d e sim mediante encaminhamento de algum dos \u00f3rg\u00e3os do sistema de prote\u00e7\u00e3o. Eduardo Lucas, secret\u00e1rio da Semasc, ressalta que a entrega do abrigo faz parte de um compromisso firmado pelo prefeito David Almeida ainda durante a campanha.<\/p>\n\n\n\n<p>O espa\u00e7o, que conta com seis dormit\u00f3rios, disponibilizar\u00e1 de abrigo tempor\u00e1rio \u00e0s mulheres e a seus filhos por at\u00e9 90 dias. Al\u00e9m disso, os acolhidos contar\u00e3o com o apoio e orienta\u00e7\u00f5es de uma equipe multidisciplinar composta por assistentes sociais, psic\u00f3logas e pedagogas para apoi\u00e1-los nesse processo de recupera\u00e7\u00e3o emocional.<\/p>\n\n\n\n<h2 class=\"wp-block-heading\">Sobre as Ycamiabas<\/h2>\n\n\n\n<p>As Ycamiabas eram uma tribo de mulheres guerreiras descrita em relatos e lendas durante o per\u00edodo colonial da Am\u00e9rica do Sul. Segundo essas narrativas, as Ycamiabas viveriam em uma regi\u00e3o inexplorada e seriam conhecidas por sua for\u00e7a f\u00edsica, habilidades de combate e pela forma\u00e7\u00e3o de uma sociedade matriarcal, em que as mulheres detinham o poder pol\u00edtico e militar. Essas hist\u00f3rias foram registradas por viajantes e exploradores europeus, como o alem\u00e3o Georg Heinrich von Langsdorff e o franc\u00eas Charles-Marie de La Condamine, no s\u00e9culo 18. Esses relatos geralmente descreviam as Ycamiabas como uma tribo de mulheres belas e valentes, que viviam sem a presen\u00e7a de homens.<\/p>\n","protected":false},"excerpt":{"rendered":"","protected":false},"author":27,"featured_media":0,"parent":207842,"menu_order":0,"comment_status":"closed","ping_status":"closed","template":"templates\/turismo.php","meta":{"footnotes":""},"acf":[],"yoast_head":"<!-- This site is optimized with the Yoast SEO plugin v23.0 - https:\/\/yoast.com\/wordpress\/plugins\/seo\/ -->\n<title>Casa de Acolhimento para Mulheres - Ycamiabas - SEMASC<\/title>\n<meta name=\"robots\" content=\"noindex, follow\" \/>\n<meta property=\"og:locale\" content=\"pt_BR\" \/>\n<meta property=\"og:type\" content=\"article\" \/>\n<meta property=\"og:title\" content=\"Casa de Acolhimento para Mulheres - Ycamiabas - SEMASC\" \/>\n<meta property=\"og:url\" content=\"https:\/\/www.manaus.am.gov.br\/semasc\/unidades\/casa-de-acolhimento-para-mulheres-ycamiabas\/\" \/>\n<meta property=\"og:site_name\" content=\"SEMASC\" \/>\n<meta property=\"article:publisher\" content=\"https:\/\/www.facebook.com\/semascmanaus\" \/>\n<meta property=\"og:image\" content=\"https:\/\/www.manaus.am.gov.br\/semasc\/wp-content\/uploads\/sites\/17\/2024\/07\/thumb-default-2.png\" \/>\n\t<meta property=\"og:image:width\" content=\"966\" \/>\n\t<meta property=\"og:image:height\" content=\"520\" \/>\n\t<meta property=\"og:image:type\" content=\"image\/png\" \/>\n<meta name=\"twitter:card\" content=\"summary_large_image\" \/>\n<meta name=\"twitter:label1\" content=\"Est. reading time\" \/>\n\t<meta name=\"twitter:data1\" content=\"2 minutos\" \/>\n<script type=\"application\/ld+json\" class=\"yoast-schema-graph\">{\"@context\":\"https:\/\/schema.org\",\"@graph\":[{\"@type\":\"WebPage\",\"@id\":\"https:\/\/www.manaus.am.gov.br\/semasc\/unidades\/casa-de-acolhimento-para-mulheres-ycamiabas\/\",\"url\":\"https:\/\/www.manaus.am.gov.br\/semasc\/unidades\/casa-de-acolhimento-para-mulheres-ycamiabas\/\",\"name\":\"Casa de Acolhimento para Mulheres - Ycamiabas - SEMASC\",\"isPartOf\":{\"@id\":\"https:\/\/www.manaus.am.gov.br\/semasc\/#website\"},\"datePublished\":\"2023-11-10T13:41:30+00:00\",\"dateModified\":\"2023-11-10T13:41:30+00:00\",\"breadcrumb\":{\"@id\":\"https:\/\/www.manaus.am.gov.br\/semasc\/unidades\/casa-de-acolhimento-para-mulheres-ycamiabas\/#breadcrumb\"},\"inLanguage\":\"pt-BR\",\"potentialAction\":[{\"@type\":\"ReadAction\",\"target\":[\"https:\/\/www.manaus.am.gov.br\/semasc\/unidades\/casa-de-acolhimento-para-mulheres-ycamiabas\/\"]}]},{\"@type\":\"BreadcrumbList\",\"@id\":\"https:\/\/www.manaus.am.gov.br\/semasc\/unidades\/casa-de-acolhimento-para-mulheres-ycamiabas\/#breadcrumb\",\"itemListElement\":[{\"@type\":\"ListItem\",\"position\":1,\"name\":\"Home\",\"item\":\"https:\/\/www.manaus.am.gov.br\/semasc\/\"},{\"@type\":\"ListItem\",\"position\":2,\"name\":\"Unidades\",\"item\":\"https:\/\/www.manaus.am.gov.br\/semasc\/unidades\/\"},{\"@type\":\"ListItem\",\"position\":3,\"name\":\"Casa de Acolhimento para Mulheres &#8211; Ycamiabas\"}]},{\"@type\":\"WebSite\",\"@id\":\"https:\/\/www.manaus.am.gov.br\/semasc\/#website\",\"url\":\"https:\/\/www.manaus.am.gov.br\/semasc\/\",\"name\":\"SEMASC\",\"description\":\"Secretaria Municipal da Mulher, Assist\u00eancia Social e Cidadania.\",\"publisher\":{\"@id\":\"https:\/\/www.manaus.am.gov.br\/semasc\/#organization\"},\"alternateName\":\"Secretaria Municipal da Mulher, Assist\u00eancia Social e Cidadania\",\"potentialAction\":[{\"@type\":\"SearchAction\",\"target\":{\"@type\":\"EntryPoint\",\"urlTemplate\":\"https:\/\/www.manaus.am.gov.br\/semasc\/?s={search_term_string}\"},\"query-input\":\"required name=search_term_string\"}],\"inLanguage\":\"pt-BR\"},{\"@type\":\"Organization\",\"@id\":\"https:\/\/www.manaus.am.gov.br\/semasc\/#organization\",\"name\":\"Prefeitura de Manaus\",\"alternateName\":\"Prefeitura Municipal de Manaus\",\"url\":\"https:\/\/www.manaus.am.gov.br\/semasc\/\",\"logo\":{\"@type\":\"ImageObject\",\"inLanguage\":\"pt-BR\",\"@id\":\"https:\/\/www.manaus.am.gov.br\/semasc\/#\/schema\/logo\/image\/\",\"url\":\"https:\/\/www.manaus.am.gov.br\/semasc\/wp-content\/uploads\/sites\/17\/2024\/07\/favicon.png\",\"contentUrl\":\"https:\/\/www.manaus.am.gov.br\/semasc\/wp-content\/uploads\/sites\/17\/2024\/07\/favicon.png\",\"width\":300,\"height\":300,\"caption\":\"Prefeitura de Manaus\"},\"image\":{\"@id\":\"https:\/\/www.manaus.am.gov.br\/semasc\/#\/schema\/logo\/image\/\"},\"sameAs\":[\"https:\/\/www.facebook.com\/semascmanaus\",\"https:\/\/www.instagram.com\/semascmanaus\/\"]}]}<\/script>\n<!-- \/ Yoast SEO plugin. -->","yoast_head_json":{"title":"Casa de Acolhimento para Mulheres - Ycamiabas - SEMASC","robots":{"index":"noindex","follow":"follow"},"og_locale":"pt_BR","og_type":"article","og_title":"Casa de Acolhimento para Mulheres - Ycamiabas - SEMASC","og_url":"https:\/\/www.manaus.am.gov.br\/semasc\/unidades\/casa-de-acolhimento-para-mulheres-ycamiabas\/","og_site_name":"SEMASC","article_publisher":"https:\/\/www.facebook.com\/semascmanaus","og_image":[{"width":966,"height":520,"url":"https:\/\/www.manaus.am.gov.br\/semasc\/wp-content\/uploads\/sites\/17\/2024\/07\/thumb-default-2.png","type":"image\/png"}],"twitter_card":"summary_large_image","twitter_misc":{"Est. reading time":"2 minutos"},"schema":{"@context":"https:\/\/schema.org","@graph":[{"@type":"WebPage","@id":"https:\/\/www.manaus.am.gov.br\/semasc\/unidades\/casa-de-acolhimento-para-mulheres-ycamiabas\/","url":"https:\/\/www.manaus.am.gov.br\/semasc\/unidades\/casa-de-acolhimento-para-mulheres-ycamiabas\/","name":"Casa de Acolhimento para Mulheres - Ycamiabas - SEMASC","isPartOf":{"@id":"https:\/\/www.manaus.am.gov.br\/semasc\/#website"},"datePublished":"2023-11-10T13:41:30+00:00","dateModified":"2023-11-10T13:41:30+00:00","breadcrumb":{"@id":"https:\/\/www.manaus.am.gov.br\/semasc\/unidades\/casa-de-acolhimento-para-mulheres-ycamiabas\/#breadcrumb"},"inLanguage":"pt-BR","potentialAction":[{"@type":"ReadAction","target":["https:\/\/www.manaus.am.gov.br\/semasc\/unidades\/casa-de-acolhimento-para-mulheres-ycamiabas\/"]}]},{"@type":"BreadcrumbList","@id":"https:\/\/www.manaus.am.gov.br\/semasc\/unidades\/casa-de-acolhimento-para-mulheres-ycamiabas\/#breadcrumb","itemListElement":[{"@type":"ListItem","position":1,"name":"Home","item":"https:\/\/www.manaus.am.gov.br\/semasc\/"},{"@type":"ListItem","position":2,"name":"Unidades","item":"https:\/\/www.manaus.am.gov.br\/semasc\/unidades\/"},{"@type":"ListItem","position":3,"name":"Casa de Acolhimento para Mulheres &#8211; Ycamiabas"}]},{"@type":"WebSite","@id":"https:\/\/www.manaus.am.gov.br\/semasc\/#website","url":"https:\/\/www.manaus.am.gov.br\/semasc\/","name":"SEMASC","description":"Secretaria Municipal da Mulher, Assist\u00eancia Social e Cidadania.","publisher":{"@id":"https:\/\/www.manaus.am.gov.br\/semasc\/#organization"},"alternateName":"Secretaria Municipal da Mulher, Assist\u00eancia Social e Cidadania","potentialAction":[{"@type":"SearchAction","target":{"@type":"EntryPoint","urlTemplate":"https:\/\/www.manaus.am.gov.br\/semasc\/?s={search_term_string}"},"query-input":"required name=search_term_string"}],"inLanguage":"pt-BR"},{"@type":"Organization","@id":"https:\/\/www.manaus.am.gov.br\/semasc\/#organization","name":"Prefeitura de Manaus","alternateName":"Prefeitura Municipal de Manaus","url":"https:\/\/www.manaus.am.gov.br\/semasc\/","logo":{"@type":"ImageObject","inLanguage":"pt-BR","@id":"https:\/\/www.manaus.am.gov.br\/semasc\/#\/schema\/logo\/image\/","url":"https:\/\/www.manaus.am.gov.br\/semasc\/wp-content\/uploads\/sites\/17\/2024\/07\/favicon.png","contentUrl":"https:\/\/www.manaus.am.gov.br\/semasc\/wp-content\/uploads\/sites\/17\/2024\/07\/favicon.png","width":300,"height":300,"caption":"Prefeitura de Manaus"},"image":{"@id":"https:\/\/www.manaus.am.gov.br\/semasc\/#\/schema\/logo\/image\/"},"sameAs":["https:\/\/www.facebook.com\/semascmanaus","https:\/\/www.instagram.com\/semascmanaus\/"]}]}},"_links":{"self":[{"href":"https:\/\/www.manaus.am.gov.br\/semasc\/wp-json\/wp\/v2\/pages\/209071"}],"collection":[{"href":"https:\/\/www.manaus.am.gov.br\/semasc\/wp-json\/wp\/v2\/pages"}],"about":[{"href":"https:\/\/www.manaus.am.gov.br\/semasc\/wp-json\/wp\/v2\/types\/page"}],"author":[{"embeddable":true,"href":"https:\/\/www.manaus.am.gov.br\/semasc\/wp-json\/wp\/v2\/users\/27"}],"replies":[{"embeddable":true,"href":"https:\/\/www.manaus.am.gov.br\/semasc\/wp-json\/wp\/v2\/comments?post=209071"}],"version-history":[{"count":2,"href":"https:\/\/www.manaus.am.gov.br\/semasc\/wp-json\/wp\/v2\/pages\/209071\/revisions"}],"predecessor-version":[{"id":209073,"href":"https:\/\/www.manaus.am.gov.br\/semasc\/wp-json\/wp\/v2\/pages\/209071\/revisions\/209073"}],"up":[{"embeddable":true,"href":"https:\/\/www.manaus.am.gov.br\/semasc\/wp-json\/wp\/v2\/pages\/207842"}],"wp:attachment":[{"href":"https:\/\/www.manaus.am.gov.br\/semasc\/wp-json\/wp\/v2\/media?parent=209071"}],"curies":[{"name":"wp","href":"https:\/\/api.w.org\/{rel}","templated":true}]}}

<p>Com o objetivo de fornecer abrigo e assistência necessária para mulheres e seus filhos que estejam em situação de violência ou de vulnerabilidade social, o local tem a capacidade de atender 30 pessoas que necessitam de proteção imediata.</p>



<p>A unidade não funciona no sistema “portas abertas” e sim mediante encaminhamento de algum dos órgãos do sistema de proteção. Eduardo Lucas, secretário da Semasc, ressalta que a entrega do abrigo faz parte de um compromisso firmado pelo prefeito David Almeida ainda durante a campanha.</p>



<p>O espaço, que conta com seis dormitórios, disponibilizará de abrigo temporário às mulheres e a seus filhos por até 90 dias. Além disso, os acolhidos contarão com o apoio e orientações de uma equipe multidisciplinar composta por assistentes sociais, psicólogas e pedagogas para apoiá-los nesse processo de recuperação emocional.</p>



<h2 class="wp-block-heading">Sobre as Ycamiabas</h2>



<p>As Ycamiabas eram uma tribo de mulheres guerreiras descrita em relatos e lendas durante o período colonial da América do Sul. Segundo essas narrativas, as Ycamiabas viveriam em uma região inexplorada e seriam conhecidas por sua força física, habilidades de combate e pela formação de uma sociedade matriarcal, em que as mulheres detinham o poder político e militar. Essas histórias foram registradas por viajantes e exploradores europeus, como o alemão Georg Heinrich von Langsdorff e o francês Charles-Marie de La Condamine, no século 18. Esses relatos geralmente descreviam as Ycamiabas como uma tribo de mulheres belas e valentes, que viviam sem a presença de homens.</p>

<!-- This site is optimized with the Yoast SEO plugin v23.0 - https://yoast.com/wordpress/plugins/seo/ -->
<title>Casa de Acolhimento para Mulheres - Ycamiabas - SEMASC</title>
<meta name="robots" content="noindex, follow" />
<meta property="og:locale" content="pt_BR" />
<meta property="og:type" content="article" />
<meta property="og:title" content="Casa de Acolhimento para Mulheres - Ycamiabas - SEMASC" />
<meta property="og:url" content="https://www.manaus.am.gov.br/semasc/unidades/casa-de-acolhimento-para-mulheres-ycamiabas/" />
<meta property="og:site_name" content="SEMASC" />
<meta property="article:publisher" content="https://www.facebook.com/semascmanaus" />
<meta property="og:image" content="https://www.manaus.am.gov.br/semasc/wp-content/uploads/sites/17/2024/07/thumb-default-2.png" />
	<meta property="og:image:width" content="966" />
	<meta property="og:image:height" content="520" />
	<meta property="og:image:type" content="image/png" />
<meta name="twitter:card" content="summary_large_image" />
<meta name="twitter:label1" content="Est. reading time" />
	<meta name="twitter:data1" content="2 minutos" />
<script type="application/ld+json" class="yoast-schema-graph">{"@context":"https://schema.org","@graph":[{"@type":"WebPage","@id":"https://www.manaus.am.gov.br/semasc/unidades/casa-de-acolhimento-para-mulheres-ycamiabas/","url":"https://www.manaus.am.gov.br/semasc/unidades/casa-de-acolhimento-para-mulheres-ycamiabas/","name":"Casa de Acolhimento para Mulheres - Ycamiabas - SEMASC","isPartOf":{"@id":"https://www.manaus.am.gov.br/semasc/#website"},"datePublished":"2023-11-10T13:41:30+00:00","dateModified":"2023-11-10T13:41:30+00:00","breadcrumb":{"@id":"https://www.manaus.am.gov.br/semasc/unidades/casa-de-acolhimento-para-mulheres-ycamiabas/#breadcrumb"},"inLanguage":"pt-BR","potentialAction":[{"@type":"ReadAction","target":["https://www.manaus.am.gov.br/semasc/unidades/casa-de-acolhimento-para-mulheres-ycamiabas/"]}]},{"@type":"BreadcrumbList","@id":"https://www.manaus.am.gov.br/semasc/unidades/casa-de-acolhimento-para-mulheres-ycamiabas/#breadcrumb","itemListElement":[{"@type":"ListItem","position":1,"name":"Home","item":"https://www.manaus.am.gov.br/semasc/"},{"@type":"ListItem","position":2,"name":"Unidades","item":"https://www.manaus.am.gov.br/semasc/unidades/"},{"@type":"ListItem","position":3,"name":"Casa de Acolhimento para Mulheres &#8211; Ycamiabas"}]},{"@type":"WebSite","@id":"https://www.manaus.am.gov.br/semasc/#website","url":"https://www.manaus.am.gov.br/semasc/","name":"SEMASC","description":"Secretaria Municipal da Mulher, Assistência Social e Cidadania.","publisher":{"@id":"https://www.manaus.am.gov.br/semasc/#organization"},"alternateName":"Secretaria Municipal da Mulher, Assistência Social e Cidadania","potentialAction":[{"@type":"SearchAction","target":{"@type":"EntryPoint","urlTemplate":"https://www.manaus.am.gov.br/semasc/?s={search_term_string}"},"query-input":"required name=search_term_string"}],"inLanguage":"pt-BR"},{"@type":"Organization","@id":"https://www.manaus.am.gov.br/semasc/#organization","name":"Prefeitura de Manaus","alternateName":"Prefeitura Municipal de Manaus","url":"https://www.manaus.am.gov.br/semasc/","logo":{"@type":"ImageObject","inLanguage":"pt-BR","@id":"https://www.manaus.am.gov.br/semasc/#/schema/logo/image/","url":"https://www.manaus.am.gov.br/semasc/wp-content/uploads/sites/17/2024/07/favicon.png","contentUrl":"https://www.manaus.am.gov.br/semasc/wp-content/uploads/sites/17/2024/07/favicon.png","width":300,"height":300,"caption":"Prefeitura de Manaus"},"image":{"@id":"https://www.manaus.am.gov.br/semasc/#/schema/logo/image/"},"sameAs":["https://www.facebook.com/semascmanaus","https://www.instagram.com/semascmanaus/"]}]}</script>
<!-- / Yoast SEO plugin. -->

Secretaria Municipal da Mulher, Assistência Social e Cidadania.

Secretaria Municipal da Mulher, Assistência Social e Cidadania
