{"id":208561,"date":"2023-08-01T17:52:38","date_gmt":"2023-08-01T21:52:38","guid":{"rendered":"https:\/\/www.manaus.am.gov.br\/semasc\/?page_id=208561"},"modified":"2024-04-29T10:05:26","modified_gmt":"2024-04-29T14:05:26","slug":"conselho-municipal-de-assistencia-social-cmas","status":"publish","type":"page","link":"https:\/\/www.manaus.am.gov.br\/semasc\/conselhos-de-direitos\/conselho-municipal-de-assistencia-social-cmas\/","title":{"rendered":"Conselho Municipal de Assist\u00eancia Social (CMAS)"},"content":{"rendered":"\n<p>Atua efetivamente na delibera\u00e7\u00e3o sobre a pol\u00edtica de assist\u00eancia social da prefeitura. Com a atua\u00e7\u00e3o dos conselheiros de direitos temos como resultado:<\/p>\n\n\n\n<ul>\n<li>Conselhos conscientes de seus pap\u00e9is e atribui\u00e7\u00f5es dentro da sociedade;<\/li>\n\n\n\n<li>Representa\u00e7\u00e3o popular focada nos assuntos pertinentes \u00e0 pol\u00edtica p\u00fablica e servi\u00e7os que defende em prol da coletividade;<\/li>\n\n\n\n<li>Colegiados mais empoderados em rela\u00e7\u00e3o \u00e0 informa\u00e7\u00e3o e a intera\u00e7\u00e3o com o estado e a sociedade civil;<\/li>\n\n\n\n<li>Maior empenho em rela\u00e7\u00e3o \u00e0 causa defendida.&nbsp;&nbsp;<\/li>\n<\/ul>\n\n\n\n<p><strong>Endere\u00e7o:<\/strong> Parque dos Bilhares, na Av. Constantino Nery, s\/n<br><strong>E-mail:<\/strong> cmasmanaus2021@gmail.com<br><strong>Telefone:<\/strong> 98844-5569 (corporativo) <br><strong>Presidente:<\/strong> Jos\u00e9 Afonso de Souza Greg\u00f3rio <br><strong>Vice-Presidente:<\/strong> Adriana Bentes da Silva e Souza<br><strong>Secret\u00e1ria Executiva:<\/strong> Maire Andrade de Souza<\/p>\n","protected":false},"excerpt":{"rendered":"","protected":false},"author":27,"featured_media":0,"parent":208556,"menu_order":0,"comment_status":"closed","ping_status":"closed","template":"templates\/turismo.php","meta":{"footnotes":""},"acf":[],"yoast_head":"<!-- This site is optimized with the Yoast SEO plugin v23.0 - https:\/\/yoast.com\/wordpress\/plugins\/seo\/ -->\n<title>Conselho Municipal de Assist\u00eancia Social (CMAS) - SEMASC<\/title>\n<meta name=\"robots\" content=\"noindex, follow\" \/>\n<meta property=\"og:locale\" content=\"pt_BR\" \/>\n<meta property=\"og:type\" content=\"article\" \/>\n<meta property=\"og:title\" content=\"Conselho Municipal de Assist\u00eancia Social (CMAS) - SEMASC\" \/>\n<meta property=\"og:url\" content=\"https:\/\/www.manaus.am.gov.br\/semasc\/conselhos-de-direitos\/conselho-municipal-de-assistencia-social-cmas\/\" \/>\n<meta property=\"og:site_name\" content=\"SEMASC\" \/>\n<meta property=\"article:publisher\" content=\"https:\/\/www.facebook.com\/semascmanaus\" \/>\n<meta property=\"article:modified_time\" content=\"2024-04-29T14:05:26+00:00\" \/>\n<meta property=\"og:image\" content=\"https:\/\/www.manaus.am.gov.br\/semasc\/wp-content\/uploads\/sites\/17\/2024\/07\/thumb-default-2.png\" \/>\n\t<meta property=\"og:image:width\" content=\"966\" \/>\n\t<meta property=\"og:image:height\" content=\"520\" \/>\n\t<meta property=\"og:image:type\" content=\"image\/png\" \/>\n<meta name=\"twitter:card\" content=\"summary_large_image\" \/>\n<meta name=\"twitter:label1\" content=\"Est. reading time\" \/>\n\t<meta name=\"twitter:data1\" content=\"1 minuto\" \/>\n<script type=\"application\/ld+json\" class=\"yoast-schema-graph\">{\"@context\":\"https:\/\/schema.org\",\"@graph\":[{\"@type\":\"WebPage\",\"@id\":\"https:\/\/www.manaus.am.gov.br\/semasc\/conselhos-de-direitos\/conselho-municipal-de-assistencia-social-cmas\/\",\"url\":\"https:\/\/www.manaus.am.gov.br\/semasc\/conselhos-de-direitos\/conselho-municipal-de-assistencia-social-cmas\/\",\"name\":\"Conselho Municipal de Assist\u00eancia Social (CMAS) - SEMASC\",\"isPartOf\":{\"@id\":\"https:\/\/www.manaus.am.gov.br\/semasc\/#website\"},\"datePublished\":\"2023-08-01T21:52:38+00:00\",\"dateModified\":\"2024-04-29T14:05:26+00:00\",\"breadcrumb\":{\"@id\":\"https:\/\/www.manaus.am.gov.br\/semasc\/conselhos-de-direitos\/conselho-municipal-de-assistencia-social-cmas\/#breadcrumb\"},\"inLanguage\":\"pt-BR\",\"potentialAction\":[{\"@type\":\"ReadAction\",\"target\":[\"https:\/\/www.manaus.am.gov.br\/semasc\/conselhos-de-direitos\/conselho-municipal-de-assistencia-social-cmas\/\"]}]},{\"@type\":\"BreadcrumbList\",\"@id\":\"https:\/\/www.manaus.am.gov.br\/semasc\/conselhos-de-direitos\/conselho-municipal-de-assistencia-social-cmas\/#breadcrumb\",\"itemListElement\":[{\"@type\":\"ListItem\",\"position\":1,\"name\":\"Home\",\"item\":\"https:\/\/www.manaus.am.gov.br\/semasc\/\"},{\"@type\":\"ListItem\",\"position\":2,\"name\":\"Conselhos de Direitos\",\"item\":\"https:\/\/www.manaus.am.gov.br\/semasc\/conselhos-de-direitos\/\"},{\"@type\":\"ListItem\",\"position\":3,\"name\":\"Conselho Municipal de Assist\u00eancia Social (CMAS)\"}]},{\"@type\":\"WebSite\",\"@id\":\"https:\/\/www.manaus.am.gov.br\/semasc\/#website\",\"url\":\"https:\/\/www.manaus.am.gov.br\/semasc\/\",\"name\":\"SEMASC\",\"description\":\"Secretaria Municipal da Mulher, Assist\u00eancia Social e Cidadania.\",\"publisher\":{\"@id\":\"https:\/\/www.manaus.am.gov.br\/semasc\/#organization\"},\"alternateName\":\"Secretaria Municipal da Mulher, Assist\u00eancia Social e Cidadania\",\"potentialAction\":[{\"@type\":\"SearchAction\",\"target\":{\"@type\":\"EntryPoint\",\"urlTemplate\":\"https:\/\/www.manaus.am.gov.br\/semasc\/?s={search_term_string}\"},\"query-input\":\"required name=search_term_string\"}],\"inLanguage\":\"pt-BR\"},{\"@type\":\"Organization\",\"@id\":\"https:\/\/www.manaus.am.gov.br\/semasc\/#organization\",\"name\":\"Prefeitura de Manaus\",\"alternateName\":\"Prefeitura Municipal de Manaus\",\"url\":\"https:\/\/www.manaus.am.gov.br\/semasc\/\",\"logo\":{\"@type\":\"ImageObject\",\"inLanguage\":\"pt-BR\",\"@id\":\"https:\/\/www.manaus.am.gov.br\/semasc\/#\/schema\/logo\/image\/\",\"url\":\"https:\/\/www.manaus.am.gov.br\/semasc\/wp-content\/uploads\/sites\/17\/2024\/07\/favicon.png\",\"contentUrl\":\"https:\/\/www.manaus.am.gov.br\/semasc\/wp-content\/uploads\/sites\/17\/2024\/07\/favicon.png\",\"width\":300,\"height\":300,\"caption\":\"Prefeitura de Manaus\"},\"image\":{\"@id\":\"https:\/\/www.manaus.am.gov.br\/semasc\/#\/schema\/logo\/image\/\"},\"sameAs\":[\"https:\/\/www.facebook.com\/semascmanaus\",\"https:\/\/www.instagram.com\/semascmanaus\/\"]}]}<\/script>\n<!-- \/ Yoast SEO plugin. -->","yoast_head_json":{"title":"Conselho Municipal de Assist\u00eancia Social (CMAS) - SEMASC","robots":{"index":"noindex","follow":"follow"},"og_locale":"pt_BR","og_type":"article","og_title":"Conselho Municipal de Assist\u00eancia Social (CMAS) - SEMASC","og_url":"https:\/\/www.manaus.am.gov.br\/semasc\/conselhos-de-direitos\/conselho-municipal-de-assistencia-social-cmas\/","og_site_name":"SEMASC","article_publisher":"https:\/\/www.facebook.com\/semascmanaus","article_modified_time":"2024-04-29T14:05:26+00:00","og_image":[{"width":966,"height":520,"url":"https:\/\/www.manaus.am.gov.br\/semasc\/wp-content\/uploads\/sites\/17\/2024\/07\/thumb-default-2.png","type":"image\/png"}],"twitter_card":"summary_large_image","twitter_misc":{"Est. reading time":"1 minuto"},"schema":{"@context":"https:\/\/schema.org","@graph":[{"@type":"WebPage","@id":"https:\/\/www.manaus.am.gov.br\/semasc\/conselhos-de-direitos\/conselho-municipal-de-assistencia-social-cmas\/","url":"https:\/\/www.manaus.am.gov.br\/semasc\/conselhos-de-direitos\/conselho-municipal-de-assistencia-social-cmas\/","name":"Conselho Municipal de Assist\u00eancia Social (CMAS) - SEMASC","isPartOf":{"@id":"https:\/\/www.manaus.am.gov.br\/semasc\/#website"},"datePublished":"2023-08-01T21:52:38+00:00","dateModified":"2024-04-29T14:05:26+00:00","breadcrumb":{"@id":"https:\/\/www.manaus.am.gov.br\/semasc\/conselhos-de-direitos\/conselho-municipal-de-assistencia-social-cmas\/#breadcrumb"},"inLanguage":"pt-BR","potentialAction":[{"@type":"ReadAction","target":["https:\/\/www.manaus.am.gov.br\/semasc\/conselhos-de-direitos\/conselho-municipal-de-assistencia-social-cmas\/"]}]},{"@type":"BreadcrumbList","@id":"https:\/\/www.manaus.am.gov.br\/semasc\/conselhos-de-direitos\/conselho-municipal-de-assistencia-social-cmas\/#breadcrumb","itemListElement":[{"@type":"ListItem","position":1,"name":"Home","item":"https:\/\/www.manaus.am.gov.br\/semasc\/"},{"@type":"ListItem","position":2,"name":"Conselhos de Direitos","item":"https:\/\/www.manaus.am.gov.br\/semasc\/conselhos-de-direitos\/"},{"@type":"ListItem","position":3,"name":"Conselho Municipal de Assist\u00eancia Social (CMAS)"}]},{"@type":"WebSite","@id":"https:\/\/www.manaus.am.gov.br\/semasc\/#website","url":"https:\/\/www.manaus.am.gov.br\/semasc\/","name":"SEMASC","description":"Secretaria Municipal da Mulher, Assist\u00eancia Social e Cidadania.","publisher":{"@id":"https:\/\/www.manaus.am.gov.br\/semasc\/#organization"},"alternateName":"Secretaria Municipal da Mulher, Assist\u00eancia Social e Cidadania","potentialAction":[{"@type":"SearchAction","target":{"@type":"EntryPoint","urlTemplate":"https:\/\/www.manaus.am.gov.br\/semasc\/?s={search_term_string}"},"query-input":"required name=search_term_string"}],"inLanguage":"pt-BR"},{"@type":"Organization","@id":"https:\/\/www.manaus.am.gov.br\/semasc\/#organization","name":"Prefeitura de Manaus","alternateName":"Prefeitura Municipal de Manaus","url":"https:\/\/www.manaus.am.gov.br\/semasc\/","logo":{"@type":"ImageObject","inLanguage":"pt-BR","@id":"https:\/\/www.manaus.am.gov.br\/semasc\/#\/schema\/logo\/image\/","url":"https:\/\/www.manaus.am.gov.br\/semasc\/wp-content\/uploads\/sites\/17\/2024\/07\/favicon.png","contentUrl":"https:\/\/www.manaus.am.gov.br\/semasc\/wp-content\/uploads\/sites\/17\/2024\/07\/favicon.png","width":300,"height":300,"caption":"Prefeitura de Manaus"},"image":{"@id":"https:\/\/www.manaus.am.gov.br\/semasc\/#\/schema\/logo\/image\/"},"sameAs":["https:\/\/www.facebook.com\/semascmanaus","https:\/\/www.instagram.com\/semascmanaus\/"]}]}},"_links":{"self":[{"href":"https:\/\/www.manaus.am.gov.br\/semasc\/wp-json\/wp\/v2\/pages\/208561"}],"collection":[{"href":"https:\/\/www.manaus.am.gov.br\/semasc\/wp-json\/wp\/v2\/pages"}],"about":[{"href":"https:\/\/www.manaus.am.gov.br\/semasc\/wp-json\/wp\/v2\/types\/page"}],"author":[{"embeddable":true,"href":"https:\/\/www.manaus.am.gov.br\/semasc\/wp-json\/wp\/v2\/users\/27"}],"replies":[{"embeddable":true,"href":"https:\/\/www.manaus.am.gov.br\/semasc\/wp-json\/wp\/v2\/comments?post=208561"}],"version-history":[{"count":4,"href":"https:\/\/www.manaus.am.gov.br\/semasc\/wp-json\/wp\/v2\/pages\/208561\/revisions"}],"predecessor-version":[{"id":210266,"href":"https:\/\/www.manaus.am.gov.br\/semasc\/wp-json\/wp\/v2\/pages\/208561\/revisions\/210266"}],"up":[{"embeddable":true,"href":"https:\/\/www.manaus.am.gov.br\/semasc\/wp-json\/wp\/v2\/pages\/208556"}],"wp:attachment":[{"href":"https:\/\/www.manaus.am.gov.br\/semasc\/wp-json\/wp\/v2\/media?parent=208561"}],"curies":[{"name":"wp","href":"https:\/\/api.w.org\/{rel}","templated":true}]}}

Conselho Municipal de Assistência Social (CMAS)

<p>Atua efetivamente na deliberação sobre a política de assistência social da prefeitura. Com a atuação dos conselheiros de direitos temos como resultado:</p>



<ul>
<li>Conselhos conscientes de seus papéis e atribuições dentro da sociedade;</li>



<li>Representação popular focada nos assuntos pertinentes à política pública e serviços que defende em prol da coletividade;</li>



<li>Colegiados mais empoderados em relação à informação e a interação com o estado e a sociedade civil;</li>



<li>Maior empenho em relação à causa defendida.&nbsp;&nbsp;</li>
</ul>



<p><strong>Endereço:</strong> Parque dos Bilhares, na Av. Constantino Nery, s/n<br><strong>E-mail:</strong> cmasmanaus2021@gmail.com<br><strong>Telefone:</strong> 98844-5569 (corporativo) <br><strong>Presidente:</strong> José Afonso de Souza Gregório <br><strong>Vice-Presidente:</strong> Adriana Bentes da Silva e Souza<br><strong>Secretária Executiva:</strong> Maire Andrade de Souza</p>

<!-- This site is optimized with the Yoast SEO plugin v23.0 - https://yoast.com/wordpress/plugins/seo/ -->
<title>Conselho Municipal de Assistência Social (CMAS) - SEMASC</title>
<meta name="robots" content="noindex, follow" />
<meta property="og:locale" content="pt_BR" />
<meta property="og:type" content="article" />
<meta property="og:title" content="Conselho Municipal de Assistência Social (CMAS) - SEMASC" />
<meta property="og:url" content="https://www.manaus.am.gov.br/semasc/conselhos-de-direitos/conselho-municipal-de-assistencia-social-cmas/" />
<meta property="og:site_name" content="SEMASC" />
<meta property="article:publisher" content="https://www.facebook.com/semascmanaus" />
<meta property="article:modified_time" content="2024-04-29T14:05:26+00:00" />
<meta property="og:image" content="https://www.manaus.am.gov.br/semasc/wp-content/uploads/sites/17/2024/07/thumb-default-2.png" />
	<meta property="og:image:width" content="966" />
	<meta property="og:image:height" content="520" />
	<meta property="og:image:type" content="image/png" />
<meta name="twitter:card" content="summary_large_image" />
<meta name="twitter:label1" content="Est. reading time" />
	<meta name="twitter:data1" content="1 minuto" />
<script type="application/ld+json" class="yoast-schema-graph">{"@context":"https://schema.org","@graph":[{"@type":"WebPage","@id":"https://www.manaus.am.gov.br/semasc/conselhos-de-direitos/conselho-municipal-de-assistencia-social-cmas/","url":"https://www.manaus.am.gov.br/semasc/conselhos-de-direitos/conselho-municipal-de-assistencia-social-cmas/","name":"Conselho Municipal de Assistência Social (CMAS) - SEMASC","isPartOf":{"@id":"https://www.manaus.am.gov.br/semasc/#website"},"datePublished":"2023-08-01T21:52:38+00:00","dateModified":"2024-04-29T14:05:26+00:00","breadcrumb":{"@id":"https://www.manaus.am.gov.br/semasc/conselhos-de-direitos/conselho-municipal-de-assistencia-social-cmas/#breadcrumb"},"inLanguage":"pt-BR","potentialAction":[{"@type":"ReadAction","target":["https://www.manaus.am.gov.br/semasc/conselhos-de-direitos/conselho-municipal-de-assistencia-social-cmas/"]}]},{"@type":"BreadcrumbList","@id":"https://www.manaus.am.gov.br/semasc/conselhos-de-direitos/conselho-municipal-de-assistencia-social-cmas/#breadcrumb","itemListElement":[{"@type":"ListItem","position":1,"name":"Home","item":"https://www.manaus.am.gov.br/semasc/"},{"@type":"ListItem","position":2,"name":"Conselhos de Direitos","item":"https://www.manaus.am.gov.br/semasc/conselhos-de-direitos/"},{"@type":"ListItem","position":3,"name":"Conselho Municipal de Assistência Social (CMAS)"}]},{"@type":"WebSite","@id":"https://www.manaus.am.gov.br/semasc/#website","url":"https://www.manaus.am.gov.br/semasc/","name":"SEMASC","description":"Secretaria Municipal da Mulher, Assistência Social e Cidadania.","publisher":{"@id":"https://www.manaus.am.gov.br/semasc/#organization"},"alternateName":"Secretaria Municipal da Mulher, Assistência Social e Cidadania","potentialAction":[{"@type":"SearchAction","target":{"@type":"EntryPoint","urlTemplate":"https://www.manaus.am.gov.br/semasc/?s={search_term_string}"},"query-input":"required name=search_term_string"}],"inLanguage":"pt-BR"},{"@type":"Organization","@id":"https://www.manaus.am.gov.br/semasc/#organization","name":"Prefeitura de Manaus","alternateName":"Prefeitura Municipal de Manaus","url":"https://www.manaus.am.gov.br/semasc/","logo":{"@type":"ImageObject","inLanguage":"pt-BR","@id":"https://www.manaus.am.gov.br/semasc/#/schema/logo/image/","url":"https://www.manaus.am.gov.br/semasc/wp-content/uploads/sites/17/2024/07/favicon.png","contentUrl":"https://www.manaus.am.gov.br/semasc/wp-content/uploads/sites/17/2024/07/favicon.png","width":300,"height":300,"caption":"Prefeitura de Manaus"},"image":{"@id":"https://www.manaus.am.gov.br/semasc/#/schema/logo/image/"},"sameAs":["https://www.facebook.com/semascmanaus","https://www.instagram.com/semascmanaus/"]}]}</script>
<!-- / Yoast SEO plugin. -->

Conselho Municipal de Assistência Social (CMAS) - SEMASC

Secretaria Municipal da Mulher, Assistência Social e Cidadania.

Secretaria Municipal da Mulher, Assistência Social e Cidadania
