{"id":207867,"date":"2023-07-20T09:42:25","date_gmt":"2023-07-20T13:42:25","guid":{"rendered":"https:\/\/www.manaus.am.gov.br\/semasc\/?page_id=207867"},"modified":"2025-02-13T13:35:52","modified_gmt":"2025-02-13T17:35:52","slug":"cozinhas-comunitarias","status":"publish","type":"page","link":"https:\/\/www.manaus.am.gov.br\/semasc\/unidades\/cozinhas-comunitarias\/","title":{"rendered":"Cozinhas Comunit\u00e1rias"},"content":{"rendered":"\n<p>O Programa Cozinhas Comunit\u00e1rias \u00e9 desenvolvido pela Prefeitura de Manaus, atrav\u00e9s da Secretaria Municipal da Mulher,&nbsp; Assist\u00eancia Social e Cidadania \u2013 SEMASC, em parceria com Institui\u00e7\u00f5es P\u00fablicas e Privadas, voltado para a promo\u00e7\u00e3o da melhoria das condi\u00e7\u00f5es de nutri\u00e7\u00e3o e acesso \u00e0 alimenta\u00e7\u00e3o de qualidade para a popula\u00e7\u00e3o de baixa renda, destinado a trabalhadores, estudantes, donas de casa, idosos, catadores de materiais recicl\u00e1veis, desempregados e demais pessoas em situa\u00e7\u00e3o de vulnerabilidade social.<\/p>\n\n\n\n<p>As Cozinhas Comunit\u00e1rias visam o resgate da cidadania dos usu\u00e1rios, mediante a\u00e7\u00f5es como palestras, a\u00e7\u00f5es de cidadania, preven\u00e7\u00e3o do meio ambiente, reintegra\u00e7\u00e3o familiar, fortalecimento de sa\u00fade f\u00edsica. Prop\u00f5e ainda, contribuir com a redu\u00e7\u00e3o do quadro de vulnerabilidade social e inseguran\u00e7a alimentar e nutricional nas mais diversas \u00e1reas, melhorando a qualidade e a perspectiva de vida da popula\u00e7\u00e3o, a partir de um card\u00e1pio devidamente orientado por nutricionistas que os acompanham periodicamente at\u00e9 atingirem n\u00edveis satisfat\u00f3rios de nutri\u00e7\u00e3o. S\u00e3o servidas 200 (duzentas) refei\u00e7\u00f5es\/dia (almo\u00e7o), de segunda a sexta-feira, em cada uma das 06 unidades existentes.<\/p>\n\n\n\n<h2 class=\"wp-block-heading\">Endere\u00e7o das Unidades:<\/h2>\n\n\n\n<p><strong>UNIDADE COL. OLIVEIRA MACHADO:\u00a0<\/strong><br><strong>Endere\u00e7o:<\/strong> Travessa Francisco de Queiroz, s\/n, Col\u00f4nia Oliveira Machado.\u00a0 \u00a0 \u00a0<\/p>\n\n\n\n<p><strong>UNIDADE VILA DA FELICIDADE:&nbsp;<\/strong><br><strong>Endere\u00e7o:<\/strong> Rua S\u00e3o Sebasti\u00e3o, s\/n, Comunidade Vila da Felicidade, Ceasa.<\/p>\n\n\n\n<p><strong>UNIDADE COL. ANT\u00d4NIO ALEIXO:&nbsp;<\/strong><br><strong>Endere\u00e7o:<\/strong> Rua Padre M\u00e1rio, n\u00ba 21, Comunidade 11 de Maio, Col\u00f4nia Ant\u00f4nio Aleixo.<br><\/p>\n\n\n\n<p><strong>UNIDADE SANTO AGOSTINHO:<\/strong><br><strong>Endere\u00e7o:<\/strong> Rua Jeric\u00f3, s\/n, esquina com Rua Jerusal\u00e9m, Santo Agostinho.<\/p>\n\n\n\n<p><strong>UNIDADE VAL PARA\u00cdSO:<\/strong><br><strong>Endere\u00e7o:<\/strong> Ramal Nova Esperan\u00e7a, s\/n, Valpara\u00edso.<\/p>\n","protected":false},"excerpt":{"rendered":"","protected":false},"author":27,"featured_media":0,"parent":207842,"menu_order":0,"comment_status":"closed","ping_status":"closed","template":"templates\/turismo.php","meta":{"footnotes":""},"acf":[],"yoast_head":"<!-- This site is optimized with the Yoast SEO plugin v23.0 - https:\/\/yoast.com\/wordpress\/plugins\/seo\/ -->\n<title>Cozinhas Comunit\u00e1rias - SEMASC<\/title>\n<meta name=\"robots\" content=\"noindex, follow\" \/>\n<meta property=\"og:locale\" content=\"pt_BR\" \/>\n<meta property=\"og:type\" content=\"article\" \/>\n<meta property=\"og:title\" content=\"Cozinhas Comunit\u00e1rias - SEMASC\" \/>\n<meta property=\"og:url\" content=\"https:\/\/www.manaus.am.gov.br\/semasc\/unidades\/cozinhas-comunitarias\/\" \/>\n<meta property=\"og:site_name\" content=\"SEMASC\" \/>\n<meta property=\"article:publisher\" content=\"https:\/\/www.facebook.com\/semascmanaus\" \/>\n<meta property=\"article:modified_time\" content=\"2025-02-13T17:35:52+00:00\" \/>\n<meta property=\"og:image\" content=\"https:\/\/www.manaus.am.gov.br\/semasc\/wp-content\/uploads\/sites\/17\/2024\/07\/thumb-default-2.png\" \/>\n\t<meta property=\"og:image:width\" content=\"966\" \/>\n\t<meta property=\"og:image:height\" content=\"520\" \/>\n\t<meta property=\"og:image:type\" content=\"image\/png\" \/>\n<meta name=\"twitter:card\" content=\"summary_large_image\" \/>\n<meta name=\"twitter:label1\" content=\"Est. reading time\" \/>\n\t<meta name=\"twitter:data1\" content=\"2 minutos\" \/>\n<script type=\"application\/ld+json\" class=\"yoast-schema-graph\">{\"@context\":\"https:\/\/schema.org\",\"@graph\":[{\"@type\":\"WebPage\",\"@id\":\"https:\/\/www.manaus.am.gov.br\/semasc\/unidades\/cozinhas-comunitarias\/\",\"url\":\"https:\/\/www.manaus.am.gov.br\/semasc\/unidades\/cozinhas-comunitarias\/\",\"name\":\"Cozinhas Comunit\u00e1rias - SEMASC\",\"isPartOf\":{\"@id\":\"https:\/\/www.manaus.am.gov.br\/semasc\/#website\"},\"datePublished\":\"2023-07-20T13:42:25+00:00\",\"dateModified\":\"2025-02-13T17:35:52+00:00\",\"breadcrumb\":{\"@id\":\"https:\/\/www.manaus.am.gov.br\/semasc\/unidades\/cozinhas-comunitarias\/#breadcrumb\"},\"inLanguage\":\"pt-BR\",\"potentialAction\":[{\"@type\":\"ReadAction\",\"target\":[\"https:\/\/www.manaus.am.gov.br\/semasc\/unidades\/cozinhas-comunitarias\/\"]}]},{\"@type\":\"BreadcrumbList\",\"@id\":\"https:\/\/www.manaus.am.gov.br\/semasc\/unidades\/cozinhas-comunitarias\/#breadcrumb\",\"itemListElement\":[{\"@type\":\"ListItem\",\"position\":1,\"name\":\"Home\",\"item\":\"https:\/\/www.manaus.am.gov.br\/semasc\/\"},{\"@type\":\"ListItem\",\"position\":2,\"name\":\"Unidades\",\"item\":\"https:\/\/www.manaus.am.gov.br\/semasc\/unidades\/\"},{\"@type\":\"ListItem\",\"position\":3,\"name\":\"Cozinhas Comunit\u00e1rias\"}]},{\"@type\":\"WebSite\",\"@id\":\"https:\/\/www.manaus.am.gov.br\/semasc\/#website\",\"url\":\"https:\/\/www.manaus.am.gov.br\/semasc\/\",\"name\":\"SEMASC\",\"description\":\"Secretaria Municipal da Mulher, Assist\u00eancia Social e Cidadania.\",\"publisher\":{\"@id\":\"https:\/\/www.manaus.am.gov.br\/semasc\/#organization\"},\"alternateName\":\"Secretaria Municipal da Mulher, Assist\u00eancia Social e Cidadania\",\"potentialAction\":[{\"@type\":\"SearchAction\",\"target\":{\"@type\":\"EntryPoint\",\"urlTemplate\":\"https:\/\/www.manaus.am.gov.br\/semasc\/?s={search_term_string}\"},\"query-input\":\"required name=search_term_string\"}],\"inLanguage\":\"pt-BR\"},{\"@type\":\"Organization\",\"@id\":\"https:\/\/www.manaus.am.gov.br\/semasc\/#organization\",\"name\":\"Prefeitura de Manaus\",\"alternateName\":\"Prefeitura Municipal de Manaus\",\"url\":\"https:\/\/www.manaus.am.gov.br\/semasc\/\",\"logo\":{\"@type\":\"ImageObject\",\"inLanguage\":\"pt-BR\",\"@id\":\"https:\/\/www.manaus.am.gov.br\/semasc\/#\/schema\/logo\/image\/\",\"url\":\"https:\/\/www.manaus.am.gov.br\/semasc\/wp-content\/uploads\/sites\/17\/2024\/07\/favicon.png\",\"contentUrl\":\"https:\/\/www.manaus.am.gov.br\/semasc\/wp-content\/uploads\/sites\/17\/2024\/07\/favicon.png\",\"width\":300,\"height\":300,\"caption\":\"Prefeitura de Manaus\"},\"image\":{\"@id\":\"https:\/\/www.manaus.am.gov.br\/semasc\/#\/schema\/logo\/image\/\"},\"sameAs\":[\"https:\/\/www.facebook.com\/semascmanaus\",\"https:\/\/www.instagram.com\/semascmanaus\/\"]}]}<\/script>\n<!-- \/ Yoast SEO plugin. -->","yoast_head_json":{"title":"Cozinhas Comunit\u00e1rias - SEMASC","robots":{"index":"noindex","follow":"follow"},"og_locale":"pt_BR","og_type":"article","og_title":"Cozinhas Comunit\u00e1rias - SEMASC","og_url":"https:\/\/www.manaus.am.gov.br\/semasc\/unidades\/cozinhas-comunitarias\/","og_site_name":"SEMASC","article_publisher":"https:\/\/www.facebook.com\/semascmanaus","article_modified_time":"2025-02-13T17:35:52+00:00","og_image":[{"width":966,"height":520,"url":"https:\/\/www.manaus.am.gov.br\/semasc\/wp-content\/uploads\/sites\/17\/2024\/07\/thumb-default-2.png","type":"image\/png"}],"twitter_card":"summary_large_image","twitter_misc":{"Est. reading time":"2 minutos"},"schema":{"@context":"https:\/\/schema.org","@graph":[{"@type":"WebPage","@id":"https:\/\/www.manaus.am.gov.br\/semasc\/unidades\/cozinhas-comunitarias\/","url":"https:\/\/www.manaus.am.gov.br\/semasc\/unidades\/cozinhas-comunitarias\/","name":"Cozinhas Comunit\u00e1rias - SEMASC","isPartOf":{"@id":"https:\/\/www.manaus.am.gov.br\/semasc\/#website"},"datePublished":"2023-07-20T13:42:25+00:00","dateModified":"2025-02-13T17:35:52+00:00","breadcrumb":{"@id":"https:\/\/www.manaus.am.gov.br\/semasc\/unidades\/cozinhas-comunitarias\/#breadcrumb"},"inLanguage":"pt-BR","potentialAction":[{"@type":"ReadAction","target":["https:\/\/www.manaus.am.gov.br\/semasc\/unidades\/cozinhas-comunitarias\/"]}]},{"@type":"BreadcrumbList","@id":"https:\/\/www.manaus.am.gov.br\/semasc\/unidades\/cozinhas-comunitarias\/#breadcrumb","itemListElement":[{"@type":"ListItem","position":1,"name":"Home","item":"https:\/\/www.manaus.am.gov.br\/semasc\/"},{"@type":"ListItem","position":2,"name":"Unidades","item":"https:\/\/www.manaus.am.gov.br\/semasc\/unidades\/"},{"@type":"ListItem","position":3,"name":"Cozinhas Comunit\u00e1rias"}]},{"@type":"WebSite","@id":"https:\/\/www.manaus.am.gov.br\/semasc\/#website","url":"https:\/\/www.manaus.am.gov.br\/semasc\/","name":"SEMASC","description":"Secretaria Municipal da Mulher, Assist\u00eancia Social e Cidadania.","publisher":{"@id":"https:\/\/www.manaus.am.gov.br\/semasc\/#organization"},"alternateName":"Secretaria Municipal da Mulher, Assist\u00eancia Social e Cidadania","potentialAction":[{"@type":"SearchAction","target":{"@type":"EntryPoint","urlTemplate":"https:\/\/www.manaus.am.gov.br\/semasc\/?s={search_term_string}"},"query-input":"required name=search_term_string"}],"inLanguage":"pt-BR"},{"@type":"Organization","@id":"https:\/\/www.manaus.am.gov.br\/semasc\/#organization","name":"Prefeitura de Manaus","alternateName":"Prefeitura Municipal de Manaus","url":"https:\/\/www.manaus.am.gov.br\/semasc\/","logo":{"@type":"ImageObject","inLanguage":"pt-BR","@id":"https:\/\/www.manaus.am.gov.br\/semasc\/#\/schema\/logo\/image\/","url":"https:\/\/www.manaus.am.gov.br\/semasc\/wp-content\/uploads\/sites\/17\/2024\/07\/favicon.png","contentUrl":"https:\/\/www.manaus.am.gov.br\/semasc\/wp-content\/uploads\/sites\/17\/2024\/07\/favicon.png","width":300,"height":300,"caption":"Prefeitura de Manaus"},"image":{"@id":"https:\/\/www.manaus.am.gov.br\/semasc\/#\/schema\/logo\/image\/"},"sameAs":["https:\/\/www.facebook.com\/semascmanaus","https:\/\/www.instagram.com\/semascmanaus\/"]}]}},"_links":{"self":[{"href":"https:\/\/www.manaus.am.gov.br\/semasc\/wp-json\/wp\/v2\/pages\/207867"}],"collection":[{"href":"https:\/\/www.manaus.am.gov.br\/semasc\/wp-json\/wp\/v2\/pages"}],"about":[{"href":"https:\/\/www.manaus.am.gov.br\/semasc\/wp-json\/wp\/v2\/types\/page"}],"author":[{"embeddable":true,"href":"https:\/\/www.manaus.am.gov.br\/semasc\/wp-json\/wp\/v2\/users\/27"}],"replies":[{"embeddable":true,"href":"https:\/\/www.manaus.am.gov.br\/semasc\/wp-json\/wp\/v2\/comments?post=207867"}],"version-history":[{"count":11,"href":"https:\/\/www.manaus.am.gov.br\/semasc\/wp-json\/wp\/v2\/pages\/207867\/revisions"}],"predecessor-version":[{"id":211207,"href":"https:\/\/www.manaus.am.gov.br\/semasc\/wp-json\/wp\/v2\/pages\/207867\/revisions\/211207"}],"up":[{"embeddable":true,"href":"https:\/\/www.manaus.am.gov.br\/semasc\/wp-json\/wp\/v2\/pages\/207842"}],"wp:attachment":[{"href":"https:\/\/www.manaus.am.gov.br\/semasc\/wp-json\/wp\/v2\/media?parent=207867"}],"curies":[{"name":"wp","href":"https:\/\/api.w.org\/{rel}","templated":true}]}}

Cozinhas Comunitárias

<p>O Programa Cozinhas Comunitárias é desenvolvido pela Prefeitura de Manaus, através da Secretaria Municipal da Mulher,&nbsp; Assistência Social e Cidadania – SEMASC, em parceria com Instituições Públicas e Privadas, voltado para a promoção da melhoria das condições de nutrição e acesso à alimentação de qualidade para a população de baixa renda, destinado a trabalhadores, estudantes, donas de casa, idosos, catadores de materiais recicláveis, desempregados e demais pessoas em situação de vulnerabilidade social.</p>



<p>As Cozinhas Comunitárias visam o resgate da cidadania dos usuários, mediante ações como palestras, ações de cidadania, prevenção do meio ambiente, reintegração familiar, fortalecimento de saúde física. Propõe ainda, contribuir com a redução do quadro de vulnerabilidade social e insegurança alimentar e nutricional nas mais diversas áreas, melhorando a qualidade e a perspectiva de vida da população, a partir de um cardápio devidamente orientado por nutricionistas que os acompanham periodicamente até atingirem níveis satisfatórios de nutrição. São servidas 200 (duzentas) refeições/dia (almoço), de segunda a sexta-feira, em cada uma das 06 unidades existentes.</p>



<h2 class="wp-block-heading">Endereço das Unidades:</h2>



<p><strong>UNIDADE COL. OLIVEIRA MACHADO: </strong><br><strong>Endereço:</strong> Travessa Francisco de Queiroz, s/n, Colônia Oliveira Machado.     </p>



<p><strong>UNIDADE VILA DA FELICIDADE:&nbsp;</strong><br><strong>Endereço:</strong> Rua São Sebastião, s/n, Comunidade Vila da Felicidade, Ceasa.</p>



<p><strong>UNIDADE COL. ANTÔNIO ALEIXO:&nbsp;</strong><br><strong>Endereço:</strong> Rua Padre Mário, nº 21, Comunidade 11 de Maio, Colônia Antônio Aleixo.<br></p>



<p><strong>UNIDADE SANTO AGOSTINHO:</strong><br><strong>Endereço:</strong> Rua Jericó, s/n, esquina com Rua Jerusalém, Santo Agostinho.</p>



<p><strong>UNIDADE VAL PARAÍSO:</strong><br><strong>Endereço:</strong> Ramal Nova Esperança, s/n, Valparaíso.</p>

<!-- This site is optimized with the Yoast SEO plugin v23.0 - https://yoast.com/wordpress/plugins/seo/ -->
<title>Cozinhas Comunitárias - SEMASC</title>
<meta name="robots" content="noindex, follow" />
<meta property="og:locale" content="pt_BR" />
<meta property="og:type" content="article" />
<meta property="og:title" content="Cozinhas Comunitárias - SEMASC" />
<meta property="og:url" content="https://www.manaus.am.gov.br/semasc/unidades/cozinhas-comunitarias/" />
<meta property="og:site_name" content="SEMASC" />
<meta property="article:publisher" content="https://www.facebook.com/semascmanaus" />
<meta property="article:modified_time" content="2025-02-13T17:35:52+00:00" />
<meta property="og:image" content="https://www.manaus.am.gov.br/semasc/wp-content/uploads/sites/17/2024/07/thumb-default-2.png" />
	<meta property="og:image:width" content="966" />
	<meta property="og:image:height" content="520" />
	<meta property="og:image:type" content="image/png" />
<meta name="twitter:card" content="summary_large_image" />
<meta name="twitter:label1" content="Est. reading time" />
	<meta name="twitter:data1" content="2 minutos" />
<script type="application/ld+json" class="yoast-schema-graph">{"@context":"https://schema.org","@graph":[{"@type":"WebPage","@id":"https://www.manaus.am.gov.br/semasc/unidades/cozinhas-comunitarias/","url":"https://www.manaus.am.gov.br/semasc/unidades/cozinhas-comunitarias/","name":"Cozinhas Comunitárias - SEMASC","isPartOf":{"@id":"https://www.manaus.am.gov.br/semasc/#website"},"datePublished":"2023-07-20T13:42:25+00:00","dateModified":"2025-02-13T17:35:52+00:00","breadcrumb":{"@id":"https://www.manaus.am.gov.br/semasc/unidades/cozinhas-comunitarias/#breadcrumb"},"inLanguage":"pt-BR","potentialAction":[{"@type":"ReadAction","target":["https://www.manaus.am.gov.br/semasc/unidades/cozinhas-comunitarias/"]}]},{"@type":"BreadcrumbList","@id":"https://www.manaus.am.gov.br/semasc/unidades/cozinhas-comunitarias/#breadcrumb","itemListElement":[{"@type":"ListItem","position":1,"name":"Home","item":"https://www.manaus.am.gov.br/semasc/"},{"@type":"ListItem","position":2,"name":"Unidades","item":"https://www.manaus.am.gov.br/semasc/unidades/"},{"@type":"ListItem","position":3,"name":"Cozinhas Comunitárias"}]},{"@type":"WebSite","@id":"https://www.manaus.am.gov.br/semasc/#website","url":"https://www.manaus.am.gov.br/semasc/","name":"SEMASC","description":"Secretaria Municipal da Mulher, Assistência Social e Cidadania.","publisher":{"@id":"https://www.manaus.am.gov.br/semasc/#organization"},"alternateName":"Secretaria Municipal da Mulher, Assistência Social e Cidadania","potentialAction":[{"@type":"SearchAction","target":{"@type":"EntryPoint","urlTemplate":"https://www.manaus.am.gov.br/semasc/?s={search_term_string}"},"query-input":"required name=search_term_string"}],"inLanguage":"pt-BR"},{"@type":"Organization","@id":"https://www.manaus.am.gov.br/semasc/#organization","name":"Prefeitura de Manaus","alternateName":"Prefeitura Municipal de Manaus","url":"https://www.manaus.am.gov.br/semasc/","logo":{"@type":"ImageObject","inLanguage":"pt-BR","@id":"https://www.manaus.am.gov.br/semasc/#/schema/logo/image/","url":"https://www.manaus.am.gov.br/semasc/wp-content/uploads/sites/17/2024/07/favicon.png","contentUrl":"https://www.manaus.am.gov.br/semasc/wp-content/uploads/sites/17/2024/07/favicon.png","width":300,"height":300,"caption":"Prefeitura de Manaus"},"image":{"@id":"https://www.manaus.am.gov.br/semasc/#/schema/logo/image/"},"sameAs":["https://www.facebook.com/semascmanaus","https://www.instagram.com/semascmanaus/"]}]}</script>
<!-- / Yoast SEO plugin. -->

Cozinhas Comunitárias - SEMASC

Secretaria Municipal da Mulher, Assistência Social e Cidadania.

Secretaria Municipal da Mulher, Assistência Social e Cidadania
