{"id":207864,"date":"2023-07-20T09:40:56","date_gmt":"2023-07-20T13:40:56","guid":{"rendered":"https:\/\/www.manaus.am.gov.br\/semasc\/?page_id=207864"},"modified":"2023-10-02T10:15:52","modified_gmt":"2023-10-02T14:15:52","slug":"pronto-atendimento-ao-cidadao-pac-municipal","status":"publish","type":"page","link":"https:\/\/www.manaus.am.gov.br\/semasc\/unidades\/pronto-atendimento-ao-cidadao-pac-municipal\/","title":{"rendered":"Pronto Atendimento ao Cidad\u00e3o (PAC) Municipal"},"content":{"rendered":"\n<p>Manaus conta com os servi\u00e7os do PAC Municipal Galeria Popular Esp\u00edrito Santo e o PAC Municipal Shopping Jornalista Phelippe Daou. Nos espa\u00e7os s\u00e3o oferecidos diversos servi\u00e7os como emiss\u00e3o de 2\u00aa via do RG, 2\u00aa via da Certid\u00e3o de Nascimento, orienta\u00e7\u00e3o sobre Cadastro \u00danico, atendimentos com \u00f3rg\u00e3os municipais como Semef (Finan\u00e7as), Semtepi (Trabalho, Inova\u00e7\u00e3o e Empreendedorismo), IMMU (Mobilidade Urbana), Casa Militar, AGEMAN (Servi\u00e7os P\u00fablicos), \u00c1guas de Manaus, Manaus Energia, entre outros.\u00a0<\/p>\n\n\n\n<h2 class=\"wp-block-heading\">PAC Municipal Galeria Esp\u00edrito Santo <\/h2>\n\n\n\n<p>Rua 24 de Maio, 119 \u2013 Centro<\/p>\n\n\n\n<h2 class=\"wp-block-heading\">PAC Municipal Shopping Phelippe Daou<\/h2>\n\n\n\n<p>Av. Camapu\u00e3, 2939 \u2013 Cidade de Deus<\/p>\n","protected":false},"excerpt":{"rendered":"","protected":false},"author":27,"featured_media":0,"parent":207842,"menu_order":0,"comment_status":"closed","ping_status":"closed","template":"templates\/turismo.php","meta":{"footnotes":""},"acf":[],"yoast_head":"<!-- This site is optimized with the Yoast SEO plugin v23.0 - https:\/\/yoast.com\/wordpress\/plugins\/seo\/ -->\n<title>Pronto Atendimento ao Cidad\u00e3o (PAC) Municipal - SEMASC<\/title>\n<meta name=\"robots\" content=\"noindex, follow\" \/>\n<meta property=\"og:locale\" content=\"pt_BR\" \/>\n<meta property=\"og:type\" content=\"article\" \/>\n<meta property=\"og:title\" content=\"Pronto Atendimento ao Cidad\u00e3o (PAC) Municipal - SEMASC\" \/>\n<meta property=\"og:url\" content=\"https:\/\/www.manaus.am.gov.br\/semasc\/unidades\/pronto-atendimento-ao-cidadao-pac-municipal\/\" \/>\n<meta property=\"og:site_name\" content=\"SEMASC\" \/>\n<meta property=\"article:publisher\" content=\"https:\/\/www.facebook.com\/semascmanaus\" \/>\n<meta property=\"article:modified_time\" content=\"2023-10-02T14:15:52+00:00\" \/>\n<meta property=\"og:image\" content=\"https:\/\/www.manaus.am.gov.br\/semasc\/wp-content\/uploads\/sites\/17\/2024\/07\/thumb-default-2.png\" \/>\n\t<meta property=\"og:image:width\" content=\"966\" \/>\n\t<meta property=\"og:image:height\" content=\"520\" \/>\n\t<meta property=\"og:image:type\" content=\"image\/png\" \/>\n<meta name=\"twitter:card\" content=\"summary_large_image\" \/>\n<meta name=\"twitter:label1\" content=\"Est. reading time\" \/>\n\t<meta name=\"twitter:data1\" content=\"1 minuto\" \/>\n<script type=\"application\/ld+json\" class=\"yoast-schema-graph\">{\"@context\":\"https:\/\/schema.org\",\"@graph\":[{\"@type\":\"WebPage\",\"@id\":\"https:\/\/www.manaus.am.gov.br\/semasc\/unidades\/pronto-atendimento-ao-cidadao-pac-municipal\/\",\"url\":\"https:\/\/www.manaus.am.gov.br\/semasc\/unidades\/pronto-atendimento-ao-cidadao-pac-municipal\/\",\"name\":\"Pronto Atendimento ao Cidad\u00e3o (PAC) Municipal - SEMASC\",\"isPartOf\":{\"@id\":\"https:\/\/www.manaus.am.gov.br\/semasc\/#website\"},\"datePublished\":\"2023-07-20T13:40:56+00:00\",\"dateModified\":\"2023-10-02T14:15:52+00:00\",\"breadcrumb\":{\"@id\":\"https:\/\/www.manaus.am.gov.br\/semasc\/unidades\/pronto-atendimento-ao-cidadao-pac-municipal\/#breadcrumb\"},\"inLanguage\":\"pt-BR\",\"potentialAction\":[{\"@type\":\"ReadAction\",\"target\":[\"https:\/\/www.manaus.am.gov.br\/semasc\/unidades\/pronto-atendimento-ao-cidadao-pac-municipal\/\"]}]},{\"@type\":\"BreadcrumbList\",\"@id\":\"https:\/\/www.manaus.am.gov.br\/semasc\/unidades\/pronto-atendimento-ao-cidadao-pac-municipal\/#breadcrumb\",\"itemListElement\":[{\"@type\":\"ListItem\",\"position\":1,\"name\":\"Home\",\"item\":\"https:\/\/www.manaus.am.gov.br\/semasc\/\"},{\"@type\":\"ListItem\",\"position\":2,\"name\":\"Unidades\",\"item\":\"https:\/\/www.manaus.am.gov.br\/semasc\/unidades\/\"},{\"@type\":\"ListItem\",\"position\":3,\"name\":\"Pronto Atendimento ao Cidad\u00e3o (PAC) Municipal\"}]},{\"@type\":\"WebSite\",\"@id\":\"https:\/\/www.manaus.am.gov.br\/semasc\/#website\",\"url\":\"https:\/\/www.manaus.am.gov.br\/semasc\/\",\"name\":\"SEMASC\",\"description\":\"Secretaria Municipal da Mulher, Assist\u00eancia Social e Cidadania.\",\"publisher\":{\"@id\":\"https:\/\/www.manaus.am.gov.br\/semasc\/#organization\"},\"alternateName\":\"Secretaria Municipal da Mulher, Assist\u00eancia Social e Cidadania\",\"potentialAction\":[{\"@type\":\"SearchAction\",\"target\":{\"@type\":\"EntryPoint\",\"urlTemplate\":\"https:\/\/www.manaus.am.gov.br\/semasc\/?s={search_term_string}\"},\"query-input\":\"required name=search_term_string\"}],\"inLanguage\":\"pt-BR\"},{\"@type\":\"Organization\",\"@id\":\"https:\/\/www.manaus.am.gov.br\/semasc\/#organization\",\"name\":\"Prefeitura de Manaus\",\"alternateName\":\"Prefeitura Municipal de Manaus\",\"url\":\"https:\/\/www.manaus.am.gov.br\/semasc\/\",\"logo\":{\"@type\":\"ImageObject\",\"inLanguage\":\"pt-BR\",\"@id\":\"https:\/\/www.manaus.am.gov.br\/semasc\/#\/schema\/logo\/image\/\",\"url\":\"https:\/\/www.manaus.am.gov.br\/semasc\/wp-content\/uploads\/sites\/17\/2024\/07\/favicon.png\",\"contentUrl\":\"https:\/\/www.manaus.am.gov.br\/semasc\/wp-content\/uploads\/sites\/17\/2024\/07\/favicon.png\",\"width\":300,\"height\":300,\"caption\":\"Prefeitura de Manaus\"},\"image\":{\"@id\":\"https:\/\/www.manaus.am.gov.br\/semasc\/#\/schema\/logo\/image\/\"},\"sameAs\":[\"https:\/\/www.facebook.com\/semascmanaus\",\"https:\/\/www.instagram.com\/semascmanaus\/\"]}]}<\/script>\n<!-- \/ Yoast SEO plugin. -->","yoast_head_json":{"title":"Pronto Atendimento ao Cidad\u00e3o (PAC) Municipal - SEMASC","robots":{"index":"noindex","follow":"follow"},"og_locale":"pt_BR","og_type":"article","og_title":"Pronto Atendimento ao Cidad\u00e3o (PAC) Municipal - SEMASC","og_url":"https:\/\/www.manaus.am.gov.br\/semasc\/unidades\/pronto-atendimento-ao-cidadao-pac-municipal\/","og_site_name":"SEMASC","article_publisher":"https:\/\/www.facebook.com\/semascmanaus","article_modified_time":"2023-10-02T14:15:52+00:00","og_image":[{"width":966,"height":520,"url":"https:\/\/www.manaus.am.gov.br\/semasc\/wp-content\/uploads\/sites\/17\/2024\/07\/thumb-default-2.png","type":"image\/png"}],"twitter_card":"summary_large_image","twitter_misc":{"Est. reading time":"1 minuto"},"schema":{"@context":"https:\/\/schema.org","@graph":[{"@type":"WebPage","@id":"https:\/\/www.manaus.am.gov.br\/semasc\/unidades\/pronto-atendimento-ao-cidadao-pac-municipal\/","url":"https:\/\/www.manaus.am.gov.br\/semasc\/unidades\/pronto-atendimento-ao-cidadao-pac-municipal\/","name":"Pronto Atendimento ao Cidad\u00e3o (PAC) Municipal - SEMASC","isPartOf":{"@id":"https:\/\/www.manaus.am.gov.br\/semasc\/#website"},"datePublished":"2023-07-20T13:40:56+00:00","dateModified":"2023-10-02T14:15:52+00:00","breadcrumb":{"@id":"https:\/\/www.manaus.am.gov.br\/semasc\/unidades\/pronto-atendimento-ao-cidadao-pac-municipal\/#breadcrumb"},"inLanguage":"pt-BR","potentialAction":[{"@type":"ReadAction","target":["https:\/\/www.manaus.am.gov.br\/semasc\/unidades\/pronto-atendimento-ao-cidadao-pac-municipal\/"]}]},{"@type":"BreadcrumbList","@id":"https:\/\/www.manaus.am.gov.br\/semasc\/unidades\/pronto-atendimento-ao-cidadao-pac-municipal\/#breadcrumb","itemListElement":[{"@type":"ListItem","position":1,"name":"Home","item":"https:\/\/www.manaus.am.gov.br\/semasc\/"},{"@type":"ListItem","position":2,"name":"Unidades","item":"https:\/\/www.manaus.am.gov.br\/semasc\/unidades\/"},{"@type":"ListItem","position":3,"name":"Pronto Atendimento ao Cidad\u00e3o (PAC) Municipal"}]},{"@type":"WebSite","@id":"https:\/\/www.manaus.am.gov.br\/semasc\/#website","url":"https:\/\/www.manaus.am.gov.br\/semasc\/","name":"SEMASC","description":"Secretaria Municipal da Mulher, Assist\u00eancia Social e Cidadania.","publisher":{"@id":"https:\/\/www.manaus.am.gov.br\/semasc\/#organization"},"alternateName":"Secretaria Municipal da Mulher, Assist\u00eancia Social e Cidadania","potentialAction":[{"@type":"SearchAction","target":{"@type":"EntryPoint","urlTemplate":"https:\/\/www.manaus.am.gov.br\/semasc\/?s={search_term_string}"},"query-input":"required name=search_term_string"}],"inLanguage":"pt-BR"},{"@type":"Organization","@id":"https:\/\/www.manaus.am.gov.br\/semasc\/#organization","name":"Prefeitura de Manaus","alternateName":"Prefeitura Municipal de Manaus","url":"https:\/\/www.manaus.am.gov.br\/semasc\/","logo":{"@type":"ImageObject","inLanguage":"pt-BR","@id":"https:\/\/www.manaus.am.gov.br\/semasc\/#\/schema\/logo\/image\/","url":"https:\/\/www.manaus.am.gov.br\/semasc\/wp-content\/uploads\/sites\/17\/2024\/07\/favicon.png","contentUrl":"https:\/\/www.manaus.am.gov.br\/semasc\/wp-content\/uploads\/sites\/17\/2024\/07\/favicon.png","width":300,"height":300,"caption":"Prefeitura de Manaus"},"image":{"@id":"https:\/\/www.manaus.am.gov.br\/semasc\/#\/schema\/logo\/image\/"},"sameAs":["https:\/\/www.facebook.com\/semascmanaus","https:\/\/www.instagram.com\/semascmanaus\/"]}]}},"_links":{"self":[{"href":"https:\/\/www.manaus.am.gov.br\/semasc\/wp-json\/wp\/v2\/pages\/207864"}],"collection":[{"href":"https:\/\/www.manaus.am.gov.br\/semasc\/wp-json\/wp\/v2\/pages"}],"about":[{"href":"https:\/\/www.manaus.am.gov.br\/semasc\/wp-json\/wp\/v2\/types\/page"}],"author":[{"embeddable":true,"href":"https:\/\/www.manaus.am.gov.br\/semasc\/wp-json\/wp\/v2\/users\/27"}],"replies":[{"embeddable":true,"href":"https:\/\/www.manaus.am.gov.br\/semasc\/wp-json\/wp\/v2\/comments?post=207864"}],"version-history":[{"count":7,"href":"https:\/\/www.manaus.am.gov.br\/semasc\/wp-json\/wp\/v2\/pages\/207864\/revisions"}],"predecessor-version":[{"id":208972,"href":"https:\/\/www.manaus.am.gov.br\/semasc\/wp-json\/wp\/v2\/pages\/207864\/revisions\/208972"}],"up":[{"embeddable":true,"href":"https:\/\/www.manaus.am.gov.br\/semasc\/wp-json\/wp\/v2\/pages\/207842"}],"wp:attachment":[{"href":"https:\/\/www.manaus.am.gov.br\/semasc\/wp-json\/wp\/v2\/media?parent=207864"}],"curies":[{"name":"wp","href":"https:\/\/api.w.org\/{rel}","templated":true}]}}

Pronto Atendimento ao Cidadão (PAC) Municipal

<p>Manaus conta com os serviços do PAC Municipal Galeria Popular Espírito Santo e o PAC Municipal Shopping Jornalista Phelippe Daou. Nos espaços são oferecidos diversos serviços como emissão de 2ª via do RG, 2ª via da Certidão de Nascimento, orientação sobre Cadastro Único, atendimentos com órgãos municipais como Semef (Finanças), Semtepi (Trabalho, Inovação e Empreendedorismo), IMMU (Mobilidade Urbana), Casa Militar, AGEMAN (Serviços Públicos), Águas de Manaus, Manaus Energia, entre outros. </p>



<h2 class="wp-block-heading">PAC Municipal Galeria Espírito Santo </h2>



<p>Rua 24 de Maio, 119 – Centro</p>



<h2 class="wp-block-heading">PAC Municipal Shopping Phelippe Daou</h2>



<p>Av. Camapuã, 2939 – Cidade de Deus</p>

<!-- This site is optimized with the Yoast SEO plugin v23.0 - https://yoast.com/wordpress/plugins/seo/ -->
<title>Pronto Atendimento ao Cidadão (PAC) Municipal - SEMASC</title>
<meta name="robots" content="noindex, follow" />
<meta property="og:locale" content="pt_BR" />
<meta property="og:type" content="article" />
<meta property="og:title" content="Pronto Atendimento ao Cidadão (PAC) Municipal - SEMASC" />
<meta property="og:url" content="https://www.manaus.am.gov.br/semasc/unidades/pronto-atendimento-ao-cidadao-pac-municipal/" />
<meta property="og:site_name" content="SEMASC" />
<meta property="article:publisher" content="https://www.facebook.com/semascmanaus" />
<meta property="article:modified_time" content="2023-10-02T14:15:52+00:00" />
<meta property="og:image" content="https://www.manaus.am.gov.br/semasc/wp-content/uploads/sites/17/2024/07/thumb-default-2.png" />
	<meta property="og:image:width" content="966" />
	<meta property="og:image:height" content="520" />
	<meta property="og:image:type" content="image/png" />
<meta name="twitter:card" content="summary_large_image" />
<meta name="twitter:label1" content="Est. reading time" />
	<meta name="twitter:data1" content="1 minuto" />
<script type="application/ld+json" class="yoast-schema-graph">{"@context":"https://schema.org","@graph":[{"@type":"WebPage","@id":"https://www.manaus.am.gov.br/semasc/unidades/pronto-atendimento-ao-cidadao-pac-municipal/","url":"https://www.manaus.am.gov.br/semasc/unidades/pronto-atendimento-ao-cidadao-pac-municipal/","name":"Pronto Atendimento ao Cidadão (PAC) Municipal - SEMASC","isPartOf":{"@id":"https://www.manaus.am.gov.br/semasc/#website"},"datePublished":"2023-07-20T13:40:56+00:00","dateModified":"2023-10-02T14:15:52+00:00","breadcrumb":{"@id":"https://www.manaus.am.gov.br/semasc/unidades/pronto-atendimento-ao-cidadao-pac-municipal/#breadcrumb"},"inLanguage":"pt-BR","potentialAction":[{"@type":"ReadAction","target":["https://www.manaus.am.gov.br/semasc/unidades/pronto-atendimento-ao-cidadao-pac-municipal/"]}]},{"@type":"BreadcrumbList","@id":"https://www.manaus.am.gov.br/semasc/unidades/pronto-atendimento-ao-cidadao-pac-municipal/#breadcrumb","itemListElement":[{"@type":"ListItem","position":1,"name":"Home","item":"https://www.manaus.am.gov.br/semasc/"},{"@type":"ListItem","position":2,"name":"Unidades","item":"https://www.manaus.am.gov.br/semasc/unidades/"},{"@type":"ListItem","position":3,"name":"Pronto Atendimento ao Cidadão (PAC) Municipal"}]},{"@type":"WebSite","@id":"https://www.manaus.am.gov.br/semasc/#website","url":"https://www.manaus.am.gov.br/semasc/","name":"SEMASC","description":"Secretaria Municipal da Mulher, Assistência Social e Cidadania.","publisher":{"@id":"https://www.manaus.am.gov.br/semasc/#organization"},"alternateName":"Secretaria Municipal da Mulher, Assistência Social e Cidadania","potentialAction":[{"@type":"SearchAction","target":{"@type":"EntryPoint","urlTemplate":"https://www.manaus.am.gov.br/semasc/?s={search_term_string}"},"query-input":"required name=search_term_string"}],"inLanguage":"pt-BR"},{"@type":"Organization","@id":"https://www.manaus.am.gov.br/semasc/#organization","name":"Prefeitura de Manaus","alternateName":"Prefeitura Municipal de Manaus","url":"https://www.manaus.am.gov.br/semasc/","logo":{"@type":"ImageObject","inLanguage":"pt-BR","@id":"https://www.manaus.am.gov.br/semasc/#/schema/logo/image/","url":"https://www.manaus.am.gov.br/semasc/wp-content/uploads/sites/17/2024/07/favicon.png","contentUrl":"https://www.manaus.am.gov.br/semasc/wp-content/uploads/sites/17/2024/07/favicon.png","width":300,"height":300,"caption":"Prefeitura de Manaus"},"image":{"@id":"https://www.manaus.am.gov.br/semasc/#/schema/logo/image/"},"sameAs":["https://www.facebook.com/semascmanaus","https://www.instagram.com/semascmanaus/"]}]}</script>
<!-- / Yoast SEO plugin. -->

Pronto Atendimento ao Cidadão (PAC) Municipal - SEMASC

Secretaria Municipal da Mulher, Assistência Social e Cidadania.

Secretaria Municipal da Mulher, Assistência Social e Cidadania
