{"id":207844,"date":"2023-07-20T09:23:31","date_gmt":"2023-07-20T13:23:31","guid":{"rendered":"https:\/\/www.manaus.am.gov.br\/semasc\/?page_id=207844"},"modified":"2026-03-03T12:28:47","modified_gmt":"2026-03-03T16:28:47","slug":"cras","status":"publish","type":"page","link":"https:\/\/www.manaus.am.gov.br\/semasc\/unidades\/cras\/","title":{"rendered":"CRAS"},"content":{"rendered":"\n<h3 class=\"wp-block-heading\">Centro de Refer\u00eancia de Assist\u00eancia Social (CRAS)<\/h3>\n\n\n\n<p>O CRAS \u00e9 o principal equipamento de desenvolvimento dos servi\u00e7os socioassistenciais da Prote\u00e7\u00e3o Social B\u00e1sica. Constitui espa\u00e7o de concretiza\u00e7\u00e3o dos direitos socioassistenciais nos territ\u00f3rios, materializando a pol\u00edtica de assist\u00eancia social. \u00c9 o local que possibilita, em geral, o primeiro acesso das fam\u00edlias aos direitos socioassistenciais e \u00e0 prote\u00e7\u00e3o social. Estrutura-se, assim, como porta de entrada dos usu\u00e1rios da pol\u00edtica de assist\u00eancia social para a rede de Prote\u00e7\u00e3o B\u00e1sica e refer\u00eancia para encaminhamentos \u00e0 Prote\u00e7\u00e3o Especial.<\/p>\n\n\n\n<p>Desempenha papel central no territ\u00f3rio onde se localiza ao constituir a principal estrutura f\u00edsica local, cujo espa\u00e7o f\u00edsico deve ser compat\u00edvel com o trabalho social com fam\u00edlias que vivem no seu territ\u00f3rio de abrang\u00eancia e conta com uma equipe profissional de refer\u00eancia.<\/p>\n\n\n\n<p>O CRAS presta servi\u00e7os continuados de Prote\u00e7\u00e3o Social B\u00e1sica de Assist\u00eancia Social para fam\u00edlias, seus membros e indiv\u00edduos em situa\u00e7\u00e3o de vulnerabilidade social, por meio do PAIF (Programa de Aten\u00e7\u00e3o Integral \u00e0 Fam\u00edlia) tais como: acolhimento, acompanhamento em servi\u00e7os socioeducativos e de conviv\u00eancia ou por a\u00e7\u00f5es socioassistenciais, encaminhamentos para a rede de prote\u00e7\u00e3o social existente no lugar onde vivem e para os demais servi\u00e7os das outras pol\u00edticas sociais, orienta\u00e7\u00e3o e apoio na garantia dos seus direitos de cidadania e de conviv\u00eancia familiar e comunit\u00e1ria.<\/p>\n\n\n\n<p>Reconhece-se, portanto, ser atribui\u00e7\u00e3o exclusiva do poder p\u00fablico, o trabalho social com fam\u00edlias, sendo esta a identidade que deve ser expressa no espa\u00e7o f\u00edsico do CRAS.<\/p>\n\n\n\n<p>No CRAS, portanto, deve ser necessariamente ofertado o PAIF, podendo ser ofertados outros servi\u00e7os, programas, benef\u00edcios e projetos conforme disponibilidade de espa\u00e7o f\u00edsico e de profissionais qualificados para implement\u00e1-los, e desde que n\u00e3o prejudiquem a execu\u00e7\u00e3o do PAIF e nem ocupem os espa\u00e7os a ele destinados. Os demais servi\u00e7os socioeducativos, a\u00e7\u00f5es complementares e projetos de prote\u00e7\u00e3o b\u00e1sica desenvolvidos no territ\u00f3rio de abrang\u00eancia do CRAS devem ser a ele referenciados.<\/p>\n\n\n\n<p>Manaus conta com 20 Cras, localizados nos bairros que apresentam maior vulnerabilidade social, em todas as zonas da cidade.<\/p>\n\n\n\n<p><strong>Contato e \u00c1reas de Abrang\u00eancia dos CRAS<\/strong><\/p>\n\n\n\n<p>Os CRAS funcionam mediante agendamento pelo site <a href=\"https:\/\/agendasemasc.manaus.am.gov.br\/\">agendasemasc.manaus.am.gov.br<\/a>, de segunda a sexta-feira, de 8h \u00e0s 14h.<\/p>\n\n\n\n<p>Localize o bairro que voc\u00ea mora e a unidade CRAS correspondente.<\/p>\n\n\n\n<h2 class=\"wp-block-heading\">ZONA SUL<\/h2>\n\n\n\n<p><strong>CRAS CACHOEIRINHA<\/strong><br><strong>Endere\u00e7o:<\/strong> Av. Carvalho Leal, s\/n \u2013 Cachoeirinha (ao lado do Banco BRADESCO)<br><strong>Telefone:<\/strong> 98855-1329 <br><strong>\u00c1rea de Abrang\u00eancia:<\/strong> Cachoeirinha, Pra\u00e7a 14 de Janeiro, Petr\u00f3polis, Conj. Jardim Petr\u00f3polis, S\u00e3o Sebasti\u00e3o, S\u00e3o Francisco.<\/p>\n\n\n\n<p><strong>CRAS JAPIIM<\/strong><br><strong>Endere\u00e7o:<\/strong> Av. General Rodrigo Otavio, s\/n &#8211; Parque Senador Virg\u00edlio Filho (Lagoa do japiim) \u2013 Japiim <br><strong>Telefone:<\/strong> 98855-1081 <br><strong>\u00c1rea de Abrang\u00eancia:<\/strong> Japiim I e II, Conj. At\u00edlio Andreazza, Japiinl\u00e2ndia, Conj. Nova Rep\u00fablica, Coroado I, II e III, Ouro Verde, Com. Santa Luzia, Vale do Amanhecer e Distrito II (exceto Conj. Lula).<\/p>\n\n\n\n<p><strong>CRAS BET\u00c2NIA<\/strong><br><strong>Endere\u00e7o:<\/strong> Rua S\u00e3o L\u00e1zaro, n\u00ba 26 \u2013 Bet\u00e2nia (Atr\u00e1s do Barat\u00e3o da Carne)<br><strong>Telefone:<\/strong> 98842-2554 <br><strong>\u00c1rea de Abrang\u00eancia: <\/strong>Bet\u00e2nia, Raiz, Santa Luzia, Educandos, Morro da Liberdade.<\/p>\n\n\n\n<p><strong>CRAS CRESPO<\/strong><br><strong>Endere\u00e7o:<\/strong> Rua Magalh\u00e3es Barata, Beco Olaria, s\/n &#8211; Crespo (Entrada pela rua em frente ao CECOMIZ)<br><strong>Telefone:<\/strong> 98842-5816 <br><strong>\u00c1rea de Abrang\u00eancia: <\/strong>Crespo, S\u00e3o L\u00e1zaro, Lagoa Verde, Col\u00f4nia Oliveira Machado, Aterro (Igarap\u00e9) do 40, Distrito Industrial I, Mauazinho I e II, Pq. Mau\u00e1, Jardim Mau\u00e1, Vila da Felicidade, Manaus 2000, Vila Buriti.<\/p>\n\n\n\n<h2 class=\"wp-block-heading\">ZONA CENTRO-SUL<\/h2>\n\n\n\n<p><strong>CRAS UNI\u00c3O<\/strong><br><strong>Endere\u00e7o:<\/strong> Rua Barreirinha, n\u00ba 18 \u2013 Pr\u00f3ximo \u00e0 Feira e em frente \u00e0 Casinha de Sa\u00fade.<br><strong>Telefone:<\/strong> 98842-2556 <br><strong>\u00c1rea de Abrang\u00eancia: <\/strong>Bairro da Uni\u00e3o, Aleixo, Adrian\u00f3polis, Flores, Pq. das Na\u00e7\u00f5es, Conj. Habitacional Beija Flor I e II, Conj. Rio Maracan\u00e3 I e II, Com. Santa Cruz, Conj. Hab. Ozias Monteiro, Conj. Hab. Mundo Novo, Com. Mundo Novo, Conj. Jo\u00e3o Bosco, Conj. Hab. Pq. das Laranjeiras, N. Sra. das Gra\u00e7as (Beco do Macedo), Chapada, Pq. 10 de Novembro, Conj. Res. Shangril\u00e1.<\/p>\n\n\n\n<h2 class=\"wp-block-heading\">ZONA OESTE<\/h2>\n\n\n\n<p><strong>CRAS COMPENSA I<\/strong><br><strong>E-mail:<\/strong> cras.compensa1@pmm.am.gov.br<br><strong>Endere\u00e7o:<\/strong> Rua da Ind\u00fastria, n\u00ba 20, Conjunto IPASE \u2013 Compensa I \u2013 ao lado da Escola Jo\u00e3o Bosco <br><strong>Telefone:<\/strong> 98842-1024 <br><strong>\u00c1rea de Abrang\u00eancia: <\/strong>Compensa I, S\u00e3o Jorge, Vila da Prata, Santo Ant\u00f4nio e S\u00e3o Geraldo.<\/p>\n\n\n\n<p><strong>CRAS COMPENSA II<\/strong><br><strong>Endere\u00e7o:<\/strong> Rua da Prosperidade, s\/n \u2013 prox. ao terminal da linha de \u00f4nibus 113 <br><strong>Telefone:<\/strong> <br><strong>\u00c1rea de Abrang\u00eancia: <\/strong>Compensa II e III, Ponta Negra, Santo Agostinho, Conj. Vila Marinho, Tarum\u00e3, Tarum\u00e3 A\u00e7u, Campos Sales, Com. Pq. Riachuelo, Pq. S\u00e3o Pedro, Pq. Rio Negro I e II, Pq. Solim\u00f5es I e II, Conj. Hab. Cidad\u00e3o 10, Com. Ribeirinha N. Sra. de F\u00e1tima (Rio Negro).<\/p>\n\n\n\n<p><strong>CRAS S\u00c3O RAIMUNDO<\/strong><br><strong>Endere\u00e7o:<\/strong> Rua S\u00e3o Francisco, n\u00ba 76 \u2013 S\u00e3o Raimundo <br><strong>Telefone:<\/strong> 98855-1465 <br><strong>\u00c1rea de Abrang\u00eancia: <\/strong>S\u00e3o Raimundo, Gl\u00f3ria, N. Sra. Aparecida, Centro, Presidente Vargas (Matinha).<\/p>\n\n\n\n<h2 class=\"wp-block-heading\">ZONA CENTRO-OESTE<\/h2>\n\n\n\n<p><strong>CRAS ALVORADA I<\/strong><br><strong>Endere\u00e7o:<\/strong> Rua 4, s\/n, Alvorada I &#8211; Atr\u00e1s do abrigo Moacyr Alves <br><strong>Telefone:<\/strong> 98842-2565 <br><strong>\u00c1rea de Abrang\u00eancia: <\/strong>Alvorada I e II, Dom Pedro I e II, Conj. K\u00edssia, Conj. Jardim Tropical, Conj. Cana\u00e3, Conj. Deborah, Com. Ouro Verde.<\/p>\n\n\n\n<p><strong>CRAS ALVORADA III<\/strong><br><strong>Endere\u00e7o:<\/strong> Rua 13, s\/n \u2013 Alvorada III &#8211; pr\u00f3x. ao Campo do Burac\u00e3o <br><strong>Telefone:<\/strong> 98842-2949 <br><strong>\u00c1rea de Abrang\u00eancia: <\/strong>Alvorada III, L\u00edrio do Vale I e II, Conj. Flamanal, Planalto, Nova Esperan\u00e7a I e II, Conj. Campos El\u00edseos, Conj. Belvedere, Conj. Versalles.<\/p>\n\n\n\n<p><strong>CRAS REDEN\u00c7\u00c3O<\/strong><br><strong>Endere\u00e7o:<\/strong> Rua Olinda com Bag\u00e9, s\/n \u2013 Pr\u00f3ximo \u00e0 UBS Posto de Sa\u00fade e o Campo do CDC <br><strong>Telefone:<\/strong> 98842-5838<br><strong>\u00c1rea de Abrang\u00eancia: <\/strong>Reden\u00e7\u00e3o, Conj. Hil\u00e9ia I, II e III, Bairro da Paz, Conj. Ajuricaba, Com. Santa B\u00e1rbara, Conj. Eduardo Gomes, Conj. Santos Dumont.<\/p>\n\n\n\n<h2 class=\"wp-block-heading\">ZONA LESTE<\/h2>\n\n\n\n<p><strong>CRAS COL\u00d4NIA ANT\u00d4NIO ALEIXO<\/strong><br><strong>Endere\u00e7o:<\/strong> Rua Raul Ribeiro, s\/n, Comunidade 11 de Maio \u2013 Col\u00f4nia Ant\u00f4nio Aleixo <br><strong>Telefone:<\/strong> 98842-7272 <br><strong>\u00c1rea de Abrang\u00eancia: <\/strong>Col\u00f4nia Ant\u00f4nio Aleixo, Puraquequara, Comunidades Ribeirinhas, Conj. Lula.<\/p>\n\n\n\n<p><strong>CRAS PROURBIS<\/strong><br><strong>Endere\u00e7o:<\/strong> Rua Porto Mariscos, n\u00ba 220 \u2013 Jorge Teixeira II Etapa <br><strong>Telefone:<\/strong> 98855-2145 <br><strong>\u00c1rea de Abrang\u00eancia: <\/strong>Jorge Teixeira I, II, III e IV, Jo\u00e3o Paulo I, II, III e IV, Val Paraiso (Morro da Catita), Com. Coliseu, Bairro Novo, Com. Chico Mendes, Nova Floresta, Santa In\u00eas, Ramal Nova Esperan\u00e7a, Ramal do Brasileirinho, Ramal do Ipiranga.<\/p>\n\n\n\n<p><strong>CRAS S\u00c3O JOS\u00c9 III<\/strong><br><strong>Endere\u00e7o:<\/strong> Rua 04, s\/n \u2013 S\u00e3o Jos\u00e9 Oper\u00e1rio &#8211; ao lado do Campo de futebol do Bahia <br><strong>Telefone:<\/strong> 98844-5568 <br><strong>\u00c1rea de Abrang\u00eancia: <\/strong>S\u00e3o Jos\u00e9 I, II (incluindo etapa B) e III, S\u00e3o Jos\u00e9 dos Campos, Zumbi I, II e III, Armando Mendes, Com. da Sharp, Lot. Castanheira, Conj. Castanheira, Colina do Aleixo.<\/p>\n\n\n\n<p><strong>CRAS S\u00c3O JOS\u00c9 IV<\/strong><br><strong>Endere\u00e7o:<\/strong> Rua Barreirinha s\/n \u2013 S\u00e3o Jos\u00e9 III (no Centro de Conviv\u00eancia da Fam\u00edlia e do Idoso Prefeito Jos\u00e9 Fernandes) <br><strong>Telefone:<\/strong> 98844-5040 <br><strong>\u00c1rea de Abrang\u00eancia: <\/strong>S\u00e3o Jos\u00e9 Oper\u00e1rio IV, Com. de Deus, Gilberto Mestrinho, Grande Vit\u00f3ria, Nova Conquista, Nova Vit\u00f3ria, Novo Reino I e II, S\u00e3o Lucas I e II, Cidade do Leste e Tancredo Neves.<\/p>\n\n\n\n<h2 class=\"wp-block-heading\">ZONA NORTE<\/h2>\n\n\n\n<p><strong>CRAS ALFREDO NASCIMENTO<\/strong><br><strong>Endere\u00e7o:<\/strong> Rua 08, n\u00ba 13 \u2013 Alfredo Nascimento &#8211; Pr\u00f3ximo \u00e0 Esc. Est. Ant\u00edstenes Pinto <br><strong>Telefone:<\/strong> <br><strong>\u00c1rea de Abrang\u00eancia: <\/strong>Cidade de Deus I e II, Conj. Alfredo Nascimento I e II, Alian\u00e7a com Deus, Com. N. Sra. de F\u00e1tima II e Lot. Fazendinha.<\/p>\n\n\n\n<p><strong>CRAS CIDADE NOVA<\/strong><br><strong>Endere\u00e7o:<\/strong> Rua C, Q\/67, n\u00ba 47, Conj. Francisca Mendes \u2013 Cidade Nova &#8211; ao lado do terminal do \u00f4nibus 418 <br><strong>Telefone:<\/strong> 98855-1632 <br><strong>\u00c1rea de Abrang\u00eancia: <\/strong>Cidade Nova I -N\u00facleos: 1, Conj. Osvaldo Frota I e II, Conj. Am\u00e9rico Medeiros, Conj. Sergio Pessoa Neto, Conj. Renato Souza Pinto I e II, Conj. Canaranas I, II e III, Conj. Francisca Mendes I, II, Invas\u00e3o Francisca Mendes, Com. Riacho Doce I, II, III, Com. Raio de Sol, Com. Sim\u00e3o Cardoso, Conj. Carlos Braga, Conj. Galileia, Conj. Ribeiro Junior, Cidade Nova II \u2013 N\u00facleo: 7 e 8, Conj. Baixada Fluminense, Conj. Vila Real, Lagoa Azul, Lago Azul, Nova Cidade, Conj. Jo\u00e3o Paulo, Conj. Buritis, Invas\u00e3o Pq. Buritis, Pq. Eduardo Braga, Uni\u00e3o da Vit\u00f3ria, Com. Uni\u00e3o da Vit\u00f3ria, Conj. Hab. Cidad\u00e3o do 1 ao 9, Conj. Hab. Cidad\u00e3o 11 e 12, Zona Rural BR-174, Col\u00f4nia Japonesa, Ramal do Pau Rosa (Km 21) e Loteamentos, AM 010 (at\u00e9 km 41), Com. Extrativista Caldeir\u00e3o e Invas\u00e3o Lagoa Azul.<\/p>\n\n\n\n<p><strong>CRAS TERRA NOVA<\/strong><br><strong>Endere\u00e7o:<\/strong> Rua Itapemirim, n\u00ba 230, Col\u00f4nia Terra Nova II <br><strong>Telefone:<\/strong> 98855-1327 <br><strong>\u00c1rea de Abrang\u00eancia: <\/strong>Terra Nova I, II e III, Lot. Luizinho, Com. Florestal I e II, Com. Jesus Me Deu, Com. Santa Marta, Novo Israel I, II e III, Com. Am\u00e9rica do Sul, Com. Celebridade, Com. S\u00e3o Luiz, Com. Jos\u00e9 Bonif\u00e1cio, Pq. Cana\u00e3, Santa Etelvina, Conj. Res. Viver Melhor 1, Lot. Agnus Dey, Lot. Jardim Fortaleza, Lot. Jardim Raquel, Lot. Santa Tereza, Lot. Rio Piorini I ao IV, Lot. Cidad\u00e3o Manauara, Com. Acara, Com. Novo Milenium, Com. Para\u00edso Verde, Invas\u00e3o S\u00e3o Jo\u00e3o, Monte das Oliveiras, Invas\u00e3o Monte Cristo, Com. Luiz Ot\u00e1vio, Monte Pascoal, Col\u00f4nia Santo Ant\u00f4nio, Vale do Sinai, Monte Sinai, Conj. Manoa, Lot. Bom Pastor, Lot. Santo Ant\u00f4nio.<\/p>\n\n\n\n<p><strong>CRAS MUTIR\u00c3O<\/strong><br><strong>Endere\u00e7o:<\/strong> Rua oitenta e um, 148, Amazonino Mendes <br><strong>Telefone:<\/strong> 99113-9796 <br><strong>\u00c1rea de Abrang\u00eancia: <\/strong>Conj. Amazonino Mendes I e II, Novo Aleixo I, II e III, Cidade Nova II \u2013 N\u00facleo 2 a 24 (menos 7 e 8), Conj. Amadeu Botelho, Conj. Boas Novas, Pq. das Gar\u00e7as, \u00c1guas Claras, Com. N. Sra. do Perp\u00e9tuo Socorro, Com. N. Sra. de F\u00e1tima I.<\/p>\n\n\n\n<p><strong>CRAS NOSSA SENHORA DA CONCEI\u00c7\u00c3O<\/strong><br><strong>Endere\u00e7o:<\/strong> Rua \u00c1guas Marinhas, n\u00ba 142 \u2013 Cidade Nova &#8211; Entrada por tr\u00e1s da Garagem de \u00f4nibus da Uni\u00e3o Cascavel <br><strong>Telefone:<\/strong> 98842-7877 <br><strong>\u00c1rea de Abrang\u00eancia: <\/strong>Conj. Gustavo Nascimento, Monte Si\u00e3o, Conj. Braga Mendes, Conj. Res. Viver Melhor 2 e 3, N. Sra. da Concei\u00e7\u00e3o, Conj. Res. Ben Hur e Conj. Res. Vila Nova.<\/p>\n","protected":false},"excerpt":{"rendered":"","protected":false},"author":27,"featured_media":0,"parent":207842,"menu_order":0,"comment_status":"closed","ping_status":"closed","template":"templates\/turismo.php","meta":{"footnotes":""},"acf":[],"yoast_head":"<!-- This site is optimized with the Yoast SEO plugin v23.0 - https:\/\/yoast.com\/wordpress\/plugins\/seo\/ -->\n<title>CRAS - SEMASC<\/title>\n<meta name=\"robots\" content=\"noindex, follow\" \/>\n<meta property=\"og:locale\" content=\"pt_BR\" \/>\n<meta property=\"og:type\" content=\"article\" \/>\n<meta property=\"og:title\" content=\"CRAS - SEMASC\" \/>\n<meta property=\"og:url\" content=\"https:\/\/www.manaus.am.gov.br\/semasc\/unidades\/cras\/\" \/>\n<meta property=\"og:site_name\" content=\"SEMASC\" \/>\n<meta property=\"article:publisher\" content=\"https:\/\/www.facebook.com\/semascmanaus\" \/>\n<meta property=\"article:modified_time\" content=\"2026-03-03T16:28:47+00:00\" \/>\n<meta property=\"og:image\" content=\"https:\/\/www.manaus.am.gov.br\/semasc\/wp-content\/uploads\/sites\/17\/2024\/07\/thumb-default-2.png\" \/>\n\t<meta property=\"og:image:width\" content=\"966\" \/>\n\t<meta property=\"og:image:height\" content=\"520\" \/>\n\t<meta property=\"og:image:type\" content=\"image\/png\" \/>\n<meta name=\"twitter:card\" content=\"summary_large_image\" \/>\n<meta name=\"twitter:label1\" content=\"Est. reading time\" \/>\n\t<meta name=\"twitter:data1\" content=\"9 minutos\" \/>\n<script type=\"application\/ld+json\" class=\"yoast-schema-graph\">{\"@context\":\"https:\/\/schema.org\",\"@graph\":[{\"@type\":\"WebPage\",\"@id\":\"https:\/\/www.manaus.am.gov.br\/semasc\/unidades\/cras\/\",\"url\":\"https:\/\/www.manaus.am.gov.br\/semasc\/unidades\/cras\/\",\"name\":\"CRAS - SEMASC\",\"isPartOf\":{\"@id\":\"https:\/\/www.manaus.am.gov.br\/semasc\/#website\"},\"datePublished\":\"2023-07-20T13:23:31+00:00\",\"dateModified\":\"2026-03-03T16:28:47+00:00\",\"breadcrumb\":{\"@id\":\"https:\/\/www.manaus.am.gov.br\/semasc\/unidades\/cras\/#breadcrumb\"},\"inLanguage\":\"pt-BR\",\"potentialAction\":[{\"@type\":\"ReadAction\",\"target\":[\"https:\/\/www.manaus.am.gov.br\/semasc\/unidades\/cras\/\"]}]},{\"@type\":\"BreadcrumbList\",\"@id\":\"https:\/\/www.manaus.am.gov.br\/semasc\/unidades\/cras\/#breadcrumb\",\"itemListElement\":[{\"@type\":\"ListItem\",\"position\":1,\"name\":\"Home\",\"item\":\"https:\/\/www.manaus.am.gov.br\/semasc\/\"},{\"@type\":\"ListItem\",\"position\":2,\"name\":\"Unidades\",\"item\":\"https:\/\/www.manaus.am.gov.br\/semasc\/unidades\/\"},{\"@type\":\"ListItem\",\"position\":3,\"name\":\"CRAS\"}]},{\"@type\":\"WebSite\",\"@id\":\"https:\/\/www.manaus.am.gov.br\/semasc\/#website\",\"url\":\"https:\/\/www.manaus.am.gov.br\/semasc\/\",\"name\":\"SEMASC\",\"description\":\"Secretaria Municipal da Mulher, Assist\u00eancia Social e Cidadania.\",\"publisher\":{\"@id\":\"https:\/\/www.manaus.am.gov.br\/semasc\/#organization\"},\"alternateName\":\"Secretaria Municipal da Mulher, Assist\u00eancia Social e Cidadania\",\"potentialAction\":[{\"@type\":\"SearchAction\",\"target\":{\"@type\":\"EntryPoint\",\"urlTemplate\":\"https:\/\/www.manaus.am.gov.br\/semasc\/?s={search_term_string}\"},\"query-input\":\"required name=search_term_string\"}],\"inLanguage\":\"pt-BR\"},{\"@type\":\"Organization\",\"@id\":\"https:\/\/www.manaus.am.gov.br\/semasc\/#organization\",\"name\":\"Prefeitura de Manaus\",\"alternateName\":\"Prefeitura Municipal de Manaus\",\"url\":\"https:\/\/www.manaus.am.gov.br\/semasc\/\",\"logo\":{\"@type\":\"ImageObject\",\"inLanguage\":\"pt-BR\",\"@id\":\"https:\/\/www.manaus.am.gov.br\/semasc\/#\/schema\/logo\/image\/\",\"url\":\"https:\/\/www.manaus.am.gov.br\/semasc\/wp-content\/uploads\/sites\/17\/2024\/07\/favicon.png\",\"contentUrl\":\"https:\/\/www.manaus.am.gov.br\/semasc\/wp-content\/uploads\/sites\/17\/2024\/07\/favicon.png\",\"width\":300,\"height\":300,\"caption\":\"Prefeitura de Manaus\"},\"image\":{\"@id\":\"https:\/\/www.manaus.am.gov.br\/semasc\/#\/schema\/logo\/image\/\"},\"sameAs\":[\"https:\/\/www.facebook.com\/semascmanaus\",\"https:\/\/www.instagram.com\/semascmanaus\/\"]}]}<\/script>\n<!-- \/ Yoast SEO plugin. -->","yoast_head_json":{"title":"CRAS - SEMASC","robots":{"index":"noindex","follow":"follow"},"og_locale":"pt_BR","og_type":"article","og_title":"CRAS - SEMASC","og_url":"https:\/\/www.manaus.am.gov.br\/semasc\/unidades\/cras\/","og_site_name":"SEMASC","article_publisher":"https:\/\/www.facebook.com\/semascmanaus","article_modified_time":"2026-03-03T16:28:47+00:00","og_image":[{"width":966,"height":520,"url":"https:\/\/www.manaus.am.gov.br\/semasc\/wp-content\/uploads\/sites\/17\/2024\/07\/thumb-default-2.png","type":"image\/png"}],"twitter_card":"summary_large_image","twitter_misc":{"Est. reading time":"9 minutos"},"schema":{"@context":"https:\/\/schema.org","@graph":[{"@type":"WebPage","@id":"https:\/\/www.manaus.am.gov.br\/semasc\/unidades\/cras\/","url":"https:\/\/www.manaus.am.gov.br\/semasc\/unidades\/cras\/","name":"CRAS - SEMASC","isPartOf":{"@id":"https:\/\/www.manaus.am.gov.br\/semasc\/#website"},"datePublished":"2023-07-20T13:23:31+00:00","dateModified":"2026-03-03T16:28:47+00:00","breadcrumb":{"@id":"https:\/\/www.manaus.am.gov.br\/semasc\/unidades\/cras\/#breadcrumb"},"inLanguage":"pt-BR","potentialAction":[{"@type":"ReadAction","target":["https:\/\/www.manaus.am.gov.br\/semasc\/unidades\/cras\/"]}]},{"@type":"BreadcrumbList","@id":"https:\/\/www.manaus.am.gov.br\/semasc\/unidades\/cras\/#breadcrumb","itemListElement":[{"@type":"ListItem","position":1,"name":"Home","item":"https:\/\/www.manaus.am.gov.br\/semasc\/"},{"@type":"ListItem","position":2,"name":"Unidades","item":"https:\/\/www.manaus.am.gov.br\/semasc\/unidades\/"},{"@type":"ListItem","position":3,"name":"CRAS"}]},{"@type":"WebSite","@id":"https:\/\/www.manaus.am.gov.br\/semasc\/#website","url":"https:\/\/www.manaus.am.gov.br\/semasc\/","name":"SEMASC","description":"Secretaria Municipal da Mulher, Assist\u00eancia Social e Cidadania.","publisher":{"@id":"https:\/\/www.manaus.am.gov.br\/semasc\/#organization"},"alternateName":"Secretaria Municipal da Mulher, Assist\u00eancia Social e Cidadania","potentialAction":[{"@type":"SearchAction","target":{"@type":"EntryPoint","urlTemplate":"https:\/\/www.manaus.am.gov.br\/semasc\/?s={search_term_string}"},"query-input":"required name=search_term_string"}],"inLanguage":"pt-BR"},{"@type":"Organization","@id":"https:\/\/www.manaus.am.gov.br\/semasc\/#organization","name":"Prefeitura de Manaus","alternateName":"Prefeitura Municipal de Manaus","url":"https:\/\/www.manaus.am.gov.br\/semasc\/","logo":{"@type":"ImageObject","inLanguage":"pt-BR","@id":"https:\/\/www.manaus.am.gov.br\/semasc\/#\/schema\/logo\/image\/","url":"https:\/\/www.manaus.am.gov.br\/semasc\/wp-content\/uploads\/sites\/17\/2024\/07\/favicon.png","contentUrl":"https:\/\/www.manaus.am.gov.br\/semasc\/wp-content\/uploads\/sites\/17\/2024\/07\/favicon.png","width":300,"height":300,"caption":"Prefeitura de Manaus"},"image":{"@id":"https:\/\/www.manaus.am.gov.br\/semasc\/#\/schema\/logo\/image\/"},"sameAs":["https:\/\/www.facebook.com\/semascmanaus","https:\/\/www.instagram.com\/semascmanaus\/"]}]}},"_links":{"self":[{"href":"https:\/\/www.manaus.am.gov.br\/semasc\/wp-json\/wp\/v2\/pages\/207844"}],"collection":[{"href":"https:\/\/www.manaus.am.gov.br\/semasc\/wp-json\/wp\/v2\/pages"}],"about":[{"href":"https:\/\/www.manaus.am.gov.br\/semasc\/wp-json\/wp\/v2\/types\/page"}],"author":[{"embeddable":true,"href":"https:\/\/www.manaus.am.gov.br\/semasc\/wp-json\/wp\/v2\/users\/27"}],"replies":[{"embeddable":true,"href":"https:\/\/www.manaus.am.gov.br\/semasc\/wp-json\/wp\/v2\/comments?post=207844"}],"version-history":[{"count":18,"href":"https:\/\/www.manaus.am.gov.br\/semasc\/wp-json\/wp\/v2\/pages\/207844\/revisions"}],"predecessor-version":[{"id":212182,"href":"https:\/\/www.manaus.am.gov.br\/semasc\/wp-json\/wp\/v2\/pages\/207844\/revisions\/212182"}],"up":[{"embeddable":true,"href":"https:\/\/www.manaus.am.gov.br\/semasc\/wp-json\/wp\/v2\/pages\/207842"}],"wp:attachment":[{"href":"https:\/\/www.manaus.am.gov.br\/semasc\/wp-json\/wp\/v2\/media?parent=207844"}],"curies":[{"name":"wp","href":"https:\/\/api.w.org\/{rel}","templated":true}]}}