{"id":207762,"date":"2023-07-14T09:18:04","date_gmt":"2023-07-14T13:18:04","guid":{"rendered":"https:\/\/www.manaus.am.gov.br\/semasc\/?page_id=207762"},"modified":"2024-04-26T12:50:37","modified_gmt":"2024-04-26T16:50:37","slug":"cadastro-unico","status":"publish","type":"page","link":"https:\/\/www.manaus.am.gov.br\/semasc\/cadastro-unico\/","title":{"rendered":"Cadastro \u00danico"},"content":{"rendered":"\n<p>O Cadastro \u00danico para Programas Sociais re\u00fane informa\u00e7\u00f5es socioecon\u00f4micas das fam\u00edlias brasileiras de baixa renda \u2013 aquelas com renda mensal de at\u00e9 meio sal\u00e1rio m\u00ednimo por pessoa. Essas informa\u00e7\u00f5es permitem ao governo conhecer as reais condi\u00e7\u00f5es de vida da popula\u00e7\u00e3o e, a partir dessas informa\u00e7\u00f5es, selecionar as fam\u00edlias para diversos programas sociais.<\/p>\n\n\n\n<h2 class=\"wp-block-heading\">Documentos Originais Necess\u00e1rios para Inclus\u00e3o\/Atualiza\u00e7\u00e3o de Cadastro:<\/h2>\n\n\n\n<ul>\n<li>Comprovante de Resid\u00eancia<\/li>\n\n\n\n<li>Recibo de Aluguel<\/li>\n<\/ul>\n\n\n\n<p>* Respons\u00e1vel, Companheiro (a) e Maiores de 18 anos<\/p>\n\n\n\n<ul>\n<li>Identidade<\/li>\n\n\n\n<li>CPF<\/li>\n\n\n\n<li>T\u00edtulo de Eleitor<\/li>\n\n\n\n<li>Carteira de Trabalho<\/li>\n\n\n\n<li>Comprovante de Renda\/Contracheque<\/li>\n<\/ul>\n\n\n\n<p>* Dependentes Menores de 18 anos<\/p>\n\n\n\n<ul>\n<li>Certid\u00e3o de Nascimento<\/li>\n\n\n\n<li>Declara\u00e7\u00e3o Escolar atualizada (v\u00e1lida por um m\u00eas a partir da data de emiss\u00e3o)<\/li>\n<\/ul>\n\n\n\n<p>Nos casos em que exista a necessidade de exclus\u00e3o ou transfer\u00eancia de membros do cadastro, outros documentos podem ser solicitados, como: Comprovante de Div\u00f3rcio, Dissolu\u00e7\u00e3o de Uni\u00e3o Est\u00e1vel, Pens\u00e3o Aliment\u00edcia e\/ou Termo de Guarda Definitiva.<\/p>\n\n\n\n<p>Os CRAS funcionam de segunda a sexta-feira, de 8h \u00e0s 14h.\u00a0<\/p>\n\n\n\n<h2 class=\"wp-block-heading\">ZONA SUL<\/h2>\n\n\n\n<p><strong>CRAS CACHOEIRINHA<\/strong><br><strong>Telefone:<\/strong> 98855-1329<br><strong>E-mail:<\/strong> cras.cachoeirinha@pmm.am.gov.br<br><strong>Endere\u00e7o:<\/strong> Av. Carvalho Leal, s\/n \u2013 Cachoeirinha CEP 69.065-000 (ao lado do Banco BRADESCO)<br><strong>\u00c1rea de Abrang\u00eancia:<\/strong> Cachoeirinha, Pra\u00e7a 14 de Janeiro, Petr\u00f3polis, Conj. Jardim Petr\u00f3polis, S\u00e3o Sebasti\u00e3o, S\u00e3o Francisco.<\/p>\n\n\n\n<p><strong>CRAS JAPIIM<\/strong><br><strong>Telefone:<\/strong> 98855-1081<br><strong>E-mail:<\/strong> cras.japiim@pmm.am.gov.br \/ cras.japiim@yahoo.com<br><strong>Endere\u00e7o:<\/strong> Av. General Rodrigo Otavio, s\/n-Parque Senador Virgilio Filho(Lagoa do japiim) \u2013 Bairro Japiim CEP 69.077-000<br><strong>\u00c1rea de Abrang\u00eancia:<\/strong> Japiim I e II, Conj. At\u00edlio Andreazza, Japiinl\u00e2ndia, Conj. Nova Rep\u00fablica, Coroado I, II e III, Ouro Verde, Com. Santa Luzia, Vale do Amanhecer e Distrito II (exceto Conj. Lula).<\/p>\n\n\n\n<p><strong>CRAS BET\u00c2NIA<\/strong><br><strong>Telefone:<\/strong> 3237-7678<br><strong>E-mail:<\/strong> cras.betania@pmm.am.gov.br<br><strong>Endere\u00e7o:<\/strong> Rua S\u00e3o L\u00e1zaro n\u00ba. 26 \u2013 Bet\u00e2nia, CEP 69.073-090 (Atr\u00e1s do Barat\u00e3o da Carne)<br><strong>\u00c1rea de Abrang\u00eancia: <\/strong>Bet\u00e2nia, Raiz, Santa Luzia, Educandos, Morro da Liberdade.<\/p>\n\n\n\n<p><strong>CRAS CRESPO<\/strong><br><strong>Telefone:<\/strong> 98842-5816<br><strong>E-mail:<\/strong> cras.crespo@pmm.am.gov.br<br><strong>Endere\u00e7o:<\/strong> Rua Magalh\u00e3es Barata, Beco: Olaria s\/n \u2013 Crespo CEP: 69073-166 (Entrada pela rua em frente ao CECOMIZ)<br><strong>\u00c1rea de Abrang\u00eancia: <\/strong>Crespo, S\u00e3o L\u00e1zaro, Lagoa Verde, Col\u00f4nia Oliveira Machado, Aterro (Igarap\u00e9) do 40, Distrito Industrial I, Mauazinho I e II, Pq. Mau\u00e1, Jardim Mau\u00e1, Vila da Felicidade, Manaus 2000, Vila Buriti.<\/p>\n\n\n\n<h2 class=\"wp-block-heading\">ZONA CENTRO SUL<\/h2>\n\n\n\n<p><strong>CRAS UNI\u00c3O<\/strong><br><strong>Telefone:<\/strong> 98842-2556<br><strong>E-mail:<\/strong> cras.uniao@pmm.am.gov.br<br><strong>Endere\u00e7o:<\/strong> Rua Barreirinha n\u00ba18 \u2013 Pr\u00f3ximo a Feira e em frente \u00e0 Casinha de Sa\u00fade.<br><strong>\u00c1rea de Abrang\u00eancia: <\/strong>Bairro da Uni\u00e3o, Aleixo, Adrian\u00f3polis, Flores, Pq. das Na\u00e7\u00f5es, Conj. Habitacional Beija Flor I e II, Conj. Rio Maracan\u00e3 I e II, Com. Santa Cruz, Conj. Hab. Ozias Monteiro, Conj. Hab. Mundo Novo, Com. Mundo Novo, Conj. Jo\u00e3o Bosco, Conj. Hab. Pq. das Laranjeiras, N. Sra. das Gra\u00e7as (Beco do Macedo), Chapada, Pq. 10 de Novembro, Conj. Res. Shangril\u00e1.<\/p>\n\n\n\n<h2 class=\"wp-block-heading\">ZONA OESTE<\/h2>\n\n\n\n<p><strong>CRAS COMPENSA I<\/strong><br><strong>Telefone:<\/strong> 98842-1024<br><strong>E-mail:<\/strong> cras.compensa1@pmm.am.gov.br<br><strong>Endere\u00e7o:<\/strong> Rua da Ind\u00fastria n\u00ba20, Conjunto IPASE \u2013 Compensa I, 69030-070 \u2013 ao lado da Escola Jo\u00e3o Bosco<br><strong>\u00c1rea de Abrang\u00eancia: <\/strong>Compensa I, S\u00e3o Jorge, Vila da Prata, Santo Ant\u00f4nio e S\u00e3o Geraldo.<\/p>\n\n\n\n<p><strong>CRAS COMPENSA II<\/strong><br><strong>Telefone:<\/strong> 98855-1635<br><strong>E-mail:<\/strong> cras.compensa2@pmm.am.gov.br<br><strong>Endere\u00e7o:<\/strong> Rua da Prosperidade s\/n \u2013 prox. ao terminal da linha de \u00f4nibus 113<br><strong>\u00c1rea de Abrang\u00eancia: <\/strong>Compensa II e III, Ponta Negra, Santo Agostinho, Conj. Vila Marinho, Tarum\u00e3, Tarum\u00e3 A\u00e7u, Campos Sales, Com. Pq. Riachuelo, Pq. S\u00e3o Pedro, Pq. Rio Negro I e II, Pq. Solim\u00f5es I e II, Conj. Hab. Cidad\u00e3o 10, Com. Ribeirinha N. Sra. de F\u00e1tima (Rio Negro).<\/p>\n\n\n\n<p><strong>CRAS S\u00c3O RAIMUNDO<\/strong><br><strong>Telefone:<\/strong> 98855-1465<br><strong>E-mail:<\/strong>&nbsp;<br><strong>Endere\u00e7o:<\/strong> Rua S\u00e3o Francisco, 76 \u2013 S\u00e3o Raimundo<br><strong>\u00c1rea de Abrang\u00eancia: <\/strong>S\u00e3o Raimundo, Gl\u00f3ria, N. Sra. Aparecida, Centro, Presidente Vargas (Matinha).<\/p>\n\n\n\n<h2 class=\"wp-block-heading\">ZONA CENTRO-OESTE<\/h2>\n\n\n\n<p><strong>CRAS ALVORADA I<\/strong><br><strong>Telefone:<\/strong> 98842-2565<br><strong>E-mail:<\/strong> cras.alvorada1@pmm.am.gov.br<br><strong>Endere\u00e7o:<\/strong> Rua 4, s\/n, Alvorada I. Atr\u00e1s do abrigo Moacyr Alves<br><strong>\u00c1rea de Abrang\u00eancia: <\/strong>Alvorada I e II, Dom Pedro I e II, Conj. K\u00edssia, Conj. Jardim Tropical, Conj. Cana\u00e3, Conj. Deborah, Com. Ouro Verde.<\/p>\n\n\n\n<p><strong>CRAS ALVORADA III<\/strong><br><strong>Telefone:<\/strong> 98842-4301<br><strong>E-mail:<\/strong> cras.alvorada3@pmm.am.gov.br<br><strong>Endere\u00e7o:<\/strong> Rua 13. s\/n \u2013 Alvorada III, CEP 69.042-090 (pr\u00f3x. ao Campo do Burac\u00e3o)<br><strong>\u00c1rea de Abrang\u00eancia: <\/strong>Alvorada III, L\u00edrio do Vale I e II, Conj. Flamanal, Planalto, Nova Esperan\u00e7a I e II, Conj. Campos El\u00edseos, Conj. Belvedere, Conj. Versalles.<\/p>\n\n\n\n<p><strong>CRAS REDEN\u00c7\u00c3O<\/strong><br><strong>Telefone:<\/strong> 98842-5838<br><strong>E-mail:<\/strong> cras.reden\u00e7\u00e3o@pmm.am.gov.br<br><strong>Endere\u00e7o:<\/strong> Rua Olinda com Bag\u00e9 s\/n \u2013 Pr\u00f3ximo ao UBS Posto de Sa\u00fade e o Campo do CDC<br><strong>\u00c1rea de Abrang\u00eancia: <\/strong>Reden\u00e7\u00e3o, Conj. Hil\u00e9ia I, II e III, Bairro da Paz, Conj. Ajuricaba, Com. Santa B\u00e1rbara, Conj. Eduardo Gomes, Conj. Santos Dumont.<\/p>\n\n\n\n<h2 class=\"wp-block-heading\">ZONA LESTE<\/h2>\n\n\n\n<p><strong>CRAS COL\u00d4NIA ANT\u00d4NIO ALEIXO<\/strong><br><strong>Telefone:<\/strong> 98842-7272<br><strong>E-mail:<\/strong> cras.coloniaantonioaleixo@pmm.am.gov.br; <strong>hangouts:<\/strong> crascoloniaantonioaleixo@gmail.com<br><strong>Endere\u00e7o:<\/strong> Rua Raul Ribeiro, s\/n, Comunidade 11 de Maio \u2013 Col\u00f4nia Ant\u00f4nio Aleixo<br><strong>\u00c1rea de Abrang\u00eancia: <\/strong>Col\u00f4nia Ant\u00f4nio Aleixo, Puraquequara, Comunidades Ribeirinhas, Conj. Lula.<\/p>\n\n\n\n<p><strong>CRAS PROURBIS<\/strong><br><strong>Whatssap:<\/strong> 98855-2145<br><strong>E-mail:<\/strong> cras.prourbis@pmm.am.gov.br<br><strong>Endere\u00e7o:<\/strong> Rua Porto Mariscos, 220 \u2013 Jorge Teixeira II Etapa, CEP 69.088-754<br><strong>\u00c1rea de Abrang\u00eancia: <\/strong>Jorge Teixeira I, II, III e IV, Jo\u00e3o Paulo I, II, III e IV, Val Paraiso (Morro da Catita), Com. Coliseu, Bairro Novo, Com. Chico Mendes, Nova Floresta, Santa In\u00eas, Ramal Nova Esperan\u00e7a, Ramal do Brasileirinho, Ramal do Ipiranga.<\/p>\n\n\n\n<p><strong>CRAS S\u00c3O JOS\u00c9 III<\/strong><br><strong>Telefone:<\/strong> 3639-7996 \/ 98844-5568<br><strong>E-mail:<\/strong> cras.saojose3@pmm.am.gov.br<br><strong>Endere\u00e7o:<\/strong> Rua 04 s\/n \u2013 S\u00e3o Jos\u00e9 Oper\u00e1rio, ao lado Campo de futebol do Bahia \u2013 Manaus \u2013 AM, 69086-050<br><strong>\u00c1rea de Abrang\u00eancia: <\/strong>S\u00e3o Jos\u00e9 I, II (incluindo etapa B) e III, S\u00e3o Jos\u00e9 dos Campos, Zumbi I, II e III, Armando Mendes, Com. da Sharp, Lot. Castanheira, Conj. Castanheira, Colina do Aleixo.<\/p>\n\n\n\n<p><strong>CRAS S\u00c3O JOS\u00c9 IV<\/strong><br><strong>Telefone:<\/strong> 98844-5040&nbsp;<br><strong>E-mail:<\/strong> cras.saojose4@gmail.com<br><strong>Endere\u00e7o:<\/strong> Rua Barreirinha s\/n \u2013 S\u00e3o Jos\u00e9 III (no Centro de Conviv\u00eancia da Fam\u00edlia e do Idoso Prefeito Jos\u00e9 Fernandes)<br><strong>\u00c1rea de Abrang\u00eancia: <\/strong>S\u00e3o Jos\u00e9 Oper\u00e1rio IV, Com. de Deus, Gilberto Mestrinho, Grande Vit\u00f3ria, Nova Conquista, Nova Vit\u00f3ria, Novo Reino I e II, S\u00e3o Lucas I e II, Cidade do Leste e Tancredo Neves.<\/p>\n\n\n\n<h2 class=\"wp-block-heading\">ZONA NORTE<\/h2>\n\n\n\n<p><strong>CRAS ALFREDO NASCIMENTO<\/strong><br><strong>Telefone:<\/strong> 98842-7280<br><strong>E-mail:<\/strong> cras.alfredonascimento@pmm.am.gov.br<br><strong>Endere\u00e7o:<\/strong> Rua 08, n\u00ba13 \u2013 Alfredo Nascimento, CEP 69099-435 (Pr\u00f3ximo a Esc. Est. Antistenes Pinto)<br><strong>\u00c1rea de Abrang\u00eancia: <\/strong>Cidade de Deus I e II, Conj. Alfredo Nascimento I e II, Alian\u00e7a com Deus, Com. N. Sra. de F\u00e1tima II e Lot. Fazendinha.<\/p>\n\n\n\n<p><strong>CRAS CIDADE NOVA<\/strong><br><strong>Whatssap:<\/strong> 98855-1632<br><strong>E-mail:<\/strong> cras.cidadenova@pmm.am.gov.br<br><strong>Endere\u00e7o:<\/strong> Rua C Q\/67 n\u00ba47, Conj.Fc\u00aa Mendes \u2013 Cidade Nova, CEP: 69.097-74 (ao lado do terminal do \u00f4nibus 418)<br><strong>\u00c1rea de Abrang\u00eancia: <\/strong>Cidade Nova I -N\u00facleos: 1, Conj. Osvaldo Frota I e II, Conj. Am\u00e9rico Medeiros, Conj. Sergio Pessoa Neto, Conj. Renato Souza Pinto I e II, Conj. Canaranas I, II e III, Conj. Francisca Mendes I, II, Invas\u00e3o Francisca Mendes, Com. Riacho Doce I, II, III, Com. Raio de Sol, Com. Sim\u00e3o Cardoso, Conj. Carlos Braga, Conj. Galileia, Conj. Ribeiro Junior, Cidade Nova II \u2013 N\u00facleo: 7 e 8, Conj. Baixada Fluminense, Conj. Vila Real, Lagoa Azul, Nova Cidade, Conj. Jo\u00e3o Paulo, Conj. Buritis, Invas\u00e3o Pq. Buritis, Pq. Eduardo Braga, Uni\u00e3o da Vit\u00f3ria, Com. Uni\u00e3o da Vit\u00f3ria, Conj. Hab. Cidad\u00e3o do 1 ao 9, Conj. Hab. Cidad\u00e3o 11 e 12, Zona Rural BR-174, Col\u00f4nia Japonesa, Ramal do Pau Rosa (Km 21) e Loteamentos, AM 010 (at\u00e9 km 41), Com. Extrativista Caldeir\u00e3o e Invas\u00e3o Lagoa Azul.<\/p>\n\n\n\n<p><strong>CRAS TERRA NOVA<\/strong><br><strong>Whatssap:<\/strong> 98855-1327<br><strong>E-mail:<\/strong> cras.terranova@pmm.am.gov.br \/ crasterranova@gmail.com<br><strong>Endere\u00e7o:<\/strong> Shopping Via Norte \u2013 Av. Arquiteto Jos\u00e9 Henrique Bento Rodrigues, 3760 \u2013 Monte das Oliveiras, Manaus \u2013 AM, CEP 69093-149<br><strong>\u00c1rea de Abrang\u00eancia: <\/strong>Terra Nova I, II e III, Lot. Luizinho, Com. Florestal I e II, Com. Jesus Me Deu, Com. Santa Marta, Novo Israel I, II e III, Com. Am\u00e9rica do Sul, Com. Celebridade, Com. S\u00e3o Luiz, Com. Jos\u00e9 Bonif\u00e1cio, Pq. Cana\u00e3, Santa Etelvina, Conj. Res. Viver Melhor 1, Lot. Agnus Dey, Lot. Jardim Fortaleza, Lot. Jardim Raquel, Lot. Santa Tereza, Lot. Rio Piorini I ao IV, Lot. Cidad\u00e3o Manauara, Com. Acara, Com. Novo Milenium, Com. Para\u00edso Verde, Invas\u00e3o S\u00e3o Jo\u00e3o, Monte das Oliveiras, Invas\u00e3o Monte Cristo, Com. Luiz Ot\u00e1vio, Monte Pascoal, Col\u00f4nia Santo Ant\u00f4nio, Vale do Sinai, Monte Sinai, Conj. Manoa, Lot. Bom Pastor, Lot. Santo Ant\u00f4nio.<\/p>\n\n\n\n<p><strong>CRAS MUTIR\u00c3O<\/strong><br><strong>Telefone:<\/strong> (liga\u00e7\u00e3o e whatssap): 99913-9798<br><strong>E-mail:<\/strong> cras.mutirao@pmm.am.gov.br<br><strong>Endere\u00e7o:<\/strong> Rua 04, quadra 5 n\u00ba 85 \u2013 Amazonino Mendes \u2013 Pr\u00f3x. ao 6\u00ba DP<br><strong>\u00c1rea de Abrang\u00eancia: <\/strong>Conj. Amazonino Mendes I e II, Novo Aleixo I, II e III, Cidade Nova II \u2013 N\u00facleo 2 a 24 (menos 7 e 8), Conj. Amadeu Botelho, Conj. Boas Novas, Pq. das Gar\u00e7as, \u00c1guas Claras, Com. N. Sra. do Perp\u00e9tuo Socorro, Com. N. Sra. de F\u00e1tima I.<\/p>\n\n\n\n<p><strong>CRAS NOSSA SENHORA DA CONCEI\u00c7\u00c3O<\/strong><br><strong>Telefone:<\/strong> 98842-7877<br><strong>E-mail:<\/strong> cras.nossasenhoradaconceicao@pmm.am.gov.br<br><strong>Endere\u00e7o:<\/strong> Rua \u00c1guas Marinhas n\u00ba. 142 \u2013 Cidade Nova, CEP 69.099-392 (Entrada por tr\u00e1s da Garagem de \u00f4nibus da Uni\u00e3o Cascavel)<br><strong>\u00c1rea de Abrang\u00eancia: <\/strong>Conj. Gustavo Nascimento, Monte Si\u00e3o, Conj. Braga Mendes, Conj. Res. Viver Melhor 2 e 3, N. Sra. da Concei\u00e7\u00e3o, Conj. Res. Ben Hur e Conj. Res. Vila Nova.<\/p>\n","protected":false},"excerpt":{"rendered":"","protected":false},"author":27,"featured_media":0,"parent":0,"menu_order":0,"comment_status":"closed","ping_status":"closed","template":"page_servicos.php","meta":{"footnotes":""},"acf":[],"yoast_head":"<!-- This site is optimized with the Yoast SEO plugin v23.0 - https:\/\/yoast.com\/wordpress\/plugins\/seo\/ -->\n<title>Cadastro \u00danico - SEMASC<\/title>\n<meta name=\"robots\" content=\"noindex, follow\" \/>\n<meta property=\"og:locale\" content=\"pt_BR\" \/>\n<meta property=\"og:type\" content=\"article\" \/>\n<meta property=\"og:title\" content=\"Cadastro \u00danico - SEMASC\" \/>\n<meta property=\"og:url\" content=\"https:\/\/www.manaus.am.gov.br\/semasc\/cadastro-unico\/\" \/>\n<meta property=\"og:site_name\" content=\"SEMASC\" \/>\n<meta property=\"article:publisher\" content=\"https:\/\/www.facebook.com\/semascmanaus\" \/>\n<meta property=\"article:modified_time\" content=\"2024-04-26T16:50:37+00:00\" \/>\n<meta property=\"og:image\" content=\"https:\/\/www.manaus.am.gov.br\/semasc\/wp-content\/uploads\/sites\/17\/2024\/07\/thumb-default-2.png\" \/>\n\t<meta property=\"og:image:width\" content=\"966\" \/>\n\t<meta property=\"og:image:height\" content=\"520\" \/>\n\t<meta property=\"og:image:type\" content=\"image\/png\" \/>\n<meta name=\"twitter:card\" content=\"summary_large_image\" \/>\n<meta name=\"twitter:label1\" content=\"Est. reading time\" \/>\n\t<meta name=\"twitter:data1\" content=\"8 minutos\" \/>\n<script type=\"application\/ld+json\" class=\"yoast-schema-graph\">{\"@context\":\"https:\/\/schema.org\",\"@graph\":[{\"@type\":\"WebPage\",\"@id\":\"https:\/\/www.manaus.am.gov.br\/semasc\/cadastro-unico\/\",\"url\":\"https:\/\/www.manaus.am.gov.br\/semasc\/cadastro-unico\/\",\"name\":\"Cadastro \u00danico - SEMASC\",\"isPartOf\":{\"@id\":\"https:\/\/www.manaus.am.gov.br\/semasc\/#website\"},\"datePublished\":\"2023-07-14T13:18:04+00:00\",\"dateModified\":\"2024-04-26T16:50:37+00:00\",\"breadcrumb\":{\"@id\":\"https:\/\/www.manaus.am.gov.br\/semasc\/cadastro-unico\/#breadcrumb\"},\"inLanguage\":\"pt-BR\",\"potentialAction\":[{\"@type\":\"ReadAction\",\"target\":[\"https:\/\/www.manaus.am.gov.br\/semasc\/cadastro-unico\/\"]}]},{\"@type\":\"BreadcrumbList\",\"@id\":\"https:\/\/www.manaus.am.gov.br\/semasc\/cadastro-unico\/#breadcrumb\",\"itemListElement\":[{\"@type\":\"ListItem\",\"position\":1,\"name\":\"Home\",\"item\":\"https:\/\/www.manaus.am.gov.br\/semasc\/\"},{\"@type\":\"ListItem\",\"position\":2,\"name\":\"Cadastro \u00danico\"}]},{\"@type\":\"WebSite\",\"@id\":\"https:\/\/www.manaus.am.gov.br\/semasc\/#website\",\"url\":\"https:\/\/www.manaus.am.gov.br\/semasc\/\",\"name\":\"SEMASC\",\"description\":\"Secretaria Municipal da Mulher, Assist\u00eancia Social e Cidadania.\",\"publisher\":{\"@id\":\"https:\/\/www.manaus.am.gov.br\/semasc\/#organization\"},\"alternateName\":\"Secretaria Municipal da Mulher, Assist\u00eancia Social e Cidadania\",\"potentialAction\":[{\"@type\":\"SearchAction\",\"target\":{\"@type\":\"EntryPoint\",\"urlTemplate\":\"https:\/\/www.manaus.am.gov.br\/semasc\/?s={search_term_string}\"},\"query-input\":\"required name=search_term_string\"}],\"inLanguage\":\"pt-BR\"},{\"@type\":\"Organization\",\"@id\":\"https:\/\/www.manaus.am.gov.br\/semasc\/#organization\",\"name\":\"Prefeitura de Manaus\",\"alternateName\":\"Prefeitura Municipal de Manaus\",\"url\":\"https:\/\/www.manaus.am.gov.br\/semasc\/\",\"logo\":{\"@type\":\"ImageObject\",\"inLanguage\":\"pt-BR\",\"@id\":\"https:\/\/www.manaus.am.gov.br\/semasc\/#\/schema\/logo\/image\/\",\"url\":\"https:\/\/www.manaus.am.gov.br\/semasc\/wp-content\/uploads\/sites\/17\/2024\/07\/favicon.png\",\"contentUrl\":\"https:\/\/www.manaus.am.gov.br\/semasc\/wp-content\/uploads\/sites\/17\/2024\/07\/favicon.png\",\"width\":300,\"height\":300,\"caption\":\"Prefeitura de Manaus\"},\"image\":{\"@id\":\"https:\/\/www.manaus.am.gov.br\/semasc\/#\/schema\/logo\/image\/\"},\"sameAs\":[\"https:\/\/www.facebook.com\/semascmanaus\",\"https:\/\/www.instagram.com\/semascmanaus\/\"]}]}<\/script>\n<!-- \/ Yoast SEO plugin. -->","yoast_head_json":{"title":"Cadastro \u00danico - SEMASC","robots":{"index":"noindex","follow":"follow"},"og_locale":"pt_BR","og_type":"article","og_title":"Cadastro \u00danico - SEMASC","og_url":"https:\/\/www.manaus.am.gov.br\/semasc\/cadastro-unico\/","og_site_name":"SEMASC","article_publisher":"https:\/\/www.facebook.com\/semascmanaus","article_modified_time":"2024-04-26T16:50:37+00:00","og_image":[{"width":966,"height":520,"url":"https:\/\/www.manaus.am.gov.br\/semasc\/wp-content\/uploads\/sites\/17\/2024\/07\/thumb-default-2.png","type":"image\/png"}],"twitter_card":"summary_large_image","twitter_misc":{"Est. reading time":"8 minutos"},"schema":{"@context":"https:\/\/schema.org","@graph":[{"@type":"WebPage","@id":"https:\/\/www.manaus.am.gov.br\/semasc\/cadastro-unico\/","url":"https:\/\/www.manaus.am.gov.br\/semasc\/cadastro-unico\/","name":"Cadastro \u00danico - SEMASC","isPartOf":{"@id":"https:\/\/www.manaus.am.gov.br\/semasc\/#website"},"datePublished":"2023-07-14T13:18:04+00:00","dateModified":"2024-04-26T16:50:37+00:00","breadcrumb":{"@id":"https:\/\/www.manaus.am.gov.br\/semasc\/cadastro-unico\/#breadcrumb"},"inLanguage":"pt-BR","potentialAction":[{"@type":"ReadAction","target":["https:\/\/www.manaus.am.gov.br\/semasc\/cadastro-unico\/"]}]},{"@type":"BreadcrumbList","@id":"https:\/\/www.manaus.am.gov.br\/semasc\/cadastro-unico\/#breadcrumb","itemListElement":[{"@type":"ListItem","position":1,"name":"Home","item":"https:\/\/www.manaus.am.gov.br\/semasc\/"},{"@type":"ListItem","position":2,"name":"Cadastro \u00danico"}]},{"@type":"WebSite","@id":"https:\/\/www.manaus.am.gov.br\/semasc\/#website","url":"https:\/\/www.manaus.am.gov.br\/semasc\/","name":"SEMASC","description":"Secretaria Municipal da Mulher, Assist\u00eancia Social e Cidadania.","publisher":{"@id":"https:\/\/www.manaus.am.gov.br\/semasc\/#organization"},"alternateName":"Secretaria Municipal da Mulher, Assist\u00eancia Social e Cidadania","potentialAction":[{"@type":"SearchAction","target":{"@type":"EntryPoint","urlTemplate":"https:\/\/www.manaus.am.gov.br\/semasc\/?s={search_term_string}"},"query-input":"required name=search_term_string"}],"inLanguage":"pt-BR"},{"@type":"Organization","@id":"https:\/\/www.manaus.am.gov.br\/semasc\/#organization","name":"Prefeitura de Manaus","alternateName":"Prefeitura Municipal de Manaus","url":"https:\/\/www.manaus.am.gov.br\/semasc\/","logo":{"@type":"ImageObject","inLanguage":"pt-BR","@id":"https:\/\/www.manaus.am.gov.br\/semasc\/#\/schema\/logo\/image\/","url":"https:\/\/www.manaus.am.gov.br\/semasc\/wp-content\/uploads\/sites\/17\/2024\/07\/favicon.png","contentUrl":"https:\/\/www.manaus.am.gov.br\/semasc\/wp-content\/uploads\/sites\/17\/2024\/07\/favicon.png","width":300,"height":300,"caption":"Prefeitura de Manaus"},"image":{"@id":"https:\/\/www.manaus.am.gov.br\/semasc\/#\/schema\/logo\/image\/"},"sameAs":["https:\/\/www.facebook.com\/semascmanaus","https:\/\/www.instagram.com\/semascmanaus\/"]}]}},"_links":{"self":[{"href":"https:\/\/www.manaus.am.gov.br\/semasc\/wp-json\/wp\/v2\/pages\/207762"}],"collection":[{"href":"https:\/\/www.manaus.am.gov.br\/semasc\/wp-json\/wp\/v2\/pages"}],"about":[{"href":"https:\/\/www.manaus.am.gov.br\/semasc\/wp-json\/wp\/v2\/types\/page"}],"author":[{"embeddable":true,"href":"https:\/\/www.manaus.am.gov.br\/semasc\/wp-json\/wp\/v2\/users\/27"}],"replies":[{"embeddable":true,"href":"https:\/\/www.manaus.am.gov.br\/semasc\/wp-json\/wp\/v2\/comments?post=207762"}],"version-history":[{"count":10,"href":"https:\/\/www.manaus.am.gov.br\/semasc\/wp-json\/wp\/v2\/pages\/207762\/revisions"}],"predecessor-version":[{"id":210251,"href":"https:\/\/www.manaus.am.gov.br\/semasc\/wp-json\/wp\/v2\/pages\/207762\/revisions\/210251"}],"wp:attachment":[{"href":"https:\/\/www.manaus.am.gov.br\/semasc\/wp-json\/wp\/v2\/media?parent=207762"}],"curies":[{"name":"wp","href":"https:\/\/api.w.org\/{rel}","templated":true}]}}