{"id":522,"date":"2023-05-19T16:01:58","date_gmt":"2023-05-19T20:01:58","guid":{"rendered":"https:\/\/www.manaus.am.gov.br\/semad\/?page_id=522"},"modified":"2023-05-19T16:01:58","modified_gmt":"2023-05-19T20:01:58","slug":"legislacao","status":"publish","type":"page","link":"https:\/\/www.manaus.am.gov.br\/semad\/bolsa-idiomas\/legislacao\/","title":{"rendered":"Legisla\u00e7\u00e3o"},"content":{"rendered":"\n<h2 class=\"wp-block-heading\"><a href=\"https:\/\/www.manaus.am.gov.br\/semad\/wp-content\/uploads\/sites\/21\/2023\/05\/1-Lei-no-1.734-PBI.pdf\" target=\"_blank\" rel=\"noreferrer noopener\">LEI N\u00ba 1.734, DE 06 DE JUNHO DE 2013<\/a><\/h2>\n\n\n\n<p>Cria o Programa Bolsa Idiomas e d\u00e1 outras provid\u00eancias.<\/p>\n\n\n\n<h2 class=\"wp-block-heading\"><a href=\"https:\/\/www.manaus.am.gov.br\/semad\/wp-content\/uploads\/sites\/21\/2023\/05\/2-Lei-no-1.735-PBI.pdf\" target=\"_blank\" rel=\"noreferrer noopener\">LEI N\u00ba 1.735, DE 06 DE JUNHO DE 2013<\/a><\/h2>\n\n\n\n<p>Disp\u00f5e sobre compensa\u00e7\u00e3o de cr\u00e9ditos tribut\u00e1rios a institui\u00e7\u00f5es de ensino que participem do Programa Bolsa Idiomas e d\u00e1 outras provid\u00eancias.<\/p>\n\n\n\n<h2 class=\"wp-block-heading\"><a href=\"https:\/\/www.manaus.am.gov.br\/semad\/wp-content\/uploads\/sites\/21\/2023\/05\/3-Decreto-no-2402-PBI.pdf\" target=\"_blank\" rel=\"noreferrer noopener\">DECRETO N\u00ba 2.401, DE 9 DE JULHO DE 2013<\/a><\/h2>\n\n\n\n<p>Delega compet\u00eancia para a pr\u00e1tica dos atos que menciona, e d\u00e1 outras providencias.<\/p>\n\n\n\n<h2 class=\"wp-block-heading\"><a href=\"https:\/\/www.manaus.am.gov.br\/semad\/wp-content\/uploads\/sites\/21\/2023\/05\/4-Decreto-no-2403-PBI.pdf\" target=\"_blank\" rel=\"noreferrer noopener\">DECRETO N\u00ba 2.403, DE 9 DE JULHO DE 2013<\/a><\/h2>\n\n\n\n<p>Regulamenta a Lei n\u00ba 1.735, de 6 de junho de 2013, que disp\u00f5e sobre a compensa\u00e7\u00e3o de cr\u00e9ditos tribut\u00e1rios a Institui\u00e7\u00f5es de Ensino que participem do Programa Bolsa Idiomas.<\/p>\n","protected":false},"excerpt":{"rendered":"","protected":false},"author":27,"featured_media":0,"parent":512,"menu_order":2,"comment_status":"closed","ping_status":"closed","template":"templates\/prefeitura.php","meta":{"footnotes":""},"acf":[],"yoast_head":"<!-- This site is optimized with the Yoast SEO plugin v23.0 - https:\/\/yoast.com\/wordpress\/plugins\/seo\/ -->\n<title>Legisla\u00e7\u00e3o - SEMAD<\/title>\n<meta name=\"robots\" content=\"noindex, follow\" \/>\n<meta property=\"og:locale\" content=\"pt_BR\" \/>\n<meta property=\"og:type\" content=\"article\" \/>\n<meta property=\"og:title\" content=\"Legisla\u00e7\u00e3o - SEMAD\" \/>\n<meta property=\"og:url\" content=\"https:\/\/www.manaus.am.gov.br\/semad\/bolsa-idiomas\/legislacao\/\" \/>\n<meta property=\"og:site_name\" content=\"SEMAD\" \/>\n<meta property=\"og:image\" content=\"https:\/\/www.manaus.am.gov.br\/semad\/wp-content\/uploads\/sites\/21\/2024\/07\/thumb-default-2.png\" \/>\n\t<meta property=\"og:image:width\" content=\"966\" \/>\n\t<meta property=\"og:image:height\" content=\"520\" \/>\n\t<meta property=\"og:image:type\" content=\"image\/png\" \/>\n<meta name=\"twitter:card\" content=\"summary_large_image\" \/>\n<meta name=\"twitter:label1\" content=\"Est. reading time\" \/>\n\t<meta name=\"twitter:data1\" content=\"1 minuto\" \/>\n<script type=\"application\/ld+json\" class=\"yoast-schema-graph\">{\"@context\":\"https:\/\/schema.org\",\"@graph\":[{\"@type\":\"WebPage\",\"@id\":\"https:\/\/www.manaus.am.gov.br\/semad\/bolsa-idiomas\/legislacao\/\",\"url\":\"https:\/\/www.manaus.am.gov.br\/semad\/bolsa-idiomas\/legislacao\/\",\"name\":\"Legisla\u00e7\u00e3o - SEMAD\",\"isPartOf\":{\"@id\":\"https:\/\/www.manaus.am.gov.br\/semad\/#website\"},\"datePublished\":\"2023-05-19T20:01:58+00:00\",\"dateModified\":\"2023-05-19T20:01:58+00:00\",\"breadcrumb\":{\"@id\":\"https:\/\/www.manaus.am.gov.br\/semad\/bolsa-idiomas\/legislacao\/#breadcrumb\"},\"inLanguage\":\"pt-BR\",\"potentialAction\":[{\"@type\":\"ReadAction\",\"target\":[\"https:\/\/www.manaus.am.gov.br\/semad\/bolsa-idiomas\/legislacao\/\"]}]},{\"@type\":\"BreadcrumbList\",\"@id\":\"https:\/\/www.manaus.am.gov.br\/semad\/bolsa-idiomas\/legislacao\/#breadcrumb\",\"itemListElement\":[{\"@type\":\"ListItem\",\"position\":1,\"name\":\"Home\",\"item\":\"https:\/\/www.manaus.am.gov.br\/semad\/\"},{\"@type\":\"ListItem\",\"position\":2,\"name\":\"BOLSA IDIOMAS\",\"item\":\"https:\/\/www.manaus.am.gov.br\/semad\/bolsa-idiomas\/\"},{\"@type\":\"ListItem\",\"position\":3,\"name\":\"Legisla\u00e7\u00e3o\"}]},{\"@type\":\"WebSite\",\"@id\":\"https:\/\/www.manaus.am.gov.br\/semad\/#website\",\"url\":\"https:\/\/www.manaus.am.gov.br\/semad\/\",\"name\":\"SEMAD\",\"description\":\"Prefeitura de Manaus\",\"publisher\":{\"@id\":\"https:\/\/www.manaus.am.gov.br\/semad\/#organization\"},\"alternateName\":\"Secretaria Municipal de Administra\u00e7\u00e3o, Planejamento e Gest\u00e3o\",\"potentialAction\":[{\"@type\":\"SearchAction\",\"target\":{\"@type\":\"EntryPoint\",\"urlTemplate\":\"https:\/\/www.manaus.am.gov.br\/semad\/?s={search_term_string}\"},\"query-input\":\"required name=search_term_string\"}],\"inLanguage\":\"pt-BR\"},{\"@type\":\"Organization\",\"@id\":\"https:\/\/www.manaus.am.gov.br\/semad\/#organization\",\"name\":\"Prefeitura Municipal de Manaus\",\"alternateName\":\"Prefeitura de Manaus\",\"url\":\"https:\/\/www.manaus.am.gov.br\/semad\/\",\"logo\":{\"@type\":\"ImageObject\",\"inLanguage\":\"pt-BR\",\"@id\":\"https:\/\/www.manaus.am.gov.br\/semad\/#\/schema\/logo\/image\/\",\"url\":\"https:\/\/www.manaus.am.gov.br\/semad\/wp-content\/uploads\/sites\/21\/2024\/07\/favicon.png\",\"contentUrl\":\"https:\/\/www.manaus.am.gov.br\/semad\/wp-content\/uploads\/sites\/21\/2024\/07\/favicon.png\",\"width\":300,\"height\":300,\"caption\":\"Prefeitura Municipal de Manaus\"},\"image\":{\"@id\":\"https:\/\/www.manaus.am.gov.br\/semad\/#\/schema\/logo\/image\/\"}}]}<\/script>\n<!-- \/ Yoast SEO plugin. -->","yoast_head_json":{"title":"Legisla\u00e7\u00e3o - SEMAD","robots":{"index":"noindex","follow":"follow"},"og_locale":"pt_BR","og_type":"article","og_title":"Legisla\u00e7\u00e3o - SEMAD","og_url":"https:\/\/www.manaus.am.gov.br\/semad\/bolsa-idiomas\/legislacao\/","og_site_name":"SEMAD","og_image":[{"width":966,"height":520,"url":"https:\/\/www.manaus.am.gov.br\/semad\/wp-content\/uploads\/sites\/21\/2024\/07\/thumb-default-2.png","type":"image\/png"}],"twitter_card":"summary_large_image","twitter_misc":{"Est. reading time":"1 minuto"},"schema":{"@context":"https:\/\/schema.org","@graph":[{"@type":"WebPage","@id":"https:\/\/www.manaus.am.gov.br\/semad\/bolsa-idiomas\/legislacao\/","url":"https:\/\/www.manaus.am.gov.br\/semad\/bolsa-idiomas\/legislacao\/","name":"Legisla\u00e7\u00e3o - SEMAD","isPartOf":{"@id":"https:\/\/www.manaus.am.gov.br\/semad\/#website"},"datePublished":"2023-05-19T20:01:58+00:00","dateModified":"2023-05-19T20:01:58+00:00","breadcrumb":{"@id":"https:\/\/www.manaus.am.gov.br\/semad\/bolsa-idiomas\/legislacao\/#breadcrumb"},"inLanguage":"pt-BR","potentialAction":[{"@type":"ReadAction","target":["https:\/\/www.manaus.am.gov.br\/semad\/bolsa-idiomas\/legislacao\/"]}]},{"@type":"BreadcrumbList","@id":"https:\/\/www.manaus.am.gov.br\/semad\/bolsa-idiomas\/legislacao\/#breadcrumb","itemListElement":[{"@type":"ListItem","position":1,"name":"Home","item":"https:\/\/www.manaus.am.gov.br\/semad\/"},{"@type":"ListItem","position":2,"name":"BOLSA IDIOMAS","item":"https:\/\/www.manaus.am.gov.br\/semad\/bolsa-idiomas\/"},{"@type":"ListItem","position":3,"name":"Legisla\u00e7\u00e3o"}]},{"@type":"WebSite","@id":"https:\/\/www.manaus.am.gov.br\/semad\/#website","url":"https:\/\/www.manaus.am.gov.br\/semad\/","name":"SEMAD","description":"Prefeitura de Manaus","publisher":{"@id":"https:\/\/www.manaus.am.gov.br\/semad\/#organization"},"alternateName":"Secretaria Municipal de Administra\u00e7\u00e3o, Planejamento e Gest\u00e3o","potentialAction":[{"@type":"SearchAction","target":{"@type":"EntryPoint","urlTemplate":"https:\/\/www.manaus.am.gov.br\/semad\/?s={search_term_string}"},"query-input":"required name=search_term_string"}],"inLanguage":"pt-BR"},{"@type":"Organization","@id":"https:\/\/www.manaus.am.gov.br\/semad\/#organization","name":"Prefeitura Municipal de Manaus","alternateName":"Prefeitura de Manaus","url":"https:\/\/www.manaus.am.gov.br\/semad\/","logo":{"@type":"ImageObject","inLanguage":"pt-BR","@id":"https:\/\/www.manaus.am.gov.br\/semad\/#\/schema\/logo\/image\/","url":"https:\/\/www.manaus.am.gov.br\/semad\/wp-content\/uploads\/sites\/21\/2024\/07\/favicon.png","contentUrl":"https:\/\/www.manaus.am.gov.br\/semad\/wp-content\/uploads\/sites\/21\/2024\/07\/favicon.png","width":300,"height":300,"caption":"Prefeitura Municipal de Manaus"},"image":{"@id":"https:\/\/www.manaus.am.gov.br\/semad\/#\/schema\/logo\/image\/"}}]}},"_links":{"self":[{"href":"https:\/\/www.manaus.am.gov.br\/semad\/wp-json\/wp\/v2\/pages\/522"}],"collection":[{"href":"https:\/\/www.manaus.am.gov.br\/semad\/wp-json\/wp\/v2\/pages"}],"about":[{"href":"https:\/\/www.manaus.am.gov.br\/semad\/wp-json\/wp\/v2\/types\/page"}],"author":[{"embeddable":true,"href":"https:\/\/www.manaus.am.gov.br\/semad\/wp-json\/wp\/v2\/users\/27"}],"replies":[{"embeddable":true,"href":"https:\/\/www.manaus.am.gov.br\/semad\/wp-json\/wp\/v2\/comments?post=522"}],"version-history":[{"count":1,"href":"https:\/\/www.manaus.am.gov.br\/semad\/wp-json\/wp\/v2\/pages\/522\/revisions"}],"predecessor-version":[{"id":523,"href":"https:\/\/www.manaus.am.gov.br\/semad\/wp-json\/wp\/v2\/pages\/522\/revisions\/523"}],"up":[{"embeddable":true,"href":"https:\/\/www.manaus.am.gov.br\/semad\/wp-json\/wp\/v2\/pages\/512"}],"wp:attachment":[{"href":"https:\/\/www.manaus.am.gov.br\/semad\/wp-json\/wp\/v2\/media?parent=522"}],"curies":[{"name":"wp","href":"https:\/\/api.w.org\/{rel}","templated":true}]}}

Legislação

<h2 class="wp-block-heading"><a href="https://www.manaus.am.gov.br/semad/wp-content/uploads/sites/21/2023/05/1-Lei-no-1.734-PBI.pdf" target="_blank" rel="noreferrer noopener">LEI Nº 1.734, DE 06 DE JUNHO DE 2013</a></h2>



<p>Cria o Programa Bolsa Idiomas e dá outras providências.</p>



<h2 class="wp-block-heading"><a href="https://www.manaus.am.gov.br/semad/wp-content/uploads/sites/21/2023/05/2-Lei-no-1.735-PBI.pdf" target="_blank" rel="noreferrer noopener">LEI Nº 1.735, DE 06 DE JUNHO DE 2013</a></h2>



<p>Dispõe sobre compensação de créditos tributários a instituições de ensino que participem do Programa Bolsa Idiomas e dá outras providências.</p>



<h2 class="wp-block-heading"><a href="https://www.manaus.am.gov.br/semad/wp-content/uploads/sites/21/2023/05/3-Decreto-no-2402-PBI.pdf" target="_blank" rel="noreferrer noopener">DECRETO Nº 2.401, DE 9 DE JULHO DE 2013</a></h2>



<p>Delega competência para a prática dos atos que menciona, e dá outras providencias.</p>



<h2 class="wp-block-heading"><a href="https://www.manaus.am.gov.br/semad/wp-content/uploads/sites/21/2023/05/4-Decreto-no-2403-PBI.pdf" target="_blank" rel="noreferrer noopener">DECRETO Nº 2.403, DE 9 DE JULHO DE 2013</a></h2>



<p>Regulamenta a Lei nº 1.735, de 6 de junho de 2013, que dispõe sobre a compensação de créditos tributários a Instituições de Ensino que participem do Programa Bolsa Idiomas.</p>

<!-- This site is optimized with the Yoast SEO plugin v23.0 - https://yoast.com/wordpress/plugins/seo/ -->
<title>Legislação - SEMAD</title>
<meta name="robots" content="noindex, follow" />
<meta property="og:locale" content="pt_BR" />
<meta property="og:type" content="article" />
<meta property="og:title" content="Legislação - SEMAD" />
<meta property="og:url" content="https://www.manaus.am.gov.br/semad/bolsa-idiomas/legislacao/" />
<meta property="og:site_name" content="SEMAD" />
<meta property="og:image" content="https://www.manaus.am.gov.br/semad/wp-content/uploads/sites/21/2024/07/thumb-default-2.png" />
	<meta property="og:image:width" content="966" />
	<meta property="og:image:height" content="520" />
	<meta property="og:image:type" content="image/png" />
<meta name="twitter:card" content="summary_large_image" />
<meta name="twitter:label1" content="Est. reading time" />
	<meta name="twitter:data1" content="1 minuto" />
<script type="application/ld+json" class="yoast-schema-graph">{"@context":"https://schema.org","@graph":[{"@type":"WebPage","@id":"https://www.manaus.am.gov.br/semad/bolsa-idiomas/legislacao/","url":"https://www.manaus.am.gov.br/semad/bolsa-idiomas/legislacao/","name":"Legislação - SEMAD","isPartOf":{"@id":"https://www.manaus.am.gov.br/semad/#website"},"datePublished":"2023-05-19T20:01:58+00:00","dateModified":"2023-05-19T20:01:58+00:00","breadcrumb":{"@id":"https://www.manaus.am.gov.br/semad/bolsa-idiomas/legislacao/#breadcrumb"},"inLanguage":"pt-BR","potentialAction":[{"@type":"ReadAction","target":["https://www.manaus.am.gov.br/semad/bolsa-idiomas/legislacao/"]}]},{"@type":"BreadcrumbList","@id":"https://www.manaus.am.gov.br/semad/bolsa-idiomas/legislacao/#breadcrumb","itemListElement":[{"@type":"ListItem","position":1,"name":"Home","item":"https://www.manaus.am.gov.br/semad/"},{"@type":"ListItem","position":2,"name":"BOLSA IDIOMAS","item":"https://www.manaus.am.gov.br/semad/bolsa-idiomas/"},{"@type":"ListItem","position":3,"name":"Legislação"}]},{"@type":"WebSite","@id":"https://www.manaus.am.gov.br/semad/#website","url":"https://www.manaus.am.gov.br/semad/","name":"SEMAD","description":"Prefeitura de Manaus","publisher":{"@id":"https://www.manaus.am.gov.br/semad/#organization"},"alternateName":"Secretaria Municipal de Administração, Planejamento e Gestão","potentialAction":[{"@type":"SearchAction","target":{"@type":"EntryPoint","urlTemplate":"https://www.manaus.am.gov.br/semad/?s={search_term_string}"},"query-input":"required name=search_term_string"}],"inLanguage":"pt-BR"},{"@type":"Organization","@id":"https://www.manaus.am.gov.br/semad/#organization","name":"Prefeitura Municipal de Manaus","alternateName":"Prefeitura de Manaus","url":"https://www.manaus.am.gov.br/semad/","logo":{"@type":"ImageObject","inLanguage":"pt-BR","@id":"https://www.manaus.am.gov.br/semad/#/schema/logo/image/","url":"https://www.manaus.am.gov.br/semad/wp-content/uploads/sites/21/2024/07/favicon.png","contentUrl":"https://www.manaus.am.gov.br/semad/wp-content/uploads/sites/21/2024/07/favicon.png","width":300,"height":300,"caption":"Prefeitura Municipal de Manaus"},"image":{"@id":"https://www.manaus.am.gov.br/semad/#/schema/logo/image/"}}]}</script>
<!-- / Yoast SEO plugin. -->

Legislação - SEMAD

Secretaria Municipal de Administração, Planejamento e Gestão
