{"id":383,"date":"2023-05-16T08:56:19","date_gmt":"2023-05-16T12:56:19","guid":{"rendered":"https:\/\/www.manaus.am.gov.br\/semad\/?page_id=383"},"modified":"2023-08-01T10:37:22","modified_gmt":"2023-08-01T14:37:22","slug":"parceiros","status":"publish","type":"page","link":"https:\/\/www.manaus.am.gov.br\/semad\/parceiros\/","title":{"rendered":"Parceiros"},"content":{"rendered":"\n<p>Para desenvolver plenamente suas atividades, a Escola de Servi\u00e7o P\u00fablico Municipal e Inclus\u00e3o Socioeducacional (Espi) conta com uma rede de parceiros com participa\u00e7\u00e3o em diferentes campos de atua\u00e7\u00e3o da escola, da capacita\u00e7\u00e3o do funcionalismo p\u00fablico \u00e0 inclus\u00e3o de pessoas de baixa renda ao ensino superior ou de especializa\u00e7\u00e3o.<\/p>\n\n\n\n<h2 class=\"wp-block-heading\">Parceiros das A\u00e7\u00f5es de Capacita\u00e7\u00e3o<\/h2>\n\n\n\n<p>Centro de Educa\u00e7\u00e3o Tecnol\u00f3gica do Amazonas (CETAM)<br>Secretaria de Estado de Administra\u00e7\u00e3o e Gest\u00e3o (SEAD)<br>Tribunal de Contas do Estado do Amazonas (TCE-AM)<br>Universidade Estadual do Amazonas (UEA)<br>Universidade Federal do Amazonas (UFAM)<\/p>\n\n\n\n<h2 class=\"wp-block-heading\">Parceiros do Programa Bolsa P\u00f3s-Gradua\u00e7\u00e3o<\/h2>\n\n\n\n<p>Centro de Ensino Superior Nilton Lins (Nilton Lins)<br>Centro De Estudos Juridicos Do Amazonas Ltda (CPJUR)<br>Centro Nacional de Qualifica\u00e7\u00e3o Profissional Ltda (Santa Teresa)<br>Centro Preparat\u00f3rio Jur\u00eddico (FAFIBE)<br>Centro Universit\u00e1rio de Ensino Superior do Amazonas (CIESA)<br>Centro Universit\u00e1rio do Norte (UNINORTE)<br>Escola Superior Batista do Amazonas (ESBAM)<br>Escolas Unidas de Ouro Preto do Oeste (UNEOURO)<br>Faculdade Boas Novas de Ci\u00eancias Teol\u00f3gicas, Sociais, Biotecnol\u00f3gicas<br>Faculdade Est\u00e1cio do Amazonas<br>Faculdade La Salle<br>Faculdade Martha Falc\u00e3o<br>Faculdade Metropolitana de Manaus (FAMETRO)<br>Faculdade Salesiana Dom Bosco<br>Instituto de Desenvolvimento Rural e Tecnol\u00f3gico Dados da Amaz\u00f4nia (IDAAM)<br>Instituto Amaz\u00f4nico de Ensino Superior (IAMES)<br>Instituto de Ensino Superior Fucapi<br>Leanorte P\u00f3s-Gradua\u00e7\u00e3o<\/p>\n\n\n\n<h2 class=\"wp-block-heading\">Parceiros do Programa Universidade<\/h2>\n\n\n\n<p>Centro Universit\u00e1rio Luterano de Manaus CEULM\/ULBRA<br>Centro de Ensino Superior Nilton Lins (Nilton Lins)<br>Centro De Estudos Juridicos Do Amazonas Ltda (CPJUR)<br>Centro Nacional de Qualifica\u00e7\u00e3o Profissional Ltda (Santa Teresa)<br>Centro Preparat\u00f3rio Jur\u00eddico (FAFIBE)<br>Centro Universit\u00e1rio de Ensino Superior do Amazonas (CIESA)<br>Centro Universit\u00e1rio do Norte (UNINORTE)<br>Escola Superior Batista do Amazonas (ESBAM)<br>Escolas Unidas de Ouro Preto do Oeste (UNEOURO)<br>Faculdade Boas Novas de Ci\u00eancias Teol\u00f3gicas, Sociais, Biotecnol\u00f3gicas<br>Faculdade de Odontologia de Manaus (IAES)<br>Faculdade Est\u00e1cio do Amazonas<br>Faculdade La Salle<br>Faculdade Martha Falc\u00e3o<br>Faculdade Maur\u00edcio De Nassau<br>Faculdade Metropolitana de Manaus<br>Faculdade Regional do Amazonas (FAM)<br>Faculdade Salesiana Dom Bosco<br>Faculdade Tahirih<br>Instituto Amaz\u00f4nico de Ensino Superior (IAMES)<br>Instituto de Desenvolvimento Rural e Tecnol\u00f3gico Dados da Amaz\u00f4nia (IDAAM)<br>Instituto de Ensino Superior Fucapi<br>Sociedade de Ensino Superior Est\u00e1cio<br>Universidade Paulista (UNIP)<\/p>\n\n\n\n<h2 class=\"wp-block-heading\">Parceiros do Programa Bolsa Idiomas<\/h2>\n\n\n\n<p>AC Centro de Idiomas Ltda (UNS)<br>Acetam \u2013 Associa\u00e7\u00e3o de Ci\u00eancias, Educa\u00e7\u00e3o E Tecnologia Da Amazonia (Martha Falc\u00e3o)<br>Ajuricaba Prestadora de Servi\u00e7os S\/S Ltda \u2013 Epp (Ciesa)<br>Am English (United Idiomas)<br>Argus Cursos E Treinamentos (Argus)<br>AS Silva de Lima Cursos Me (Multicursos)<br>Aslan Curso de Idiomas Ltda (Aslan)<br>Centro Cultural de Ensino (Cultura Inglesa)<br>Centro de Ensino e Treinamento (Nilton Lins)<br>Centro de Estudos Jur\u00eddicos do Amazonas (Santa Teresa)<br>Di Ensino de Idiomas Ltda (Wizard)<br>Digital Da Amaz\u00f4nia (Digital Da Amaz\u00f4nia)<br>Do Up English<br>Fabiano Dos Santos Bahia (Academia Washington)<br>FAMETRO<br>Fkj Idiomas (Athus Idiomas)<br>Funda\u00e7\u00e3o Centro De An\u00e1lise, Pesquisa E Inova\u00e7\u00e3o Tecnol\u00f3gica Distrito (Fucapi)<br>Go One Better Idiomas<br>Inspetoria Salesiana Missionaria da Amaz\u00f4nia Leste (Dom Bosco)<br>Instituto Cultural Brasil Estados Unidos (Icbeu)<br>J de LA Nery (Achieve Languages Manaus)<br>My Way Idiomas (My Way Abroad)<br>Oasis Cursos (Oasis Idiomas)<br>PM de Almeida Paes (Ingl\u00eas E Companhia)<br>Quality Educa\u00e7\u00e3o Profissional<br>RCF Amazon English School Eireli (Get It Academy)<br>Rocha e Aguiar Ensino de Idiomas (CCAA)<br>Romulo MA do Nascimento Junior E Cia Ltda (CNA)<br>Thank You Institute<br>Yes! Idiomas<\/p>\n","protected":false},"excerpt":{"rendered":"","protected":false},"author":27,"featured_media":0,"parent":0,"menu_order":0,"comment_status":"closed","ping_status":"closed","template":"templates\/turismo.php","meta":{"footnotes":""},"acf":[],"yoast_head":"<!-- This site is optimized with the Yoast SEO plugin v23.0 - https:\/\/yoast.com\/wordpress\/plugins\/seo\/ -->\n<title>Parceiros - SEMAD<\/title>\n<meta name=\"robots\" content=\"noindex, follow\" \/>\n<meta property=\"og:locale\" content=\"pt_BR\" \/>\n<meta property=\"og:type\" content=\"article\" \/>\n<meta property=\"og:title\" content=\"Parceiros - SEMAD\" \/>\n<meta property=\"og:url\" content=\"https:\/\/www.manaus.am.gov.br\/semad\/parceiros\/\" \/>\n<meta property=\"og:site_name\" content=\"SEMAD\" \/>\n<meta property=\"article:modified_time\" content=\"2023-08-01T14:37:22+00:00\" \/>\n<meta property=\"og:image\" content=\"https:\/\/www.manaus.am.gov.br\/semad\/wp-content\/uploads\/sites\/21\/2024\/07\/thumb-default-2.png\" \/>\n\t<meta property=\"og:image:width\" content=\"966\" \/>\n\t<meta property=\"og:image:height\" content=\"520\" \/>\n\t<meta property=\"og:image:type\" content=\"image\/png\" \/>\n<meta name=\"twitter:card\" content=\"summary_large_image\" \/>\n<meta name=\"twitter:label1\" content=\"Est. reading time\" \/>\n\t<meta name=\"twitter:data1\" content=\"3 minutos\" \/>\n<script type=\"application\/ld+json\" class=\"yoast-schema-graph\">{\"@context\":\"https:\/\/schema.org\",\"@graph\":[{\"@type\":\"WebPage\",\"@id\":\"https:\/\/www.manaus.am.gov.br\/semad\/parceiros\/\",\"url\":\"https:\/\/www.manaus.am.gov.br\/semad\/parceiros\/\",\"name\":\"Parceiros - SEMAD\",\"isPartOf\":{\"@id\":\"https:\/\/www.manaus.am.gov.br\/semad\/#website\"},\"datePublished\":\"2023-05-16T12:56:19+00:00\",\"dateModified\":\"2023-08-01T14:37:22+00:00\",\"breadcrumb\":{\"@id\":\"https:\/\/www.manaus.am.gov.br\/semad\/parceiros\/#breadcrumb\"},\"inLanguage\":\"pt-BR\",\"potentialAction\":[{\"@type\":\"ReadAction\",\"target\":[\"https:\/\/www.manaus.am.gov.br\/semad\/parceiros\/\"]}]},{\"@type\":\"BreadcrumbList\",\"@id\":\"https:\/\/www.manaus.am.gov.br\/semad\/parceiros\/#breadcrumb\",\"itemListElement\":[{\"@type\":\"ListItem\",\"position\":1,\"name\":\"Home\",\"item\":\"https:\/\/www.manaus.am.gov.br\/semad\/\"},{\"@type\":\"ListItem\",\"position\":2,\"name\":\"Parceiros\"}]},{\"@type\":\"WebSite\",\"@id\":\"https:\/\/www.manaus.am.gov.br\/semad\/#website\",\"url\":\"https:\/\/www.manaus.am.gov.br\/semad\/\",\"name\":\"SEMAD\",\"description\":\"Prefeitura de Manaus\",\"publisher\":{\"@id\":\"https:\/\/www.manaus.am.gov.br\/semad\/#organization\"},\"alternateName\":\"Secretaria Municipal de Administra\u00e7\u00e3o, Planejamento e Gest\u00e3o\",\"potentialAction\":[{\"@type\":\"SearchAction\",\"target\":{\"@type\":\"EntryPoint\",\"urlTemplate\":\"https:\/\/www.manaus.am.gov.br\/semad\/?s={search_term_string}\"},\"query-input\":\"required name=search_term_string\"}],\"inLanguage\":\"pt-BR\"},{\"@type\":\"Organization\",\"@id\":\"https:\/\/www.manaus.am.gov.br\/semad\/#organization\",\"name\":\"Prefeitura Municipal de Manaus\",\"alternateName\":\"Prefeitura de Manaus\",\"url\":\"https:\/\/www.manaus.am.gov.br\/semad\/\",\"logo\":{\"@type\":\"ImageObject\",\"inLanguage\":\"pt-BR\",\"@id\":\"https:\/\/www.manaus.am.gov.br\/semad\/#\/schema\/logo\/image\/\",\"url\":\"https:\/\/www.manaus.am.gov.br\/semad\/wp-content\/uploads\/sites\/21\/2024\/07\/favicon.png\",\"contentUrl\":\"https:\/\/www.manaus.am.gov.br\/semad\/wp-content\/uploads\/sites\/21\/2024\/07\/favicon.png\",\"width\":300,\"height\":300,\"caption\":\"Prefeitura Municipal de Manaus\"},\"image\":{\"@id\":\"https:\/\/www.manaus.am.gov.br\/semad\/#\/schema\/logo\/image\/\"}}]}<\/script>\n<!-- \/ Yoast SEO plugin. -->","yoast_head_json":{"title":"Parceiros - SEMAD","robots":{"index":"noindex","follow":"follow"},"og_locale":"pt_BR","og_type":"article","og_title":"Parceiros - SEMAD","og_url":"https:\/\/www.manaus.am.gov.br\/semad\/parceiros\/","og_site_name":"SEMAD","article_modified_time":"2023-08-01T14:37:22+00:00","og_image":[{"width":966,"height":520,"url":"https:\/\/www.manaus.am.gov.br\/semad\/wp-content\/uploads\/sites\/21\/2024\/07\/thumb-default-2.png","type":"image\/png"}],"twitter_card":"summary_large_image","twitter_misc":{"Est. reading time":"3 minutos"},"schema":{"@context":"https:\/\/schema.org","@graph":[{"@type":"WebPage","@id":"https:\/\/www.manaus.am.gov.br\/semad\/parceiros\/","url":"https:\/\/www.manaus.am.gov.br\/semad\/parceiros\/","name":"Parceiros - SEMAD","isPartOf":{"@id":"https:\/\/www.manaus.am.gov.br\/semad\/#website"},"datePublished":"2023-05-16T12:56:19+00:00","dateModified":"2023-08-01T14:37:22+00:00","breadcrumb":{"@id":"https:\/\/www.manaus.am.gov.br\/semad\/parceiros\/#breadcrumb"},"inLanguage":"pt-BR","potentialAction":[{"@type":"ReadAction","target":["https:\/\/www.manaus.am.gov.br\/semad\/parceiros\/"]}]},{"@type":"BreadcrumbList","@id":"https:\/\/www.manaus.am.gov.br\/semad\/parceiros\/#breadcrumb","itemListElement":[{"@type":"ListItem","position":1,"name":"Home","item":"https:\/\/www.manaus.am.gov.br\/semad\/"},{"@type":"ListItem","position":2,"name":"Parceiros"}]},{"@type":"WebSite","@id":"https:\/\/www.manaus.am.gov.br\/semad\/#website","url":"https:\/\/www.manaus.am.gov.br\/semad\/","name":"SEMAD","description":"Prefeitura de Manaus","publisher":{"@id":"https:\/\/www.manaus.am.gov.br\/semad\/#organization"},"alternateName":"Secretaria Municipal de Administra\u00e7\u00e3o, Planejamento e Gest\u00e3o","potentialAction":[{"@type":"SearchAction","target":{"@type":"EntryPoint","urlTemplate":"https:\/\/www.manaus.am.gov.br\/semad\/?s={search_term_string}"},"query-input":"required name=search_term_string"}],"inLanguage":"pt-BR"},{"@type":"Organization","@id":"https:\/\/www.manaus.am.gov.br\/semad\/#organization","name":"Prefeitura Municipal de Manaus","alternateName":"Prefeitura de Manaus","url":"https:\/\/www.manaus.am.gov.br\/semad\/","logo":{"@type":"ImageObject","inLanguage":"pt-BR","@id":"https:\/\/www.manaus.am.gov.br\/semad\/#\/schema\/logo\/image\/","url":"https:\/\/www.manaus.am.gov.br\/semad\/wp-content\/uploads\/sites\/21\/2024\/07\/favicon.png","contentUrl":"https:\/\/www.manaus.am.gov.br\/semad\/wp-content\/uploads\/sites\/21\/2024\/07\/favicon.png","width":300,"height":300,"caption":"Prefeitura Municipal de Manaus"},"image":{"@id":"https:\/\/www.manaus.am.gov.br\/semad\/#\/schema\/logo\/image\/"}}]}},"_links":{"self":[{"href":"https:\/\/www.manaus.am.gov.br\/semad\/wp-json\/wp\/v2\/pages\/383"}],"collection":[{"href":"https:\/\/www.manaus.am.gov.br\/semad\/wp-json\/wp\/v2\/pages"}],"about":[{"href":"https:\/\/www.manaus.am.gov.br\/semad\/wp-json\/wp\/v2\/types\/page"}],"author":[{"embeddable":true,"href":"https:\/\/www.manaus.am.gov.br\/semad\/wp-json\/wp\/v2\/users\/27"}],"replies":[{"embeddable":true,"href":"https:\/\/www.manaus.am.gov.br\/semad\/wp-json\/wp\/v2\/comments?post=383"}],"version-history":[{"count":3,"href":"https:\/\/www.manaus.am.gov.br\/semad\/wp-json\/wp\/v2\/pages\/383\/revisions"}],"predecessor-version":[{"id":711,"href":"https:\/\/www.manaus.am.gov.br\/semad\/wp-json\/wp\/v2\/pages\/383\/revisions\/711"}],"wp:attachment":[{"href":"https:\/\/www.manaus.am.gov.br\/semad\/wp-json\/wp\/v2\/media?parent=383"}],"curies":[{"name":"wp","href":"https:\/\/api.w.org\/{rel}","templated":true}]}}

<p>Para desenvolver plenamente suas atividades, a Escola de Serviço Público Municipal e Inclusão Socioeducacional (Espi) conta com uma rede de parceiros com participação em diferentes campos de atuação da escola, da capacitação do funcionalismo público à inclusão de pessoas de baixa renda ao ensino superior ou de especialização.</p>



<h2 class="wp-block-heading">Parceiros das Ações de Capacitação</h2>



<p>Centro de Educação Tecnológica do Amazonas (CETAM)<br>Secretaria de Estado de Administração e Gestão (SEAD)<br>Tribunal de Contas do Estado do Amazonas (TCE-AM)<br>Universidade Estadual do Amazonas (UEA)<br>Universidade Federal do Amazonas (UFAM)</p>



<h2 class="wp-block-heading">Parceiros do Programa Bolsa Pós-Graduação</h2>



<p>Centro de Ensino Superior Nilton Lins (Nilton Lins)<br>Centro De Estudos Juridicos Do Amazonas Ltda (CPJUR)<br>Centro Nacional de Qualificação Profissional Ltda (Santa Teresa)<br>Centro Preparatório Jurídico (FAFIBE)<br>Centro Universitário de Ensino Superior do Amazonas (CIESA)<br>Centro Universitário do Norte (UNINORTE)<br>Escola Superior Batista do Amazonas (ESBAM)<br>Escolas Unidas de Ouro Preto do Oeste (UNEOURO)<br>Faculdade Boas Novas de Ciências Teológicas, Sociais, Biotecnológicas<br>Faculdade Estácio do Amazonas<br>Faculdade La Salle<br>Faculdade Martha Falcão<br>Faculdade Metropolitana de Manaus (FAMETRO)<br>Faculdade Salesiana Dom Bosco<br>Instituto de Desenvolvimento Rural e Tecnológico Dados da Amazônia (IDAAM)<br>Instituto Amazônico de Ensino Superior (IAMES)<br>Instituto de Ensino Superior Fucapi<br>Leanorte Pós-Graduação</p>



<h2 class="wp-block-heading">Parceiros do Programa Universidade</h2>



<p>Centro Universitário Luterano de Manaus CEULM/ULBRA<br>Centro de Ensino Superior Nilton Lins (Nilton Lins)<br>Centro De Estudos Juridicos Do Amazonas Ltda (CPJUR)<br>Centro Nacional de Qualificação Profissional Ltda (Santa Teresa)<br>Centro Preparatório Jurídico (FAFIBE)<br>Centro Universitário de Ensino Superior do Amazonas (CIESA)<br>Centro Universitário do Norte (UNINORTE)<br>Escola Superior Batista do Amazonas (ESBAM)<br>Escolas Unidas de Ouro Preto do Oeste (UNEOURO)<br>Faculdade Boas Novas de Ciências Teológicas, Sociais, Biotecnológicas<br>Faculdade de Odontologia de Manaus (IAES)<br>Faculdade Estácio do Amazonas<br>Faculdade La Salle<br>Faculdade Martha Falcão<br>Faculdade Maurício De Nassau<br>Faculdade Metropolitana de Manaus<br>Faculdade Regional do Amazonas (FAM)<br>Faculdade Salesiana Dom Bosco<br>Faculdade Tahirih<br>Instituto Amazônico de Ensino Superior (IAMES)<br>Instituto de Desenvolvimento Rural e Tecnológico Dados da Amazônia (IDAAM)<br>Instituto de Ensino Superior Fucapi<br>Sociedade de Ensino Superior Estácio<br>Universidade Paulista (UNIP)</p>



<h2 class="wp-block-heading">Parceiros do Programa Bolsa Idiomas</h2>



<p>AC Centro de Idiomas Ltda (UNS)<br>Acetam – Associação de Ciências, Educação E Tecnologia Da Amazonia (Martha Falcão)<br>Ajuricaba Prestadora de Serviços S/S Ltda – Epp (Ciesa)<br>Am English (United Idiomas)<br>Argus Cursos E Treinamentos (Argus)<br>AS Silva de Lima Cursos Me (Multicursos)<br>Aslan Curso de Idiomas Ltda (Aslan)<br>Centro Cultural de Ensino (Cultura Inglesa)<br>Centro de Ensino e Treinamento (Nilton Lins)<br>Centro de Estudos Jurídicos do Amazonas (Santa Teresa)<br>Di Ensino de Idiomas Ltda (Wizard)<br>Digital Da Amazônia (Digital Da Amazônia)<br>Do Up English<br>Fabiano Dos Santos Bahia (Academia Washington)<br>FAMETRO<br>Fkj Idiomas (Athus Idiomas)<br>Fundação Centro De Análise, Pesquisa E Inovação Tecnológica Distrito (Fucapi)<br>Go One Better Idiomas<br>Inspetoria Salesiana Missionaria da Amazônia Leste (Dom Bosco)<br>Instituto Cultural Brasil Estados Unidos (Icbeu)<br>J de LA Nery (Achieve Languages Manaus)<br>My Way Idiomas (My Way Abroad)<br>Oasis Cursos (Oasis Idiomas)<br>PM de Almeida Paes (Inglês E Companhia)<br>Quality Educação Profissional<br>RCF Amazon English School Eireli (Get It Academy)<br>Rocha e Aguiar Ensino de Idiomas (CCAA)<br>Romulo MA do Nascimento Junior E Cia Ltda (CNA)<br>Thank You Institute<br>Yes! Idiomas</p>

<!-- This site is optimized with the Yoast SEO plugin v23.0 - https://yoast.com/wordpress/plugins/seo/ -->
<title>Parceiros - SEMAD</title>
<meta name="robots" content="noindex, follow" />
<meta property="og:locale" content="pt_BR" />
<meta property="og:type" content="article" />
<meta property="og:title" content="Parceiros - SEMAD" />
<meta property="og:url" content="https://www.manaus.am.gov.br/semad/parceiros/" />
<meta property="og:site_name" content="SEMAD" />
<meta property="article:modified_time" content="2023-08-01T14:37:22+00:00" />
<meta property="og:image" content="https://www.manaus.am.gov.br/semad/wp-content/uploads/sites/21/2024/07/thumb-default-2.png" />
	<meta property="og:image:width" content="966" />
	<meta property="og:image:height" content="520" />
	<meta property="og:image:type" content="image/png" />
<meta name="twitter:card" content="summary_large_image" />
<meta name="twitter:label1" content="Est. reading time" />
	<meta name="twitter:data1" content="3 minutos" />
<script type="application/ld+json" class="yoast-schema-graph">{"@context":"https://schema.org","@graph":[{"@type":"WebPage","@id":"https://www.manaus.am.gov.br/semad/parceiros/","url":"https://www.manaus.am.gov.br/semad/parceiros/","name":"Parceiros - SEMAD","isPartOf":{"@id":"https://www.manaus.am.gov.br/semad/#website"},"datePublished":"2023-05-16T12:56:19+00:00","dateModified":"2023-08-01T14:37:22+00:00","breadcrumb":{"@id":"https://www.manaus.am.gov.br/semad/parceiros/#breadcrumb"},"inLanguage":"pt-BR","potentialAction":[{"@type":"ReadAction","target":["https://www.manaus.am.gov.br/semad/parceiros/"]}]},{"@type":"BreadcrumbList","@id":"https://www.manaus.am.gov.br/semad/parceiros/#breadcrumb","itemListElement":[{"@type":"ListItem","position":1,"name":"Home","item":"https://www.manaus.am.gov.br/semad/"},{"@type":"ListItem","position":2,"name":"Parceiros"}]},{"@type":"WebSite","@id":"https://www.manaus.am.gov.br/semad/#website","url":"https://www.manaus.am.gov.br/semad/","name":"SEMAD","description":"Prefeitura de Manaus","publisher":{"@id":"https://www.manaus.am.gov.br/semad/#organization"},"alternateName":"Secretaria Municipal de Administração, Planejamento e Gestão","potentialAction":[{"@type":"SearchAction","target":{"@type":"EntryPoint","urlTemplate":"https://www.manaus.am.gov.br/semad/?s={search_term_string}"},"query-input":"required name=search_term_string"}],"inLanguage":"pt-BR"},{"@type":"Organization","@id":"https://www.manaus.am.gov.br/semad/#organization","name":"Prefeitura Municipal de Manaus","alternateName":"Prefeitura de Manaus","url":"https://www.manaus.am.gov.br/semad/","logo":{"@type":"ImageObject","inLanguage":"pt-BR","@id":"https://www.manaus.am.gov.br/semad/#/schema/logo/image/","url":"https://www.manaus.am.gov.br/semad/wp-content/uploads/sites/21/2024/07/favicon.png","contentUrl":"https://www.manaus.am.gov.br/semad/wp-content/uploads/sites/21/2024/07/favicon.png","width":300,"height":300,"caption":"Prefeitura Municipal de Manaus"},"image":{"@id":"https://www.manaus.am.gov.br/semad/#/schema/logo/image/"}}]}</script>
<!-- / Yoast SEO plugin. -->

Secretaria Municipal de Administração, Planejamento e Gestão
